Spreadsheet-ParseXLSX v0.36 Perl 5 v5.20.1 amd64-freebsd-ld

Status
Fail
From
Slaven Rezić
Dist
Spreadsheet-ParseXLSX v0.36
Platform
Perl 5 v5.20.1 amd64-freebsd-ld
Date
2025-01-26 07:05:05
ID
de9d4842-dbb3-11ef-82d6-c4f16d8775ea
This distribution has been tested as part of the CPAN Testers
project, supporting the Perl programming language.  See
http://wiki.cpantesters.org/ for more information or email
questions to cpan-testers-discuss@perl.org


--
Dear Michael Daum,

This is a computer-generated report for Spreadsheet-ParseXLSX-0.36
on perl 5.20.1, created by CPAN-Reporter-1.2018.

Thank you for uploading your work to CPAN.  However, there was a problem
testing your distribution.

If you think this report is invalid, please consult the CPAN Testers Wiki
for suggestions on how to avoid getting FAIL reports for missing library
or binary dependencies, unsupported operating systems, and so on:

http://wiki.cpantesters.org/wiki/CPANAuthorNotes

Sections of this report:

    * Tester comments
    * Program output
    * Prerequisites
    * Environment and other context

------------------------------
TESTER COMMENTS
------------------------------

Additional comments from tester:

none provided

------------------------------
PROGRAM OUTPUT
------------------------------

Output from '/usr/bin/make test':

PERL_DL_NONLAZY=1 "/usr/perl5.20.1Dp/bin/perl5.20.1" "-MExtUtils::Command::MM" "-MTest::Harness" "-e" "undef *Test::Harness::Switches; test_harness(0, 'blib/lib', 'blib/arch')" t/*.t
t/00-compile.t ............. ok
t/author-critic.t .......... skipped: these tests are for testing by the author
t/author-eol.t ............. skipped: these tests are for testing by the author
t/author-no-tabs.t ......... skipped: these tests are for testing by the author
t/author-pod-coverage.t .... skipped: these tests are for testing by the author
t/author-pod-syntax.t ...... skipped: these tests are for testing by the author
invalid option NoXxe at /home/cpansand/.cpan/build/2025012604/Spreadsheet-ParseXLSX-0.36-fBtJ2x/blib/lib/Spreadsheet/ParseXLSX.pm line 1145.
invalid option NoXxe at /home/cpansand/.cpan/build/2025012604/Spreadsheet-ParseXLSX-0.36-fBtJ2x/blib/lib/Spreadsheet/ParseXLSX.pm line 1145.
invalid option NoXxe at /home/cpansand/.cpan/build/2025012604/Spreadsheet-ParseXLSX-0.36-fBtJ2x/blib/lib/Spreadsheet/ParseXLSX.pm line 1145.
invalid option NoXxe at /home/cpansand/.cpan/build/2025012604/Spreadsheet-ParseXLSX-0.36-fBtJ2x/blib/lib/Spreadsheet/ParseXLSX.pm line 1145.
invalid option NoXxe at /home/cpansand/.cpan/build/2025012604/Spreadsheet-ParseXLSX-0.36-fBtJ2x/blib/lib/Spreadsheet/ParseXLSX.pm line 1145.
invalid option NoXxe at /home/cpansand/.cpan/build/2025012604/Spreadsheet-ParseXLSX-0.36-fBtJ2x/blib/lib/Spreadsheet/ParseXLSX.pm line 1145.
invalid option NoXxe at /home/cpansand/.cpan/build/2025012604/Spreadsheet-ParseXLSX-0.36-fBtJ2x/blib/lib/Spreadsheet/ParseXLSX.pm line 1145.
invalid option NoXxe at /home/cpansand/.cpan/build/2025012604/Spreadsheet-ParseXLSX-0.36-fBtJ2x/blib/lib/Spreadsheet/ParseXLSX.pm line 1145.
invalid option NoXxe at /home/cpansand/.cpan/build/2025012604/Spreadsheet-ParseXLSX-0.36-fBtJ2x/blib/lib/Spreadsheet/ParseXLSX.pm line 1145.
invalid option NoXxe at /home/cpansand/.cpan/build/2025012604/Spreadsheet-ParseXLSX-0.36-fBtJ2x/blib/lib/Spreadsheet/ParseXLSX.pm line 1145.
invalid option NoXxe at /home/cpansand/.cpan/build/2025012604/Spreadsheet-ParseXLSX-0.36-fBtJ2x/blib/lib/Spreadsheet/ParseXLSX.pm line 1145.
invalid option NoXxe at /home/cpansand/.cpan/build/2025012604/Spreadsheet-ParseXLSX-0.36-fBtJ2x/blib/lib/Spreadsheet/ParseXLSX.pm line 1145.
invalid option NoXxe at /home/cpansand/.cpan/build/2025012604/Spreadsheet-ParseXLSX-0.36-fBtJ2x/blib/lib/Spreadsheet/ParseXLSX.pm line 1145.
invalid option NoXxe at /home/cpansand/.cpan/build/2025012604/Spreadsheet-ParseXLSX-0.36-fBtJ2x/blib/lib/Spreadsheet/ParseXLSX.pm line 1145.
invalid option NoXxe at /home/cpansand/.cpan/build/2025012604/Spreadsheet-ParseXLSX-0.36-fBtJ2x/blib/lib/Spreadsheet/ParseXLSX.pm line 1145.
invalid option NoXxe at /home/cpansand/.cpan/build/2025012604/Spreadsheet-ParseXLSX-0.36-fBtJ2x/blib/lib/Spreadsheet/ParseXLSX.pm line 1145.
invalid option NoXxe at /home/cpansand/.cpan/build/2025012604/Spreadsheet-ParseXLSX-0.36-fBtJ2x/blib/lib/Spreadsheet/ParseXLSX.pm line 1145.
invalid option NoXxe at /home/cpansand/.cpan/build/2025012604/Spreadsheet-ParseXLSX-0.36-fBtJ2x/blib/lib/Spreadsheet/ParseXLSX.pm line 1145.
invalid option NoXxe at /home/cpansand/.cpan/build/2025012604/Spreadsheet-ParseXLSX-0.36-fBtJ2x/blib/lib/Spreadsheet/ParseXLSX.pm line 1145.
invalid option NoXxe at /home/cpansand/.cpan/build/2025012604/Spreadsheet-ParseXLSX-0.36-fBtJ2x/blib/lib/Spreadsheet/ParseXLSX.pm line 1145.
invalid option NoXxe at /home/cpansand/.cpan/build/2025012604/Spreadsheet-ParseXLSX-0.36-fBtJ2x/blib/lib/Spreadsheet/ParseXLSX.pm line 1145.
t/basic.t .................. ok
invalid option NoXxe at /home/cpansand/.cpan/build/2025012604/Spreadsheet-ParseXLSX-0.36-fBtJ2x/blib/lib/Spreadsheet/ParseXLSX.pm line 1145.
invalid option NoXxe at /home/cpansand/.cpan/build/2025012604/Spreadsheet-ParseXLSX-0.36-fBtJ2x/blib/lib/Spreadsheet/ParseXLSX.pm line 1145.
invalid option NoXxe at /home/cpansand/.cpan/build/2025012604/Spreadsheet-ParseXLSX-0.36-fBtJ2x/blib/lib/Spreadsheet/ParseXLSX.pm line 1145.
invalid option NoXxe at /home/cpansand/.cpan/build/2025012604/Spreadsheet-ParseXLSX-0.36-fBtJ2x/blib/lib/Spreadsheet/ParseXLSX.pm line 1145.
invalid option NoXxe at /home/cpansand/.cpan/build/2025012604/Spreadsheet-ParseXLSX-0.36-fBtJ2x/blib/lib/Spreadsheet/ParseXLSX.pm line 1145.
invalid option NoXxe at /home/cpansand/.cpan/build/2025012604/Spreadsheet-ParseXLSX-0.36-fBtJ2x/blib/lib/Spreadsheet/ParseXLSX.pm line 1145.
invalid option NoXxe at /home/cpansand/.cpan/build/2025012604/Spreadsheet-ParseXLSX-0.36-fBtJ2x/blib/lib/Spreadsheet/ParseXLSX.pm line 1145.
invalid option NoXxe at /home/cpansand/.cpan/build/2025012604/Spreadsheet-ParseXLSX-0.36-fBtJ2x/blib/lib/Spreadsheet/ParseXLSX.pm line 1145.
invalid option NoXxe at /home/cpansand/.cpan/build/2025012604/Spreadsheet-ParseXLSX-0.36-fBtJ2x/blib/lib/Spreadsheet/ParseXLSX.pm line 1145.
invalid option NoXxe at /home/cpansand/.cpan/build/2025012604/Spreadsheet-ParseXLSX-0.36-fBtJ2x/blib/lib/Spreadsheet/ParseXLSX.pm line 1145.
t/bug-10.t ................. ok
invalid option NoXxe at /home/cpansand/.cpan/build/2025012604/Spreadsheet-ParseXLSX-0.36-fBtJ2x/blib/lib/Spreadsheet/ParseXLSX.pm line 1145.
invalid option NoXxe at /home/cpansand/.cpan/build/2025012604/Spreadsheet-ParseXLSX-0.36-fBtJ2x/blib/lib/Spreadsheet/ParseXLSX.pm line 1145.
invalid option NoXxe at /home/cpansand/.cpan/build/2025012604/Spreadsheet-ParseXLSX-0.36-fBtJ2x/blib/lib/Spreadsheet/ParseXLSX.pm line 1145.
invalid option NoXxe at /home/cpansand/.cpan/build/2025012604/Spreadsheet-ParseXLSX-0.36-fBtJ2x/blib/lib/Spreadsheet/ParseXLSX.pm line 1145.
invalid option NoXxe at /home/cpansand/.cpan/build/2025012604/Spreadsheet-ParseXLSX-0.36-fBtJ2x/blib/lib/Spreadsheet/ParseXLSX.pm line 1145.
invalid option NoXxe at /home/cpansand/.cpan/build/2025012604/Spreadsheet-ParseXLSX-0.36-fBtJ2x/blib/lib/Spreadsheet/ParseXLSX.pm line 1145.
t/bug-11.t ................. ok
invalid option NoXxe at /home/cpansand/.cpan/build/2025012604/Spreadsheet-ParseXLSX-0.36-fBtJ2x/blib/lib/Spreadsheet/ParseXLSX.pm line 1145.
invalid option NoXxe at /home/cpansand/.cpan/build/2025012604/Spreadsheet-ParseXLSX-0.36-fBtJ2x/blib/lib/Spreadsheet/ParseXLSX.pm line 1145.
invalid option NoXxe at /home/cpansand/.cpan/build/2025012604/Spreadsheet-ParseXLSX-0.36-fBtJ2x/blib/lib/Spreadsheet/ParseXLSX.pm line 1145.
invalid option NoXxe at /home/cpansand/.cpan/build/2025012604/Spreadsheet-ParseXLSX-0.36-fBtJ2x/blib/lib/Spreadsheet/ParseXLSX.pm line 1145.
invalid option NoXxe at /home/cpansand/.cpan/build/2025012604/Spreadsheet-ParseXLSX-0.36-fBtJ2x/blib/lib/Spreadsheet/ParseXLSX.pm line 1145.
invalid option NoXxe at /home/cpansand/.cpan/build/2025012604/Spreadsheet-ParseXLSX-0.36-fBtJ2x/blib/lib/Spreadsheet/ParseXLSX.pm line 1145.
t/bug-12.t ................. ok
invalid option NoXxe at /home/cpansand/.cpan/build/2025012604/Spreadsheet-ParseXLSX-0.36-fBtJ2x/blib/lib/Spreadsheet/ParseXLSX.pm line 1145.
invalid option NoXxe at /home/cpansand/.cpan/build/2025012604/Spreadsheet-ParseXLSX-0.36-fBtJ2x/blib/lib/Spreadsheet/ParseXLSX.pm line 1145.
invalid option NoXxe at /home/cpansand/.cpan/build/2025012604/Spreadsheet-ParseXLSX-0.36-fBtJ2x/blib/lib/Spreadsheet/ParseXLSX.pm line 1145.
invalid option NoXxe at /home/cpansand/.cpan/build/2025012604/Spreadsheet-ParseXLSX-0.36-fBtJ2x/blib/lib/Spreadsheet/ParseXLSX.pm line 1145.
invalid option NoXxe at /home/cpansand/.cpan/build/2025012604/Spreadsheet-ParseXLSX-0.36-fBtJ2x/blib/lib/Spreadsheet/ParseXLSX.pm line 1145.
invalid option NoXxe at /home/cpansand/.cpan/build/2025012604/Spreadsheet-ParseXLSX-0.36-fBtJ2x/blib/lib/Spreadsheet/ParseXLSX.pm line 1145.
invalid option NoXxe at /home/cpansand/.cpan/build/2025012604/Spreadsheet-ParseXLSX-0.36-fBtJ2x/blib/lib/Spreadsheet/ParseXLSX.pm line 1145.
invalid option NoXxe at /home/cpansand/.cpan/build/2025012604/Spreadsheet-ParseXLSX-0.36-fBtJ2x/blib/lib/Spreadsheet/ParseXLSX.pm line 1145.
invalid option NoXxe at /home/cpansand/.cpan/build/2025012604/Spreadsheet-ParseXLSX-0.36-fBtJ2x/blib/lib/Spreadsheet/ParseXLSX.pm line 1145.
t/bug-13.t ................. ok
invalid option NoXxe at /home/cpansand/.cpan/build/2025012604/Spreadsheet-ParseXLSX-0.36-fBtJ2x/blib/lib/Spreadsheet/ParseXLSX.pm line 1145.
invalid option NoXxe at /home/cpansand/.cpan/build/2025012604/Spreadsheet-ParseXLSX-0.36-fBtJ2x/blib/lib/Spreadsheet/ParseXLSX.pm line 1145.
invalid option NoXxe at /home/cpansand/.cpan/build/2025012604/Spreadsheet-ParseXLSX-0.36-fBtJ2x/blib/lib/Spreadsheet/ParseXLSX.pm line 1145.
invalid option NoXxe at /home/cpansand/.cpan/build/2025012604/Spreadsheet-ParseXLSX-0.36-fBtJ2x/blib/lib/Spreadsheet/ParseXLSX.pm line 1145.
invalid option NoXxe at /home/cpansand/.cpan/build/2025012604/Spreadsheet-ParseXLSX-0.36-fBtJ2x/blib/lib/Spreadsheet/ParseXLSX.pm line 1145.
invalid option NoXxe at /home/cpansand/.cpan/build/2025012604/Spreadsheet-ParseXLSX-0.36-fBtJ2x/blib/lib/Spreadsheet/ParseXLSX.pm line 1145.
t/bug-14.t ................. ok
invalid option NoXxe at /home/cpansand/.cpan/build/2025012604/Spreadsheet-ParseXLSX-0.36-fBtJ2x/blib/lib/Spreadsheet/ParseXLSX.pm line 1145.
invalid option NoXxe at /home/cpansand/.cpan/build/2025012604/Spreadsheet-ParseXLSX-0.36-fBtJ2x/blib/lib/Spreadsheet/ParseXLSX.pm line 1145.
invalid option NoXxe at /home/cpansand/.cpan/build/2025012604/Spreadsheet-ParseXLSX-0.36-fBtJ2x/blib/lib/Spreadsheet/ParseXLSX.pm line 1145.
invalid option NoXxe at /home/cpansand/.cpan/build/2025012604/Spreadsheet-ParseXLSX-0.36-fBtJ2x/blib/lib/Spreadsheet/ParseXLSX.pm line 1145.
invalid option NoXxe at /home/cpansand/.cpan/build/2025012604/Spreadsheet-ParseXLSX-0.36-fBtJ2x/blib/lib/Spreadsheet/ParseXLSX.pm line 1145.
invalid option NoXxe at /home/cpansand/.cpan/build/2025012604/Spreadsheet-ParseXLSX-0.36-fBtJ2x/blib/lib/Spreadsheet/ParseXLSX.pm line 1145.
invalid option NoXxe at /home/cpansand/.cpan/build/2025012604/Spreadsheet-ParseXLSX-0.36-fBtJ2x/blib/lib/Spreadsheet/ParseXLSX.pm line 1145.
invalid option NoXxe at /home/cpansand/.cpan/build/2025012604/Spreadsheet-ParseXLSX-0.36-fBtJ2x/blib/lib/Spreadsheet/ParseXLSX.pm line 1145.
invalid option NoXxe at /home/cpansand/.cpan/build/2025012604/Spreadsheet-ParseXLSX-0.36-fBtJ2x/blib/lib/Spreadsheet/ParseXLSX.pm line 1145.
invalid option NoXxe at /home/cpansand/.cpan/build/2025012604/Spreadsheet-ParseXLSX-0.36-fBtJ2x/blib/lib/Spreadsheet/ParseXLSX.pm line 1145.
t/bug-15.t ................. ok
invalid option NoXxe at /home/cpansand/.cpan/build/2025012604/Spreadsheet-ParseXLSX-0.36-fBtJ2x/blib/lib/Spreadsheet/ParseXLSX.pm line 1145.
invalid option NoXxe at /home/cpansand/.cpan/build/2025012604/Spreadsheet-ParseXLSX-0.36-fBtJ2x/blib/lib/Spreadsheet/ParseXLSX.pm line 1145.
invalid option NoXxe at /home/cpansand/.cpan/build/2025012604/Spreadsheet-ParseXLSX-0.36-fBtJ2x/blib/lib/Spreadsheet/ParseXLSX.pm line 1145.
invalid option NoXxe at /home/cpansand/.cpan/build/2025012604/Spreadsheet-ParseXLSX-0.36-fBtJ2x/blib/lib/Spreadsheet/ParseXLSX.pm line 1145.
invalid option NoXxe at /home/cpansand/.cpan/build/2025012604/Spreadsheet-ParseXLSX-0.36-fBtJ2x/blib/lib/Spreadsheet/ParseXLSX.pm line 1145.
invalid option NoXxe at /home/cpansand/.cpan/build/2025012604/Spreadsheet-ParseXLSX-0.36-fBtJ2x/blib/lib/Spreadsheet/ParseXLSX.pm line 1145.
invalid option NoXxe at /home/cpansand/.cpan/build/2025012604/Spreadsheet-ParseXLSX-0.36-fBtJ2x/blib/lib/Spreadsheet/ParseXLSX.pm line 1145.
t/bug-16.t ................. ok
invalid option NoXxe at /home/cpansand/.cpan/build/2025012604/Spreadsheet-ParseXLSX-0.36-fBtJ2x/blib/lib/Spreadsheet/ParseXLSX.pm line 1145.
invalid option NoXxe at /home/cpansand/.cpan/build/2025012604/Spreadsheet-ParseXLSX-0.36-fBtJ2x/blib/lib/Spreadsheet/ParseXLSX.pm line 1145.
invalid option NoXxe at /home/cpansand/.cpan/build/2025012604/Spreadsheet-ParseXLSX-0.36-fBtJ2x/blib/lib/Spreadsheet/ParseXLSX.pm line 1145.
invalid option NoXxe at /home/cpansand/.cpan/build/2025012604/Spreadsheet-ParseXLSX-0.36-fBtJ2x/blib/lib/Spreadsheet/ParseXLSX.pm line 1145.
invalid option NoXxe at /home/cpansand/.cpan/build/2025012604/Spreadsheet-ParseXLSX-0.36-fBtJ2x/blib/lib/Spreadsheet/ParseXLSX.pm line 1145.
invalid option NoXxe at /home/cpansand/.cpan/build/2025012604/Spreadsheet-ParseXLSX-0.36-fBtJ2x/blib/lib/Spreadsheet/ParseXLSX.pm line 1145.
invalid option NoXxe at /home/cpansand/.cpan/build/2025012604/Spreadsheet-ParseXLSX-0.36-fBtJ2x/blib/lib/Spreadsheet/ParseXLSX.pm line 1145.
invalid option NoXxe at /home/cpansand/.cpan/build/2025012604/Spreadsheet-ParseXLSX-0.36-fBtJ2x/blib/lib/Spreadsheet/ParseXLSX.pm line 1145.
invalid option NoXxe at /home/cpansand/.cpan/build/2025012604/Spreadsheet-ParseXLSX-0.36-fBtJ2x/blib/lib/Spreadsheet/ParseXLSX.pm line 1145.
invalid option NoXxe at /home/cpansand/.cpan/build/2025012604/Spreadsheet-ParseXLSX-0.36-fBtJ2x/blib/lib/Spreadsheet/ParseXLSX.pm line 1145.
invalid option NoXxe at /home/cpansand/.cpan/build/2025012604/Spreadsheet-ParseXLSX-0.36-fBtJ2x/blib/lib/Spreadsheet/ParseXLSX.pm line 1145.
invalid option NoXxe at /home/cpansand/.cpan/build/2025012604/Spreadsheet-ParseXLSX-0.36-fBtJ2x/blib/lib/Spreadsheet/ParseXLSX.pm line 1145.
t/bug-17.t ................. ok
invalid option NoXxe at /home/cpansand/.cpan/build/2025012604/Spreadsheet-ParseXLSX-0.36-fBtJ2x/blib/lib/Spreadsheet/ParseXLSX.pm line 1145.
invalid option NoXxe at /home/cpansand/.cpan/build/2025012604/Spreadsheet-ParseXLSX-0.36-fBtJ2x/blib/lib/Spreadsheet/ParseXLSX.pm line 1145.
invalid option NoXxe at /home/cpansand/.cpan/build/2025012604/Spreadsheet-ParseXLSX-0.36-fBtJ2x/blib/lib/Spreadsheet/ParseXLSX.pm line 1145.
invalid option NoXxe at /home/cpansand/.cpan/build/2025012604/Spreadsheet-ParseXLSX-0.36-fBtJ2x/blib/lib/Spreadsheet/ParseXLSX.pm line 1145.
invalid option NoXxe at /home/cpansand/.cpan/build/2025012604/Spreadsheet-ParseXLSX-0.36-fBtJ2x/blib/lib/Spreadsheet/ParseXLSX.pm line 1145.
invalid option NoXxe at /home/cpansand/.cpan/build/2025012604/Spreadsheet-ParseXLSX-0.36-fBtJ2x/blib/lib/Spreadsheet/ParseXLSX.pm line 1145.
invalid option NoXxe at /home/cpansand/.cpan/build/2025012604/Spreadsheet-ParseXLSX-0.36-fBtJ2x/blib/lib/Spreadsheet/ParseXLSX.pm line 1145.
invalid option NoXxe at /home/cpansand/.cpan/build/2025012604/Spreadsheet-ParseXLSX-0.36-fBtJ2x/blib/lib/Spreadsheet/ParseXLSX.pm line 1145.
invalid option NoXxe at /home/cpansand/.cpan/build/2025012604/Spreadsheet-ParseXLSX-0.36-fBtJ2x/blib/lib/Spreadsheet/ParseXLSX.pm line 1145.
t/bug-2.t .................. ok
invalid option NoXxe at /home/cpansand/.cpan/build/2025012604/Spreadsheet-ParseXLSX-0.36-fBtJ2x/blib/lib/Spreadsheet/ParseXLSX.pm line 1145.
invalid option NoXxe at /home/cpansand/.cpan/build/2025012604/Spreadsheet-ParseXLSX-0.36-fBtJ2x/blib/lib/Spreadsheet/ParseXLSX.pm line 1145.
invalid option NoXxe at /home/cpansand/.cpan/build/2025012604/Spreadsheet-ParseXLSX-0.36-fBtJ2x/blib/lib/Spreadsheet/ParseXLSX.pm line 1145.
invalid option NoXxe at /home/cpansand/.cpan/build/2025012604/Spreadsheet-ParseXLSX-0.36-fBtJ2x/blib/lib/Spreadsheet/ParseXLSX.pm line 1145.
invalid option NoXxe at /home/cpansand/.cpan/build/2025012604/Spreadsheet-ParseXLSX-0.36-fBtJ2x/blib/lib/Spreadsheet/ParseXLSX.pm line 1145.
invalid option NoXxe at /home/cpansand/.cpan/build/2025012604/Spreadsheet-ParseXLSX-0.36-fBtJ2x/blib/lib/Spreadsheet/ParseXLSX.pm line 1145.
t/bug-29.t ................. ok
invalid option NoXxe at /home/cpansand/.cpan/build/2025012604/Spreadsheet-ParseXLSX-0.36-fBtJ2x/blib/lib/Spreadsheet/ParseXLSX.pm line 1145.
invalid option NoXxe at /home/cpansand/.cpan/build/2025012604/Spreadsheet-ParseXLSX-0.36-fBtJ2x/blib/lib/Spreadsheet/ParseXLSX.pm line 1145.
invalid option NoXxe at /home/cpansand/.cpan/build/2025012604/Spreadsheet-ParseXLSX-0.36-fBtJ2x/blib/lib/Spreadsheet/ParseXLSX.pm line 1145.
invalid option NoXxe at /home/cpansand/.cpan/build/2025012604/Spreadsheet-ParseXLSX-0.36-fBtJ2x/blib/lib/Spreadsheet/ParseXLSX.pm line 1145.
invalid option NoXxe at /home/cpansand/.cpan/build/2025012604/Spreadsheet-ParseXLSX-0.36-fBtJ2x/blib/lib/Spreadsheet/ParseXLSX.pm line 1145.
invalid option NoXxe at /home/cpansand/.cpan/build/2025012604/Spreadsheet-ParseXLSX-0.36-fBtJ2x/blib/lib/Spreadsheet/ParseXLSX.pm line 1145.
t/bug-3.t .................. ok
invalid option NoXxe at /home/cpansand/.cpan/build/2025012604/Spreadsheet-ParseXLSX-0.36-fBtJ2x/blib/lib/Spreadsheet/ParseXLSX.pm line 1145.
invalid option NoXxe at /home/cpansand/.cpan/build/2025012604/Spreadsheet-ParseXLSX-0.36-fBtJ2x/blib/lib/Spreadsheet/ParseXLSX.pm line 1145.
invalid option NoXxe at /home/cpansand/.cpan/build/2025012604/Spreadsheet-ParseXLSX-0.36-fBtJ2x/blib/lib/Spreadsheet/ParseXLSX.pm line 1145.
invalid option NoXxe at /home/cpansand/.cpan/build/2025012604/Spreadsheet-ParseXLSX-0.36-fBtJ2x/blib/lib/Spreadsheet/ParseXLSX.pm line 1145.
invalid option NoXxe at /home/cpansand/.cpan/build/2025012604/Spreadsheet-ParseXLSX-0.36-fBtJ2x/blib/lib/Spreadsheet/ParseXLSX.pm line 1145.
invalid option NoXxe at /home/cpansand/.cpan/build/2025012604/Spreadsheet-ParseXLSX-0.36-fBtJ2x/blib/lib/Spreadsheet/ParseXLSX.pm line 1145.
invalid option NoXxe at /home/cpansand/.cpan/build/2025012604/Spreadsheet-ParseXLSX-0.36-fBtJ2x/blib/lib/Spreadsheet/ParseXLSX.pm line 1145.
invalid option NoXxe at /home/cpansand/.cpan/build/2025012604/Spreadsheet-ParseXLSX-0.36-fBtJ2x/blib/lib/Spreadsheet/ParseXLSX.pm line 1145.
invalid option NoXxe at /home/cpansand/.cpan/build/2025012604/Spreadsheet-ParseXLSX-0.36-fBtJ2x/blib/lib/Spreadsheet/ParseXLSX.pm line 1145.
invalid option NoXxe at /home/cpansand/.cpan/build/2025012604/Spreadsheet-ParseXLSX-0.36-fBtJ2x/blib/lib/Spreadsheet/ParseXLSX.pm line 1145.
invalid option NoXxe at /home/cpansand/.cpan/build/2025012604/Spreadsheet-ParseXLSX-0.36-fBtJ2x/blib/lib/Spreadsheet/ParseXLSX.pm line 1145.
invalid option NoXxe at /home/cpansand/.cpan/build/2025012604/Spreadsheet-ParseXLSX-0.36-fBtJ2x/blib/lib/Spreadsheet/ParseXLSX.pm line 1145.
t/bug-32.t ................. ok
invalid option NoXxe at /home/cpansand/.cpan/build/2025012604/Spreadsheet-ParseXLSX-0.36-fBtJ2x/blib/lib/Spreadsheet/ParseXLSX.pm line 1145.
invalid option NoXxe at /home/cpansand/.cpan/build/2025012604/Spreadsheet-ParseXLSX-0.36-fBtJ2x/blib/lib/Spreadsheet/ParseXLSX.pm line 1145.
invalid option NoXxe at /home/cpansand/.cpan/build/2025012604/Spreadsheet-ParseXLSX-0.36-fBtJ2x/blib/lib/Spreadsheet/ParseXLSX.pm line 1145.
invalid option NoXxe at /home/cpansand/.cpan/build/2025012604/Spreadsheet-ParseXLSX-0.36-fBtJ2x/blib/lib/Spreadsheet/ParseXLSX.pm line 1145.
invalid option NoXxe at /home/cpansand/.cpan/build/2025012604/Spreadsheet-ParseXLSX-0.36-fBtJ2x/blib/lib/Spreadsheet/ParseXLSX.pm line 1145.
invalid option NoXxe at /home/cpansand/.cpan/build/2025012604/Spreadsheet-ParseXLSX-0.36-fBtJ2x/blib/lib/Spreadsheet/ParseXLSX.pm line 1145.
t/bug-38.t ................. ok
invalid option NoXxe at /home/cpansand/.cpan/build/2025012604/Spreadsheet-ParseXLSX-0.36-fBtJ2x/blib/lib/Spreadsheet/ParseXLSX.pm line 1145.
invalid option NoXxe at /home/cpansand/.cpan/build/2025012604/Spreadsheet-ParseXLSX-0.36-fBtJ2x/blib/lib/Spreadsheet/ParseXLSX.pm line 1145.
invalid option NoXxe at /home/cpansand/.cpan/build/2025012604/Spreadsheet-ParseXLSX-0.36-fBtJ2x/blib/lib/Spreadsheet/ParseXLSX.pm line 1145.
invalid option NoXxe at /home/cpansand/.cpan/build/2025012604/Spreadsheet-ParseXLSX-0.36-fBtJ2x/blib/lib/Spreadsheet/ParseXLSX.pm line 1145.
invalid option NoXxe at /home/cpansand/.cpan/build/2025012604/Spreadsheet-ParseXLSX-0.36-fBtJ2x/blib/lib/Spreadsheet/ParseXLSX.pm line 1145.
invalid option NoXxe at /home/cpansand/.cpan/build/2025012604/Spreadsheet-ParseXLSX-0.36-fBtJ2x/blib/lib/Spreadsheet/ParseXLSX.pm line 1145.
invalid option NoXxe at /home/cpansand/.cpan/build/2025012604/Spreadsheet-ParseXLSX-0.36-fBtJ2x/blib/lib/Spreadsheet/ParseXLSX.pm line 1145.
invalid option NoXxe at /home/cpansand/.cpan/build/2025012604/Spreadsheet-ParseXLSX-0.36-fBtJ2x/blib/lib/Spreadsheet/ParseXLSX.pm line 1145.
t/bug-4.t .................. ok

#   Failed test 'unexpected warning: invalid option NoXxe at /home/cpansand/.cpan/build/2025012604/Spreadsheet-ParseXLSX-0.36-fBtJ2x/blib/lib/Spreadsheet/ParseXLSX.pm line 1145.
# '
#   at t/bug-41.t line 9.

#   Failed test 'unexpected warning: invalid option NoXxe at /home/cpansand/.cpan/build/2025012604/Spreadsheet-ParseXLSX-0.36-fBtJ2x/blib/lib/Spreadsheet/ParseXLSX.pm line 1145.
# '
#   at t/bug-41.t line 9.

#   Failed test 'unexpected warning: invalid option NoXxe at /home/cpansand/.cpan/build/2025012604/Spreadsheet-ParseXLSX-0.36-fBtJ2x/blib/lib/Spreadsheet/ParseXLSX.pm line 1145.
# '
#   at t/bug-41.t line 9.

#   Failed test 'unexpected warning: invalid option NoXxe at /home/cpansand/.cpan/build/2025012604/Spreadsheet-ParseXLSX-0.36-fBtJ2x/blib/lib/Spreadsheet/ParseXLSX.pm line 1145.
# '
#   at t/bug-41.t line 9.

#   Failed test 'unexpected warning: invalid option NoXxe at /home/cpansand/.cpan/build/2025012604/Spreadsheet-ParseXLSX-0.36-fBtJ2x/blib/lib/Spreadsheet/ParseXLSX.pm line 1145.
# '
#   at t/bug-41.t line 9.

#   Failed test 'unexpected warning: invalid option NoXxe at /home/cpansand/.cpan/build/2025012604/Spreadsheet-ParseXLSX-0.36-fBtJ2x/blib/lib/Spreadsheet/ParseXLSX.pm line 1145.
# '
#   at t/bug-41.t line 9.
# Looks like you failed 6 tests of 7.
t/bug-41.t ................. 
Dubious, test returned 6 (wstat 1536, 0x600)
Failed 6/7 subtests 
invalid option NoXxe at /home/cpansand/.cpan/build/2025012604/Spreadsheet-ParseXLSX-0.36-fBtJ2x/blib/lib/Spreadsheet/ParseXLSX.pm line 1145.
invalid option NoXxe at /home/cpansand/.cpan/build/2025012604/Spreadsheet-ParseXLSX-0.36-fBtJ2x/blib/lib/Spreadsheet/ParseXLSX.pm line 1145.
invalid option NoXxe at /home/cpansand/.cpan/build/2025012604/Spreadsheet-ParseXLSX-0.36-fBtJ2x/blib/lib/Spreadsheet/ParseXLSX.pm line 1145.
invalid option NoXxe at /home/cpansand/.cpan/build/2025012604/Spreadsheet-ParseXLSX-0.36-fBtJ2x/blib/lib/Spreadsheet/ParseXLSX.pm line 1145.
invalid option NoXxe at /home/cpansand/.cpan/build/2025012604/Spreadsheet-ParseXLSX-0.36-fBtJ2x/blib/lib/Spreadsheet/ParseXLSX.pm line 1145.
invalid option NoXxe at /home/cpansand/.cpan/build/2025012604/Spreadsheet-ParseXLSX-0.36-fBtJ2x/blib/lib/Spreadsheet/ParseXLSX.pm line 1145.
invalid option NoXxe at /home/cpansand/.cpan/build/2025012604/Spreadsheet-ParseXLSX-0.36-fBtJ2x/blib/lib/Spreadsheet/ParseXLSX.pm line 1145.
t/bug-5.t .................. ok
invalid option NoXxe at /home/cpansand/.cpan/build/2025012604/Spreadsheet-ParseXLSX-0.36-fBtJ2x/blib/lib/Spreadsheet/ParseXLSX.pm line 1145.
invalid option NoXxe at /home/cpansand/.cpan/build/2025012604/Spreadsheet-ParseXLSX-0.36-fBtJ2x/blib/lib/Spreadsheet/ParseXLSX.pm line 1145.
invalid option NoXxe at /home/cpansand/.cpan/build/2025012604/Spreadsheet-ParseXLSX-0.36-fBtJ2x/blib/lib/Spreadsheet/ParseXLSX.pm line 1145.
invalid option NoXxe at /home/cpansand/.cpan/build/2025012604/Spreadsheet-ParseXLSX-0.36-fBtJ2x/blib/lib/Spreadsheet/ParseXLSX.pm line 1145.
invalid option NoXxe at /home/cpansand/.cpan/build/2025012604/Spreadsheet-ParseXLSX-0.36-fBtJ2x/blib/lib/Spreadsheet/ParseXLSX.pm line 1145.
invalid option NoXxe at /home/cpansand/.cpan/build/2025012604/Spreadsheet-ParseXLSX-0.36-fBtJ2x/blib/lib/Spreadsheet/ParseXLSX.pm line 1145.
t/bug-57.t ................. ok
invalid option NoXxe at /home/cpansand/.cpan/build/2025012604/Spreadsheet-ParseXLSX-0.36-fBtJ2x/blib/lib/Spreadsheet/ParseXLSX.pm line 1145.
invalid option NoXxe at /home/cpansand/.cpan/build/2025012604/Spreadsheet-ParseXLSX-0.36-fBtJ2x/blib/lib/Spreadsheet/ParseXLSX.pm line 1145.
invalid option NoXxe at /home/cpansand/.cpan/build/2025012604/Spreadsheet-ParseXLSX-0.36-fBtJ2x/blib/lib/Spreadsheet/ParseXLSX.pm line 1145.
invalid option NoXxe at /home/cpansand/.cpan/build/2025012604/Spreadsheet-ParseXLSX-0.36-fBtJ2x/blib/lib/Spreadsheet/ParseXLSX.pm line 1145.
invalid option NoXxe at /home/cpansand/.cpan/build/2025012604/Spreadsheet-ParseXLSX-0.36-fBtJ2x/blib/lib/Spreadsheet/ParseXLSX.pm line 1145.
invalid option NoXxe at /home/cpansand/.cpan/build/2025012604/Spreadsheet-ParseXLSX-0.36-fBtJ2x/blib/lib/Spreadsheet/ParseXLSX.pm line 1145.
invalid option NoXxe at /home/cpansand/.cpan/build/2025012604/Spreadsheet-ParseXLSX-0.36-fBtJ2x/blib/lib/Spreadsheet/ParseXLSX.pm line 1145.
invalid option NoXxe at /home/cpansand/.cpan/build/2025012604/Spreadsheet-ParseXLSX-0.36-fBtJ2x/blib/lib/Spreadsheet/ParseXLSX.pm line 1145.
invalid option NoXxe at /home/cpansand/.cpan/build/2025012604/Spreadsheet-ParseXLSX-0.36-fBtJ2x/blib/lib/Spreadsheet/ParseXLSX.pm line 1145.
invalid option NoXxe at /home/cpansand/.cpan/build/2025012604/Spreadsheet-ParseXLSX-0.36-fBtJ2x/blib/lib/Spreadsheet/ParseXLSX.pm line 1145.
invalid option NoXxe at /home/cpansand/.cpan/build/2025012604/Spreadsheet-ParseXLSX-0.36-fBtJ2x/blib/lib/Spreadsheet/ParseXLSX.pm line 1145.
invalid option NoXxe at /home/cpansand/.cpan/build/2025012604/Spreadsheet-ParseXLSX-0.36-fBtJ2x/blib/lib/Spreadsheet/ParseXLSX.pm line 1145.
invalid option NoXxe at /home/cpansand/.cpan/build/2025012604/Spreadsheet-ParseXLSX-0.36-fBtJ2x/blib/lib/Spreadsheet/ParseXLSX.pm line 1145.
invalid option NoXxe at /home/cpansand/.cpan/build/2025012604/Spreadsheet-ParseXLSX-0.36-fBtJ2x/blib/lib/Spreadsheet/ParseXLSX.pm line 1145.
invalid option NoXxe at /home/cpansand/.cpan/build/2025012604/Spreadsheet-ParseXLSX-0.36-fBtJ2x/blib/lib/Spreadsheet/ParseXLSX.pm line 1145.
t/bug-6-2.t ................ ok
invalid option NoXxe at /home/cpansand/.cpan/build/2025012604/Spreadsheet-ParseXLSX-0.36-fBtJ2x/blib/lib/Spreadsheet/ParseXLSX.pm line 1145.
invalid option NoXxe at /home/cpansand/.cpan/build/2025012604/Spreadsheet-ParseXLSX-0.36-fBtJ2x/blib/lib/Spreadsheet/ParseXLSX.pm line 1145.
invalid option NoXxe at /home/cpansand/.cpan/build/2025012604/Spreadsheet-ParseXLSX-0.36-fBtJ2x/blib/lib/Spreadsheet/ParseXLSX.pm line 1145.
invalid option NoXxe at /home/cpansand/.cpan/build/2025012604/Spreadsheet-ParseXLSX-0.36-fBtJ2x/blib/lib/Spreadsheet/ParseXLSX.pm line 1145.
invalid option NoXxe at /home/cpansand/.cpan/build/2025012604/Spreadsheet-ParseXLSX-0.36-fBtJ2x/blib/lib/Spreadsheet/ParseXLSX.pm line 1145.
invalid option NoXxe at /home/cpansand/.cpan/build/2025012604/Spreadsheet-ParseXLSX-0.36-fBtJ2x/blib/lib/Spreadsheet/ParseXLSX.pm line 1145.
invalid option NoXxe at /home/cpansand/.cpan/build/2025012604/Spreadsheet-ParseXLSX-0.36-fBtJ2x/blib/lib/Spreadsheet/ParseXLSX.pm line 1145.
invalid option NoXxe at /home/cpansand/.cpan/build/2025012604/Spreadsheet-ParseXLSX-0.36-fBtJ2x/blib/lib/Spreadsheet/ParseXLSX.pm line 1145.
invalid option NoXxe at /home/cpansand/.cpan/build/2025012604/Spreadsheet-ParseXLSX-0.36-fBtJ2x/blib/lib/Spreadsheet/ParseXLSX.pm line 1145.
invalid option NoXxe at /home/cpansand/.cpan/build/2025012604/Spreadsheet-ParseXLSX-0.36-fBtJ2x/blib/lib/Spreadsheet/ParseXLSX.pm line 1145.
invalid option NoXxe at /home/cpansand/.cpan/build/2025012604/Spreadsheet-ParseXLSX-0.36-fBtJ2x/blib/lib/Spreadsheet/ParseXLSX.pm line 1145.
invalid option NoXxe at /home/cpansand/.cpan/build/2025012604/Spreadsheet-ParseXLSX-0.36-fBtJ2x/blib/lib/Spreadsheet/ParseXLSX.pm line 1145.
invalid option NoXxe at /home/cpansand/.cpan/build/2025012604/Spreadsheet-ParseXLSX-0.36-fBtJ2x/blib/lib/Spreadsheet/ParseXLSX.pm line 1145.
invalid option NoXxe at /home/cpansand/.cpan/build/2025012604/Spreadsheet-ParseXLSX-0.36-fBtJ2x/blib/lib/Spreadsheet/ParseXLSX.pm line 1145.
t/bug-6.t .................. ok
invalid option NoXxe at /home/cpansand/.cpan/build/2025012604/Spreadsheet-ParseXLSX-0.36-fBtJ2x/blib/lib/Spreadsheet/ParseXLSX.pm line 1145.
invalid option NoXxe at /home/cpansand/.cpan/build/2025012604/Spreadsheet-ParseXLSX-0.36-fBtJ2x/blib/lib/Spreadsheet/ParseXLSX.pm line 1145.
invalid option NoXxe at /home/cpansand/.cpan/build/2025012604/Spreadsheet-ParseXLSX-0.36-fBtJ2x/blib/lib/Spreadsheet/ParseXLSX.pm line 1145.
invalid option NoXxe at /home/cpansand/.cpan/build/2025012604/Spreadsheet-ParseXLSX-0.36-fBtJ2x/blib/lib/Spreadsheet/ParseXLSX.pm line 1145.
invalid option NoXxe at /home/cpansand/.cpan/build/2025012604/Spreadsheet-ParseXLSX-0.36-fBtJ2x/blib/lib/Spreadsheet/ParseXLSX.pm line 1145.
t/bug-61.t ................. ok
invalid option NoXxe at /home/cpansand/.cpan/build/2025012604/Spreadsheet-ParseXLSX-0.36-fBtJ2x/blib/lib/Spreadsheet/ParseXLSX.pm line 1145.
invalid option NoXxe at /home/cpansand/.cpan/build/2025012604/Spreadsheet-ParseXLSX-0.36-fBtJ2x/blib/lib/Spreadsheet/ParseXLSX.pm line 1145.
invalid option NoXxe at /home/cpansand/.cpan/build/2025012604/Spreadsheet-ParseXLSX-0.36-fBtJ2x/blib/lib/Spreadsheet/ParseXLSX.pm line 1145.
invalid option NoXxe at /home/cpansand/.cpan/build/2025012604/Spreadsheet-ParseXLSX-0.36-fBtJ2x/blib/lib/Spreadsheet/ParseXLSX.pm line 1145.
invalid option NoXxe at /home/cpansand/.cpan/build/2025012604/Spreadsheet-ParseXLSX-0.36-fBtJ2x/blib/lib/Spreadsheet/ParseXLSX.pm line 1145.
invalid option NoXxe at /home/cpansand/.cpan/build/2025012604/Spreadsheet-ParseXLSX-0.36-fBtJ2x/blib/lib/Spreadsheet/ParseXLSX.pm line 1145.
invalid option NoXxe at /home/cpansand/.cpan/build/2025012604/Spreadsheet-ParseXLSX-0.36-fBtJ2x/blib/lib/Spreadsheet/ParseXLSX.pm line 1145.
invalid option NoXxe at /home/cpansand/.cpan/build/2025012604/Spreadsheet-ParseXLSX-0.36-fBtJ2x/blib/lib/Spreadsheet/ParseXLSX.pm line 1145.
invalid option NoXxe at /home/cpansand/.cpan/build/2025012604/Spreadsheet-ParseXLSX-0.36-fBtJ2x/blib/lib/Spreadsheet/ParseXLSX.pm line 1145.
t/bug-7.t .................. ok
invalid option NoXxe at /home/cpansand/.cpan/build/2025012604/Spreadsheet-ParseXLSX-0.36-fBtJ2x/blib/lib/Spreadsheet/ParseXLSX.pm line 1145.
invalid option NoXxe at /home/cpansand/.cpan/build/2025012604/Spreadsheet-ParseXLSX-0.36-fBtJ2x/blib/lib/Spreadsheet/ParseXLSX.pm line 1145.
invalid option NoXxe at /home/cpansand/.cpan/build/2025012604/Spreadsheet-ParseXLSX-0.36-fBtJ2x/blib/lib/Spreadsheet/ParseXLSX.pm line 1145.
invalid option NoXxe at /home/cpansand/.cpan/build/2025012604/Spreadsheet-ParseXLSX-0.36-fBtJ2x/blib/lib/Spreadsheet/ParseXLSX.pm line 1145.
invalid option NoXxe at /home/cpansand/.cpan/build/2025012604/Spreadsheet-ParseXLSX-0.36-fBtJ2x/blib/lib/Spreadsheet/ParseXLSX.pm line 1145.
invalid option NoXxe at /home/cpansand/.cpan/build/2025012604/Spreadsheet-ParseXLSX-0.36-fBtJ2x/blib/lib/Spreadsheet/ParseXLSX.pm line 1145.
invalid option NoXxe at /home/cpansand/.cpan/build/2025012604/Spreadsheet-ParseXLSX-0.36-fBtJ2x/blib/lib/Spreadsheet/ParseXLSX.pm line 1145.
t/bug-72.t ................. ok
invalid option NoXxe at /home/cpansand/.cpan/build/2025012604/Spreadsheet-ParseXLSX-0.36-fBtJ2x/blib/lib/Spreadsheet/ParseXLSX.pm line 1145.
invalid option NoXxe at /home/cpansand/.cpan/build/2025012604/Spreadsheet-ParseXLSX-0.36-fBtJ2x/blib/lib/Spreadsheet/ParseXLSX.pm line 1145.
invalid option NoXxe at /home/cpansand/.cpan/build/2025012604/Spreadsheet-ParseXLSX-0.36-fBtJ2x/blib/lib/Spreadsheet/ParseXLSX.pm line 1145.
invalid option NoXxe at /home/cpansand/.cpan/build/2025012604/Spreadsheet-ParseXLSX-0.36-fBtJ2x/blib/lib/Spreadsheet/ParseXLSX.pm line 1145.
invalid option NoXxe at /home/cpansand/.cpan/build/2025012604/Spreadsheet-ParseXLSX-0.36-fBtJ2x/blib/lib/Spreadsheet/ParseXLSX.pm line 1145.
invalid option NoXxe at /home/cpansand/.cpan/build/2025012604/Spreadsheet-ParseXLSX-0.36-fBtJ2x/blib/lib/Spreadsheet/ParseXLSX.pm line 1145.
invalid option NoXxe at /home/cpansand/.cpan/build/2025012604/Spreadsheet-ParseXLSX-0.36-fBtJ2x/blib/lib/Spreadsheet/ParseXLSX.pm line 1145.
invalid option NoXxe at /home/cpansand/.cpan/build/2025012604/Spreadsheet-ParseXLSX-0.36-fBtJ2x/blib/lib/Spreadsheet/ParseXLSX.pm line 1145.
invalid option NoXxe at /home/cpansand/.cpan/build/2025012604/Spreadsheet-ParseXLSX-0.36-fBtJ2x/blib/lib/Spreadsheet/ParseXLSX.pm line 1145.
t/bug-8.t .................. ok
invalid option NoXxe at /home/cpansand/.cpan/build/2025012604/Spreadsheet-ParseXLSX-0.36-fBtJ2x/blib/lib/Spreadsheet/ParseXLSX.pm line 1145.
invalid option NoXxe at /home/cpansand/.cpan/build/2025012604/Spreadsheet-ParseXLSX-0.36-fBtJ2x/blib/lib/Spreadsheet/ParseXLSX.pm line 1145.
invalid option NoXxe at /home/cpansand/.cpan/build/2025012604/Spreadsheet-ParseXLSX-0.36-fBtJ2x/blib/lib/Spreadsheet/ParseXLSX.pm line 1145.
invalid option NoXxe at /home/cpansand/.cpan/build/2025012604/Spreadsheet-ParseXLSX-0.36-fBtJ2x/blib/lib/Spreadsheet/ParseXLSX.pm line 1145.
invalid option NoXxe at /home/cpansand/.cpan/build/2025012604/Spreadsheet-ParseXLSX-0.36-fBtJ2x/blib/lib/Spreadsheet/ParseXLSX.pm line 1145.
invalid option NoXxe at /home/cpansand/.cpan/build/2025012604/Spreadsheet-ParseXLSX-0.36-fBtJ2x/blib/lib/Spreadsheet/ParseXLSX.pm line 1145.

#   Failed test at t/bug-md-10.t line 16.
# Looks like you failed 1 test of 3.
t/bug-md-10.t .............. 
Dubious, test returned 1 (wstat 256, 0x100)
Failed 1/3 subtests 
invalid option NoXxe at /home/cpansand/.cpan/build/2025012604/Spreadsheet-ParseXLSX-0.36-fBtJ2x/blib/lib/Spreadsheet/ParseXLSX.pm line 1145.
invalid option NoXxe at /home/cpansand/.cpan/build/2025012604/Spreadsheet-ParseXLSX-0.36-fBtJ2x/blib/lib/Spreadsheet/ParseXLSX.pm line 1145.
invalid option NoXxe at /home/cpansand/.cpan/build/2025012604/Spreadsheet-ParseXLSX-0.36-fBtJ2x/blib/lib/Spreadsheet/ParseXLSX.pm line 1145.
invalid option NoXxe at /home/cpansand/.cpan/build/2025012604/Spreadsheet-ParseXLSX-0.36-fBtJ2x/blib/lib/Spreadsheet/ParseXLSX.pm line 1145.
invalid option NoXxe at /home/cpansand/.cpan/build/2025012604/Spreadsheet-ParseXLSX-0.36-fBtJ2x/blib/lib/Spreadsheet/ParseXLSX.pm line 1145.
invalid option NoXxe at /home/cpansand/.cpan/build/2025012604/Spreadsheet-ParseXLSX-0.36-fBtJ2x/blib/lib/Spreadsheet/ParseXLSX.pm line 1145.
invalid option NoXxe at /home/cpansand/.cpan/build/2025012604/Spreadsheet-ParseXLSX-0.36-fBtJ2x/blib/lib/Spreadsheet/ParseXLSX.pm line 1145.
t/bug-md-11.t .............. ok
invalid option NoXxe at /home/cpansand/.cpan/build/2025012604/Spreadsheet-ParseXLSX-0.36-fBtJ2x/blib/lib/Spreadsheet/ParseXLSX.pm line 1145.
t/bug-md-7.t ............... ok
t/cell-to-row-col.t ........ ok
invalid option NoXxe at /home/cpansand/.cpan/build/2025012604/Spreadsheet-ParseXLSX-0.36-fBtJ2x/blib/lib/Spreadsheet/ParseXLSX.pm line 1145.
invalid option NoXxe at /home/cpansand/.cpan/build/2025012604/Spreadsheet-ParseXLSX-0.36-fBtJ2x/blib/lib/Spreadsheet/ParseXLSX.pm line 1145.
invalid option NoXxe at /home/cpansand/.cpan/build/2025012604/Spreadsheet-ParseXLSX-0.36-fBtJ2x/blib/lib/Spreadsheet/ParseXLSX.pm line 1145.
invalid option NoXxe at /home/cpansand/.cpan/build/2025012604/Spreadsheet-ParseXLSX-0.36-fBtJ2x/blib/lib/Spreadsheet/ParseXLSX.pm line 1145.
invalid option NoXxe at /home/cpansand/.cpan/build/2025012604/Spreadsheet-ParseXLSX-0.36-fBtJ2x/blib/lib/Spreadsheet/ParseXLSX.pm line 1145.
invalid option NoXxe at /home/cpansand/.cpan/build/2025012604/Spreadsheet-ParseXLSX-0.36-fBtJ2x/blib/lib/Spreadsheet/ParseXLSX.pm line 1145.
t/column-formats.t ......... ok
invalid option NoXxe at /home/cpansand/.cpan/build/2025012604/Spreadsheet-ParseXLSX-0.36-fBtJ2x/blib/lib/Spreadsheet/ParseXLSX.pm line 1145.
invalid option NoXxe at /home/cpansand/.cpan/build/2025012604/Spreadsheet-ParseXLSX-0.36-fBtJ2x/blib/lib/Spreadsheet/ParseXLSX.pm line 1145.
invalid option NoXxe at /home/cpansand/.cpan/build/2025012604/Spreadsheet-ParseXLSX-0.36-fBtJ2x/blib/lib/Spreadsheet/ParseXLSX.pm line 1145.
invalid option NoXxe at /home/cpansand/.cpan/build/2025012604/Spreadsheet-ParseXLSX-0.36-fBtJ2x/blib/lib/Spreadsheet/ParseXLSX.pm line 1145.
invalid option NoXxe at /home/cpansand/.cpan/build/2025012604/Spreadsheet-ParseXLSX-0.36-fBtJ2x/blib/lib/Spreadsheet/ParseXLSX.pm line 1145.
invalid option NoXxe at /home/cpansand/.cpan/build/2025012604/Spreadsheet-ParseXLSX-0.36-fBtJ2x/blib/lib/Spreadsheet/ParseXLSX.pm line 1145.
invalid option NoXxe at /home/cpansand/.cpan/build/2025012604/Spreadsheet-ParseXLSX-0.36-fBtJ2x/blib/lib/Spreadsheet/ParseXLSX.pm line 1145.
invalid option NoXxe at /home/cpansand/.cpan/build/2025012604/Spreadsheet-ParseXLSX-0.36-fBtJ2x/blib/lib/Spreadsheet/ParseXLSX.pm line 1145.
invalid option NoXxe at /home/cpansand/.cpan/build/2025012604/Spreadsheet-ParseXLSX-0.36-fBtJ2x/blib/lib/Spreadsheet/ParseXLSX.pm line 1145.
invalid option NoXxe at /home/cpansand/.cpan/build/2025012604/Spreadsheet-ParseXLSX-0.36-fBtJ2x/blib/lib/Spreadsheet/ParseXLSX.pm line 1145.
invalid option NoXxe at /home/cpansand/.cpan/build/2025012604/Spreadsheet-ParseXLSX-0.36-fBtJ2x/blib/lib/Spreadsheet/ParseXLSX.pm line 1145.
invalid option NoXxe at /home/cpansand/.cpan/build/2025012604/Spreadsheet-ParseXLSX-0.36-fBtJ2x/blib/lib/Spreadsheet/ParseXLSX.pm line 1145.
invalid option NoXxe at /home/cpansand/.cpan/build/2025012604/Spreadsheet-ParseXLSX-0.36-fBtJ2x/blib/lib/Spreadsheet/ParseXLSX.pm line 1145.
invalid option NoXxe at /home/cpansand/.cpan/build/2025012604/Spreadsheet-ParseXLSX-0.36-fBtJ2x/blib/lib/Spreadsheet/ParseXLSX.pm line 1145.
invalid option NoXxe at /home/cpansand/.cpan/build/2025012604/Spreadsheet-ParseXLSX-0.36-fBtJ2x/blib/lib/Spreadsheet/ParseXLSX.pm line 1145.
invalid option NoXxe at /home/cpansand/.cpan/build/2025012604/Spreadsheet-ParseXLSX-0.36-fBtJ2x/blib/lib/Spreadsheet/ParseXLSX.pm line 1145.
invalid option NoXxe at /home/cpansand/.cpan/build/2025012604/Spreadsheet-ParseXLSX-0.36-fBtJ2x/blib/lib/Spreadsheet/ParseXLSX.pm line 1145.
invalid option NoXxe at /home/cpansand/.cpan/build/2025012604/Spreadsheet-ParseXLSX-0.36-fBtJ2x/blib/lib/Spreadsheet/ParseXLSX.pm line 1145.
invalid option NoXxe at /home/cpansand/.cpan/build/2025012604/Spreadsheet-ParseXLSX-0.36-fBtJ2x/blib/lib/Spreadsheet/ParseXLSX.pm line 1145.
invalid option NoXxe at /home/cpansand/.cpan/build/2025012604/Spreadsheet-ParseXLSX-0.36-fBtJ2x/blib/lib/Spreadsheet/ParseXLSX.pm line 1145.
invalid option NoXxe at /home/cpansand/.cpan/build/2025012604/Spreadsheet-ParseXLSX-0.36-fBtJ2x/blib/lib/Spreadsheet/ParseXLSX.pm line 1145.
invalid option NoXxe at /home/cpansand/.cpan/build/2025012604/Spreadsheet-ParseXLSX-0.36-fBtJ2x/blib/lib/Spreadsheet/ParseXLSX.pm line 1145.
invalid option NoXxe at /home/cpansand/.cpan/build/2025012604/Spreadsheet-ParseXLSX-0.36-fBtJ2x/blib/lib/Spreadsheet/ParseXLSX.pm line 1145.
invalid option NoXxe at /home/cpansand/.cpan/build/2025012604/Spreadsheet-ParseXLSX-0.36-fBtJ2x/blib/lib/Spreadsheet/ParseXLSX.pm line 1145.
invalid option NoXxe at /home/cpansand/.cpan/build/2025012604/Spreadsheet-ParseXLSX-0.36-fBtJ2x/blib/lib/Spreadsheet/ParseXLSX.pm line 1145.
invalid option NoXxe at /home/cpansand/.cpan/build/2025012604/Spreadsheet-ParseXLSX-0.36-fBtJ2x/blib/lib/Spreadsheet/ParseXLSX.pm line 1145.
invalid option NoXxe at /home/cpansand/.cpan/build/2025012604/Spreadsheet-ParseXLSX-0.36-fBtJ2x/blib/lib/Spreadsheet/ParseXLSX.pm line 1145.
invalid option NoXxe at /home/cpansand/.cpan/build/2025012604/Spreadsheet-ParseXLSX-0.36-fBtJ2x/blib/lib/Spreadsheet/ParseXLSX.pm line 1145.
invalid option NoXxe at /home/cpansand/.cpan/build/2025012604/Spreadsheet-ParseXLSX-0.36-fBtJ2x/blib/lib/Spreadsheet/ParseXLSX.pm line 1145.
invalid option NoXxe at /home/cpansand/.cpan/build/2025012604/Spreadsheet-ParseXLSX-0.36-fBtJ2x/blib/lib/Spreadsheet/ParseXLSX.pm line 1145.
invalid option NoXxe at /home/cpansand/.cpan/build/2025012604/Spreadsheet-ParseXLSX-0.36-fBtJ2x/blib/lib/Spreadsheet/ParseXLSX.pm line 1145.
invalid option NoXxe at /home/cpansand/.cpan/build/2025012604/Spreadsheet-ParseXLSX-0.36-fBtJ2x/blib/lib/Spreadsheet/ParseXLSX.pm line 1145.
invalid option NoXxe at /home/cpansand/.cpan/build/2025012604/Spreadsheet-ParseXLSX-0.36-fBtJ2x/blib/lib/Spreadsheet/ParseXLSX.pm line 1145.
invalid option NoXxe at /home/cpansand/.cpan/build/2025012604/Spreadsheet-ParseXLSX-0.36-fBtJ2x/blib/lib/Spreadsheet/ParseXLSX.pm line 1145.
invalid option NoXxe at /home/cpansand/.cpan/build/2025012604/Spreadsheet-ParseXLSX-0.36-fBtJ2x/blib/lib/Spreadsheet/ParseXLSX.pm line 1145.
invalid option NoXxe at /home/cpansand/.cpan/build/2025012604/Spreadsheet-ParseXLSX-0.36-fBtJ2x/blib/lib/Spreadsheet/ParseXLSX.pm line 1145.
invalid option NoXxe at /home/cpansand/.cpan/build/2025012604/Spreadsheet-ParseXLSX-0.36-fBtJ2x/blib/lib/Spreadsheet/ParseXLSX.pm line 1145.
invalid option NoXxe at /home/cpansand/.cpan/build/2025012604/Spreadsheet-ParseXLSX-0.36-fBtJ2x/blib/lib/Spreadsheet/ParseXLSX.pm line 1145.
invalid option NoXxe at /home/cpansand/.cpan/build/2025012604/Spreadsheet-ParseXLSX-0.36-fBtJ2x/blib/lib/Spreadsheet/ParseXLSX.pm line 1145.
invalid option NoXxe at /home/cpansand/.cpan/build/2025012604/Spreadsheet-ParseXLSX-0.36-fBtJ2x/blib/lib/Spreadsheet/ParseXLSX.pm line 1145.
invalid option NoXxe at /home/cpansand/.cpan/build/2025012604/Spreadsheet-ParseXLSX-0.36-fBtJ2x/blib/lib/Spreadsheet/ParseXLSX.pm line 1145.
invalid option NoXxe at /home/cpansand/.cpan/build/2025012604/Spreadsheet-ParseXLSX-0.36-fBtJ2x/blib/lib/Spreadsheet/ParseXLSX.pm line 1145.
invalid option NoXxe at /home/cpansand/.cpan/build/2025012604/Spreadsheet-ParseXLSX-0.36-fBtJ2x/blib/lib/Spreadsheet/ParseXLSX.pm line 1145.
invalid option NoXxe at /home/cpansand/.cpan/build/2025012604/Spreadsheet-ParseXLSX-0.36-fBtJ2x/blib/lib/Spreadsheet/ParseXLSX.pm line 1145.
invalid option NoXxe at /home/cpansand/.cpan/build/2025012604/Spreadsheet-ParseXLSX-0.36-fBtJ2x/blib/lib/Spreadsheet/ParseXLSX.pm line 1145.
invalid option NoXxe at /home/cpansand/.cpan/build/2025012604/Spreadsheet-ParseXLSX-0.36-fBtJ2x/blib/lib/Spreadsheet/ParseXLSX.pm line 1145.
invalid option NoXxe at /home/cpansand/.cpan/build/2025012604/Spreadsheet-ParseXLSX-0.36-fBtJ2x/blib/lib/Spreadsheet/ParseXLSX.pm line 1145.
invalid option NoXxe at /home/cpansand/.cpan/build/2025012604/Spreadsheet-ParseXLSX-0.36-fBtJ2x/blib/lib/Spreadsheet/ParseXLSX.pm line 1145.
invalid option NoXxe at /home/cpansand/.cpan/build/2025012604/Spreadsheet-ParseXLSX-0.36-fBtJ2x/blib/lib/Spreadsheet/ParseXLSX.pm line 1145.
invalid option NoXxe at /home/cpansand/.cpan/build/2025012604/Spreadsheet-ParseXLSX-0.36-fBtJ2x/blib/lib/Spreadsheet/ParseXLSX.pm line 1145.
invalid option NoXxe at /home/cpansand/.cpan/build/2025012604/Spreadsheet-ParseXLSX-0.36-fBtJ2x/blib/lib/Spreadsheet/ParseXLSX.pm line 1145.
invalid option NoXxe at /home/cpansand/.cpan/build/2025012604/Spreadsheet-ParseXLSX-0.36-fBtJ2x/blib/lib/Spreadsheet/ParseXLSX.pm line 1145.
invalid option NoXxe at /home/cpansand/.cpan/build/2025012604/Spreadsheet-ParseXLSX-0.36-fBtJ2x/blib/lib/Spreadsheet/ParseXLSX.pm line 1145.
invalid option NoXxe at /home/cpansand/.cpan/build/2025012604/Spreadsheet-ParseXLSX-0.36-fBtJ2x/blib/lib/Spreadsheet/ParseXLSX.pm line 1145.
invalid option NoXxe at /home/cpansand/.cpan/build/2025012604/Spreadsheet-ParseXLSX-0.36-fBtJ2x/blib/lib/Spreadsheet/ParseXLSX.pm line 1145.
invalid option NoXxe at /home/cpansand/.cpan/build/2025012604/Spreadsheet-ParseXLSX-0.36-fBtJ2x/blib/lib/Spreadsheet/ParseXLSX.pm line 1145.
invalid option NoXxe at /home/cpansand/.cpan/build/2025012604/Spreadsheet-ParseXLSX-0.36-fBtJ2x/blib/lib/Spreadsheet/ParseXLSX.pm line 1145.
invalid option NoXxe at /home/cpansand/.cpan/build/2025012604/Spreadsheet-ParseXLSX-0.36-fBtJ2x/blib/lib/Spreadsheet/ParseXLSX.pm line 1145.
invalid option NoXxe at /home/cpansand/.cpan/build/2025012604/Spreadsheet-ParseXLSX-0.36-fBtJ2x/blib/lib/Spreadsheet/ParseXLSX.pm line 1145.
invalid option NoXxe at /home/cpansand/.cpan/build/2025012604/Spreadsheet-ParseXLSX-0.36-fBtJ2x/blib/lib/Spreadsheet/ParseXLSX.pm line 1145.
invalid option NoXxe at /home/cpansand/.cpan/build/2025012604/Spreadsheet-ParseXLSX-0.36-fBtJ2x/blib/lib/Spreadsheet/ParseXLSX.pm line 1145.
invalid option NoXxe at /home/cpansand/.cpan/build/2025012604/Spreadsheet-ParseXLSX-0.36-fBtJ2x/blib/lib/Spreadsheet/ParseXLSX.pm line 1145.
invalid option NoXxe at /home/cpansand/.cpan/build/2025012604/Spreadsheet-ParseXLSX-0.36-fBtJ2x/blib/lib/Spreadsheet/ParseXLSX.pm line 1145.
invalid option NoXxe at /home/cpansand/.cpan/build/2025012604/Spreadsheet-ParseXLSX-0.36-fBtJ2x/blib/lib/Spreadsheet/ParseXLSX.pm line 1145.
invalid option NoXxe at /home/cpansand/.cpan/build/2025012604/Spreadsheet-ParseXLSX-0.36-fBtJ2x/blib/lib/Spreadsheet/ParseXLSX.pm line 1145.
invalid option NoXxe at /home/cpansand/.cpan/build/2025012604/Spreadsheet-ParseXLSX-0.36-fBtJ2x/blib/lib/Spreadsheet/ParseXLSX.pm line 1145.
invalid option NoXxe at /home/cpansand/.cpan/build/2025012604/Spreadsheet-ParseXLSX-0.36-fBtJ2x/blib/lib/Spreadsheet/ParseXLSX.pm line 1145.
invalid option NoXxe at /home/cpansand/.cpan/build/2025012604/Spreadsheet-ParseXLSX-0.36-fBtJ2x/blib/lib/Spreadsheet/ParseXLSX.pm line 1145.
invalid option NoXxe at /home/cpansand/.cpan/build/2025012604/Spreadsheet-ParseXLSX-0.36-fBtJ2x/blib/lib/Spreadsheet/ParseXLSX.pm line 1145.
invalid option NoXxe at /home/cpansand/.cpan/build/2025012604/Spreadsheet-ParseXLSX-0.36-fBtJ2x/blib/lib/Spreadsheet/ParseXLSX.pm line 1145.
invalid option NoXxe at /home/cpansand/.cpan/build/2025012604/Spreadsheet-ParseXLSX-0.36-fBtJ2x/blib/lib/Spreadsheet/ParseXLSX.pm line 1145.
invalid option NoXxe at /home/cpansand/.cpan/build/2025012604/Spreadsheet-ParseXLSX-0.36-fBtJ2x/blib/lib/Spreadsheet/ParseXLSX.pm line 1145.
t/encryption.t ............. ok
invalid option NoXxe at /home/cpansand/.cpan/build/2025012604/Spreadsheet-ParseXLSX-0.36-fBtJ2x/blib/lib/Spreadsheet/ParseXLSX.pm line 1145.
invalid option NoXxe at /home/cpansand/.cpan/build/2025012604/Spreadsheet-ParseXLSX-0.36-fBtJ2x/blib/lib/Spreadsheet/ParseXLSX.pm line 1145.
invalid option NoXxe at /home/cpansand/.cpan/build/2025012604/Spreadsheet-ParseXLSX-0.36-fBtJ2x/blib/lib/Spreadsheet/ParseXLSX.pm line 1145.
invalid option NoXxe at /home/cpansand/.cpan/build/2025012604/Spreadsheet-ParseXLSX-0.36-fBtJ2x/blib/lib/Spreadsheet/ParseXLSX.pm line 1145.
invalid option NoXxe at /home/cpansand/.cpan/build/2025012604/Spreadsheet-ParseXLSX-0.36-fBtJ2x/blib/lib/Spreadsheet/ParseXLSX.pm line 1145.
invalid option NoXxe at /home/cpansand/.cpan/build/2025012604/Spreadsheet-ParseXLSX-0.36-fBtJ2x/blib/lib/Spreadsheet/ParseXLSX.pm line 1145.
invalid option NoXxe at /home/cpansand/.cpan/build/2025012604/Spreadsheet-ParseXLSX-0.36-fBtJ2x/blib/lib/Spreadsheet/ParseXLSX.pm line 1145.
invalid option NoXxe at t/garbage-collect.t line 27.
invalid option NoXxe at t/garbage-collect.t line 27.
invalid option NoXxe at t/garbage-collect.t line 27.
invalid option NoXxe at t/garbage-collect.t line 27.
invalid option NoXxe at t/garbage-collect.t line 27.
invalid option NoXxe at t/garbage-collect.t line 27.
invalid option NoXxe at t/garbage-collect.t line 27.
invalid option NoXxe at t/garbage-collect.t line 27.
invalid option NoXxe at t/garbage-collect.t line 27.
invalid option NoXxe at t/garbage-collect.t line 27.
invalid option NoXxe at t/garbage-collect.t line 27.
invalid option NoXxe at t/garbage-collect.t line 27.
invalid option NoXxe at t/garbage-collect.t line 27.
invalid option NoXxe at t/garbage-collect.t line 27.
invalid option NoXxe at t/garbage-collect.t line 27.
invalid option NoXxe at t/garbage-collect.t line 27.
invalid option NoXxe at t/garbage-collect.t line 27.
invalid option NoXxe at t/garbage-collect.t line 27.
invalid option NoXxe at t/garbage-collect.t line 27.
invalid option NoXxe at t/garbage-collect.t line 27.
invalid option NoXxe at t/garbage-collect.t line 27.
t/garbage-collect.t ........ ok
invalid option NoXxe at /home/cpansand/.cpan/build/2025012604/Spreadsheet-ParseXLSX-0.36-fBtJ2x/blib/lib/Spreadsheet/ParseXLSX.pm line 1145.
invalid option NoXxe at /home/cpansand/.cpan/build/2025012604/Spreadsheet-ParseXLSX-0.36-fBtJ2x/blib/lib/Spreadsheet/ParseXLSX.pm line 1145.
invalid option NoXxe at /home/cpansand/.cpan/build/2025012604/Spreadsheet-ParseXLSX-0.36-fBtJ2x/blib/lib/Spreadsheet/ParseXLSX.pm line 1145.
invalid option NoXxe at /home/cpansand/.cpan/build/2025012604/Spreadsheet-ParseXLSX-0.36-fBtJ2x/blib/lib/Spreadsheet/ParseXLSX.pm line 1145.
invalid option NoXxe at /home/cpansand/.cpan/build/2025012604/Spreadsheet-ParseXLSX-0.36-fBtJ2x/blib/lib/Spreadsheet/ParseXLSX.pm line 1145.
invalid option NoXxe at /home/cpansand/.cpan/build/2025012604/Spreadsheet-ParseXLSX-0.36-fBtJ2x/blib/lib/Spreadsheet/ParseXLSX.pm line 1145.
invalid option NoXxe at /home/cpansand/.cpan/build/2025012604/Spreadsheet-ParseXLSX-0.36-fBtJ2x/blib/lib/Spreadsheet/ParseXLSX.pm line 1145.
invalid option NoXxe at /home/cpansand/.cpan/build/2025012604/Spreadsheet-ParseXLSX-0.36-fBtJ2x/blib/lib/Spreadsheet/ParseXLSX.pm line 1145.
t/hidden-row-and-column.t .. ok
invalid option NoXxe at /home/cpansand/.cpan/build/2025012604/Spreadsheet-ParseXLSX-0.36-fBtJ2x/blib/lib/Spreadsheet/ParseXLSX.pm line 1145.
invalid option NoXxe at /home/cpansand/.cpan/build/2025012604/Spreadsheet-ParseXLSX-0.36-fBtJ2x/blib/lib/Spreadsheet/ParseXLSX.pm line 1145.
invalid option NoXxe at /home/cpansand/.cpan/build/2025012604/Spreadsheet-ParseXLSX-0.36-fBtJ2x/blib/lib/Spreadsheet/ParseXLSX.pm line 1145.
invalid option NoXxe at /home/cpansand/.cpan/build/2025012604/Spreadsheet-ParseXLSX-0.36-fBtJ2x/blib/lib/Spreadsheet/ParseXLSX.pm line 1145.
invalid option NoXxe at /home/cpansand/.cpan/build/2025012604/Spreadsheet-ParseXLSX-0.36-fBtJ2x/blib/lib/Spreadsheet/ParseXLSX.pm line 1145.
invalid option NoXxe at /home/cpansand/.cpan/build/2025012604/Spreadsheet-ParseXLSX-0.36-fBtJ2x/blib/lib/Spreadsheet/ParseXLSX.pm line 1145.
invalid option NoXxe at /home/cpansand/.cpan/build/2025012604/Spreadsheet-ParseXLSX-0.36-fBtJ2x/blib/lib/Spreadsheet/ParseXLSX.pm line 1145.
invalid option NoXxe at /home/cpansand/.cpan/build/2025012604/Spreadsheet-ParseXLSX-0.36-fBtJ2x/blib/lib/Spreadsheet/ParseXLSX.pm line 1145.
t/hidden-sheet.t ........... ok
invalid option NoXxe at /home/cpansand/.cpan/build/2025012604/Spreadsheet-ParseXLSX-0.36-fBtJ2x/blib/lib/Spreadsheet/ParseXLSX.pm line 1145.
invalid option NoXxe at /home/cpansand/.cpan/build/2025012604/Spreadsheet-ParseXLSX-0.36-fBtJ2x/blib/lib/Spreadsheet/ParseXLSX.pm line 1145.
invalid option NoXxe at /home/cpansand/.cpan/build/2025012604/Spreadsheet-ParseXLSX-0.36-fBtJ2x/blib/lib/Spreadsheet/ParseXLSX.pm line 1145.
invalid option NoXxe at /home/cpansand/.cpan/build/2025012604/Spreadsheet-ParseXLSX-0.36-fBtJ2x/blib/lib/Spreadsheet/ParseXLSX.pm line 1145.
invalid option NoXxe at /home/cpansand/.cpan/build/2025012604/Spreadsheet-ParseXLSX-0.36-fBtJ2x/blib/lib/Spreadsheet/ParseXLSX.pm line 1145.
invalid option NoXxe at /home/cpansand/.cpan/build/2025012604/Spreadsheet-ParseXLSX-0.36-fBtJ2x/blib/lib/Spreadsheet/ParseXLSX.pm line 1145.
invalid option NoXxe at /home/cpansand/.cpan/build/2025012604/Spreadsheet-ParseXLSX-0.36-fBtJ2x/blib/lib/Spreadsheet/ParseXLSX.pm line 1145.
t/hyperlinks.t ............. ok
invalid option NoXxe at /home/cpansand/.cpan/build/2025012604/Spreadsheet-ParseXLSX-0.36-fBtJ2x/blib/lib/Spreadsheet/ParseXLSX.pm line 1145.
invalid option NoXxe at /home/cpansand/.cpan/build/2025012604/Spreadsheet-ParseXLSX-0.36-fBtJ2x/blib/lib/Spreadsheet/ParseXLSX.pm line 1145.
invalid option NoXxe at /home/cpansand/.cpan/build/2025012604/Spreadsheet-ParseXLSX-0.36-fBtJ2x/blib/lib/Spreadsheet/ParseXLSX.pm line 1145.
invalid option NoXxe at /home/cpansand/.cpan/build/2025012604/Spreadsheet-ParseXLSX-0.36-fBtJ2x/blib/lib/Spreadsheet/ParseXLSX.pm line 1145.
invalid option NoXxe at /home/cpansand/.cpan/build/2025012604/Spreadsheet-ParseXLSX-0.36-fBtJ2x/blib/lib/Spreadsheet/ParseXLSX.pm line 1145.
invalid option NoXxe at /home/cpansand/.cpan/build/2025012604/Spreadsheet-ParseXLSX-0.36-fBtJ2x/blib/lib/Spreadsheet/ParseXLSX.pm line 1145.
invalid option NoXxe at /home/cpansand/.cpan/build/2025012604/Spreadsheet-ParseXLSX-0.36-fBtJ2x/blib/lib/Spreadsheet/ParseXLSX.pm line 1145.
t/page-Setup.t ............. ok
invalid option NoXxe at /home/cpansand/.cpan/build/2025012604/Spreadsheet-ParseXLSX-0.36-fBtJ2x/blib/lib/Spreadsheet/ParseXLSX.pm line 1145.
invalid option NoXxe at /home/cpansand/.cpan/build/2025012604/Spreadsheet-ParseXLSX-0.36-fBtJ2x/blib/lib/Spreadsheet/ParseXLSX.pm line 1145.
invalid option NoXxe at /home/cpansand/.cpan/build/2025012604/Spreadsheet-ParseXLSX-0.36-fBtJ2x/blib/lib/Spreadsheet/ParseXLSX.pm line 1145.
invalid option NoXxe at /home/cpansand/.cpan/build/2025012604/Spreadsheet-ParseXLSX-0.36-fBtJ2x/blib/lib/Spreadsheet/ParseXLSX.pm line 1145.
invalid option NoXxe at /home/cpansand/.cpan/build/2025012604/Spreadsheet-ParseXLSX-0.36-fBtJ2x/blib/lib/Spreadsheet/ParseXLSX.pm line 1145.
invalid option NoXxe at /home/cpansand/.cpan/build/2025012604/Spreadsheet-ParseXLSX-0.36-fBtJ2x/blib/lib/Spreadsheet/ParseXLSX.pm line 1145.
t/rich.t ................... ok
invalid option NoXxe at /home/cpansand/.cpan/build/2025012604/Spreadsheet-ParseXLSX-0.36-fBtJ2x/blib/lib/Spreadsheet/ParseXLSX.pm line 1145.
invalid option NoXxe at /home/cpansand/.cpan/build/2025012604/Spreadsheet-ParseXLSX-0.36-fBtJ2x/blib/lib/Spreadsheet/ParseXLSX.pm line 1145.
invalid option NoXxe at /home/cpansand/.cpan/build/2025012604/Spreadsheet-ParseXLSX-0.36-fBtJ2x/blib/lib/Spreadsheet/ParseXLSX.pm line 1145.
invalid option NoXxe at /home/cpansand/.cpan/build/2025012604/Spreadsheet-ParseXLSX-0.36-fBtJ2x/blib/lib/Spreadsheet/ParseXLSX.pm line 1145.
invalid option NoXxe at /home/cpansand/.cpan/build/2025012604/Spreadsheet-ParseXLSX-0.36-fBtJ2x/blib/lib/Spreadsheet/ParseXLSX.pm line 1145.
invalid option NoXxe at /home/cpansand/.cpan/build/2025012604/Spreadsheet-ParseXLSX-0.36-fBtJ2x/blib/lib/Spreadsheet/ParseXLSX.pm line 1145.
invalid option NoXxe at /home/cpansand/.cpan/build/2025012604/Spreadsheet-ParseXLSX-0.36-fBtJ2x/blib/lib/Spreadsheet/ParseXLSX.pm line 1145.
t/tab-color.t .............. ok
invalid option NoXxe at /home/cpansand/.cpan/build/2025012604/Spreadsheet-ParseXLSX-0.36-fBtJ2x/blib/lib/Spreadsheet/ParseXLSX.pm line 1145.
invalid option NoXxe at /home/cpansand/.cpan/build/2025012604/Spreadsheet-ParseXLSX-0.36-fBtJ2x/blib/lib/Spreadsheet/ParseXLSX.pm line 1145.
invalid option NoXxe at /home/cpansand/.cpan/build/2025012604/Spreadsheet-ParseXLSX-0.36-fBtJ2x/blib/lib/Spreadsheet/ParseXLSX.pm line 1145.
invalid option NoXxe at /home/cpansand/.cpan/build/2025012604/Spreadsheet-ParseXLSX-0.36-fBtJ2x/blib/lib/Spreadsheet/ParseXLSX.pm line 1145.
invalid option NoXxe at /home/cpansand/.cpan/build/2025012604/Spreadsheet-ParseXLSX-0.36-fBtJ2x/blib/lib/Spreadsheet/ParseXLSX.pm line 1145.
invalid option NoXxe at /home/cpansand/.cpan/build/2025012604/Spreadsheet-ParseXLSX-0.36-fBtJ2x/blib/lib/Spreadsheet/ParseXLSX.pm line 1145.
invalid option NoXxe at /home/cpansand/.cpan/build/2025012604/Spreadsheet-ParseXLSX-0.36-fBtJ2x/blib/lib/Spreadsheet/ParseXLSX.pm line 1145.
t/target-abspath.t ......... ok

Test Summary Report
-------------------
t/bug-41.t               (Wstat: 1536 Tests: 7 Failed: 6)
  Failed tests:  1-6
  Non-zero exit status: 6
t/bug-md-10.t            (Wstat: 256 Tests: 3 Failed: 1)
  Failed test:  3
  Non-zero exit status: 1
t/hyperlinks.t           (Wstat: 0 Tests: 58 Failed: 0)
  TODO passed:   47-49, 51-53, 55-57
Files=44, Tests=1294, 92 wallclock secs ( 0.08 usr  0.24 sys + 82.09 cusr  6.35 csys = 88.76 CPU)
Result: FAIL
Failed 2/44 test programs. 7/1294 subtests failed.
*** Error code 255

Stop.
make: stopped in /home/cpansand/.cpan/build/2025012604/Spreadsheet-ParseXLSX-0.36-fBtJ2x

------------------------------
PREREQUISITES
------------------------------

Prerequisite modules loaded:

requires:

    Module                             Need  Have    
    ---------------------------------- ----- --------
    Archive::Zip                       1.34  1.45    
    Crypt::Mode::CBC                   0     0.084   
    Crypt::Mode::ECB                   0     0.084   
    Digest::SHA                        0     5.88    
    Encode                             0     2.60    
    File::Temp                         0     0.2304  
    Graphics::ColorUtils               0     0.17    
    MIME::Base64                       0     3.14    
    OLE::Storage_Lite                  0     0.22    
    perl                               5.010 5.020001
    Scalar::Util                       0     1.38    
    Spreadsheet::ParseExcel            0     0.66    
    Spreadsheet::ParseExcel::Cell      0     0.66    
    Spreadsheet::ParseExcel::Worksheet 0     0.66    
    XML::Twig                          0     3.48    

build_requires:

    Module                             Need  Have    
    ---------------------------------- ----- --------
    Data::Dumper                       0     2.151   
    ExtUtils::MakeMaker                0     7.58    
    File::Spec                         0     3.48    
    IO::Handle                         0     1.35    
    IPC::Open3                         0     1.16    
    Spreadsheet::ParseExcel::Utility   0     0.66    
    Test::More                         0.88  1.302183

configure_requires:

    Module                             Need  Have    
    ---------------------------------- ----- --------
    ExtUtils::MakeMaker                0     7.58    


------------------------------
ENVIRONMENT AND OTHER CONTEXT
------------------------------

Environment variables:

    LC_ALL = de_DE.ISO8859-1
    PATH = /usr/local/bin:/usr/bin:/bin:/usr/local/sbin:/usr/sbin:/sbin:/home/cpansand/bin/freebsd10.3:/home/cpansand/bin/sh:/home/cpansand/bin:/usr/games:/home/cpansand/devel:/home/eserte/src/srezic-misc/scripts
    PERL5LIB = /home/cpansand/.cpan/build/2025012604/CryptX-0.084-IaFnjm/blib/arch:/home/cpansand/.cpan/build/2025012604/CryptX-0.084-IaFnjm/blib/lib:/home/cpansand/.cpan/build/2025012604/Graphics-ColorUtils-0.17-r1ubwq/blib/arch:/home/cpansand/.cpan/build/2025012604/Graphics-ColorUtils-0.17-r1ubwq/blib/lib:/home/cpansand/.cpan/build/2025012604/Spreadsheet-ParseExcel-0.66-6twhU0/blib/arch:/home/cpansand/.cpan/build/2025012604/Spreadsheet-ParseExcel-0.66-6twhU0/blib/lib:/home/cpansand/.cpan/build/2025012604/OLE-Storage_Lite-0.22-2boFLX/blib/arch:/home/cpansand/.cpan/build/2025012604/OLE-Storage_Lite-0.22-2boFLX/blib/lib:/home/cpansand/.cpan/build/2025012604/Crypt-RC4-2.02-eFvVqA/blib/arch:/home/cpansand/.cpan/build/2025012604/Crypt-RC4-2.02-eFvVqA/blib/lib:/home/cpansand/.cpan/build/2025012604/Digest-Perl-MD5-1.9-R2lNBt/blib/arch:/home/cpansand/.cpan/build/2025012604/Digest-Perl-MD5-1.9-R2lNBt/blib/lib
    PERL5OPT = 
    PERL5_CPANPLUS_IS_RUNNING = 49744
    PERL5_CPAN_IS_RUNNING = 49744
    PERL5_CPAN_IS_RUNNING_IN_RECURSION = 28088,49744
    PERLDOC = -MPod::Perldoc::ToTextOverstrike
    PERL_BATCH = yes
    PERL_CANARY_STABILITY_NOPROMPT = 1
    PERL_CPAN_REPORTER_CONFIG = /var/tmp/cpansmoker-1023/2025012600/cpanreporter_000_config.ini
    PERL_EXTUTILS_AUTOINSTALL = --defaultdeps
    SHELL = /usr/local/bin/zsh
    TERM = screen
    TMPDIR = /var/tmp/cpansmoker-1023/2025012600

Perl special variables (and OS-specific diagnostics, for MSWin32):

    $^X = /usr/perl5.20.1Dp/bin/perl5.20.1
    $UID/$EUID = 1023 / 1023
    $GID = 1023 1023
    $EGID = 1023 1023

Perl module toolchain versions installed:

    Module              Have    
    ------------------- --------
    CPAN                2.05    
    CPAN::Meta          2.143240
    Cwd                 3.48    
    ExtUtils::CBuilder  0.280217
    ExtUtils::Command   7.58    
    ExtUtils::Install   2.06    
    ExtUtils::MakeMaker 7.58    
    ExtUtils::Manifest  1.70    
    ExtUtils::ParseXS   3.35    
    File::Spec          3.48    
    JSON                2.90    
    JSON::PP            4.16    
    Module::Build       0.4211  
    Module::Signature   n/a     
    Parse::CPAN::Meta   1.4422  
    Test::Harness       3.30    
    Test::More          1.302183
    YAML                1.14    
    YAML::Syck          1.29    
    version             0.9909  


--

Summary of my perl5 (revision 5 version 20 subversion 1) configuration:
   
  Platform:
    osname=freebsd, osvers=10.1-release, archname=amd64-freebsd-ld
    uname='freebsd cvrsnica-freebsd-101.herceg.de 10.1-release freebsd 10.1-release #0 r274401: tue nov 11 21:02:49 utc 2014 root@releng1.nyi.freebsd.org:usrobjusrsrcsysgeneric amd64 '
    config_args='-ds -e -Dprefix=/usr/perl5.20.1Dp -Duselongdouble'
    hint=recommended, useposix=true, d_sigaction=define
    useithreads=undef, usemultiplicity=undef
    use64bitint=define, use64bitall=define, uselongdouble=define
    usemymalloc=n, bincompat5005=undef
  Compiler:
    cc='cc', ccflags ='-DHAS_FPSETMASK -DHAS_FLOATINGPOINT_H -fno-strict-aliasing -pipe -fstack-protector -I/usr/local/include',
    optimize='-O',
    cppflags='-DHAS_FPSETMASK -DHAS_FLOATINGPOINT_H -fno-strict-aliasing -pipe -fstack-protector -I/usr/local/include'
    ccversion='', gccversion='4.2.1 Compatible FreeBSD Clang 3.4.1 (tags/RELEASE_34/dot1-final 208032)', gccosandvers=''
    intsize=4, longsize=8, ptrsize=8, doublesize=8, byteorder=12345678
    d_longlong=define, longlongsize=8, d_longdbl=define, longdblsize=16
    ivtype='long', ivsize=8, nvtype='long double', nvsize=16, Off_t='off_t', lseeksize=8
    alignbytes=16, prototype=define
  Linker and Libraries:
    ld='cc', ldflags ='-pthread -Wl,-E  -fstack-protector -L/usr/local/lib'
    libpth=/usr/lib /usr/local/lib /usr/include/clang/3.4.1 /usr/lib
    libs=-lgdbm -lm -lcrypt -lutil -lc
    perllibs=-lm -lcrypt -lutil -lc
    libc=, so=so, useshrplib=false, libperl=libperl.a
    gnulibc_version=''
  Dynamic Linking:
    dlsrc=dl_dlopen.xs, dlext=so, d_dlsymun=undef, ccdlflags=' '
    cccdlflags='-DPIC -fPIC', lddlflags='-shared  -L/usr/local/lib -fstack-protector'


Characteristics of this binary (from libperl): 
  Compile-time options: HAS_TIMES PERLIO_LAYERS PERL_DONT_CREATE_GVSV
                        PERL_HASH_FUNC_ONE_AT_A_TIME_HARD PERL_MALLOC_WRAP
                        PERL_NEW_COPY_ON_WRITE PERL_PRESERVE_IVUV
                        USE_64_BIT_ALL USE_64_BIT_INT USE_LARGE_FILES
                        USE_LOCALE USE_LOCALE_COLLATE USE_LOCALE_CTYPE
                        USE_LOCALE_NUMERIC USE_LONG_DOUBLE USE_PERLIO
                        USE_PERL_ATOF
  Built under freebsd
  Compiled at Feb 13 2015 08:17:27
  %ENV:
    PERL5LIB="/home/cpansand/.cpan/build/2025012604/CryptX-0.084-IaFnjm/blib/arch:/home/cpansand/.cpan/build/2025012604/CryptX-0.084-IaFnjm/blib/lib:/home/cpansand/.cpan/build/2025012604/Graphics-ColorUtils-0.17-r1ubwq/blib/arch:/home/cpansand/.cpan/build/2025012604/Graphics-ColorUtils-0.17-r1ubwq/blib/lib:/home/cpansand/.cpan/build/2025012604/Spreadsheet-ParseExcel-0.66-6twhU0/blib/arch:/home/cpansand/.cpan/build/2025012604/Spreadsheet-ParseExcel-0.66-6twhU0/blib/lib:/home/cpansand/.cpan/build/2025012604/OLE-Storage_Lite-0.22-2boFLX/blib/arch:/home/cpansand/.cpan/build/2025012604/OLE-Storage_Lite-0.22-2boFLX/blib/lib:/home/cpansand/.cpan/build/2025012604/Crypt-RC4-2.02-eFvVqA/blib/arch:/home/cpansand/.cpan/build/2025012604/Crypt-RC4-2.02-eFvVqA/blib/lib:/home/cpansand/.cpan/build/2025012604/Digest-Perl-MD5-1.9-R2lNBt/blib/arch:/home/cpansand/.cpan/build/2025012604/Digest-Perl-MD5-1.9-R2lNBt/blib/lib"
    PERL5OPT=""
    PERL5_CPANPLUS_IS_RUNNING="49744"
    PERL5_CPAN_IS_RUNNING="49744"
    PERL5_CPAN_IS_RUNNING_IN_RECURSION="28088,49744"
    PERLDOC="-MPod::Perldoc::ToTextOverstrike"
    PERL_BATCH="yes"
    PERL_CANARY_STABILITY_NOPROMPT="1"
    PERL_CPAN_REPORTER_CONFIG="/var/tmp/cpansmoker-1023/2025012600/cpanreporter_000_config.ini"
    PERL_EXTUTILS_AUTOINSTALL="--defaultdeps"
  @INC:
    /home/cpansand/.cpan/build/2025012604/CryptX-0.084-IaFnjm/blib/arch
    /home/cpansand/.cpan/build/2025012604/CryptX-0.084-IaFnjm/blib/lib
    /home/cpansand/.cpan/build/2025012604/Graphics-ColorUtils-0.17-r1ubwq/blib/arch
    /home/cpansand/.cpan/build/2025012604/Graphics-ColorUtils-0.17-r1ubwq/blib/lib
    /home/cpansand/.cpan/build/2025012604/Spreadsheet-ParseExcel-0.66-6twhU0/blib/arch
    /home/cpansand/.cpan/build/2025012604/Spreadsheet-ParseExcel-0.66-6twhU0/blib/lib
    /home/cpansand/.cpan/build/2025012604/OLE-Storage_Lite-0.22-2boFLX/blib/arch
    /home/cpansand/.cpan/build/2025012604/OLE-Storage_Lite-0.22-2boFLX/blib/lib
    /home/cpansand/.cpan/build/2025012604/Crypt-RC4-2.02-eFvVqA/blib/arch
    /home/cpansand/.cpan/build/2025012604/Crypt-RC4-2.02-eFvVqA/blib/lib
    /home/cpansand/.cpan/build/2025012604/Digest-Perl-MD5-1.9-R2lNBt/blib/arch
    /home/cpansand/.cpan/build/2025012604/Digest-Perl-MD5-1.9-R2lNBt/blib/lib
    /usr/perl5.20.1Dp/lib/site_perl/5.20.1/amd64-freebsd-ld
    /usr/perl5.20.1Dp/lib/site_perl/5.20.1
    /usr/perl5.20.1Dp/lib/5.20.1/amd64-freebsd-ld
    /usr/perl5.20.1Dp/lib/5.20.1
    .