Report for Regexp-Common-2016053001

Back
From: metabase:user:320bfe00-2aae-11df-837a-5e0a49663a4f
Subject: FAIL Regexp-Common-2016053001 v5.8.1 GNU/Linux
Date: 2016-05-30T12:41:45Z

This distribution has been tested as part of the CPAN Testers
project, supporting the Perl programming language.  See
http://wiki.cpantesters.org/ for more information or email
questions to cpan-testers-discuss@perl.org


--
Dear Abigail,

This is a computer-generated report for Regexp-Common-2016053001
on perl 5.8.1, created by CPAN-Reporter-1.2016.

Thank you for uploading your work to CPAN.  However, there was a problem
testing your distribution.

If you think this report is invalid, please consult the CPAN Testers Wiki
for suggestions on how to avoid getting FAIL reports for missing library
or binary dependencies, unsupported operating systems, and so on:

http://wiki.cpantesters.org/wiki/CPANAuthorNotes

Sections of this report:

    * Tester comments
    * Program output
    * Prerequisites
    * Environment and other context

------------------------------
TESTER COMMENTS
------------------------------

Additional comments from tester:

this report is from an automated smoke testing program
and was not reviewed by a human for accuracy

------------------------------
PROGRAM OUTPUT
------------------------------

Output from '/usr/bin/make test':

PERL_DL_NONLAZY=1 "/home/sand/src/perl/repoperls/installed-perls/perl/perl-5.8.1/8d81/bin/perl" "-MExtUtils::Command::MM" "-MTest::Harness" "-e" "undef *Test::Harness::Switches; test_harness(0, 'blib/lib', 'blib/arch')" t/*.t t/*/*.t
t/comment/delimited.t .................. ok
t/comment/html.t ....................... ok
t/comment/nested.t ..................... ok
t/comment/pascal.t ..................... ok
t/comment/single_line.t ................ ok
t/comment/single_or_multiline.t ........ ok
t/delimited/101_delimited.t ............ skipped: Test::Regexp not found
Bareword found where operator expected at t/delimited/111_bquoted.t line 113, near "["arcs with less/greater"
  (Might be a runaway multi-line // string starting on line 35)
	(Missing operator before reater?)
String found where operator expected at t/delimited/111_bquoted.t line 114, near "[""
  (Might be a runaway multi-line "" string starting on line 113)
	(Missing semicolon on previous line?)
Bareword found where operator expected at t/delimited/111_bquoted.t line 114, near "["double"
	(Missing operator before double?)
syntax error at t/delimited/111_bquoted.t line 113, near "["arcs with less/greater than "
Search pattern not terminated at t/delimited/111_bquoted.t line 114.
t/delimited/111_bquoted.t .............. 
Dubious, test returned 255 (wstat 65280, 0xff00)
No subtests run 
t/net/101_ipv4.t ....................... ok
t/net/102_ipv4_strict.t ................ skipped: Test::Regexp not found
t/net/111_ipv6.t ....................... ok
t/net/121_mac.t ........................ ok
t/net/131_domain.t ..................... ok
t/number/101_integer.t ................. skipped: Test::Regexp not found
t/number/111_integer_base.t ............ skipped: Test::Regexp not found
t/number/121_integer_places.t .......... skipped: Test::Regexp not found
t/number/122_integer_places.t .......... skipped: Test::Regexp not found
t/number/123_integer_places.t .......... skipped: Test::Regexp not found
t/number/131_integer_sep.t ............. skipped: Test::Regexp not found
t/number/141_integer_group.t ........... skipped: Test::Regexp not found
t/number/801_roman.t ................... skipped: Test::Regexp not found
t/number/decimal.t ..................... ok
t/number/number.t ...................... ok
t/SEN/usa_ssn.t ........................ ok
t/test___luhn.t ........................ ok
t/test_balanced.t ...................... ok
t/test_bases.t ......................... ok
t/test_bases_sep.t ..................... ok
t/test_comments.t ...................... ok
t/test_curry.t ......................... ok
t/test_i.t ............................. ok
Perl 5.008001 does not support the pattern $RE{delimited}{-delim/}{-keep}.
You need Perl 5.01 or later at t/test_keep.t line 5.
t/test_keep.t .......................... 
Dubious, test returned 255 (wstat 65280, 0xff00)
All 27 subtests passed 
t/test_lingua_palindrome.t ............. ok
Perl 5.008001 does not support the pattern $RE{quoted}.
You need Perl 5.01 or later at t/test_list.t line 77.
t/test_list.t .......................... 
Dubious, test returned 255 (wstat 65280, 0xff00)
All 39 subtests passed 
t/test_no_import.t ..................... ok
t/test_profanity.t ..................... ok
t/test_squares.t ....................... ok
Sequence (?|...) not recognized in regex; marked by <-- HERE in m/(?:(?| <-- HERE (?:\/)(?:[^\\\/]*(?:\\.[^\\\/]*)*)(?:\/)))/
t/test_sub.t ........................... 
Dubious, test returned 255 (wstat 65280, 0xff00)
All 12 subtests passed 
t/test_sub_named.t ..................... ok
t/test_ws.t ............................ ok
t/URI/any.t ............................ ok
t/URI/fax.t ............................ ok
t/URI/file.t ........................... ok
t/URI/ftp.t ............................ ok
t/URI/gopher.t ......................... ok
t/URI/http.t ........................... ok
t/URI/news.t ........................... ok
t/URI/nntp.t ........................... ok
t/URI/pop.t ............................ ok
t/URI/prospero.t ....................... ok
t/URI/tel.t ............................ ok
t/URI/telnet.t ......................... ok
t/URI/tv.t ............................. ok
t/URI/wais.t ........................... ok
t/zip/australia.t ...................... ok
t/zip/belgium.t ........................ ok
t/zip/denmark.t ........................ ok
t/zip/france.t ......................... ok
t/zip/germany.t ........................ ok
t/zip/greenland.t ...................... ok
t/zip/italy.t .......................... ok
t/zip/netherlands.t .................... ok
t/zip/norway.t ......................... ok
t/zip/spain.t .......................... ok
t/zip/us.t ............................. ok
t/zip/zip.t ............................ ok
t/zzz_author_tests/101_pod.t ........... skipped: AUTHOR test
t/zzz_author_tests/102_pod_coverage.t .. skipped: AUTHOR test
t/zzz_author_tests/120_versions.t ...... skipped: AUTHOR test
t/zzz_author_tests/130_permissions.t ... skipped: AUTHOR test
t/zzz_author_tests/140_git.t ........... skipped: AUTHOR test

Test Summary Report
-------------------
t/delimited/111_bquoted.t            (Wstat: 65280 Tests: 0 Failed: 0)
  Non-zero exit status: 255
  Parse errors: No plan found in TAP output
t/test_keep.t                        (Wstat: 65280 Tests: 27 Failed: 0)
  Non-zero exit status: 255
t/test_list.t                        (Wstat: 65280 Tests: 39 Failed: 0)
  Non-zero exit status: 255
t/test_sub.t                         (Wstat: 65280 Tests: 12 Failed: 0)
  Non-zero exit status: 255
Files=71, Tests=191570, 19 wallclock secs (11.08 usr  0.55 sys + 11.93 cusr  0.91 csys = 24.47 CPU)
Result: FAIL
Failed 4/71 test programs. 0/191570 subtests failed.
Makefile:1000: recipe for target 'test_dynamic' failed
make: *** [test_dynamic] Error 255

------------------------------
PREREQUISITES
------------------------------

Prerequisite modules loaded:

requires:

    Module              Need    Have    
    ------------------- ------- --------
    perl                5.00473 5.008001
    strict              0       1.03    
    vars                0       1.01    

build_requires:

    Module              Need    Have    
    ------------------- ------- --------
    ExtUtils::MakeMaker 0       7.17_03 

configure_requires:

    Module              Need    Have    
    ------------------- ------- --------
    ExtUtils::MakeMaker 0       7.17_03 
    strict              0       1.03    


------------------------------
ENVIRONMENT AND OTHER CONTEXT
------------------------------

Environment variables:

    AUTOMATED_TESTING = 1
    LANG = en_US.UTF-8
    LANGUAGE = en_US:en
    PATH = /usr/lib/ccache:/home/sand/bin:/usr/local/bin:/usr/bin:/bin:/usr/games:/usr/local/perl/bin:/usr/X11/bin:/sbin:/usr/sbin
    PERL5LIB = 
    PERL5OPT = 
    PERL5_CPANPLUS_IS_RUNNING = 11227
    PERL5_CPAN_IS_RUNNING = 11227
    PERL_CANARY_STABILITY_NOPROMPT = 1
    PERL_MM_USE_DEFAULT = 1
    SHELL = /usr/bin/zsh
    TERM = screen

Perl special variables (and OS-specific diagnostics, for MSWin32):

    $^X = /home/sand/src/perl/repoperls/installed-perls/perl/perl-5.8.1/8d81/bin/perl
    $UID/$EUID = 1005 / 1005
    $GID = 1005 1005
    $EGID = 1005 1005

Perl module toolchain versions installed:

    Module              Have    
    ------------------- --------
    CPAN                2.13    
    CPAN::Meta          2.150005
    Cwd                 3.62    
    ExtUtils::CBuilder  0.280224
    ExtUtils::Command   7.17_03 
    ExtUtils::Install   2.04    
    ExtUtils::MakeMaker 7.17_03 
    ExtUtils::Manifest  1.70    
    ExtUtils::ParseXS   3.30    
    File::Spec          3.62    
    JSON                2.90    
    JSON::PP            2.27400 
    Module::Build       0.4218  
    Module::Signature   0.79    
    Parse::CPAN::Meta   1.4419  
    Test::Harness       3.36    
    Test::More          1.302022
    YAML                1.15    
    YAML::Syck          1.29    
    version             0.9916  


--

Summary of my perl5 (revision 5.0 version 8 subversion 1) configuration:
  Platform:
    osname=linux, osvers=4.3.0-1-amd64, archname=x86_64-linux-ld
    uname='linux k83 4.3.0-1-amd64 #1 smp debian 4.3.3-7 (2016-01-19) x86_64 gnulinux '
    config_args='-Dprefix=/home/sand/src/perl/repoperls/installed-perls/perl/perl-5.8.1/8d81 -Dmyhostname=k83 -Dinstallusrbinperl=n -Uversiononly -Dusedevel -des -Ui_db -Dlibswanted=cl pthread socket inet nsl gdbm dbm malloc dl ld sun m crypt sec util c cposix posix ucb BSD gdbm_compat -Uuseithreads -Duselongdouble'
    hint=recommended, useposix=true, d_sigaction=define
    usethreads=undef use5005threads=undef useithreads=undef usemultiplicity=undef
    useperlio=define d_sfio=undef uselargefiles=define usesocks=undef
    use64bitint=define use64bitall=define uselongdouble=define
    usemymalloc=n, bincompat5005=undef
  Compiler:
    cc='cc', ccflags ='-fno-strict-aliasing -I/usr/local/include -D_LARGEFILE_SOURCE -D_FILE_OFFSET_BITS=64',
    optimize='-O2',
    cppflags='-fno-strict-aliasing -I/usr/local/include'
    ccversion='', gccversion='5.3.1 20160121', gccosandvers=''
    intsize=4, longsize=8, ptrsize=8, doublesize=8, byteorder=12345678
    d_longlong=define, longlongsize=8, d_longdbl=define, longdblsize=16
    ivtype='long', ivsize=8, nvtype='long double', nvsize=16, Off_t='off_t', lseeksize=8
    alignbytes=16, prototype=define
  Linker and Libraries:
    ld='cc', ldflags =' -L/usr/local/lib'
    libpth=/usr/local/lib /lib/x86_64-linux-gnu /lib/../lib /usr/lib/x86_64-linux-gnu /usr/lib/../lib /lib /usr/lib
    libs=-lpthread -lnsl -lgdbm -ldl -lm -lcrypt -lutil -lc -lgdbm_compat
    perllibs=-lpthread -lnsl -ldl -lm -lcrypt -lutil -lc -lgdbm_compat
    libc=libc-2.21.so, so=so, useshrplib=false, libperl=libperl.a
    gnulibc_version='2.21'
  Dynamic Linking:
    dlsrc=dl_dlopen.xs, dlext=so, d_dlsymun=undef, ccdlflags='-rdynamic'
    cccdlflags='-fpic', lddlflags='-shared -L/usr/local/lib'


Characteristics of this binary (from libperl): 
  Compile-time options: USE_64_BIT_INT USE_64_BIT_ALL USE_LONG_DOUBLE USE_LARGE_FILES
  Locally applied patches:
  	Devel::PatchPerl 1.40
  Built under linux
  Compiled at Feb 12 2016 20:00:03
  %ENV:
    PERL5LIB=""
    PERL5OPT=""
    PERL5_CPANPLUS_IS_RUNNING="11227"
    PERL5_CPAN_IS_RUNNING="11227"
    PERL_CANARY_STABILITY_NOPROMPT="1"
    PERL_MM_USE_DEFAULT="1"
  @INC:
    /home/sand/src/perl/repoperls/installed-perls/perl/perl-5.8.1/8d81/lib/5.8.1/x86_64-linux-ld
    /home/sand/src/perl/repoperls/installed-perls/perl/perl-5.8.1/8d81/lib/5.8.1
    /home/sand/src/perl/repoperls/installed-perls/perl/perl-5.8.1/8d81/lib/site_perl/5.8.1/x86_64-linux-ld
    /home/sand/src/perl/repoperls/installed-perls/perl/perl-5.8.1/8d81/lib/site_perl/5.8.1
    /home/sand/src/perl/repoperls/installed-perls/perl/perl-5.8.1/8d81/lib/site_perl
    .