Report for Make-Cache-1.052

Back
From: metabase:user:9820532a-708b-1014-9a05-b18a96298da1
Subject: FAIL Make-Cache-1.052 v5.13.6 GNU/Linux
Date: 2010-10-24T08:36:59Z

This distribution has been tested as part of the CPAN Testers
project, supporting the Perl programming language.  See
http://wiki.cpantesters.org/ for more information or email
questions to cpan-testers-discuss@perl.org


--
Dear Wilson Snyder,

This is a computer-generated report for Make-Cache-1.052
on perl 5.13.6, created by CPAN-Reporter-1.1803.

Thank you for uploading your work to CPAN.  However, there was a problem
testing your distribution.

If you think this report is invalid, please consult the CPAN Testers Wiki
for suggestions on how to avoid getting FAIL reports for missing library
or binary dependencies, unsupported operating systems, and so on:

http://wiki.cpantesters.org/wiki/CPANAuthorNotes

Sections of this report:

    * Tester comments
    * Program output
    * Prerequisites
    * Environment and other context

------------------------------
TESTER COMMENTS
------------------------------

Additional comments from tester:

this report is from an automated smoke testing program
and was not reviewed by a human for accuracy

------------------------------
PROGRAM OUTPUT
------------------------------

Output from '/usr/bin/make test':

PERL_DL_NONLAZY=1 /home/test/perl/bin/perl5.13.6 "-MExtUtils::Command::MM" "-e" "test_harness(0, 'blib/lib', 'blib/arch')" t/*.t
t/00_pod.t ....... ok
t/01_manifest.t .. ok
t/02_help.t ...... ok
t/10_runtime.t ... ok
t/20_hash.t ...... ok
t/40_cache.t ..... ok
-Info: A warning on the next line is expected, we're testing that...
objcache: -Info: Ignoring cache: Can't cp /home/test/.cpan/build/Make-Cache-1.052-BlWT6P/test_dir/cache/db/db247b699d1521912a68a4f2ccd2fe88/13259fa5ad235890e39bbae835086bc3.t0 test1.o: No such file or directory
t/50_gcc.t ....... ok
Can't store CODE items at ../../lib/Storable.pm (autosplit into ../../lib/auto/Storable/_store.al) line 264, at /home/test/.cpan/build/Make-Cache-1.052-BlWT6P/blib/lib/Make/Cache.pm line 215
%Error: Command Failed /home/test/perl/bin/perl5.13.6 -Iblib/arch -Iblib/lib ../objcache --read --write g++ -DIGNORED test1.cpp -O1 -c -o test1.o, 6400, stopped at t/test_utils.pl line 36.
t/90_objcache.t .. 
Dubious, test returned 25 (wstat 6400, 0x1900)
Failed 27/27 subtests 
Can't store CODE items at ../../lib/Storable.pm (autosplit into ../../lib/auto/Storable/_store.al) line 264, at /home/test/.cpan/build/Make-Cache-1.052-BlWT6P/blib/lib/Make/Cache.pm line 215
%Error: Command Failed /home/test/perl/bin/perl5.13.6 -Iblib/arch -Iblib/lib ../objcache --read --write --distcc g++ -DIGNORED test1.cpp -c -o test1.o, 6400, stopped at t/test_utils.pl line 36.
t/95_distcc.t .... 
Dubious, test returned 25 (wstat 6400, 0x1900)
Failed 12/12 subtests 
t/96_icecream.t .. ok
Can't store CODE items at ../../lib/Storable.pm (autosplit into ../../lib/auto/Storable/_store.al) line 264, at /home/test/.cpan/build/Make-Cache-1.052-BlWT6P/blib/lib/Make/Cache.pm line 215
%Error: Command Failed /home/test/perl/bin/perl5.13.6 -Iblib/arch -Iblib/lib ../objcache --read --write --wrapper t/fake_purify g++ -DIGNORED test1.cpp -c -o test1.o, 6400, stopped at t/test_utils.pl line 36.
t/97_purify.t .... 
Dubious, test returned 25 (wstat 6400, 0x1900)
Failed 12/12 subtests 

Test Summary Report
-------------------
t/90_objcache.t (Wstat: 6400 Tests: 0 Failed: 0)
  Non-zero exit status: 25
  Parse errors: Bad plan.  You planned 27 tests but ran 0.
t/95_distcc.t  (Wstat: 6400 Tests: 0 Failed: 0)
  Non-zero exit status: 25
  Parse errors: Bad plan.  You planned 12 tests but ran 0.
t/97_purify.t  (Wstat: 6400 Tests: 0 Failed: 0)
  Non-zero exit status: 25
  Parse errors: Bad plan.  You planned 12 tests but ran 0.
Files=11, Tests=71,  2 wallclock secs ( 0.04 usr  0.02 sys +  1.12 cusr  0.34 csys =  1.52 CPU)
Result: FAIL
Failed 3/11 test programs. 0/71 subtests failed.
make: *** [test_dynamic] Error 25

------------------------------
PREREQUISITES
------------------------------

Prerequisite modules loaded:

requires:

    Module              Need Have   
    ------------------- ---- -------
    BSD::Resource       1    1.2904 
    Digest::MD5         1    2.51   
    Pod::Usage          1.34 1.36   
    Storable            1    2.22   

build_requires:

    Module              Need Have   
    ------------------- ---- -------
    ExtUtils::MakeMaker 0    6.57_05


------------------------------
ENVIRONMENT AND OTHER CONTEXT
------------------------------

Environment variables:

    AUTOMATED_TESTING = 1
    LANG = C
    LC_ALL = C
    PATH = /home/test/perl/bin:~/bin:/usr/bin:/bin
    PERL5LIB = /home/test/.cpan/build/BSD-Resource-1.2904-h6sG0z/blib/arch:/home/test/.cpan/build/BSD-Resource-1.2904-h6sG0z/blib/lib
    PERL5OPT = 
    PERL5_CPANPLUS_IS_RUNNING = 8618
    PERL5_CPAN_IS_RUNNING = 8618
    PERL5_CPAN_IS_RUNNING_IN_RECURSION = 30773,8618
    PERL_CR_SMOKER_CURRENT = Make-Cache-1.052
    PERL_EXTUTILS_AUTOINSTALL = --defaultdeps
    PERL_MM_USE_DEFAULT = 1
    SHELL = /bin/bash
    TERM = linux

Perl special variables (and OS-specific diagnostics, for MSWin32):

    $^X = /home/test/perl/bin/perl5.13.6
    $UID/$EUID = 1001 / 1001
    $GID = 1001 1001
    $EGID = 1001 1001

Perl module toolchain versions installed:

    Module              Have   
    ------------------- -------
    CPAN                1.94_61
    Cwd                 3.34   
    ExtUtils::CBuilder  0.2703 
    ExtUtils::Command   1.16   
    ExtUtils::Install   1.55   
    ExtUtils::MakeMaker 6.57_05
    ExtUtils::Manifest  1.58   
    ExtUtils::ParseXS   2.2207 
    File::Spec          3.33   
    Module::Build       0.3607 
    Module::Signature   n/a    
    Test::Harness       3.22   
    Test::More          0.97_01
    YAML                n/a    
    YAML::Syck          1.15   
    version             0.82   


--

Summary of my perl5 (revision 5 version 13 subversion 6) configuration:
   
  Platform:
    osname=linux, osvers=2.6.26-2-amd64, archname=x86_64-linux-thread-multi-ld
    uname='linux zippy 2.6.26-2-amd64 #1 smp tue jan 12 22:12:20 utc 2010 x86_64 gnulinux '
    config_args='-des -Dusedevel -des -Duselongdouble -Duse64bitall -Dusethreads -Dprefix=~/perl'
    hint=recommended, useposix=true, d_sigaction=define
    useithreads=define, usemultiplicity=define
    useperlio=define, d_sfio=undef, uselargefiles=define, usesocks=undef
    use64bitint=define, use64bitall=define, uselongdouble=define
    usemymalloc=n, bincompat5005=undef
  Compiler:
    cc='cc', ccflags ='-D_REENTRANT -D_GNU_SOURCE -fno-strict-aliasing -pipe -fstack-protector -I/usr/local/include -D_LARGEFILE_SOURCE -D_FILE_OFFSET_BITS=64',
    optimize='-O2',
    cppflags='-D_REENTRANT -D_GNU_SOURCE -fno-strict-aliasing -pipe -fstack-protector -I/usr/local/include'
    ccversion='', gccversion='4.4.5 20100728 (prerelease)', gccosandvers=''
    intsize=4, longsize=8, ptrsize=8, doublesize=8, byteorder=12345678
    d_longlong=define, longlongsize=8, d_longdbl=define, longdblsize=16
    ivtype='long', ivsize=8, nvtype='long double', nvsize=16, Off_t='off_t', lseeksize=8
    alignbytes=16, prototype=define
  Linker and Libraries:
    ld='cc', ldflags =' -fstack-protector -L/usr/local/lib'
    libpth=/usr/local/lib /lib /usr/lib /lib64 /usr/lib64
    libs=-lnsl -ldb -ldl -lm -lcrypt -lutil -lpthread -lc
    perllibs=-lnsl -ldl -lm -lcrypt -lutil -lpthread -lc
    libc=/lib/libc-2.11.2.so, so=so, useshrplib=false, libperl=libperl.a
    gnulibc_version='2.11.2'
  Dynamic Linking:
    dlsrc=dl_dlopen.xs, dlext=so, d_dlsymun=undef, ccdlflags='-Wl,-E'
    cccdlflags='-fPIC', lddlflags='-shared -O2 -L/usr/local/lib -fstack-protector'


Characteristics of this binary (from libperl): 
  Compile-time options: MULTIPLICITY PERL_DONT_CREATE_GVSV
                        PERL_IMPLICIT_CONTEXT PERL_MALLOC_WRAP PERL_USE_DEVEL
                        USE_64_BIT_ALL USE_64_BIT_INT USE_ITHREADS
                        USE_LARGE_FILES USE_LONG_DOUBLE USE_PERLIO
                        USE_PERL_ATOF USE_REENTRANT_API
  Built under linux
  Compiled at Oct 21 2010 11:13:45
  %ENV:
    PERL5LIB="/home/test/.cpan/build/BSD-Resource-1.2904-h6sG0z/blib/arch:/home/test/.cpan/build/BSD-Resource-1.2904-h6sG0z/blib/lib"
    PERL5OPT=""
    PERL5_CPANPLUS_IS_RUNNING="8618"
    PERL5_CPAN_IS_RUNNING="8618"
    PERL5_CPAN_IS_RUNNING_IN_RECURSION="30773,8618"
    PERL_CR_SMOKER_CURRENT="Make-Cache-1.052"
    PERL_EXTUTILS_AUTOINSTALL="--defaultdeps"
    PERL_MM_USE_DEFAULT="1"
  @INC:
    /home/test/.cpan/build/BSD-Resource-1.2904-h6sG0z/blib/arch
    /home/test/.cpan/build/BSD-Resource-1.2904-h6sG0z/blib/lib
    /home/test/perl/lib/site_perl/5.13.6/x86_64-linux-thread-multi-ld
    /home/test/perl/lib/site_perl/5.13.6
    /home/test/perl/lib/5.13.6/x86_64-linux-thread-multi-ld
    /home/test/perl/lib/5.13.6
    .