Mojolicious-Plugin-Export v0.008 Perl 5 v5.28.2 MSWin32-x86-multi-thread-64int

Status
Fail
From
Alexandr Ciornii (CHORNY)
Dist
Mojolicious-Plugin-Export v0.008
Platform
Perl 5 v5.28.2 MSWin32-x86-multi-thread-64int
Date
2021-03-22 03:35:01
ID
ddcd9f52-6bf6-1014-a5f0-8e08174e5cfc
This distribution has been tested as part of the CPAN Testers
project, supporting the Perl programming language.  See
http://wiki.cpantesters.org/ for more information or email
questions to cpan-testers-discuss@perl.org


--
Dear Doug Bell,

This is a computer-generated report for Mojolicious-Plugin-Export-0.008
on perl 5.28.2, created by CPAN-Reporter-1.2018.

Thank you for uploading your work to CPAN.  However, there was a problem
testing your distribution.

If you think this report is invalid, please consult the CPAN Testers Wiki
for suggestions on how to avoid getting FAIL reports for missing library
or binary dependencies, unsupported operating systems, and so on:

http://wiki.cpantesters.org/wiki/CPANAuthorNotes

Sections of this report:

    * Tester comments
    * Program output
    * Prerequisites
    * Environment and other context

------------------------------
TESTER COMMENTS
------------------------------

Additional comments from tester:

this report is from an automated smoke testing program
and was not reviewed by a human for accuracy

------------------------------
PROGRAM OUTPUT
------------------------------

Output from 'C:\STRAWB~1\c\bin\gmake.exe test':

"C:\Strawberry282\perl\bin\perl.exe" "-MExtUtils::Command::MM" "-MTest::Harness" "-e" "undef *Test::Harness::Switches; test_harness(0, 'blib\lib', 'blib\arch')" t/*.t
t/00-compile.t ......... ok
# 
# Versions for all modules listed in MYMETA.json (including optional ones):
# 
# === Configure Requires ===
# 
#     Module              Want Have
#     ------------------- ---- ----
#     ExtUtils::MakeMaker  any 7.34
# 
# === Build Requires ===
# 
#     Module              Want Have
#     ------------------- ---- ----
#     ExtUtils::MakeMaker  any 7.34
# 
# === Test Requires ===
# 
#     Module              Want     Have
#     ------------------- ---- --------
#     ExtUtils::MakeMaker  any     7.34
#     File::Spec           any     3.75
#     IO::Handle           any     1.39
#     IPC::Open3           any     1.20
#     Test::More           any 1.302162
# 
# === Test Recommends ===
# 
#     Module         Want     Have
#     ---------- -------- --------
#     CPAN::Meta 2.120900 2.150010
# 
# === Runtime Requires ===
# 
#     Module      Want Have
#     ----------- ---- ----
#     Mojolicious    8 8.14
# 
t/00-report-prereqs.t .. ok
[2021-03-22 05:34:15.81628] [1524] [debug] GET "/" (f72c2940)
[2021-03-22 05:34:15.82630] [1524] [debug] Rendering template "index.html.ep" from DATA section
[2021-03-22 05:34:15.83631] [1524] [debug] 200 OK (0.020029s, 49.928/s)
[2021-03-22 05:34:15.85166] [1524] [debug] GET "/docs" (39603c01)
[2021-03-22 05:34:15.85634] [1524] [debug] Rendering template "docs.html.ep" from DATA section
[2021-03-22 05:34:15.85634] [1524] [debug] 200 OK (0.005172s, 193.349/s)
[2021-03-22 05:34:21.99376] [1524] [debug] GET "/redirect" (4db8061e)
[2021-03-22 05:34:22.00230] [1524] [debug] Routing to a callback
[2021-03-22 05:34:22.00230] [1524] [debug] 302 Found (0.008996s, 111.161/s)
[2021-03-22 05:34:22.04235] [1524] [debug] GET "/docs/more" (7fef5ed2)
[2021-03-22 05:34:22.04503] [1524] [debug] Routing to a callback
[2021-03-22 05:34:22.04889] [1524] [debug] Rendering inline template "2da2aed28011bbc3541e0de248c276ca"
[2021-03-22 05:34:22.05237] [1524] [debug] 200 OK (0.010014s, 99.860/s)
Use of uninitialized value in pattern match (m//) at C:\STRAWB~1\cpan\build\Mojolicious-Plugin-Export-0.008-0\blib\lib/Mojolicious/Plugin/Export.pm line 225.
Use of uninitialized value in pattern match (m//) at C:\STRAWB~1\cpan\build\Mojolicious-Plugin-Export-0.008-0\blib\lib/Mojolicious/Plugin/Export.pm line 225.
Use of uninitialized value in pattern match (m//) at C:\STRAWB~1\cpan\build\Mojolicious-Plugin-Export-0.008-0\blib\lib/Mojolicious/Plugin/Export.pm line 225.

#   Failed test '/about content is correct'
#   at t/command.t line 66.
#          got: undef
#     expected: '<h1>About</h1>'

#   Failed test 'image content is correct'
#   at t/command.t line 69.

#   Failed test 'error responses are not exported'
#   at t/command.t line 75.
[2021-03-22 05:34:22.24264] [1524] [debug] GET "/" (70cd8ae9)
[2021-03-22 05:34:22.24264] [1524] [debug] Rendering cached template "index.html.ep" from DATA section
[2021-03-22 05:34:22.24264] [1524] [debug] 200 OK (0s, ??/s)
[2021-03-22 05:34:22.26267] [1524] [debug] GET "/docs" (1b9780a0)
[2021-03-22 05:34:22.26267] [1524] [debug] Rendering cached template "docs.html.ep" from DATA section
[2021-03-22 05:34:22.26267] [1524] [debug] 200 OK (0s, ??/s)
[2021-03-22 05:34:28.60023] [1524] [debug] GET "/redirect" (4dbe234a)
[2021-03-22 05:34:28.60023] [1524] [debug] Routing to a callback
[2021-03-22 05:34:28.60023] [1524] [debug] 302 Found (0s, ??/s)
[2021-03-22 05:34:28.64779] [1524] [debug] GET "/docs/more" (39b60e26)
[2021-03-22 05:34:28.67033] [1524] [debug] Routing to a callback
[2021-03-22 05:34:28.67033] [1524] [debug] Rendering cached inline template "2da2aed28011bbc3541e0de248c276ca"
[2021-03-22 05:34:28.67033] [1524] [debug] 200 OK (0.02317s, 43.159/s)
Use of uninitialized value in pattern match (m//) at C:\STRAWB~1\cpan\build\Mojolicious-Plugin-Export-0.008-0\blib\lib/Mojolicious/Plugin/Export.pm line 225.
Use of uninitialized value in pattern match (m//) at C:\STRAWB~1\cpan\build\Mojolicious-Plugin-Export-0.008-0\blib\lib/Mojolicious/Plugin/Export.pm line 225.
Use of uninitialized value in pattern match (m//) at C:\STRAWB~1\cpan\build\Mojolicious-Plugin-Export-0.008-0\blib\lib/Mojolicious/Plugin/Export.pm line 225.
[2021-03-22 05:34:28.83413] [1524] [debug] GET "/" (6e1c0613)
[2021-03-22 05:34:28.83767] [1524] [debug] Rendering cached template "index.html.ep" from DATA section
[2021-03-22 05:34:28.83767] [1524] [debug] 200 OK (0.004193s, 238.493/s)
[2021-03-22 05:34:28.84057] [1524] [debug] GET "/docs" (4aafc0b6)
[2021-03-22 05:34:28.84149] [1524] [debug] Rendering cached template "docs.html.ep" from DATA section
[2021-03-22 05:34:28.84476] [1524] [debug] 200 OK (0.001163s, 859.845/s)
[2021-03-22 05:34:35.59403] [1524] [debug] GET "/redirect" (e0813a57)
[2021-03-22 05:34:35.59403] [1524] [debug] Routing to a callback
[2021-03-22 05:34:35.59403] [1524] [debug] 302 Found (0s, ??/s)
[2021-03-22 05:34:35.63224] [1524] [debug] GET "/docs/more" (6776c7ad)
[2021-03-22 05:34:35.63224] [1524] [debug] Routing to a callback
[2021-03-22 05:34:35.65528] [1524] [debug] Rendering cached inline template "2da2aed28011bbc3541e0de248c276ca"
[2021-03-22 05:34:35.65528] [1524] [debug] 200 OK (0.023037s, 43.408/s)
Use of uninitialized value in pattern match (m//) at C:\STRAWB~1\cpan\build\Mojolicious-Plugin-Export-0.008-0\blib\lib/Mojolicious/Plugin/Export.pm line 225.
Use of uninitialized value in pattern match (m//) at C:\STRAWB~1\cpan\build\Mojolicious-Plugin-Export-0.008-0\blib\lib/Mojolicious/Plugin/Export.pm line 225.
Use of uninitialized value in pattern match (m//) at C:\STRAWB~1\cpan\build\Mojolicious-Plugin-Export-0.008-0\blib\lib/Mojolicious/Plugin/Export.pm line 225.
[2021-03-22 05:34:35.78523] [1524] [debug] GET "/docs" (9b21cab3)
[2021-03-22 05:34:35.78523] [1524] [debug] Rendering cached template "docs.html.ep" from DATA section
[2021-03-22 05:34:35.78523] [1524] [debug] 200 OK (0s, ??/s)
[2021-03-22 05:34:35.79794] [1524] [debug] GET "/docs/more" (555e4390)
[2021-03-22 05:34:35.79794] [1524] [debug] Routing to a callback
[2021-03-22 05:34:35.79794] [1524] [debug] Rendering cached inline template "2da2aed28011bbc3541e0de248c276ca"
[2021-03-22 05:34:35.79794] [1524] [debug] 200 OK (0s, ??/s)
[2021-03-22 05:34:35.84527] [1524] [debug] GET "/" (c577a10e)
[2021-03-22 05:34:35.84527] [1524] [debug] Rendering cached template "index.html.ep" from DATA section
[2021-03-22 05:34:35.84527] [1524] [debug] 200 OK (0s, ??/s)
[2021-03-22 05:34:35.86442] [1524] [debug] GET "/docs" (35455e67)
[2021-03-22 05:34:35.86442] [1524] [debug] Rendering cached template "docs.html.ep" from DATA section
[2021-03-22 05:34:35.86442] [1524] [debug] 200 OK (0s, ??/s)
[2021-03-22 05:34:42.78437] [1524] [debug] GET "/redirect" (2e241ca8)
[2021-03-22 05:34:42.78437] [1524] [debug] Routing to a callback
[2021-03-22 05:34:42.78437] [1524] [debug] 302 Found (0s, ??/s)
[2021-03-22 05:34:42.79438] [1524] [debug] GET "/docs/more" (1f6bac1a)
[2021-03-22 05:34:42.79895] [1524] [debug] Routing to a callback
[2021-03-22 05:34:42.80226] [1524] [debug] Rendering cached inline template "2da2aed28011bbc3541e0de248c276ca"
[2021-03-22 05:34:42.80440] [1524] [debug] 200 OK (0.010015s, 99.850/s)
Use of uninitialized value in pattern match (m//) at C:\STRAWB~1\cpan\build\Mojolicious-Plugin-Export-0.008-0\blib\lib/Mojolicious/Plugin/Export.pm line 225.
Use of uninitialized value in pattern match (m//) at C:\STRAWB~1\cpan\build\Mojolicious-Plugin-Export-0.008-0\blib\lib/Mojolicious/Plugin/Export.pm line 225.
Use of uninitialized value in pattern match (m//) at C:\STRAWB~1\cpan\build\Mojolicious-Plugin-Export-0.008-0\blib\lib/Mojolicious/Plugin/Export.pm line 225.

#   Failed test 'absolute url (/) on /about is rewritten'
#   at t/command.t line 122.
[2021-03-22 05:34:42.93459] [1524] [debug] GET "/" (4dc28cd7)
[2021-03-22 05:34:42.93800] [1524] [debug] Rendering cached template "index.html.ep" from DATA section
[2021-03-22 05:34:42.94350] [1524] [debug] 200 OK (0.008169s, 122.414/s)
[2021-03-22 05:34:42.95461] [1524] [debug] GET "/docs" (e2ab145e)
[2021-03-22 05:34:42.95461] [1524] [debug] Rendering cached template "docs.html.ep" from DATA section
[2021-03-22 05:34:42.95461] [1524] [debug] 200 OK (0s, ??/s)
[2021-03-22 05:34:49.41505] [1524] [debug] GET "/redirect" (8c241fea)
[2021-03-22 05:34:49.41505] [1524] [debug] Routing to a callback
[2021-03-22 05:34:49.41505] [1524] [debug] 302 Found (0s, ??/s)
[2021-03-22 05:34:49.43344] [1524] [debug] GET "/docs/more" (8fe8f832)
[2021-03-22 05:34:49.43344] [1524] [debug] Routing to a callback
[2021-03-22 05:34:49.43344] [1524] [debug] Rendering cached inline template "2da2aed28011bbc3541e0de248c276ca"
[2021-03-22 05:34:49.43344] [1524] [debug] 200 OK (0s, ??/s)
Use of uninitialized value in pattern match (m//) at C:\STRAWB~1\cpan\build\Mojolicious-Plugin-Export-0.008-0\blib\lib/Mojolicious/Plugin/Export.pm line 225.
Use of uninitialized value in pattern match (m//) at C:\STRAWB~1\cpan\build\Mojolicious-Plugin-Export-0.008-0\blib\lib/Mojolicious/Plugin/Export.pm line 225.
Use of uninitialized value in pattern match (m//) at C:\STRAWB~1\cpan\build\Mojolicious-Plugin-Export-0.008-0\blib\lib/Mojolicious/Plugin/Export.pm line 225.
[2021-03-22 05:34:49.58366] [1524] [debug] GET "/docs" (b4ed44b4)
[2021-03-22 05:34:49.58366] [1524] [debug] Rendering cached template "docs.html.ep" from DATA section
[2021-03-22 05:34:49.58366] [1524] [debug] 200 OK (0s, ??/s)
[2021-03-22 05:34:49.59630] [1524] [debug] GET "/docs/more" (41f0f9ee)
[2021-03-22 05:34:49.60065] [1524] [debug] Routing to a callback
[2021-03-22 05:34:49.60369] [1524] [debug] Rendering cached inline template "2da2aed28011bbc3541e0de248c276ca"
[2021-03-22 05:34:49.60429] [1524] [debug] 200 OK (0.008473s, 118.022/s)
# Looks like you failed 4 tests of 47.
t/command.t ............ 
Dubious, test returned 4 (wstat 1024, 0x400)
Failed 4/47 subtests 
[2021-03-22 05:34:53.68558] [1420] [debug] GET "/" (4e33f494)
[2021-03-22 05:34:53.68972] [1420] [debug] Rendering template "index.html.ep" from DATA section
[2021-03-22 05:34:53.69559] [1420] [debug] 200 OK (0.010014s, 99.860/s)
t/plugin.t ............. ok

Test Summary Report
-------------------
t/command.t          (Wstat: 1024 Tests: 47 Failed: 4)
  Failed tests:  9, 11, 15, 35
  Non-zero exit status: 4
Files=4, Tests=55, 46 wallclock secs ( 0.12 usr +  0.01 sys =  0.13 CPU)
Result: FAIL
Failed 1/4 test programs. 4/55 subtests failed.
gmake: *** [Makefile:863: test_dynamic] Error 255

------------------------------
PREREQUISITES
------------------------------

Prerequisite modules loaded:

requires:

    Module              Need  Have    
    ------------------- ----- --------
    Mojolicious         8     8.14    
    perl                5.014 5.028002

build_requires:

    Module              Need  Have    
    ------------------- ----- --------
    ExtUtils::MakeMaker 0     7.34    
    File::Spec          0     3.75    
    IO::Handle          0     1.39    
    IPC::Open3          0     1.20    
    Test::More          0     1.302162

configure_requires:

    Module              Need  Have    
    ------------------- ----- --------
    ExtUtils::MakeMaker 0     7.34    


------------------------------
ENVIRONMENT AND OTHER CONTEXT
------------------------------

Environment variables:

    AUTOMATED_TESTING = 1
    COMSPEC = C:\WINDOWS\system32\cmd.exe
    NUMBER_OF_PROCESSORS = 1
    PATH = C:\WINDOWS\system32;C:\WINDOWS;C:\WINDOWS\System32\Wbem;C:\Git\cmd;C:\Strawberry282\c\bin;C:\Strawberry282\perl\site\bin;C:\Strawberry282\perl\bin
    PERL5LIB = 
    PERL5OPT = 
    PERL5_CPANPLUS_IS_RUNNING = 1244
    PERL5_CPAN_IS_RUNNING = 1244
    PERL5_CPAN_IS_RUNNING_IN_RECURSION = 1836,1244
    PERL_CR_SMOKER_CURRENT = Mojolicious-Plugin-Export-0.008
    PERL_CR_SMOKER_RUNONCE = 1
    PERL_EXTUTILS_AUTOINSTALL = --defaultdeps
    PERL_MM_USE_DEFAULT = 1
    PERL_USE_UNSAFE_INC = 1
    PROCESSOR_IDENTIFIER = x86 Family 16 Model 5 Stepping 3, AuthenticAMD
    TEMP = C:\DOCUME~1\a\LOCALS~1\Temp

Perl special variables (and OS-specific diagnostics, for MSWin32):

    $^X = C:\Strawberry282\perl\bin\perl.exe
    $UID/$EUID = 0 / 0
    $GID = 0
    $EGID = 0
    Win32::GetOSName = WinXP/.Net
    Win32::GetOSVersion = Service Pack 3, 5, 1, 2600, 2, 3, 0, 256, 1
    Win32::FsType = NTFS
    Win32::IsAdminUser = 1

Perl module toolchain versions installed:

    Module              Have    
    ------------------- --------
    CPAN                2.26    
    CPAN::Meta          2.150010
    Cwd                 3.75    
    ExtUtils::CBuilder  0.280231
    ExtUtils::Command   7.34    
    ExtUtils::Install   2.14    
    ExtUtils::MakeMaker 7.34    
    ExtUtils::Manifest  1.72    
    ExtUtils::ParseXS   3.39    
    File::Spec          3.75    
    JSON                4.02    
    JSON::PP            4.02    
    Module::Build       0.4229  
    Module::Signature   n/a     
    Parse::CPAN::Meta   2.150010
    Test::Harness       3.42    
    Test::More          1.302162
    YAML                1.27    
    YAML::Syck          1.31    
    version             0.9924  


--

Summary of my perl5 (revision 5 version 28 subversion 2) configuration:
   
  Platform:
    osname=MSWin32
    osvers=5.1.2600
    archname=MSWin32-x86-multi-thread-64int
    uname='Win32 strawberry-perl 5.28.2.1 #1 Mon Apr 22 21:59:01 2019 i386'
    config_args='undef'
    hint=recommended
    useposix=true
    d_sigaction=undef
    useithreads=define
    usemultiplicity=define
    use64bitint=define
    use64bitall=undef
    uselongdouble=undef
    usemymalloc=n
    default_inc_excludes_dot=define
    bincompat5005=undef
  Compiler:
    cc='gcc'
    ccflags =' -s -O2 -DWIN32 -D__USE_MINGW_ANSI_STDIO -DPERL_TEXTMODE_SCRIPTS -DPERL_IMPLICIT_CONTEXT -DPERL_IMPLICIT_SYS -DUSE_PERLIO -fwrapv -fno-strict-aliasing -mms-bitfields'
    optimize='-s -O2'
    cppflags='-DWIN32'
    ccversion=''
    gccversion='7.1.0'
    gccosandvers=''
    intsize=4
    longsize=4
    ptrsize=4
    doublesize=8
    byteorder=12345678
    doublekind=3
    d_longlong=define
    longlongsize=8
    d_longdbl=define
    longdblsize=12
    longdblkind=3
    ivtype='long long'
    ivsize=8
    nvtype='double'
    nvsize=8
    Off_t='long long'
    lseeksize=8
    alignbytes=8
    prototype=define
  Linker and Libraries:
    ld='g++'
    ldflags ='-s -L"C:\STRAWB~1\perl\lib\CORE" -L"C:\STRAWB~1\c\lib"'
    libpth=C:\STRAWB~1\c\lib C:\STRAWB~1\c\i686-w64-mingw32\lib C:\STRAWB~1\c\lib\gcc\i686-w64-mingw32\7.1.0
    libs= -lmoldname -lkernel32 -luser32 -lgdi32 -lwinspool -lcomdlg32 -ladvapi32 -lshell32 -lole32 -loleaut32 -lnetapi32 -luuid -lws2_32 -lmpr -lwinmm -lversion -lodbc32 -lodbccp32 -lcomctl32
    perllibs= -lmoldname -lkernel32 -luser32 -lgdi32 -lwinspool -lcomdlg32 -ladvapi32 -lshell32 -lole32 -loleaut32 -lnetapi32 -luuid -lws2_32 -lmpr -lwinmm -lversion -lodbc32 -lodbccp32 -lcomctl32
    libc=
    so=dll
    useshrplib=true
    libperl=libperl528.a
    gnulibc_version=''
  Dynamic Linking:
    dlsrc=dl_win32.xs
    dlext=xs.dll
    d_dlsymun=undef
    ccdlflags=' '
    cccdlflags=' '
    lddlflags='-mdll -s -L"C:\STRAWB~1\perl\lib\CORE" -L"C:\STRAWB~1\c\lib"'


Characteristics of this binary (from libperl): 
  Compile-time options:
    HAS_TIMES
    HAVE_INTERP_INTERN
    MULTIPLICITY
    PERLIO_LAYERS
    PERL_COPY_ON_WRITE
    PERL_DONT_CREATE_GVSV
    PERL_IMPLICIT_CONTEXT
    PERL_IMPLICIT_SYS
    PERL_MALLOC_WRAP
    PERL_OP_PARENT
    PERL_PRESERVE_IVUV
    USE_64_BIT_INT
    USE_ITHREADS
    USE_LARGE_FILES
    USE_LOCALE
    USE_LOCALE_COLLATE
    USE_LOCALE_CTYPE
    USE_LOCALE_NUMERIC
    USE_LOCALE_TIME
    USE_PERLIO
    USE_PERL_ATOF
  Built under MSWin32
  Compiled at Apr 22 2019 22:09:26
  %ENV:
    PERL5_CPANPLUS_IS_RUNNING="1244"
    PERL5_CPAN_IS_RUNNING="1244"
    PERL5_CPAN_IS_RUNNING_IN_RECURSION="1836,1244"
    PERL_CR_SMOKER_CURRENT="Mojolicious-Plugin-Export-0.008"
    PERL_CR_SMOKER_RUNONCE="1"
    PERL_EXTUTILS_AUTOINSTALL="--defaultdeps"
    PERL_MM_USE_DEFAULT="1"
    PERL_USE_UNSAFE_INC="1"
  @INC:
    C:/Strawberry282/perl/site/lib
    C:/Strawberry282/perl/vendor/lib
    C:/Strawberry282/perl/lib
    .