Class-Trait v0.33 Perl 5 v5.18.0 x86_64-linux-thread-multi

Status
Fail
From
Andreas J. König (ANDK)
Dist
Class-Trait v0.33
Platform
Perl 5 v5.18.0 x86_64-linux-thread-multi
Date
2023-07-09 20:12:01
ID
ddb62d32-1e94-11ee-91ef-4920e8432d28
This distribution has been tested as part of the CPAN Testers
project, supporting the Perl programming language.  See
http://wiki.cpantesters.org/ for more information or email
questions to cpan-testers-discuss@perl.org


--
Dear Curtis Poe,

This is a computer-generated report for Class-Trait-0.33
on perl 5.18.0, created by CPAN-Reporter-1.2018.

Thank you for uploading your work to CPAN.  However, there was a problem
testing your distribution.

If you think this report is invalid, please consult the CPAN Testers Wiki
for suggestions on how to avoid getting FAIL reports for missing library
or binary dependencies, unsupported operating systems, and so on:

http://wiki.cpantesters.org/wiki/CPANAuthorNotes

Sections of this report:

    * Tester comments
    * Program output
    * Prerequisites
    * Environment and other context

------------------------------
TESTER COMMENTS
------------------------------

Additional comments from tester:

this report is from an automated smoke testing program
and was not reviewed by a human for accuracy

------------------------------
PROGRAM OUTPUT
------------------------------

Output from './Build test':

Class::Trait is deprecated and should no longer be used. Please use Role::Tiny or Role::Basic instead. at t/test_lib/BasicTrait.pm line 6.
t/010_class_trait.t ............. ok
Class::Trait is deprecated and should no longer be used. Please use Role::Tiny or Role::Basic instead. at t/test_lib/BasicTraitImport.pm line 6.
t/020_test_imports.t ............ ok
Class::Trait is deprecated and should no longer be used. Please use Role::Tiny or Role::Basic instead. at t/test_lib/TraitTestBase.pm line 6.
t/030_trait_overload.t .......... ok
Class::Trait is deprecated and should no longer be used. Please use Role::Tiny or Role::Basic instead. at test_lib/Circle.pm line 11.
t/040_trait_composition.t ....... ok
t/050_Trait_Config_test.t ....... ok
Class::Trait is deprecated and should no longer be used. Please use Role::Tiny or Role::Basic instead. at t/test_lib/SyncRead.pm line 8.
t/060_Trait_SUPER_test.t ........ ok

#   Failed test 'mod_perl should no longer warn on startup'
#   at t/070_Trait_mod_perl_test.t line 24.
# Looks like you failed 1 test of 2.
t/070_Trait_mod_perl_test.t ..... 
Dubious, test returned 1 (wstat 256, 0x100)
Failed 1/2 subtests 
Class::Trait is deprecated and should no longer be used. Please use Role::Tiny or Role::Basic instead. at t/test_lib/PersonWithTitle.pm line 6.
t/080_Trait_SUPER2_test.t ....... ok
Class::Trait is deprecated and should no longer be used. Please use Role::Tiny or Role::Basic instead. at t/090_Class_Trait_Lib_tests.t line 17.
t/090_Class_Trait_Lib_tests.t ... ok
Class::Trait is deprecated and should no longer be used. Please use Role::Tiny or Role::Basic instead. at t/100_trait_rename_does.t line 22.
t/100_trait_rename_does.t ....... ok
Class::Trait is deprecated and should no longer be used. Please use Role::Tiny or Role::Basic instead. at t/110_trait_performs.t line 16.
t/110_trait_performs.t .......... ok
Class::Trait is deprecated and should no longer be used. Please use Role::Tiny or Role::Basic instead. at (eval 11) line 2.
Class::Trait is deprecated and should no longer be used. Please use Role::Tiny or Role::Basic instead. at (eval 23) line 5.
Class::Trait is deprecated and should no longer be used. Please use Role::Tiny or Role::Basic instead. at (eval 35) line 5.
Class::Trait is deprecated and should no longer be used. Please use Role::Tiny or Role::Basic instead. at (eval 49) line 4.
Class::Trait is deprecated and should no longer be used. Please use Role::Tiny or Role::Basic instead. at (eval 61) line 2.
Class::Trait is deprecated and should no longer be used. Please use Role::Tiny or Role::Basic instead. at (eval 74) line 2.
Class::Trait is deprecated and should no longer be used. Please use Role::Tiny or Role::Basic instead. at (eval 87) line 2.
Class::Trait is deprecated and should no longer be used. Please use Role::Tiny or Role::Basic instead. at (eval 101) line 5.
Class::Trait is deprecated and should no longer be used. Please use Role::Tiny or Role::Basic instead. at (eval 114) line 2.
Class::Trait is deprecated and should no longer be used. Please use Role::Tiny or Role::Basic instead. at (eval 146) line 2.
Class::Trait is deprecated and should no longer be used. Please use Role::Tiny or Role::Basic instead. at (eval 156) line 5.
Class::Trait is deprecated and should no longer be used. Please use Role::Tiny or Role::Basic instead. at (eval 166) line 5.
t/120_trait_errors.t ............ ok
Class::Trait is deprecated and should no longer be used. Please use Role::Tiny or Role::Basic instead. at t/130_trait_runtime_instance.t line 21.

#   Failed test '... with an appropriate error message'
#   at t/130_trait_runtime_instance.t line 125.
#                   'Requirement (lawyer) for Extra::TSpouse not in Foo::__ANON__::Extra::TSpouse_7 at ../lib/Class/Trait/Base.pm line 11.
# '
#     doesn't match '(?^:Requirement \(alimony\) for Extra::TSpouse not in Foo::)'
# Looks like you failed 1 test of 43.
t/130_trait_runtime_instance.t .. 
Dubious, test returned 1 (wstat 256, 0x100)
Failed 1/43 subtests 
Class::Trait is deprecated and should no longer be used. Please use Role::Tiny or Role::Basic instead. at t/140_trait_runtime_class.t line 9.
t/140_trait_runtime_class.t ..... ok
Class::Trait is deprecated and should no longer be used. Please use Role::Tiny or Role::Basic instead. at t/150_inherited_does.t line 14.
t/150_inherited_does.t .......... ok
t/pod.t ......................... ok
Class::Trait is deprecated and should no longer be used. Please use Role::Tiny or Role::Basic instead. at /tmp/loop_over_bdir-2442748-N06vJd/Class-Trait-0.33-0/blib/lib/Class/Trait/Base.pm line 5.
t/pod_coverage.t ................ ok

Test Summary Report
-------------------
t/070_Trait_mod_perl_test.t   (Wstat: 256 (exited 1) Tests: 2 Failed: 1)
  Failed test:  1
  Non-zero exit status: 1
t/130_trait_runtime_instance.t (Wstat: 256 (exited 1) Tests: 43 Failed: 1)
  Failed test:  36
  Non-zero exit status: 1
Files=17, Tests=411,  2 wallclock secs ( 0.10 usr  0.04 sys +  1.50 cusr  0.32 csys =  1.96 CPU)
Result: FAIL
Failed 2/17 test programs. 2/411 subtests failed.

------------------------------
PREREQUISITES
------------------------------

Prerequisite modules loaded:

requires:

    Module                Need Have    
    --------------------- ---- --------
    Class::Accessor::Fast 0    0.51    
    File::Spec            0    3.75    
    Test::Differences     0.47 0.69    
    Test::Simple          0.62 1.302191

configure_requires:

    Module                Need Have    
    --------------------- ---- --------
    Module::Build         0.42 0.4231  


------------------------------
ENVIRONMENT AND OTHER CONTEXT
------------------------------

Environment variables:

    AUTOMATED_TESTING = 1
    LANG = en_US.UTF-8
    LANGUAGE = en_US:en
    PATH = /home/sand/bin:/usr/local/bin:/usr/bin:/bin:/usr/games:/usr/local/perl/bin:/usr/X11/bin:/sbin:/usr/sbin
    PERL5LIB = 
    PERL5OPT = 
    PERL5_CPANPLUS_IS_RUNNING = 1084936
    PERL5_CPAN_IS_RUNNING = 1084936
    PERL_CANARY_STABILITY_NOPROMPT = 1
    PERL_MM_USE_DEFAULT = 1
    PERL_USE_UNSAFE_INC = 1
    SHELL = /usr/bin/zsh
    TERM = screen

Perl special variables (and OS-specific diagnostics, for MSWin32):

    $^X = /home/sand/src/perl/repoperls/installed-perls/host/k93msid/v5.18.0/29fb/bin/perl
    $UID/$EUID = 1005 / 1005
    $GID = 1005 1005
    $EGID = 1005 1005

Perl module toolchain versions installed:

    Module              Have    
    ------------------- --------
    CPAN                2.34    
    CPAN::Meta          2.150010
    Cwd                 3.75    
    ExtUtils::CBuilder  0.280236
    ExtUtils::Command   7.64    
    ExtUtils::Install   2.06    
    ExtUtils::MakeMaker 7.64    
    ExtUtils::Manifest  1.70    
    ExtUtils::ParseXS   3.44    
    File::Spec          3.75    
    JSON                4.09    
    JSON::PP            4.11    
    Module::Build       0.4231  
    Module::Signature   0.88    
    Parse::CPAN::Meta   2.150010
    Test::Harness       3.44    
    Test::More          1.302191
    YAML                1.30    
    YAML::Syck          1.34    
    version             0.9929  


--

Summary of my perl5 (revision 5 version 18 subversion 0) configuration:
  Derived from: a9acda3b5f74585852a57b51b724804ac586cb0b
  Platform:
    osname=linux, osvers=5.3.0-2-amd64, archname=x86_64-linux-thread-multi
    uname='linux k93msid 5.3.0-2-amd64 #1 smp debian 5.3.9-3 (2019-11-19) x86_64 gnulinux '
    config_args='-Dprefix=/home/sand/src/perl/repoperls/installed-perls/host/k93msid/v5.18.0/29fb -Dmyhostname=k93msid -Dinstallusrbinperl=n -Uversiononly -Dusedevel -des -Ui_db -Dlibswanted=cl pthread socket inet nsl gdbm dbm malloc dl ld sun m crypt sec util c cposix posix ucb BSD gdbm_compat -Duseithreads -Uuselongdouble -DEBUGGING=both'
    hint=recommended, useposix=true, d_sigaction=define
    useithreads=define, usemultiplicity=define
    useperlio=define, d_sfio=undef, uselargefiles=define, usesocks=undef
    use64bitint=define, use64bitall=define, uselongdouble=undef
    usemymalloc=n, bincompat5005=undef
  Compiler:
    cc='cc', ccflags ='-D_REENTRANT -D_GNU_SOURCE -fwrapv -DDEBUGGING -fno-strict-aliasing -pipe -fstack-protector -I/usr/local/include -D_LARGEFILE_SOURCE -D_FILE_OFFSET_BITS=64',
    optimize='-O2 -g',
    cppflags='-D_REENTRANT -D_GNU_SOURCE -fwrapv -DDEBUGGING -fno-strict-aliasing -pipe -fstack-protector -I/usr/local/include'
    ccversion='', gccversion='9.2.1 20191109', gccosandvers=''
    intsize=4, longsize=8, ptrsize=8, doublesize=8, byteorder=12345678
    d_longlong=define, longlongsize=8, d_longdbl=define, longdblsize=16
    ivtype='long', ivsize=8, nvtype='double', nvsize=8, Off_t='off_t', lseeksize=8
    alignbytes=8, prototype=define
  Linker and Libraries:
    ld='cc', ldflags =' -fstack-protector -L/usr/local/lib'
    libpth=/usr/local/lib /lib/x86_64-linux-gnu /lib/../lib /usr/lib/x86_64-linux-gnu /usr/lib/../lib /lib /usr/lib
    libs=-lpthread -lnsl -ldl -lm -lcrypt -lutil -lc
    perllibs=-lpthread -lnsl -ldl -lm -lcrypt -lutil -lc
    libc=libc-2.29.so, so=so, useshrplib=false, libperl=libperl.a
    gnulibc_version='2.29'
  Dynamic Linking:
    dlsrc=dl_dlopen.xs, dlext=so, d_dlsymun=undef, ccdlflags='-Wl,-E'
    cccdlflags='-fPIC', lddlflags='-shared -O2 -g -L/usr/local/lib -fstack-protector'


Characteristics of this binary (from libperl): 
  Compile-time options: DEBUGGING HAS_TIMES MULTIPLICITY PERLIO_LAYERS
                        PERL_DONT_CREATE_GVSV
                        PERL_HASH_FUNC_ONE_AT_A_TIME_HARD
                        PERL_IMPLICIT_CONTEXT PERL_MALLOC_WRAP
                        PERL_PRESERVE_IVUV PERL_SAWAMPERSAND
                        PERL_TRACK_MEMPOOL PERL_USE_DEVEL USE_64_BIT_ALL
                        USE_64_BIT_INT USE_ITHREADS USE_LARGE_FILES
                        USE_LOCALE USE_LOCALE_COLLATE USE_LOCALE_CTYPE
                        USE_LOCALE_NUMERIC USE_PERLIO USE_PERL_ATOF
                        USE_REENTRANT_API
  Locally applied patches:
	uncommitted-changes
  Built under linux
  Compiled at May 18 2020 01:54:58
  %ENV:
    PERL5LIB=""
    PERL5OPT=""
    PERL5_CPANPLUS_IS_RUNNING="1084936"
    PERL5_CPAN_IS_RUNNING="1084936"
    PERL_CANARY_STABILITY_NOPROMPT="1"
    PERL_MM_USE_DEFAULT="1"
    PERL_USE_UNSAFE_INC="1"
  @INC:
    /home/sand/src/perl/repoperls/installed-perls/host/k93msid/v5.18.0/29fb/lib/site_perl/5.18.0/x86_64-linux-thread-multi
    /home/sand/src/perl/repoperls/installed-perls/host/k93msid/v5.18.0/29fb/lib/site_perl/5.18.0
    /home/sand/src/perl/repoperls/installed-perls/host/k93msid/v5.18.0/29fb/lib/5.18.0/x86_64-linux-thread-multi
    /home/sand/src/perl/repoperls/installed-perls/host/k93msid/v5.18.0/29fb/lib/5.18.0
    .