Back
From: metabase:user:320bfe00-2aae-11df-837a-5e0a49663a4f
Subject: FAIL Entities-0.5 v5.22.2 RC1 GNU/Linux
Date: 2016-04-22T20:43:27Z
This distribution has been tested as part of the CPAN Testers
project, supporting the Perl programming language. See
http://wiki.cpantesters.org/ for more information or email
questions to cpan-testers-discuss@perl.org
--
Dear Ido Perlmuter,
This is a computer-generated report for Entities-0.5
on perl 5.22.2, created by CPAN-Reporter-1.2017.
Thank you for uploading your work to CPAN. However, there was a problem
testing your distribution.
If you think this report is invalid, please consult the CPAN Testers Wiki
for suggestions on how to avoid getting FAIL reports for missing library
or binary dependencies, unsupported operating systems, and so on:
http://wiki.cpantesters.org/wiki/CPANAuthorNotes
Sections of this report:
* Tester comments
* Program output
* Prerequisites
* Environment and other context
------------------------------
TESTER COMMENTS
------------------------------
Additional comments from tester:
this report is from an automated smoke testing program
and was not reviewed by a human for accuracy
------------------------------
PROGRAM OUTPUT
------------------------------
Output from '/usr/bin/make test':
PERL_DL_NONLAZY=1 "/tmp/basesmoker-reloperl-Gsi3/bin/perl" "-MExtUtils::Command::MM" "-MTest::Harness" "-e" "undef *Test::Harness::Switches; test_harness(0, 'blib/lib', 'blib/arch')" t/*.t
# Testing Entities 0.5, Perl 5.022002, /tmp/basesmoker-reloperl-Gsi3/bin/perl
t/00-load.t ................ ok
t/01-memory.t .............. ok
MongoDB::SelectionError: No writable server available. MongoDB server status:
Topology type: Single; Member status:
localhost:27017 (type: Unknown, error: MongoDB::NetworkError: Could not connect to 'localhost:27017': Connection refused )
# Looks like you planned 62 tests but ran 3.
# Looks like your test exited with 111 just after 3.
t/02-mongodb.t .............
Dubious, test returned 111 (wstat 28416, 0x6f00)
Failed 59/62 subtests
t/release-dist-manifest.t .. skipped: these tests are for release candidate testing
t/release-pod-coverage.t ... skipped: these tests are for release candidate testing
t/release-pod-syntax.t ..... skipped: these tests are for release candidate testing
Test Summary Report
-------------------
t/02-mongodb.t (Wstat: 28416 Tests: 3 Failed: 0)
Non-zero exit status: 111
Parse errors: Bad plan. You planned 62 tests but ran 3.
Files=6, Tests=66, 2 wallclock secs ( 0.03 usr 0.03 sys + 2.14 cusr 0.14 csys = 2.34 CPU)
Result: FAIL
Failed 1/6 test programs. 0/66 subtests failed.
Makefile:908: recipe for target 'test_dynamic' failed
make: *** [test_dynamic] Error 255
------------------------------
PREREQUISITES
------------------------------
Prerequisite modules loaded:
requires:
Module Need Have
----------------------------- ---- --------
Abilities 0 0.5
Abilities::Features 0 0.5
Carp 0 1.38
DateTime 0 1.26
DateTime::Format::ISO8601 0 0.08
Digest::MD5 0 2.54
MongoDB 0 v1.2.3
Moo 0 2.001001
Moo::Role 0 2.001001
MooX::Types::MooseLike::Base 0 0.29
MooX::Types::MooseLike::Email 0 0.03
namespace::autoclean 0 0.28
Scalar::Util 0 1.45
strict 0 1.09
build_requires:
Module Need Have
----------------------------- ---- --------
Test::More 0 1.001014
warnings 0 1.34
configure_requires:
Module Need Have
----------------------------- ---- --------
ExtUtils::MakeMaker 6.30 7.12
------------------------------
ENVIRONMENT AND OTHER CONTEXT
------------------------------
Environment variables:
AUTOMATED_TESTING = 1
LANG = C
PATH = /usr/lib/ccache:/home/sand/bin:/usr/local/bin:/usr/lib/ccache:/usr/bin:/bin:/usr/games:/usr/local/perl/bin:/usr/X11/bin:/sbin:/usr/sbin
PERL5LIB = /tmp/loop_over_bdir-9721-l3QIwI/FusionInventory-Agent-2.3.17-0/blib/arch:/tmp/loop_over_bdir-9721-l3QIwI/FusionInventory-Agent-2.3.17-0/blib/lib
PERL5OPT =
PERL5_CPANPLUS_IS_RUNNING = 15332
PERL5_CPAN_IS_RUNNING = 15332
PERL_CANARY_STABILITY_NOPROMPT = 1
PERL_MM_USE_DEFAULT = 1
SHELL = /usr/bin/zsh
TERM = screen
Perl special variables (and OS-specific diagnostics, for MSWin32):
$^X = /tmp/basesmoker-reloperl-Gsi3/bin/perl
$UID/$EUID = 1005 / 1005
$GID = 1005 1005
$EGID = 1005 1005
Perl module toolchain versions installed:
Module Have
------------------- --------
CPAN 2.12
CPAN::Meta 2.150005
Cwd 3.62
ExtUtils::CBuilder 0.280224
ExtUtils::Command 7.12
ExtUtils::Install 2.04
ExtUtils::MakeMaker 7.12
ExtUtils::Manifest 1.70
ExtUtils::ParseXS 3.28
File::Spec 3.62
JSON 2.90
JSON::PP 2.27300
Module::Build 0.4216
Module::Signature 0.79
Parse::CPAN::Meta 1.4417
Test::Harness 3.36
Test::More 1.001014
YAML 1.15
YAML::Syck 1.29
version 0.9916
--
Summary of my perl5 (revision 5 version 22 subversion 2) configuration:
Commit id: 1b027307a936ccbc52a7291729dae1c16f10576a
Platform:
osname=linux, osvers=4.4.0-1-amd64, archname=x86_64-linux-thread-multi
uname='linux k93x64sid 4.4.0-1-amd64 #1 smp debian 4.4.6-1 (2016-03-17) x86_64 gnulinux '
config_args='-Dprefix=/home/sand/src/perl/repoperls/installed-perls/host/k93x64sid/v5.22.2-RC1/fae6 -Dmyhostname=k93x64sid -Dinstallusrbinperl=n -Uversiononly -Dusedevel -des -Ui_db -Dlibswanted=cl pthread socket inet nsl gdbm dbm malloc dl ld sun m crypt sec util c cposix posix ucb BSD gdbm_compat -Duseithreads -Uuselongdouble'
hint=recommended, useposix=true, d_sigaction=define
useithreads=define, usemultiplicity=define
use64bitint=define, use64bitall=define, uselongdouble=undef
usemymalloc=n, bincompat5005=undef
Compiler:
cc='cc', ccflags ='-D_REENTRANT -D_GNU_SOURCE -fwrapv -fno-strict-aliasing -pipe -fstack-protector-strong -I/usr/local/include -D_LARGEFILE_SOURCE -D_FILE_OFFSET_BITS=64 -D_FORTIFY_SOURCE=2',
optimize='-O2',
cppflags='-D_REENTRANT -D_GNU_SOURCE -fwrapv -fno-strict-aliasing -pipe -fstack-protector-strong -I/usr/local/include'
ccversion='', gccversion='5.3.1 20160409', gccosandvers=''
intsize=4, longsize=8, ptrsize=8, doublesize=8, byteorder=12345678, doublekind=3
d_longlong=define, longlongsize=8, d_longdbl=define, longdblsize=16, longdblkind=3
ivtype='long', ivsize=8, nvtype='double', nvsize=8, Off_t='off_t', lseeksize=8
alignbytes=8, prototype=define
Linker and Libraries:
ld='cc', ldflags =' -fstack-protector-strong -L/usr/local/lib'
libpth=/usr/local/lib /usr/lib/gcc/x86_64-linux-gnu/5/include-fixed /usr/include/x86_64-linux-gnu /usr/lib /lib/x86_64-linux-gnu /lib/../lib /usr/lib/x86_64-linux-gnu /usr/lib/../lib /lib
libs=-lpthread -lnsl -ldl -lm -lcrypt -lutil -lc
perllibs=-lpthread -lnsl -ldl -lm -lcrypt -lutil -lc
libc=libc-2.22.so, so=so, useshrplib=false, libperl=libperl.a
gnulibc_version='2.22'
Dynamic Linking:
dlsrc=dl_dlopen.xs, dlext=so, d_dlsymun=undef, ccdlflags='-Wl,-E'
cccdlflags='-fPIC', lddlflags='-shared -O2 -L/usr/local/lib -fstack-protector-strong'
Characteristics of this binary (from libperl):
Compile-time options: HAS_TIMES MULTIPLICITY PERLIO_LAYERS
PERL_DONT_CREATE_GVSV
PERL_HASH_FUNC_ONE_AT_A_TIME_HARD
PERL_IMPLICIT_CONTEXT PERL_MALLOC_WRAP
PERL_NEW_COPY_ON_WRITE PERL_PRESERVE_IVUV
PERL_USE_DEVEL USE_64_BIT_ALL USE_64_BIT_INT
USE_ITHREADS USE_LARGE_FILES USE_LOCALE
USE_LOCALE_COLLATE USE_LOCALE_CTYPE
USE_LOCALE_NUMERIC USE_LOCALE_TIME USE_PERLIO
USE_PERL_ATOF USE_REENTRANT_API
Locally applied patches:
RC1
Built under linux
Compiled at Apr 22 2016 06:31:48
%ENV:
PERL5LIB="/tmp/loop_over_bdir-9721-l3QIwI/FusionInventory-Agent-2.3.17-0/blib/arch:/tmp/loop_over_bdir-9721-l3QIwI/FusionInventory-Agent-2.3.17-0/blib/lib"
PERL5OPT=""
PERL5_CPANPLUS_IS_RUNNING="15332"
PERL5_CPAN_IS_RUNNING="15332"
PERL_CANARY_STABILITY_NOPROMPT="1"
PERL_MM_USE_DEFAULT="1"
@INC:
/tmp/loop_over_bdir-9721-l3QIwI/FusionInventory-Agent-2.3.17-0/blib/arch
/tmp/loop_over_bdir-9721-l3QIwI/FusionInventory-Agent-2.3.17-0/blib/lib
/home/sand/src/perl/repoperls/installed-perls/host/k93x64sid/v5.22.2-RC1/fae6/lib/site_perl/5.22.2/x86_64-linux-thread-multi
/home/sand/src/perl/repoperls/installed-perls/host/k93x64sid/v5.22.2-RC1/fae6/lib/site_perl/5.22.2
/home/sand/src/perl/repoperls/installed-perls/host/k93x64sid/v5.22.2-RC1/fae6/lib/5.22.2/x86_64-linux-thread-multi
/home/sand/src/perl/repoperls/installed-perls/host/k93x64sid/v5.22.2-RC1/fae6/lib/5.22.2
.