Back
From: metabase:user:320bfe00-2aae-11df-837a-5e0a49663a4f
Subject: FAIL XML-Checker-0.13 v5.21.2 GNU/Linux
Date: 2014-07-15T09:03:19Z
This distribution has been tested as part of the CPAN Testers
project, supporting the Perl programming language. See
http://wiki.cpantesters.org/ for more information or email
questions to cpan-testers-discuss@perl.org
--
Dear T.J. Mather,
This is a computer-generated report for XML-Checker-0.13
on perl 5.21.2, created by CPAN-Reporter-1.2011.
Thank you for uploading your work to CPAN. However, there was a problem
testing your distribution.
If you think this report is invalid, please consult the CPAN Testers Wiki
for suggestions on how to avoid getting FAIL reports for missing library
or binary dependencies, unsupported operating systems, and so on:
http://wiki.cpantesters.org/wiki/CPANAuthorNotes
Sections of this report:
* Tester comments
* Program output
* Prerequisites
* Environment and other context
------------------------------
TESTER COMMENTS
------------------------------
Additional comments from tester:
this report is from an automated smoke testing program
and was not reviewed by a human for accuracy
------------------------------
PROGRAM OUTPUT
------------------------------
Output from '/usr/bin/make test':
PERL_DL_NONLAZY=1 /tmp/basesmoker-reloperl-APjT/bin/perl "-MExtUtils::Command::MM" "-MTest::Harness" "-e" "undef *Test::Harness::Switches; test_harness(0, 'blib/lib', 'blib/arch')" t/*.t
\C is deprecated in regex; marked by <-- HERE in m/(\C <-- HERE )/ at /home/sand/src/perl/repoperls/installed-perls/perl/v5.21.1-131-g586d4ab/127e/lib/site_perl/5.21.2/URI/Escape.pm line 205.
t/chk_batch.t ........
Failed 12/56 subtests
\C is deprecated in regex; marked by <-- HERE in m/(\C <-- HERE )/ at /home/sand/src/perl/repoperls/installed-perls/perl/v5.21.1-131-g586d4ab/127e/lib/site_perl/5.21.2/URI/Escape.pm line 205.
t/element_text.t ..... ok
\C is deprecated in regex; marked by <-- HERE in m/(\C <-- HERE )/ at /home/sand/src/perl/repoperls/installed-perls/perl/v5.21.1-131-g586d4ab/127e/lib/site_perl/5.21.2/URI/Escape.pm line 205.
t/empty_elt.t ........ ok
\C is deprecated in regex; marked by <-- HERE in m/(\C <-- HERE )/ at /home/sand/src/perl/repoperls/installed-perls/perl/v5.21.1-131-g586d4ab/127e/lib/site_perl/5.21.2/URI/Escape.pm line 205.
t/high_elt_number.t .. ok
Test Summary Report
-------------------
t/chk_batch.t (Wstat: 0 Tests: 56 Failed: 12)
Failed tests: 4, 9, 14, 18, 23, 28, 32, 37, 42, 46, 51
56
Files=4, Tests=61, 0 wallclock secs ( 0.04 usr 0.01 sys + 0.40 cusr 0.00 csys = 0.45 CPU)
Result: FAIL
Failed 1/4 test programs. 12/61 subtests failed.
Makefile:847: recipe for target 'test_dynamic' failed
make: *** [test_dynamic] Error 255
------------------------------
PREREQUISITES
------------------------------
Prerequisite modules loaded:
requires:
Module Need Have
-------------------- ---- ----
XML::DOM 1.29 1.44
XML::Parser 2.30 2.41
XML::Parser::PerlSAX 0.07 0.08
build_requires:
Module Need Have
-------------------- ---- ----
ExtUtils::MakeMaker 0 6.98
------------------------------
ENVIRONMENT AND OTHER CONTEXT
------------------------------
Environment variables:
AUTOMATED_TESTING = 1
LANG = en_US.UTF-8
LANGUAGE = en_US:en
PATH = /usr/lib/ccache:/home/sand/bin:/usr/local/bin:/usr/bin:/bin:/usr/games:/usr/local/perl/bin:/usr/X11/bin:/sbin:/usr/sbin
PERL = /tmp/basesmoker-reloperl-APjT/bin/perl
PERL5LIB =
PERL5OPT =
PERL5_CPANPLUS_IS_RUNNING = 23207
PERL5_CPAN_IS_RUNNING = 23207
PERL_MM_USE_DEFAULT = 1
SHELL = /usr/bin/zsh
TERM = screen
Perl special variables (and OS-specific diagnostics, for MSWin32):
$^X = /tmp/basesmoker-reloperl-APjT/bin/perl
$UID/$EUID = 1005 / 1005
$GID = 1005 1005
$EGID = 1005 1005
Perl module toolchain versions installed:
Module Have
------------------- --------
CPAN 2.05
CPAN::Meta 2.141520
Cwd 3.48
ExtUtils::CBuilder 0.280216
ExtUtils::Command 1.18
ExtUtils::Install 1.68
ExtUtils::MakeMaker 6.98
ExtUtils::Manifest 1.63
ExtUtils::ParseXS 3.25
File::Spec 3.48
JSON 2.90
JSON::PP 2.27203
Module::Build 0.4205
Module::Signature 0.73
Parse::CPAN::Meta 1.4414
Test::Harness 3.32
Test::More 1.001003
YAML 0.95
YAML::Syck 1.27
version 0.9908
--
Summary of my perl5 (revision 5 version 21 subversion 2) configuration:
Commit id: 586d4abb8e2f0a3c98c8c47e0b5d51925848d8b8
Platform:
osname=linux, osvers=3.14-1-amd64, archname=x86_64-linux-ld
uname='linux k83 3.14-1-amd64 #1 smp debian 3.14.5-1 (2014-06-05) x86_64 gnulinux '
config_args='-Dprefix=/home/sand/src/perl/repoperls/installed-perls/perl/v5.21.1-131-g586d4ab/127e -Dmyhostname=k83 -Dinstallusrbinperl=n -Uversiononly -Dusedevel -des -Ui_db -Uuseithreads -Duselongdouble -DDEBUGGING=-g'
hint=recommended, useposix=true, d_sigaction=define
useithreads=undef, usemultiplicity=undef
use64bitint=define, use64bitall=define, uselongdouble=define
usemymalloc=n, bincompat5005=undef
Compiler:
cc='cc', ccflags ='-fwrapv -fno-strict-aliasing -pipe -fstack-protector -I/usr/local/include -D_LARGEFILE_SOURCE -D_FILE_OFFSET_BITS=64 -D_FORTIFY_SOURCE=2',
optimize='-O2 -g',
cppflags='-fwrapv -fno-strict-aliasing -pipe -fstack-protector -I/usr/local/include'
ccversion='', gccversion='4.8.3', gccosandvers=''
intsize=4, longsize=8, ptrsize=8, doublesize=8, byteorder=12345678
d_longlong=define, longlongsize=8, d_longdbl=define, longdblsize=16
ivtype='long', ivsize=8, nvtype='long double', nvsize=16, Off_t='off_t', lseeksize=8
alignbytes=16, prototype=define
Linker and Libraries:
ld='cc', ldflags =' -fstack-protector -L/usr/local/lib'
libpth=/usr/local/lib /usr/lib/gcc/x86_64-linux-gnu/4.8/include-fixed /usr/include/x86_64-linux-gnu /usr/lib /lib/x86_64-linux-gnu /lib/../lib /usr/lib/x86_64-linux-gnu /usr/lib/../lib /lib
libs=-lnsl -lgdbm -ldb -ldl -lm -lcrypt -lutil -lc -lgdbm_compat
perllibs=-lnsl -ldl -lm -lcrypt -lutil -lc
libc=libc-2.19.so, so=so, useshrplib=false, libperl=libperl.a
gnulibc_version='2.19'
Dynamic Linking:
dlsrc=dl_dlopen.xs, dlext=so, d_dlsymun=undef, ccdlflags='-Wl,-E'
cccdlflags='-fPIC', lddlflags='-shared -O2 -g -L/usr/local/lib -fstack-protector'
Characteristics of this binary (from libperl):
Compile-time options: HAS_TIMES PERLIO_LAYERS PERL_DONT_CREATE_GVSV
PERL_HASH_FUNC_ONE_AT_A_TIME_HARD PERL_MALLOC_WRAP
PERL_NEW_COPY_ON_WRITE PERL_PRESERVE_IVUV
PERL_USE_DEVEL USE_64_BIT_ALL USE_64_BIT_INT
USE_LARGE_FILES USE_LOCALE USE_LOCALE_COLLATE
USE_LOCALE_CTYPE USE_LOCALE_NUMERIC USE_LONG_DOUBLE
USE_PERLIO USE_PERL_ATOF
Built under linux
Compiled at Jul 8 2014 23:11:13
%ENV:
PERL="/tmp/basesmoker-reloperl-APjT/bin/perl"
PERL5LIB=""
PERL5OPT=""
PERL5_CPANPLUS_IS_RUNNING="23207"
PERL5_CPAN_IS_RUNNING="23207"
PERL_MM_USE_DEFAULT="1"
@INC:
/home/sand/src/perl/repoperls/installed-perls/perl/v5.21.1-131-g586d4ab/127e/lib/site_perl/5.21.2/x86_64-linux-ld
/home/sand/src/perl/repoperls/installed-perls/perl/v5.21.1-131-g586d4ab/127e/lib/site_perl/5.21.2
/home/sand/src/perl/repoperls/installed-perls/perl/v5.21.1-131-g586d4ab/127e/lib/5.21.2/x86_64-linux-ld
/home/sand/src/perl/repoperls/installed-perls/perl/v5.21.1-131-g586d4ab/127e/lib/5.21.2
.