Report for WWW-Mechanize-Shell-0.53

Back
From: metabase:user:314402c4-2aae-11df-837a-5e0a49663a4f
Subject: FAIL WWW-Mechanize-Shell-0.53 v5.21.4 GNU/Linux
Date: 2015-04-25T20:44:27Z

This distribution has been tested as part of the CPAN Testers
project, supporting the Perl programming language.  See
http://wiki.cpantesters.org/ for more information or email
questions to cpan-testers-discuss@perl.org


--
Dear Max Maischein,

This is a computer-generated report for WWW-Mechanize-Shell-0.53
on perl 5.21.4, created by CPAN-Reporter-1.2011.

Thank you for uploading your work to CPAN.  However, there was a problem
testing your distribution.

If you think this report is invalid, please consult the CPAN Testers Wiki
for suggestions on how to avoid getting FAIL reports for missing library
or binary dependencies, unsupported operating systems, and so on:

http://wiki.cpantesters.org/wiki/CPANAuthorNotes

Sections of this report:

    * Tester comments
    * Program output
    * Prerequisites
    * Environment and other context

------------------------------
TESTER COMMENTS
------------------------------

Additional comments from tester:

none provided

------------------------------
PROGRAM OUTPUT
------------------------------

Output from '/usr/bin/make test':

PERL_DL_NONLAZY=1 "/bbbike/perl-5.21.4/bin/perl5.21.4" "-MExtUtils::Command::MM" "-MTest::Harness" "-e" "undef *Test::Harness::Switches; test_harness(0, 'blib/lib', 'blib/arch')" t/*.t
# Running under 5.021004
# Using 'WWW::Mechanize' version 1.73
# Using 'LWP::UserAgent' version 6.06
t/00-use.t ......................... ok
t/00a-Term-Shell-catch-smry.t ...... ok
t/01-fallback-Win32-OLE.t .......... ok
t/02-fallback-HTML-TableExtract.t .. ok
t/02-fallback-Pod-Constant.t ....... ok
t/03-documentation.t ............... ok
t/04-history-invariant.t ........... ok
t/05-options.t ..................... ok
t/06-valid-output.t ................ ok
t/07-history-items.t ............... ok
t/08-unknown-command.t ............. ok
t/09-invalid-filename.t ............ ok
t/11-browse-without-request.t ...... ok
t/12-comments.t .................... ok
# get http://foo:bar@eserte:55853/thisshouldpass
# get http://eserte:55853/thisshouldfail
# Credentials are foo bar
# Credentials are foo bar
Use of uninitialized value in string ne at t/13-command-au.t line 98, <SERVER> line 1.
# Shutting down test server at http://eserte:55853/
t/13-command-au.t .................. ok
# Loading HTTP::Daemon
# Spawning local test server
# on port 45315

#   Failed test 'Shell produced no error output for auth'
#   at t/14-command-identity.t line 248.
#          got: 'Redundant argument in sprintf at t/14-command-identity.t line 237, <$server> line 1.
# '
#     expected: undef
CGI::param called in list context from package main line 64, this can lead to vulnerabilities. See the warning in "Fetching the value or values of a single named parameter" at /opt/perl-5.21.4/lib/site_perl/5.21.4/CGI.pm line 436, <DATA> line 32.

#   Failed test 'Shell produced no error output for autofill'
#   at t/14-command-identity.t line 248.
#          got: 'Redundant argument in sprintf at t/14-command-identity.t line 237, <$server> line 1.
# Redundant argument in sprintf at t/14-command-identity.t line 237, <$server> line 1.
# Redundant argument in sprintf at t/14-command-identity.t line 237, <$server> line 1.
# Redundant argument in sprintf at t/14-command-identity.t line 237, <$server> line 1.
# '
#     expected: undef
CGI::param called in list context from package main line 64, this can lead to vulnerabilities. See the warning in "Fetching the value or values of a single named parameter" at /opt/perl-5.21.4/lib/site_perl/5.21.4/CGI.pm line 436, <DATA> line 32.

#   Failed test 'Shell produced no error output for back'
#   at t/14-command-identity.t line 248.
#          got: 'Redundant argument in sprintf at t/14-command-identity.t line 237, <$server> line 1.
# Redundant argument in sprintf at t/14-command-identity.t line 237, <$server> line 1.
# '
#     expected: undef

#   Failed test 'Shell produced no error output for comment'
#   at t/14-command-identity.t line 248.
#          got: 'Redundant argument in sprintf at t/14-command-identity.t line 237, <$server> line 1.
# Redundant argument in sprintf at t/14-command-identity.t line 237, <$server> line 1.
# '
#     expected: undef

#   Failed test 'Shell produced no error output for content_save'
#   at t/14-command-identity.t line 248.
#          got: 'Redundant argument in sprintf at t/14-command-identity.t line 237, <$server> line 1.
# Redundant argument in sprintf at t/14-command-identity.t line 237, <$server> line 1.
# '
#     expected: undef

#   Failed test 'Shell produced no error output for eval'
#   at t/14-command-identity.t line 248.
#          got: 'Redundant argument in sprintf at t/14-command-identity.t line 237, <$server> line 1.
# Redundant argument in sprintf at t/14-command-identity.t line 237, <$server> line 1.
# '
#     expected: undef
CGI::param called in list context from package main line 64, this can lead to vulnerabilities. See the warning in "Fetching the value or values of a single named parameter" at /opt/perl-5.21.4/lib/site_perl/5.21.4/CGI.pm line 436, <DATA> line 32.

#   Failed test 'Shell produced no error output for eval_multiline'
#   at t/14-command-identity.t line 248.
#          got: 'Redundant argument in sprintf at t/14-command-identity.t line 237, <$server> line 1.
# Redundant argument in sprintf at t/14-command-identity.t line 237, <$server> line 1.
# Redundant argument in sprintf at t/14-command-identity.t line 237, <$server> line 1.
# Redundant argument in sprintf at t/14-command-identity.t line 237, <$server> line 1.
# Redundant argument in sprintf at t/14-command-identity.t line 237, <$server> line 1.
# Redundant argument in sprintf at t/14-command-identity.t line 237, <$server> line 1.
# '
#     expected: undef
CGI::param called in list context from package main line 64, this can lead to vulnerabilities. See the warning in "Fetching the value or values of a single named parameter" at /opt/perl-5.21.4/lib/site_perl/5.21.4/CGI.pm line 436, <DATA> line 32.

#   Failed test 'Shell produced no error output for eval_shell'
#   at t/14-command-identity.t line 248.
#          got: 'Redundant argument in sprintf at t/14-command-identity.t line 237, <$server> line 1.
# '
#     expected: undef
CGI::param called in list context from package main line 64, this can lead to vulnerabilities. See the warning in "Fetching the value or values of a single named parameter" at /opt/perl-5.21.4/lib/site_perl/5.21.4/CGI.pm line 436, <DATA> line 32.

#   Failed test 'Shell produced no error output for eval_sub'
#   at t/14-command-identity.t line 248.
#          got: 'Redundant argument in sprintf at t/14-command-identity.t line 237, <$server> line 1.
# Redundant argument in sprintf at t/14-command-identity.t line 237, <$server> line 1.
# Redundant argument in sprintf at t/14-command-identity.t line 237, <$server> line 1.
# Redundant argument in sprintf at t/14-command-identity.t line 237, <$server> line 1.
# Redundant argument in sprintf at t/14-command-identity.t line 237, <$server> line 1.
# Redundant argument in sprintf at t/14-command-identity.t line 237, <$server> line 1.
# Redundant argument in sprintf at t/14-command-identity.t line 237, <$server> line 1.
# Redundant argument in sprintf at t/14-command-identity.t line 237, <$server> line 1.
# Redundant argument in sprintf at t/14-command-identity.t line 237, <$server> line 1.
# '
#     expected: undef
CGI::param called in list context from package main line 64, this can lead to vulnerabilities. See the warning in "Fetching the value or values of a single named parameter" at /opt/perl-5.21.4/lib/site_perl/5.21.4/CGI.pm line 436, <DATA> line 32.
CGI::param called in list context from package main line 64, this can lead to vulnerabilities. See the warning in "Fetching the value or values of a single named parameter" at /opt/perl-5.21.4/lib/site_perl/5.21.4/CGI.pm line 436, <DATA> line 32.

#   Failed test 'Shell produced no error output for form_name'
#   at t/14-command-identity.t line 248.
#          got: 'Redundant argument in sprintf at t/14-command-identity.t line 237, <$server> line 1.
# Redundant argument in sprintf at t/14-command-identity.t line 237, <$server> line 1.
# '
#     expected: undef
CGI::param called in list context from package main line 64, this can lead to vulnerabilities. See the warning in "Fetching the value or values of a single named parameter" at /opt/perl-5.21.4/lib/site_perl/5.21.4/CGI.pm line 436, <DATA> line 32.
CGI::param called in list context from package main line 64, this can lead to vulnerabilities. See the warning in "Fetching the value or values of a single named parameter" at /opt/perl-5.21.4/lib/site_perl/5.21.4/CGI.pm line 436, <DATA> line 32.

#   Failed test 'Shell produced no error output for form_num'
#   at t/14-command-identity.t line 248.
#          got: 'Redundant argument in sprintf at t/14-command-identity.t line 237, <$server> line 1.
# Redundant argument in sprintf at t/14-command-identity.t line 237, <$server> line 1.
# '
#     expected: undef
CGI::param called in list context from package main line 64, this can lead to vulnerabilities. See the warning in "Fetching the value or values of a single named parameter" at /opt/perl-5.21.4/lib/site_perl/5.21.4/CGI.pm line 436, <DATA> line 32.
CGI::param called in list context from package main line 64, this can lead to vulnerabilities. See the warning in "Fetching the value or values of a single named parameter" at /opt/perl-5.21.4/lib/site_perl/5.21.4/CGI.pm line 436, <DATA> line 32.

#   Failed test 'Shell produced no error output for formfiller_chars'
#   at t/14-command-identity.t line 248.
#          got: 'Redundant argument in sprintf at t/14-command-identity.t line 237, <$server> line 1.
# Redundant argument in sprintf at t/14-command-identity.t line 237, <$server> line 1.
# Redundant argument in sprintf at t/14-command-identity.t line 237, <$server> line 1.
# Redundant argument in sprintf at t/14-command-identity.t line 237, <$server> line 1.
# Redundant argument in sprintf at t/14-command-identity.t line 237, <$server> line 1.
# Redundant argument in sprintf at t/14-command-identity.t line 237, <$server> line 1.
# '
#     expected: undef
CGI::param called in list context from package main line 64, this can lead to vulnerabilities. See the warning in "Fetching the value or values of a single named parameter" at /opt/perl-5.21.4/lib/site_perl/5.21.4/CGI.pm line 436, <DATA> line 32.
CGI::param called in list context from package main line 64, this can lead to vulnerabilities. See the warning in "Fetching the value or values of a single named parameter" at /opt/perl-5.21.4/lib/site_perl/5.21.4/CGI.pm line 436, <DATA> line 32.

#   Failed test 'Shell produced no error output for formfiller_date'
#   at t/14-command-identity.t line 248.
#          got: 'Redundant argument in sprintf at t/14-command-identity.t line 237, <$server> line 1.
# Redundant argument in sprintf at t/14-command-identity.t line 237, <$server> line 1.
# Redundant argument in sprintf at t/14-command-identity.t line 237, <$server> line 1.
# Redundant argument in sprintf at t/14-command-identity.t line 237, <$server> line 1.
# Redundant argument in sprintf at t/14-command-identity.t line 237, <$server> line 1.
# Redundant argument in sprintf at t/14-command-identity.t line 237, <$server> line 1.
# '
#     expected: undef
CGI::param called in list context from package main line 64, this can lead to vulnerabilities. See the warning in "Fetching the value or values of a single named parameter" at /opt/perl-5.21.4/lib/site_perl/5.21.4/CGI.pm line 436, <DATA> line 32.
CGI::param called in list context from package main line 64, this can lead to vulnerabilities. See the warning in "Fetching the value or values of a single named parameter" at /opt/perl-5.21.4/lib/site_perl/5.21.4/CGI.pm line 436, <DATA> line 32.

#   Failed test 'Shell produced no error output for formfiller_default'
#   at t/14-command-identity.t line 248.
#          got: 'Redundant argument in sprintf at t/14-command-identity.t line 237, <$server> line 1.
# Redundant argument in sprintf at t/14-command-identity.t line 237, <$server> line 1.
# Redundant argument in sprintf at t/14-command-identity.t line 237, <$server> line 1.
# Redundant argument in sprintf at t/14-command-identity.t line 237, <$server> line 1.
# Redundant argument in sprintf at t/14-command-identity.t line 237, <$server> line 1.
# '
#     expected: undef
CGI::param called in list context from package main line 64, this can lead to vulnerabilities. See the warning in "Fetching the value or values of a single named parameter" at /opt/perl-5.21.4/lib/site_perl/5.21.4/CGI.pm line 436, <DATA> line 32.
CGI::param called in list context from package main line 64, this can lead to vulnerabilities. See the warning in "Fetching the value or values of a single named parameter" at /opt/perl-5.21.4/lib/site_perl/5.21.4/CGI.pm line 436, <DATA> line 32.

#   Failed test 'Shell produced no error output for formfiller_fixed'
#   at t/14-command-identity.t line 248.
#          got: 'Redundant argument in sprintf at t/14-command-identity.t line 237, <$server> line 1.
# Redundant argument in sprintf at t/14-command-identity.t line 237, <$server> line 1.
# Redundant argument in sprintf at t/14-command-identity.t line 237, <$server> line 1.
# Redundant argument in sprintf at t/14-command-identity.t line 237, <$server> line 1.
# Redundant argument in sprintf at t/14-command-identity.t line 237, <$server> line 1.
# '
#     expected: undef
CGI::param called in list context from package main line 64, this can lead to vulnerabilities. See the warning in "Fetching the value or values of a single named parameter" at /opt/perl-5.21.4/lib/site_perl/5.21.4/CGI.pm line 436, <DATA> line 32.
CGI::param called in list context from package main line 64, this can lead to vulnerabilities. See the warning in "Fetching the value or values of a single named parameter" at /opt/perl-5.21.4/lib/site_perl/5.21.4/CGI.pm line 436, <DATA> line 32.

#   Failed test 'Shell produced no error output for formfiller_keep'
#   at t/14-command-identity.t line 248.
#          got: 'Redundant argument in sprintf at t/14-command-identity.t line 237, <$server> line 1.
# Redundant argument in sprintf at t/14-command-identity.t line 237, <$server> line 1.
# Redundant argument in sprintf at t/14-command-identity.t line 237, <$server> line 1.
# Redundant argument in sprintf at t/14-command-identity.t line 237, <$server> line 1.
# Redundant argument in sprintf at t/14-command-identity.t line 237, <$server> line 1.
# '
#     expected: undef
CGI::param called in list context from package main line 64, this can lead to vulnerabilities. See the warning in "Fetching the value or values of a single named parameter" at /opt/perl-5.21.4/lib/site_perl/5.21.4/CGI.pm line 436, <DATA> line 32.
CGI::param called in list context from package main line 64, this can lead to vulnerabilities. See the warning in "Fetching the value or values of a single named parameter" at /opt/perl-5.21.4/lib/site_perl/5.21.4/CGI.pm line 436, <DATA> line 32.

#   Failed test 'Shell produced no error output for formfiller_random'
#   at t/14-command-identity.t line 248.
#          got: 'Redundant argument in sprintf at t/14-command-identity.t line 237, <$server> line 1.
# Redundant argument in sprintf at t/14-command-identity.t line 237, <$server> line 1.
# Redundant argument in sprintf at t/14-command-identity.t line 237, <$server> line 1.
# Redundant argument in sprintf at t/14-command-identity.t line 237, <$server> line 1.
# Redundant argument in sprintf at t/14-command-identity.t line 237, <$server> line 1.
# '
#     expected: undef
CGI::param called in list context from package main line 64, this can lead to vulnerabilities. See the warning in "Fetching the value or values of a single named parameter" at /opt/perl-5.21.4/lib/site_perl/5.21.4/CGI.pm line 436, <DATA> line 32.
CGI::param called in list context from package main line 64, this can lead to vulnerabilities. See the warning in "Fetching the value or values of a single named parameter" at /opt/perl-5.21.4/lib/site_perl/5.21.4/CGI.pm line 436, <DATA> line 32.

#   Failed test 'Shell produced no error output for formfiller_re'
#   at t/14-command-identity.t line 248.
#          got: 'Redundant argument in sprintf at t/14-command-identity.t line 237, <$server> line 1.
# Redundant argument in sprintf at t/14-command-identity.t line 237, <$server> line 1.
# Redundant argument in sprintf at t/14-command-identity.t line 237, <$server> line 1.
# Redundant argument in sprintf at t/14-command-identity.t line 237, <$server> line 1.
# Redundant argument in sprintf at t/14-command-identity.t line 237, <$server> line 1.
# Redundant argument in sprintf at t/14-command-identity.t line 237, <$server> line 1.
# '
#     expected: undef
CGI::param called in list context from package main line 64, this can lead to vulnerabilities. See the warning in "Fetching the value or values of a single named parameter" at /opt/perl-5.21.4/lib/site_perl/5.21.4/CGI.pm line 436, <DATA> line 32.
CGI::param called in list context from package main line 64, this can lead to vulnerabilities. See the warning in "Fetching the value or values of a single named parameter" at /opt/perl-5.21.4/lib/site_perl/5.21.4/CGI.pm line 436, <DATA> line 32.

#   Failed test 'Shell produced no error output for formfiller_word'
#   at t/14-command-identity.t line 248.
#          got: 'Redundant argument in sprintf at t/14-command-identity.t line 237, <$server> line 1.
# Redundant argument in sprintf at t/14-command-identity.t line 237, <$server> line 1.
# Redundant argument in sprintf at t/14-command-identity.t line 237, <$server> line 1.
# Redundant argument in sprintf at t/14-command-identity.t line 237, <$server> line 1.
# Redundant argument in sprintf at t/14-command-identity.t line 237.
# Redundant argument in sprintf at t/14-command-identity.t line 237.
# '
#     expected: undef
CGI::param called in list context from package main line 64, this can lead to vulnerabilities. See the warning in "Fetching the value or values of a single named parameter" at /opt/perl-5.21.4/lib/site_perl/5.21.4/CGI.pm line 436, <DATA> line 32.

#   Failed test 'Shell produced no error output for get_content'
#   at t/14-command-identity.t line 248.
#          got: 'Redundant argument in sprintf at t/14-command-identity.t line 237.
# '
#     expected: undef

#   Failed test 'Shell produced no error output for get_save'
#   at t/14-command-identity.t line 248.
#          got: 'Redundant argument in sprintf at t/14-command-identity.t line 237.
# '
#     expected: undef

#   Failed test 'Shell produced no error output for get_table'
#   at t/14-command-identity.t line 248.
#          got: 'Redundant argument in sprintf at t/14-command-identity.t line 237.
# '
#     expected: undef

#   Failed test 'Shell produced no error output for get_table_params'
#   at t/14-command-identity.t line 248.
#          got: 'Redundant argument in sprintf at t/14-command-identity.t line 237.
# '
#     expected: undef
CGI::param called in list context from package main line 64, this can lead to vulnerabilities. See the warning in "Fetching the value or values of a single named parameter" at /opt/perl-5.21.4/lib/site_perl/5.21.4/CGI.pm line 436, <DATA> line 32.

#   Failed test 'Shell produced no error output for get_value2_submit'
#   at t/14-command-identity.t line 248.
#          got: 'Redundant argument in sprintf at t/14-command-identity.t line 237.
# Redundant argument in sprintf at t/14-command-identity.t line 237.
# Redundant argument in sprintf at t/14-command-identity.t line 237.
# '
#     expected: undef
CGI::param called in list context from package main line 64, this can lead to vulnerabilities. See the warning in "Fetching the value or values of a single named parameter" at /opt/perl-5.21.4/lib/site_perl/5.21.4/CGI.pm line 436, <DATA> line 32.
CGI::param called in list context from package main line 64, this can lead to vulnerabilities. See the warning in "Fetching the value or values of a single named parameter" at /opt/perl-5.21.4/lib/site_perl/5.21.4/CGI.pm line 436, <DATA> line 32.

#   Failed test 'Shell produced no error output for get_value_click'
#   at t/14-command-identity.t line 248.
#          got: 'Redundant argument in sprintf at t/14-command-identity.t line 237.
# Redundant argument in sprintf at t/14-command-identity.t line 237.
# '
#     expected: undef
CGI::param called in list context from package main line 64, this can lead to vulnerabilities. See the warning in "Fetching the value or values of a single named parameter" at /opt/perl-5.21.4/lib/site_perl/5.21.4/CGI.pm line 436, <DATA> line 32.
CGI::param called in list context from package main line 64, this can lead to vulnerabilities. See the warning in "Fetching the value or values of a single named parameter" at /opt/perl-5.21.4/lib/site_perl/5.21.4/CGI.pm line 436, <DATA> line 32.

#   Failed test 'Shell produced no error output for get_value_submit'
#   at t/14-command-identity.t line 248.
#          got: 'Redundant argument in sprintf at t/14-command-identity.t line 237.
# Redundant argument in sprintf at t/14-command-identity.t line 237.
# '
#     expected: undef
CGI::param called in list context from package main line 64, this can lead to vulnerabilities. See the warning in "Fetching the value or values of a single named parameter" at /opt/perl-5.21.4/lib/site_perl/5.21.4/CGI.pm line 436, <DATA> line 32.
CGI::param called in list context from package main line 64, this can lead to vulnerabilities. See the warning in "Fetching the value or values of a single named parameter" at /opt/perl-5.21.4/lib/site_perl/5.21.4/CGI.pm line 436, <DATA> line 32.

#   Failed test 'Shell produced no error output for interactive_script_creation'
#   at t/14-command-identity.t line 248.
#          got: 'Redundant argument in sprintf at t/14-command-identity.t line 237.
# Redundant argument in sprintf at t/14-command-identity.t line 237.
# Redundant argument in sprintf at t/14-command-identity.t line 237.
# Redundant argument in sprintf at t/14-command-identity.t line 237.
# Redundant argument in sprintf at t/14-command-identity.t line 237.
# Redundant argument in sprintf at t/14-command-identity.t line 237.
# '
#     expected: undef
CGI::param called in list context from package main line 64, this can lead to vulnerabilities. See the warning in "Fetching the value or values of a single named parameter" at /opt/perl-5.21.4/lib/site_perl/5.21.4/CGI.pm line 436, <DATA> line 32.

#   Failed test 'Shell produced no error output for open_parm'
#   at t/14-command-identity.t line 248.
#          got: 'Redundant argument in sprintf at t/14-command-identity.t line 237.
# Redundant argument in sprintf at t/14-command-identity.t line 237.
# '
#     expected: undef

#   Failed test 'Shell produced no error output for open_re'
#   at t/14-command-identity.t line 248.
#          got: 'Redundant argument in sprintf at t/14-command-identity.t line 237.
# Redundant argument in sprintf at t/14-command-identity.t line 237.
# '
#     expected: undef

#   Failed test 'Shell produced no error output for open_re2'
#   at t/14-command-identity.t line 248.
#          got: 'Redundant argument in sprintf at t/14-command-identity.t line 237.
# Redundant argument in sprintf at t/14-command-identity.t line 237.
# '
#     expected: undef

#   Failed test 'Shell produced no error output for open_re3'
#   at t/14-command-identity.t line 248.
#          got: 'Redundant argument in sprintf at t/14-command-identity.t line 237.
# Redundant argument in sprintf at t/14-command-identity.t line 237.
# '
#     expected: undef

#   Failed test 'Shell produced no error output for open_re4'
#   at t/14-command-identity.t line 248.
#          got: 'Redundant argument in sprintf at t/14-command-identity.t line 237.
# Redundant argument in sprintf at t/14-command-identity.t line 237.
# '
#     expected: undef

#   Failed test 'Shell produced no error output for open_re5'
#   at t/14-command-identity.t line 248.
#          got: 'Redundant argument in sprintf at t/14-command-identity.t line 237.
# Redundant argument in sprintf at t/14-command-identity.t line 237.
# '
#     expected: undef

#   Failed test 'Shell produced no error output for open_re6'
#   at t/14-command-identity.t line 248.
#          got: 'Redundant argument in sprintf at t/14-command-identity.t line 237.
# Redundant argument in sprintf at t/14-command-identity.t line 237.
# '
#     expected: undef

#   Failed test 'Shell produced no error output for open_re7'
#   at t/14-command-identity.t line 248.
#          got: 'Redundant argument in sprintf at t/14-command-identity.t line 237.
# Redundant argument in sprintf at t/14-command-identity.t line 237.
# '
#     expected: undef

#   Failed test 'Shell produced no error output for reload'
#   at t/14-command-identity.t line 248.
#          got: 'Redundant argument in sprintf at t/14-command-identity.t line 237.
# Redundant argument in sprintf at t/14-command-identity.t line 237.
# '
#     expected: undef

#   Failed test 'Shell produced no error output for reload_2'
#   at t/14-command-identity.t line 248.
#          got: 'Redundant argument in sprintf at t/14-command-identity.t line 237.
# Redundant argument in sprintf at t/14-command-identity.t line 237.
# Redundant argument in sprintf at t/14-command-identity.t line 237.
# '
#     expected: undef
CGI::param called in list context from package main line 64, this can lead to vulnerabilities. See the warning in "Fetching the value or values of a single named parameter" at /opt/perl-5.21.4/lib/site_perl/5.21.4/CGI.pm line 436, <DATA> line 32.

#   Failed test 'Shell produced no error output for tick'
#   at t/14-command-identity.t line 248.
#          got: 'Redundant argument in sprintf at t/14-command-identity.t line 237.
# Redundant argument in sprintf at t/14-command-identity.t line 237.
# Redundant argument in sprintf at t/14-command-identity.t line 237.
# '
#     expected: undef
CGI::param called in list context from package main line 64, this can lead to vulnerabilities. See the warning in "Fetching the value or values of a single named parameter" at /opt/perl-5.21.4/lib/site_perl/5.21.4/CGI.pm line 436, <DATA> line 32.
CGI::param called in list context from package main line 64, this can lead to vulnerabilities. See the warning in "Fetching the value or values of a single named parameter" at /opt/perl-5.21.4/lib/site_perl/5.21.4/CGI.pm line 436, <DATA> line 32.

#   Failed test 'Shell produced no error output for tick_all'
#   at t/14-command-identity.t line 248.
#          got: 'Redundant argument in sprintf at t/14-command-identity.t line 237.
# Redundant argument in sprintf at t/14-command-identity.t line 237.
# Redundant argument in sprintf at t/14-command-identity.t line 237.
# '
#     expected: undef
CGI::param called in list context from package main line 64, this can lead to vulnerabilities. See the warning in "Fetching the value or values of a single named parameter" at /opt/perl-5.21.4/lib/site_perl/5.21.4/CGI.pm line 436, <DATA> line 32.

#   Failed test 'Shell produced no error output for timeout'
#   at t/14-command-identity.t line 248.
#          got: 'Redundant argument in sprintf at t/14-command-identity.t line 237.
# Redundant argument in sprintf at t/14-command-identity.t line 237.
# '
#     expected: undef

#   Failed test 'Shell produced no error output for ua_get'
#   at t/14-command-identity.t line 248.
#          got: 'Redundant argument in sprintf at t/14-command-identity.t line 237.
# '
#     expected: undef

#   Failed test 'Shell produced no error output for ua_get_content'
#   at t/14-command-identity.t line 248.
#          got: 'Redundant argument in sprintf at t/14-command-identity.t line 237.
# Redundant argument in sprintf at t/14-command-identity.t line 237.
# '
#     expected: undef
CGI::param called in list context from package main line 64, this can lead to vulnerabilities. See the warning in "Fetching the value or values of a single named parameter" at /opt/perl-5.21.4/lib/site_perl/5.21.4/CGI.pm line 436, <DATA> line 32.

#   Failed test 'Shell produced no error output for untick'
#   at t/14-command-identity.t line 248.
#          got: 'Redundant argument in sprintf at t/14-command-identity.t line 237.
# Redundant argument in sprintf at t/14-command-identity.t line 237.
# Redundant argument in sprintf at t/14-command-identity.t line 237.
# '
#     expected: undef
CGI::param called in list context from package main line 64, this can lead to vulnerabilities. See the warning in "Fetching the value or values of a single named parameter" at /opt/perl-5.21.4/lib/site_perl/5.21.4/CGI.pm line 436, <DATA> line 32.

#   Failed test 'Shell produced no error output for untick_all'
#   at t/14-command-identity.t line 248.
#          got: 'Redundant argument in sprintf at t/14-command-identity.t line 237.
# Redundant argument in sprintf at t/14-command-identity.t line 237.
# Redundant argument in sprintf at t/14-command-identity.t line 237.
# '
#     expected: undef
# Looks like you failed 44 tests of 369.
t/14-command-identity.t ............ 
Dubious, test returned 44 (wstat 11264, 0x2c00)
Failed 44/369 subtests 
t/15-history-save.t ................ ok

#   Failed test 'Shell produced no error output for interactive_script_creation'
#   at t/16-form-fillout.t line 88.
#          got: 'Redundant argument in sprintf at t/16-form-fillout.t line 81, <$server> line 1.
# Redundant argument in sprintf at t/16-form-fillout.t line 81, <$server> line 1.
# Redundant argument in sprintf at t/16-form-fillout.t line 81, <$server> line 1.
# Redundant argument in sprintf at t/16-form-fillout.t line 81, <$server> line 1.
# Redundant argument in sprintf at t/16-form-fillout.t line 81, <$server> line 1.
# '
#     expected: undef
# Looks like you failed 1 test of 7.
t/16-form-fillout.t ................ 
Dubious, test returned 1 (wstat 256, 0x100)
Failed 1/7 subtests 
t/17-eval-multiline.t .............. ok
Redundant argument in sprintf at t/18-browser-autosync.t line 58, <$server> line 1.
CGI::param called in list context from package main line 64, this can lead to vulnerabilities. See the warning in "Fetching the value or values of a single named parameter" at /opt/perl-5.21.4/lib/site_perl/5.21.4/CGI.pm line 436, <DATA> line 32.
Redundant argument in sprintf at t/18-browser-autosync.t line 58, <$server> line 1.
Redundant argument in sprintf at t/18-browser-autosync.t line 58, <$server> line 1.
Redundant argument in sprintf at t/18-browser-autosync.t line 58, <$server> line 1.
CGI::param called in list context from package main line 64, this can lead to vulnerabilities. See the warning in "Fetching the value or values of a single named parameter" at /opt/perl-5.21.4/lib/site_perl/5.21.4/CGI.pm line 436, <DATA> line 32.
Redundant argument in sprintf at t/18-browser-autosync.t line 58, <$server> line 1.
Redundant argument in sprintf at t/18-browser-autosync.t line 58, <$server> line 1.
Redundant argument in sprintf at t/18-browser-autosync.t line 58, <$server> line 1.
CGI::param called in list context from package main line 64, this can lead to vulnerabilities. See the warning in "Fetching the value or values of a single named parameter" at /opt/perl-5.21.4/lib/site_perl/5.21.4/CGI.pm line 436, <DATA> line 32.
t/18-browser-autosync.t ............ ok
t/19-value-multi.t ................. ok
t/20-restart-without-script.t ...... ok
t/21-autofill-re.t ................. ok
t/22-complete-command.t ............ ok
t/23-check-dumpresponses.t ......... ok
t/24-source-file.t ................. ok
t/25-save-file-nolink.t ............ ok
t/26-form-no-form.t ................ ok
t/27-form_number.t ................. ok
t/28-cmd-headers.t ................. ok
t/28-cmd-title.t ................... ok
t/28-html-tableextract.t ........... ok
t/29-launch-shell.t ................ ok
t/98-bin.t ......................... ok
# Checking for version 0.53
t/99-changes.t ..................... ok
t/99-manifest.t .................... ok
t/99-pod.t ......................... ok
t/99-todo.t ........................ ok
t/99-unix-text.t ................... ok
# Checking for $VERSION = '0.53';
t/99-versions.t .................... ok

Test Summary Report
-------------------
t/14-command-identity.t          (Wstat: 11264 Tests: 369 Failed: 44)
  Failed tests:  4, 12, 20, 28, 36, 44, 52, 60, 68, 76, 84
                92, 100, 108, 116, 124, 132, 140, 148, 164
                180, 188, 196, 204, 212, 220, 228, 236
                244, 252, 260, 268, 276, 284, 292, 300
                308, 316, 324, 332, 340, 348, 356, 364
  Non-zero exit status: 44
t/16-form-fillout.t              (Wstat: 256 Tests: 7 Failed: 1)
  Failed test:  3
  Non-zero exit status: 1
Files=40, Tests=799, 24 wallclock secs ( 0.16 usr  0.21 sys + 15.42 cusr  5.91 csys = 21.70 CPU)
Result: FAIL
Failed 2/40 test programs. 45/799 subtests failed.
make: *** [test_dynamic] Error 255

------------------------------
PREREQUISITES
------------------------------

Prerequisite modules loaded:

requires:

    Module                     Need Have 
    -------------------------- ---- -----
    Hook::LexWrap              0.2  0.25 
    HTML::Display              0    0.40 
    HTML::TokeParser::Simple   2    3.16 
    LWP                        5.69 6.08 
    parent                     0    0.228
    Term::Shell                0.02 0.06 
    Test::Harness              2.3  3.33 
    URI::URL                   0    5.04 
    WWW::Mechanize             1.2  1.73 
    WWW::Mechanize::FormFiller 0.05 0.11 

build_requires:

    Module                     Need Have 
    -------------------------- ---- -----
    ExtUtils::MakeMaker        0    7.00 

configure_requires:

    Module                     Need Have 
    -------------------------- ---- -----
    ExtUtils::MakeMaker        0    7.00 


------------------------------
ENVIRONMENT AND OTHER CONTEXT
------------------------------

Environment variables:

    DBIC_NO_WARN_BAD_PERL = 1
    LANG = C
    PATH = /usr/local/bin:/usr/bin:/bin:/usr/local/sbin:/usr/sbin:/sbin:/home/eserte/bin/linux-gnu:/home/eserte/bin/sh:/home/eserte/bin:/usr/games:/home/eserte/devel:/home/eserte/src/srezic-misc/scripts
    PERL5LIB = /home/eserte/.cpan/build/HTML-Display-0.40-Ok8Lk6/blib/arch:/home/eserte/.cpan/build/HTML-Display-0.40-Ok8Lk6/blib/lib:/home/eserte/.cpan/build/WWW-Mechanize-FormFiller-0.11-bX4b2Y/blib/arch:/home/eserte/.cpan/build/WWW-Mechanize-FormFiller-0.11-bX4b2Y/blib/lib
    PERL5OPT = 
    PERL5_CPANPLUS_IS_RUNNING = 19411
    PERL5_CPAN_IS_RUNNING = 19411
    PERL5_CPAN_IS_RUNNING_IN_RECURSION = 12183,19411
    PERLDOC = -MPod::Perldoc::ToTextOverstrike
    PERL_BATCH = yes
    PERL_CPAN_REPORTER_CONFIG = /var/tmp/cpansmoker-1001/cpanreporter_020_config.ini
    PERL_EXTUTILS_AUTOINSTALL = --defaultdeps
    PERL_HTML_DISPLAY_CLASS = HTML::Display::Mozilla
    SHELL = /bin/zsh
    TERM = screen
    TMPDIR = /var/tmp/cpansmoker-1001

Perl special variables (and OS-specific diagnostics, for MSWin32):

    $^X = /bbbike/perl-5.21.4/bin/perl5.21.4
    $UID/$EUID = 1001 / 1001
    $GID = 1001 109 1001
    $EGID = 1001 109 1001

Perl module toolchain versions installed:

    Module              Have    
    ------------------- --------
    CPAN                2.05    
    CPAN::Meta          2.142690
    Cwd                 3.50    
    ExtUtils::CBuilder  0.280219
    ExtUtils::Command   1.18    
    ExtUtils::Install   2.04    
    ExtUtils::MakeMaker 7.00    
    ExtUtils::Manifest  1.68    
    ExtUtils::ParseXS   3.25    
    File::Spec          3.50    
    JSON                2.90    
    JSON::PP            2.27203 
    Module::Build       0.4210  
    Module::Signature   0.73    
    Parse::CPAN::Meta   1.4414  
    Test::Harness       3.33    
    Test::More          1.001008
    YAML                1.12    
    YAML::Syck          1.27    
    version             0.9909  


--

Summary of my perl5 (revision 5 version 21 subversion 4) configuration:
   
  Platform:
    osname=linux, osvers=3.2.0-4-amd64, archname=x86_64-linux
    uname='linux eserte 3.2.0-4-amd64 #1 smp debian 3.2.60-1+deb7u3 x86_64 gnulinux '
    config_args='-ds -e -Dprefix=/opt/perl-5.21.4 -Dusedevel -Dusemallocwrap=no'
    hint=recommended, useposix=true, d_sigaction=define
    useithreads=undef, usemultiplicity=undef
    use64bitint=define, use64bitall=define, uselongdouble=undef
    usemymalloc=n, bincompat5005=undef
  Compiler:
    cc='cc', ccflags ='-fwrapv -fno-strict-aliasing -pipe -fstack-protector -I/usr/local/include -D_LARGEFILE_SOURCE -D_FILE_OFFSET_BITS=64 -D_FORTIFY_SOURCE=2',
    optimize='-O2',
    cppflags='-fwrapv -fno-strict-aliasing -pipe -fstack-protector -I/usr/local/include'
    ccversion='', gccversion='4.7.2', gccosandvers=''
    intsize=4, longsize=8, ptrsize=8, doublesize=8, byteorder=12345678
    d_longlong=define, longlongsize=8, d_longdbl=define, longdblsize=16, longdblkind=3
    ivtype='long', ivsize=8, nvtype='double', nvsize=8, Off_t='off_t', lseeksize=8
    alignbytes=8, prototype=define
  Linker and Libraries:
    ld='cc', ldflags =' -fstack-protector -L/usr/local/lib'
    libpth=/usr/local/lib /usr/lib/gcc/x86_64-linux-gnu/4.7/include-fixed /usr/include/x86_64-linux-gnu /usr/lib /lib/x86_64-linux-gnu /lib/../lib /usr/lib/x86_64-linux-gnu /usr/lib/../lib /lib
    libs=-lnsl -ldb -ldl -lm -lcrypt -lutil -lc
    perllibs=-lnsl -ldl -lm -lcrypt -lutil -lc
    libc=libc-2.13.so, so=so, useshrplib=false, libperl=libperl.a
    gnulibc_version='2.13'
  Dynamic Linking:
    dlsrc=dl_dlopen.xs, dlext=so, d_dlsymun=undef, ccdlflags='-Wl,-E'
    cccdlflags='-fPIC', lddlflags='-shared -O2 -L/usr/local/lib -fstack-protector'


Characteristics of this binary (from libperl): 
  Compile-time options: HAS_TIMES PERLIO_LAYERS PERL_DONT_CREATE_GVSV
                        PERL_HASH_FUNC_ONE_AT_A_TIME_HARD
                        PERL_NEW_COPY_ON_WRITE PERL_PRESERVE_IVUV
                        PERL_USE_DEVEL USE_64_BIT_ALL USE_64_BIT_INT
                        USE_LARGE_FILES USE_LOCALE USE_LOCALE_COLLATE
                        USE_LOCALE_CTYPE USE_LOCALE_NUMERIC USE_LOCALE_TIME
                        USE_PERLIO USE_PERL_ATOF
  Built under linux
  Compiled at Sep 20 2014 15:52:08
  %ENV:
    PERL5LIB="/home/eserte/.cpan/build/HTML-Display-0.40-Ok8Lk6/blib/arch:/home/eserte/.cpan/build/HTML-Display-0.40-Ok8Lk6/blib/lib:/home/eserte/.cpan/build/WWW-Mechanize-FormFiller-0.11-bX4b2Y/blib/arch:/home/eserte/.cpan/build/WWW-Mechanize-FormFiller-0.11-bX4b2Y/blib/lib"
    PERL5OPT=""
    PERL5_CPANPLUS_IS_RUNNING="19411"
    PERL5_CPAN_IS_RUNNING="19411"
    PERL5_CPAN_IS_RUNNING_IN_RECURSION="12183,19411"
    PERLDOC="-MPod::Perldoc::ToTextOverstrike"
    PERL_BATCH="yes"
    PERL_CPAN_REPORTER_CONFIG="/var/tmp/cpansmoker-1001/cpanreporter_020_config.ini"
    PERL_EXTUTILS_AUTOINSTALL="--defaultdeps"
    PERL_HTML_DISPLAY_CLASS="HTML::Display::Mozilla"
  @INC:
    /home/eserte/.cpan/build/HTML-Display-0.40-Ok8Lk6/blib/arch
    /home/eserte/.cpan/build/HTML-Display-0.40-Ok8Lk6/blib/lib
    /home/eserte/.cpan/build/WWW-Mechanize-FormFiller-0.11-bX4b2Y/blib/arch
    /home/eserte/.cpan/build/WWW-Mechanize-FormFiller-0.11-bX4b2Y/blib/lib
    /opt/perl-5.21.4/lib/site_perl/5.21.4/x86_64-linux
    /opt/perl-5.21.4/lib/site_perl/5.21.4
    /opt/perl-5.21.4/lib/5.21.4/x86_64-linux
    /opt/perl-5.21.4/lib/5.21.4
    .