XML-Validate v1.025 Perl 5 v5.14.4 x86_64-linux-ld
- Status
- Fail
- From
- Andreas J. König (ANDK)
- Dist
-
XML-Validate v1.025
- Platform
- Perl 5 v5.14.4 x86_64-linux-ld
- Date
- 2017-09-08 18:02:22
- ID
- dd0487c2-94bf-11e7-9538-7dbd7ec6e50c
This distribution has been tested as part of the CPAN Testers
project, supporting the Perl programming language. See
http://wiki.cpantesters.org/ for more information or email
questions to cpan-testers-discuss@perl.org
--
Dear BBC (British Broadcasting Corporation),
This is a computer-generated report for XML-Validate-1.025
on perl 5.14.4, created by CPAN-Reporter-1.2018.
Thank you for uploading your work to CPAN. However, there was a problem
testing your distribution.
If you think this report is invalid, please consult the CPAN Testers Wiki
for suggestions on how to avoid getting FAIL reports for missing library
or binary dependencies, unsupported operating systems, and so on:
http://wiki.cpantesters.org/wiki/CPANAuthorNotes
Sections of this report:
* Tester comments
* Program output
* Prerequisites
* Environment and other context
------------------------------
TESTER COMMENTS
------------------------------
Additional comments from tester:
this report is from an automated smoke testing program
and was not reviewed by a human for accuracy
------------------------------
PROGRAM OUTPUT
------------------------------
Output from '/usr/bin/make test':
PERL_DL_NONLAZY=1 "/home/sand/src/perl/repoperls/installed-perls/host/k93msid/v5.14.4/0a29/bin/perl" "-MExtUtils::Command::MM" "-MTest::Harness" "-e" "undef *Test::Harness::Switches; test_harness(0, 'blib/lib', 'blib/arch')" t/*.t
t/LibXML.t ........ ok
t/MSXML.t ......... ok
t/pod.t ........... ok
# Failed test 'Pod coverage on XML::Validate::MSXML'
# at /home/sand/src/perl/repoperls/installed-perls/host/k93msid/v5.14.4/0a29/lib/site_perl/5.14.4/Test/Pod/Coverage.pm line 133.
# XML::Validate::MSXML: requiring 'XML::Validate::MSXML' failed
# Failed test 'Pod coverage on XML::Validate::Xerces'
# at /home/sand/src/perl/repoperls/installed-perls/host/k93msid/v5.14.4/0a29/lib/site_perl/5.14.4/Test/Pod/Coverage.pm line 133.
# XML::Validate::Xerces: requiring 'XML::Validate::Xerces' failed
# Looks like you failed 2 tests of 5.
t/pod_coverage.t ..
Dubious, test returned 2 (wstat 512, 0x200)
Failed 2/5 subtests
t/Validate.t ...... ok
t/Xerces.t ........ ok
Test Summary Report
-------------------
t/pod_coverage.t (Wstat: 512 Tests: 5 Failed: 2)
Failed tests: 2-3
Non-zero exit status: 2
Files=6, Tests=96, 2 wallclock secs ( 0.03 usr 0.04 sys + 0.39 cusr 0.10 csys = 0.56 CPU)
Result: FAIL
Failed 1/6 test programs. 2/96 subtests failed.
Makefile:880: recipe for target 'test_dynamic' failed
make: *** [test_dynamic] Error 255
------------------------------
PREREQUISITES
------------------------------
Prerequisite modules loaded:
requires:
Module Need Have
------------------- ---- --------
Log::Trace 0 1.070
Test::Assertions 0 1.054
Test::More 0 1.302095
build_requires:
Module Need Have
------------------- ---- --------
ExtUtils::MakeMaker 0 7.30
------------------------------
ENVIRONMENT AND OTHER CONTEXT
------------------------------
Environment variables:
AUTOMATED_TESTING = 1
LANG = en_US.UTF-8
PATH = /home/sand/bin:/usr/local/bin:/usr/bin:/bin:/usr/games:/usr/local/perl/bin:/usr/X11/bin:/sbin:/usr/sbin
PERL5LIB = /tmp/loop_over_bdir-5800-qrMNtY/Test-Assertions-1.054-0/blib/arch:/tmp/loop_over_bdir-5800-qrMNtY/Test-Assertions-1.054-0/blib/lib:/tmp/loop_over_bdir-5800-qrMNtY/Log-Trace-1.070-0/blib/arch:/tmp/loop_over_bdir-5800-qrMNtY/Log-Trace-1.070-0/blib/lib
PERL5OPT =
PERL5_CPANPLUS_IS_RUNNING = 5806
PERL5_CPAN_IS_RUNNING = 5806
PERL5_CPAN_IS_RUNNING_IN_RECURSION = 25912,5806
PERL_CANARY_STABILITY_NOPROMPT = 1
PERL_MM_USE_DEFAULT = 1
PERL_USE_UNSAFE_INC = 1
SHELL = /usr/bin/zsh
TERM = screen
Perl special variables (and OS-specific diagnostics, for MSWin32):
$^X = /home/sand/src/perl/repoperls/installed-perls/host/k93msid/v5.14.4/0a29/bin/perl
$UID/$EUID = 1005 / 1005
$GID = 1005 1005
$EGID = 1005 1005
Perl module toolchain versions installed:
Module Have
------------------- --------
CPAN 2.18
CPAN::Meta 2.150010
Cwd 3.62
ExtUtils::CBuilder 0.280226
ExtUtils::Command 7.30
ExtUtils::Install 2.06
ExtUtils::MakeMaker 7.30
ExtUtils::Manifest 1.70
ExtUtils::ParseXS 3.35
File::Spec 3.62
JSON 2.94
JSON::PP 2.94
Module::Build 0.4224
Module::Signature 0.81
Parse::CPAN::Meta 2.150010
Test::Harness 3.39
Test::More 1.302095
YAML 1.23
YAML::Syck 1.30
version 0.9918
--
Summary of my perl5 (revision 5 version 14 subversion 4) configuration:
Derived from: 26c5c13a4ece9084f310610bb17fb2f24c72a73e
Platform:
osname=linux, osvers=4.9.0-2-amd64, archname=x86_64-linux-ld
uname='linux k93msid 4.9.0-2-amd64 #1 smp debian 4.9.18-1 (2017-03-30) x86_64 gnulinux '
config_args='-Dprefix=/home/sand/src/perl/repoperls/installed-perls/host/k93msid/v5.14.4/0a29 -Dmyhostname=k93msid -Dinstallusrbinperl=n -Uversiononly -Dusedevel -des -Ui_db -Dlibswanted=cl pthread socket inet nsl gdbm dbm malloc dl ld sun m crypt sec util c cposix posix ucb BSD gdbm_compat -Uuseithreads -Duselongdouble -DDEBUGGING=both'
hint=recommended, useposix=true, d_sigaction=define
useithreads=undef, usemultiplicity=undef
useperlio=define, d_sfio=undef, uselargefiles=define, usesocks=undef
use64bitint=define, use64bitall=define, uselongdouble=define
usemymalloc=n, bincompat5005=undef
Compiler:
cc='cc', ccflags ='-DDEBUGGING -fno-strict-aliasing -pipe -fstack-protector -I/usr/local/include -D_LARGEFILE_SOURCE -D_FILE_OFFSET_BITS=64',
optimize='-O2 -g',
cppflags='-DDEBUGGING -fno-strict-aliasing -pipe -fstack-protector -I/usr/local/include'
ccversion='', gccversion='6.3.0 20170406', gccosandvers=''
intsize=4, longsize=8, ptrsize=8, doublesize=8, byteorder=12345678
d_longlong=define, longlongsize=8, d_longdbl=define, longdblsize=16
ivtype='long', ivsize=8, nvtype='long double', nvsize=16, Off_t='off_t', lseeksize=8
alignbytes=16, prototype=define
Linker and Libraries:
ld='cc', ldflags =' -fstack-protector -L/usr/local/lib'
libpth=/usr/local/lib /lib/x86_64-linux-gnu /lib/../lib /usr/lib/x86_64-linux-gnu /usr/lib/../lib /lib /usr/lib
libs=-lpthread -lnsl -ldl -lm -lcrypt -lutil -lc
perllibs=-lpthread -lnsl -ldl -lm -lcrypt -lutil -lc
libc=libc-2.24.so, so=so, useshrplib=false, libperl=libperl.a
gnulibc_version='2.24'
Dynamic Linking:
dlsrc=dl_dlopen.xs, dlext=so, d_dlsymun=undef, ccdlflags='-Wl,-E'
cccdlflags='-fPIC', lddlflags='-shared -O2 -g -L/usr/local/lib -fstack-protector'
Characteristics of this binary (from libperl):
Compile-time options: DEBUGGING PERL_DONT_CREATE_GVSV PERL_MALLOC_WRAP
PERL_PRESERVE_IVUV PERL_USE_DEVEL USE_64_BIT_ALL
USE_64_BIT_INT USE_LARGE_FILES USE_LONG_DOUBLE
USE_PERLIO USE_PERL_ATOF
Locally applied patches:
uncommitted-changes
Built under linux
Compiled at Aug 25 2017 23:08:13
%ENV:
PERL5LIB="/tmp/loop_over_bdir-5800-qrMNtY/Test-Assertions-1.054-0/blib/arch:/tmp/loop_over_bdir-5800-qrMNtY/Test-Assertions-1.054-0/blib/lib:/tmp/loop_over_bdir-5800-qrMNtY/Log-Trace-1.070-0/blib/arch:/tmp/loop_over_bdir-5800-qrMNtY/Log-Trace-1.070-0/blib/lib"
PERL5OPT=""
PERL5_CPANPLUS_IS_RUNNING="5806"
PERL5_CPAN_IS_RUNNING="5806"
PERL5_CPAN_IS_RUNNING_IN_RECURSION="25912,5806"
PERL_CANARY_STABILITY_NOPROMPT="1"
PERL_MM_USE_DEFAULT="1"
PERL_USE_UNSAFE_INC="1"
@INC:
/tmp/loop_over_bdir-5800-qrMNtY/Test-Assertions-1.054-0/blib/arch
/tmp/loop_over_bdir-5800-qrMNtY/Test-Assertions-1.054-0/blib/lib
/tmp/loop_over_bdir-5800-qrMNtY/Log-Trace-1.070-0/blib/arch
/tmp/loop_over_bdir-5800-qrMNtY/Log-Trace-1.070-0/blib/lib
/home/sand/src/perl/repoperls/installed-perls/host/k93msid/v5.14.4/0a29/lib/site_perl/5.14.4/x86_64-linux-ld
/home/sand/src/perl/repoperls/installed-perls/host/k93msid/v5.14.4/0a29/lib/site_perl/5.14.4
/home/sand/src/perl/repoperls/installed-perls/host/k93msid/v5.14.4/0a29/lib/5.14.4/x86_64-linux-ld
/home/sand/src/perl/repoperls/installed-perls/host/k93msid/v5.14.4/0a29/lib/5.14.4
.