Win32-Security v0.60 Perl 5 v5.8.9 MSWin32-x86-multi-thread
- Status
- Fail
- From
- NONAME
- Dist
-
Win32-Security v0.60
- Platform
- Perl 5 v5.8.9 MSWin32-x86-multi-thread
- Date
- 2024-09-28 20:52:20
- ID
- dcae9e78-6fba-1014-a89f-129fb03d33c9
This distribution has been tested as part of the CPAN Testers
project, supporting the Perl programming language. See
http://wiki.cpantesters.org/ for more information or email
questions to cpan-testers-discuss@perl.org
--
Dear Toby Ovod-Everett,
This is a computer-generated report for Win32-Security-0.60
on perl 5.8.9, created by CPAN-Reporter-1.2020.
Thank you for uploading your work to CPAN. However, there was a problem
testing your distribution.
If you think this report is invalid, please consult the CPAN Testers Wiki
for suggestions on how to avoid getting FAIL reports for missing library
or binary dependencies, unsupported operating systems, and so on:
http://wiki.cpantesters.org/wiki/CPANAuthorNotes
Sections of this report:
* Tester comments
* Program output
* Prerequisites
* Environment and other context
------------------------------
TESTER COMMENTS
------------------------------
Additional comments from tester:
none provided
------------------------------
PROGRAM OUTPUT
------------------------------
Output from 'C:\Strawberry\perl\bin\perl.exe ./Build test':
t\ace.t ....... ok
t\extended.t .. ok
# Test 20 got: "LookupPrivilegeValue: ??????????????? at t\\raw.t line 122.\n" (t\raw.t at line 125)
# Expected: "(?-xism:LookupPrivilegeValue: A specified privilege does not exist)" (Attempt to LookupPrivilegeValue invalid privilege name SHOULD result in an error message)
# t\raw.t line 125 is: ok( $@,
# Test 33 got: "AdjustTokenPrivileges: ??????????????????????????????????????????" (t\raw.t at line 192)
# Expected: "(?-xism:AdjustTokenPrivileges: Not all privileges or groups referenced are assigned to the caller)" (Call to AdjustTokenPrivileges with SeRestorePrivilege when running without Admin SHOULD return error)
# t\raw.t line 192 is: ok( $err,
# Test 36 got: "AdjustTokenPrivileges: ??????????????????????????????????????????" (t\raw.t at line 213)
# Expected: "(?-xism:AdjustTokenPrivileges: Not all privileges or groups referenced are assigned to the caller)" (Call to AdjustTokenPrivileges with SeRestorePrivilege when running without Admin SHOULD return error)
# t\raw.t line 213 is: ok( $err,
t\raw.t .......
Failed 3/75 subtests
# Test 78 got: "Unable to set ownership on 'C:\\Users\\user\\AppData\\Local\\Temp\\Win32-Security_TestDir_6472\\foo.txt' to 'user-PC\\Guest'.\nSetNamedSecurityInfo: ???????? ID ??????????????????????????????????? at C:\\strawberry\\cpan\\build\\Win32-Security-0.60-0\\blib\\lib/Win32/Security/NamedObject.pm line 648. at C:\\strawberry\\cpan\\build\\Win32-Security-0.60-0\\blib\\lib/Win32/Security/NamedObject.pm line 656.\n\tmain::__ANON__(Win32::Security::NamedObject::SE_FILE_OBJECT=HASH(0x1d6a6a4), \"\\x{1}\\x{5}\\x{0}\\x{0}\\x{0}\\x{0}\\x{0}\\x{5}\\x{15}\\x{0}\\x{0}\\x{0}\\x{b7}z[&\\x{9}\\x{c4}\\x{cd}\\x{8d}\\x{19})\\x{c2}\\x{ab}\\x{f5}\\x{1}\\x{0}\\x{0}\") called at C:\\strawberry\\cpan\\build\\Win32-Security-0.60-0\\blib\\script\\PermChg.pl line 496\n\teval {...} called at C:\\strawberry\\cpan\\build\\Win32-Security-0.60-0\\blib\\script\\PermChg.pl line 495\n\tmain::ownerset_chg(HASH(0x5a420c)) called at C:\\strawberry\\cpan\\build\\Win32-Security-0.60-0\\blib\\script\\PermChg.pl line 123\n" (t\scripts.t at line 308)
# Expected: "(?-xism:SetNamedSecurityInfo: This security ID may not be assigned as the owner of this object)"
# t\scripts.t line 308 is: ok( &permchg("$tempdir\\foo.txt", "-q -o=$guest"),
t\scripts.t ...
Failed 1/381 subtests
Test Summary Report
-------------------
t\raw.t (Wstat: 0 Tests: 75 Failed: 3)
Failed tests: 20, 33, 36
t\scripts.t (Wstat: 0 Tests: 381 Failed: 1)
Failed test: 78
Files=4, Tests=8137, 157 wallclock secs ( 1.33 usr + 0.17 sys = 1.50 CPU)
Result: FAIL
Failed 2/4 test programs. 4/8137 subtests failed.
------------------------------
PREREQUISITES
------------------------------
Prerequisite modules loaded:
requires:
Module Need Have
----------------- ---- ------
Class::Prototyped 0.98 1.13
Data::BitMask 0.13 1.00
Win32::API 0 0.84
configure_requires:
Module Need Have
----------------- ---- ------
Module::Build 0.4 0.4234
------------------------------
ENVIRONMENT AND OTHER CONTEXT
------------------------------
Environment variables:
COMSPEC = C:\windows\system32\cmd.exe
NONINTERACTIVE_TESTING = 1
NUMBER_OF_PROCESSORS = 4
PATH = C:\home\flower\perl5\bin;C:\windows\system32;C:\windows;C:\windows\System32\Wbem;C:\windows\System32\WindowsPowerShell\v1.0\;C:\Strawberry\c\bin;C:\Strawberry\perl\site\bin;C:\Strawberry\perl\bin;C:\cmake-3.27.7\bin
PERL5LIB = C:\home\flower\perl5\lib\perl5
PERL5OPT =
PERL5_CPANPLUS_IS_RUNNING = 6704
PERL5_CPAN_IS_RUNNING = 6704
PERL_LOCAL_LIB_ROOT = C:\home\flower\perl5
PERL_MB_OPT = --install_base "C:\\home\\flower\\perl5"
PERL_MM_OPT = INSTALL_BASE=C:\\home\\flower\\perl5
PERL_MM_USE_DEFAULT = 1
PROCESSOR_IDENTIFIER = x86 Family 6 Model 37 Stepping 5, GenuineIntel
TEMP = C:\Users\user\AppData\Local\Temp
TERM = dumb
Perl special variables (and OS-specific diagnostics, for MSWin32):
$^X = C:\Strawberry\perl\bin\perl.exe
$UID/$EUID = 0 / 0
$GID = 0
$EGID = 0
Win32::GetOSName = Win7
Win32::GetOSVersion = Service Pack 1, 6, 1, 7601, 2, 1, 0, 256, 1
Win32::FsType = NTFS
Win32::IsAdminUser = 0
Perl module toolchain versions installed:
Module Have
------------------- --------
CPAN 2.16
CPAN::Meta 2.150010
Cwd 3.62
ExtUtils::CBuilder 0.280236
ExtUtils::Command 7.71_01
ExtUtils::Install 2.22
ExtUtils::MakeMaker 7.71_01
ExtUtils::Manifest 1.75
ExtUtils::ParseXS 3.51
File::Spec 3.62
JSON 4.10
JSON::PP 4.17_01
Module::Build 0.4234
Module::Signature 0.89
Parse::CPAN::Meta 2.150010
Test2 1.302204
Test::Harness 3.50
Test::More 1.302204
YAML 1.31
YAML::Syck 1.29
version 0.9933
--
Summary of my perl5 (revision 5 version 8 subversion 9) configuration:
Platform:
osname=MSWin32, osvers=5.1, archname=MSWin32-x86-multi-thread
uname='Win32 strawberryperl 5.8.9.5 #1 Wed Apr 28 11:51:06 2010 i386'
config_args='undef'
hint=recommended, useposix=true, d_sigaction=undef
usethreads=define use5005threads=undef useithreads=define usemultiplicity=define
useperlio=define d_sfio=undef uselargefiles=define usesocks=undef
use64bitint=undef use64bitall=undef uselongdouble=undef
usemymalloc=n, bincompat5005=undef
Compiler:
cc='gcc', ccflags =' -s -O2 -DWIN32 -DHAVE_DES_FCRYPT -DUSE_SITECUSTOMIZE -DPERL_IMPLICIT_CONTEXT -DPERL_IMPLICIT_SYS -fno-strict-aliasing -DPERL_MSVCRT_READFIX',
optimize='-s -O2',
cppflags='-DWIN32'
ccversion='', gccversion='3.4.5', gccosandvers=''
intsize=4, longsize=4, ptrsize=4, doublesize=8, byteorder=1234
d_longlong=undef, longlongsize=8, d_longdbl=define, longdblsize=12
ivtype='long', ivsize=4, nvtype='double', nvsize=8, Off_t='long long', lseeksize=8
alignbytes=8, prototype=define
Linker and Libraries:
ld='g++', ldflags ='-s -L"C:\strawberry\perl\lib\CORE" -L"C:\strawberry\c\lib"'
libpth=C:\strawberry\c\lib
libs= -lmsvcrt -lmoldname -lkernel32 -luser32 -lgdi32 -lwinspool -lcomdlg32 -ladvapi32 -lshell32 -lole32 -loleaut32 -lnetapi32 -luuid -lws2_32 -lmpr -lwinmm -lversion -lodbc32 -lodbccp32
perllibs= -lmsvcrt -lmoldname -lkernel32 -luser32 -lgdi32 -lwinspool -lcomdlg32 -ladvapi32 -lshell32 -lole32 -loleaut32 -lnetapi32 -luuid -lws2_32 -lmpr -lwinmm -lversion -lodbc32 -lodbccp32
libc=-lmsvcrt, so=dll, useshrplib=true, libperl=libperl58.a
gnulibc_version=''
Dynamic Linking:
dlsrc=dl_win32.xs, dlext=dll, d_dlsymun=undef, ccdlflags=' '
cccdlflags=' ', lddlflags='-mdll -s -L"C:\strawberry\perl\lib\CORE" -L"C:\strawberry\c\lib"'
Characteristics of this binary (from libperl):
Compile-time options: MULTIPLICITY PERL_IMPLICIT_CONTEXT PERL_IMPLICIT_SYS
PERL_MALLOC_WRAP PL_OP_SLAB_ALLOC USE_FAST_STDIO
USE_ITHREADS USE_LARGE_FILES USE_PERLIO
USE_SITECUSTOMIZE
Built under MSWin32
Compiled at Apr 28 2010 11:57:55
%ENV:
PERL5LIB="C:\home\flower\perl5\lib\perl5"
PERL5_CPANPLUS_IS_RUNNING="6704"
PERL5_CPAN_IS_RUNNING="6704"
PERL_LOCAL_LIB_ROOT="C:\home\flower\perl5"
PERL_MB_OPT="--install_base "C:\\home\\flower\\perl5""
PERL_MM_OPT="INSTALL_BASE=C:\\home\\flower\\perl5"
PERL_MM_USE_DEFAULT="1"
@INC:
C:\home\flower\perl5\lib\perl5/5.8.9/MSWin32-x86-multi-thread
C:\home\flower\perl5\lib\perl5/5.8.9
C:\home\flower\perl5\lib\perl5/MSWin32-x86-multi-thread
C:\home\flower\perl5\lib\perl5
C:/Strawberry/perl/lib
C:/Strawberry/perl/site/lib
C:\strawberry\perl\vendor\lib
.