Back
From: metabase:user:9820532a-708b-1014-9a05-b18a96298da1
Subject: FAIL Class-DBI-Sweet-0.08 v5.15.7 GNU/Linux
Date: 2012-02-05T08:03:17Z
This distribution has been tested as part of the CPAN Testers
project, supporting the Perl programming language. See
http://wiki.cpantesters.org/ for more information or email
questions to cpan-testers-discuss@perl.org
--
Dear Marcus Ramberg,
This is a computer-generated report for Class-DBI-Sweet-0.08
on perl 5.15.7, created by CPAN-Reporter-1.2003.
Thank you for uploading your work to CPAN. However, there was a problem
testing your distribution.
If you think this report is invalid, please consult the CPAN Testers Wiki
for suggestions on how to avoid getting FAIL reports for missing library
or binary dependencies, unsupported operating systems, and so on:
http://wiki.cpantesters.org/wiki/CPANAuthorNotes
Sections of this report:
* Tester comments
* Program output
* Prerequisites
* Environment and other context
------------------------------
TESTER COMMENTS
------------------------------
Additional comments from tester:
this report is from an automated smoke testing program
and was not reviewed by a human for accuracy
------------------------------
PROGRAM OUTPUT
------------------------------
Output from './Build test':
t/01use.t ................................ ok
t/02pod.t ................................ skipped: set TEST_POD to enable this test
t/03podcoverage.t ........................ skipped: set TEST_POD to enable this test
Can't use string ("5/8") as a HASH ref while "strict refs" in use at /home/test/.cpan/build/Class-DBI-Sweet-0.08-OqLjaV/blib/lib/Class/DBI/Sweet.pm line 309.
# Looks like you planned 17 tests but ran 1.
# Looks like your test exited with 2 just after 1.
t/04join.t ...............................
Dubious, test returned 2 (wstat 512, 0x200)
Failed 16/17 subtests
Can't use string ("4/8") as a HASH ref while "strict refs" in use at /home/test/.cpan/build/Class-DBI-Sweet-0.08-OqLjaV/blib/lib/Class/DBI/Sweet.pm line 126.
# Looks like you planned 5 tests but ran 1.
# Looks like your test exited with 2 just after 1.
t/05count.t ..............................
Dubious, test returned 2 (wstat 512, 0x200)
Failed 4/5 subtests
Can't use string ("4/8") as a HASH ref while "strict refs" in use at /home/test/.cpan/build/Class-DBI-Sweet-0.08-OqLjaV/blib/lib/Class/DBI/Sweet.pm line 212.
# Looks like you planned 31 tests but ran 1.
# Looks like your test exited with 2 just after 1.
t/06object_cache.t .......................
Dubious, test returned 2 (wstat 512, 0x200)
Failed 30/31 subtests
Can't use string ("4/8") as a HASH ref while "strict refs" in use at /home/test/.cpan/build/Class-DBI-Sweet-0.08-OqLjaV/blib/lib/Class/DBI/Sweet.pm line 212.
# Looks like you planned 7 tests but ran 1.
# Looks like your test exited with 25 just after 1.
t/07prefetch.t ...........................
Dubious, test returned 25 (wstat 6400, 0x1900)
Failed 6/7 subtests
Can't use string ("4/8") as a HASH ref while "strict refs" in use at /home/test/.cpan/build/Class-DBI-Sweet-0.08-OqLjaV/blib/lib/Class/DBI/Sweet.pm line 126.
# Looks like you planned 10 tests but ran 1.
# Looks like your test exited with 2 just after 1.
t/08pager.t ..............................
Dubious, test returned 2 (wstat 512, 0x200)
Failed 9/10 subtests
t/09sequence.t ........................... ok
t/cdbi-t-ocache/01-columns.t ............. ok
t/cdbi-t-ocache/03-subclassing.t ......... ok
prepare_cached(INSERT INTO Movies (title, rating)
VALUES (?, ?)
) statement handle DBIx::ContextualFetch::st=HASH(0x27e5358) still Active at /home/test/perl5/perlbrew/perls/perl-5.15.7-th/lib/site_perl/5.15.7/Ima/DBI.pm line 398
prepare_cached(INSERT INTO Movies (title, rating)
VALUES (?, ?)
) statement handle DBIx::ContextualFetch::st=HASH(0x27e5358) still Active at /home/test/perl5/perlbrew/perls/perl-5.15.7-th/lib/site_perl/5.15.7/Ima/DBI.pm line 398
prepare_cached(INSERT INTO Actor (name, film, salary)
VALUES (?, ?, ?)
) statement handle DBIx::ContextualFetch::st=HASH(0x27dfbb8) still Active at /home/test/perl5/perlbrew/perls/perl-5.15.7-th/lib/site_perl/5.15.7/Ima/DBI.pm line 398
prepare_cached(INSERT INTO Actor (name, film, salary)
VALUES (?, ?, ?)
) statement handle DBIx::ContextualFetch::st=HASH(0x27dfbb8) still Active at /home/test/perl5/perlbrew/perls/perl-5.15.7-th/lib/site_perl/5.15.7/Ima/DBI.pm line 398
prepare_cached(INSERT INTO Actor (name, film, salary)
VALUES (?, ?, ?)
) statement handle DBIx::ContextualFetch::st=HASH(0x27dfbb8) still Active at /home/test/perl5/perlbrew/perls/perl-5.15.7-th/lib/site_perl/5.15.7/Ima/DBI.pm line 398
prepare_cached(INSERT INTO Actor (name, film, salary)
VALUES (?, ?, ?)
) statement handle DBIx::ContextualFetch::st=HASH(0x27dfbb8) still Active at /home/test/perl5/perlbrew/perls/perl-5.15.7-th/lib/site_perl/5.15.7/Ima/DBI.pm line 398
prepare_cached(INSERT INTO Actor (name, film, salary)
VALUES (?, ?, ?)
) statement handle DBIx::ContextualFetch::st=HASH(0x27dfbb8) still Active at /home/test/perl5/perlbrew/perls/perl-5.15.7-th/lib/site_perl/5.15.7/Ima/DBI.pm line 398
t/cdbi-t-ocache/05-Query.t ............... ok
t/cdbi-t-ocache/06-hasa.t ................ ok
t/cdbi-t-ocache/08-inheritcols.t ......... ok
prepare_cached(INSERT INTO Actor (name, film, salary)
VALUES (?, ?, ?)
) statement handle DBIx::ContextualFetch::st=HASH(0x2ef02c0) still Active at /home/test/perl5/perlbrew/perls/perl-5.15.7-th/lib/site_perl/5.15.7/Ima/DBI.pm line 398
prepare_cached(INSERT INTO Actor (name, film, salary)
VALUES (?, ?, ?)
) statement handle DBIx::ContextualFetch::st=HASH(0x2ef02c0) still Active at /home/test/perl5/perlbrew/perls/perl-5.15.7-th/lib/site_perl/5.15.7/Ima/DBI.pm line 398
prepare_cached(DELETE
FROM Actor
WHERE id=?
) statement handle DBIx::ContextualFetch::st=HASH(0x2edea88) still Active at /home/test/perl5/perlbrew/perls/perl-5.15.7-th/lib/site_perl/5.15.7/Ima/DBI.pm line 398
prepare_cached(INSERT INTO Movies (title, director, rating)
VALUES (?, ?, ?)
) statement handle DBIx::ContextualFetch::st=HASH(0x2ed91d0) still Active at /home/test/perl5/perlbrew/perls/perl-5.15.7-th/lib/site_perl/5.15.7/Ima/DBI.pm line 398
t/cdbi-t-ocache/09-has_many.t ............ ok
t/cdbi-t-ocache/10-mysql.t ............... skipped: Need MySQL for this test
mutiple trigger registration in one add_trigger() call is deprecated. at /home/test/perl5/perlbrew/perls/perl-5.15.7-th/lib/site_perl/5.15.7/Class/DBI.pm line 1019
# Looks like your test exited with 255 before it could output anything.
t/cdbi-t-ocache/11-triggers.t ............
Dubious, test returned 255 (wstat 65280, 0xff00)
Failed 13/13 subtests
prepare_cached(INSERT INTO Movies (title)
VALUES (?)
) statement handle DBIx::ContextualFetch::st=HASH(0x25d7f10) still Active at /home/test/perl5/perlbrew/perls/perl-5.15.7-th/lib/site_perl/5.15.7/Ima/DBI.pm line 398
prepare_cached(INSERT INTO Actor (name, film, salary)
VALUES (?, ?, ?)
) statement handle DBIx::ContextualFetch::st=HASH(0x25d7598) still Active at /home/test/perl5/perlbrew/perls/perl-5.15.7-th/lib/site_perl/5.15.7/Ima/DBI.pm line 398
prepare_cached(INSERT INTO Actor (name, film, salary)
VALUES (?, ?, ?)
) statement handle DBIx::ContextualFetch::st=HASH(0x25d7598) still Active at /home/test/perl5/perlbrew/perls/perl-5.15.7-th/lib/site_perl/5.15.7/Ima/DBI.pm line 398
prepare_cached(INSERT INTO Actor (name, film, salary)
VALUES (?, ?, ?)
) statement handle DBIx::ContextualFetch::st=HASH(0x25d7598) still Active at /home/test/perl5/perlbrew/perls/perl-5.15.7-th/lib/site_perl/5.15.7/Ima/DBI.pm line 398
prepare_cached(DELETE
FROM Actor
WHERE id=?
) statement handle DBIx::ContextualFetch::st=HASH(0x25bb578) still Active at /home/test/perl5/perlbrew/perls/perl-5.15.7-th/lib/site_perl/5.15.7/Ima/DBI.pm line 398
prepare_cached(DELETE
FROM Actor
WHERE id=?
) statement handle DBIx::ContextualFetch::st=HASH(0x25bb578) still Active at /home/test/perl5/perlbrew/perls/perl-5.15.7-th/lib/site_perl/5.15.7/Ima/DBI.pm line 398
t/cdbi-t-ocache/12-filter.t .............. ok
prepare_cached(INSERT INTO Movies (rating)
VALUES (?)
) statement handle DBIx::ContextualFetch::st=HASH(0x295a338) still Active at /home/test/perl5/perlbrew/perls/perl-5.15.7-th/lib/site_perl/5.15.7/Ima/DBI.pm line 398
prepare_cached(INSERT INTO Movies (title)
VALUES (?)
) statement handle DBIx::ContextualFetch::st=HASH(0x2954330) still Active at /home/test/perl5/perlbrew/perls/perl-5.15.7-th/lib/site_perl/5.15.7/Ima/DBI.pm line 398
t/cdbi-t-ocache/13-constraint.t .......... ok
prepare_cached(UPDATE Movies
SET rating = ?
WHERE title=?
) statement handle DBIx::ContextualFetch::st=HASH(0x1a27088) still Active at /home/test/perl5/perlbrew/perls/perl-5.15.7-th/lib/site_perl/5.15.7/Ima/DBI.pm line 398
t/cdbi-t-ocache/14-might_have.t .......... ok
t/cdbi-t-ocache/16-reserved.t ............ ok
# Pg connection failed (DBI connect('dbname=template1','postgres',...) failed: could not connect to server: No such file or directory
# Is the server running locally and accepting
# connections on Unix domain socket "/var/run/postgresql/.s.PGSQL.5432"? at /home/test/perl5/perlbrew/perls/perl-5.15.7-th/lib/site_perl/5.15.7/Ima/DBI.pm line 328
# ). Set env variables DBD_PG_DBNAME, DBD_PG_USER,
# DBD_PG_PASSWD to enable testing.
t/cdbi-t-ocache/17-data_type.t ........... skipped: Pg connection failed.
Name "Ima::DBI::st::execute" used only once: possible typo at t/cdbi-t-ocache/18-has_a.t line 44.
prepare_cached(INSERT INTO Directors (name, birthday, isinsane)
VALUES (?, ?, ?)
) statement handle DBIx::ContextualFetch::st=HASH(0x293adb8) still Active at /home/test/perl5/perlbrew/perls/perl-5.15.7-th/lib/site_perl/5.15.7/Ima/DBI.pm line 398
prepare_cached(UPDATE Movies
SET director = ?
WHERE title=?
) statement handle DBIx::ContextualFetch::st=HASH(0x292fee0) still Active at /home/test/perl5/perlbrew/perls/perl-5.15.7-th/lib/site_perl/5.15.7/Ima/DBI.pm line 398
t/cdbi-t-ocache/18-has_a.t ............... ok
prepare_cached(INSERT INTO Movies (title, director, rating)
VALUES (?, ?, ?)
) statement handle DBIx::ContextualFetch::st=HASH(0x2278cf8) still Active at /home/test/perl5/perlbrew/perls/perl-5.15.7-th/lib/site_perl/5.15.7/Ima/DBI.pm line 398
prepare_cached(INSERT INTO Movies (title, director, rating)
VALUES (?, ?, ?)
) statement handle DBIx::ContextualFetch::st=HASH(0x2278cf8) still Active at /home/test/perl5/perlbrew/perls/perl-5.15.7-th/lib/site_perl/5.15.7/Ima/DBI.pm line 398
prepare_cached(INSERT INTO Movies (title, director, rating)
VALUES (?, ?, ?)
) statement handle DBIx::ContextualFetch::st=HASH(0x2278cf8) still Active at /home/test/perl5/perlbrew/perls/perl-5.15.7-th/lib/site_perl/5.15.7/Ima/DBI.pm line 398
prepare_cached(INSERT INTO Movies (title, director, rating)
VALUES (?, ?, ?)
) statement handle DBIx::ContextualFetch::st=HASH(0x2278cf8) still Active at /home/test/perl5/perlbrew/perls/perl-5.15.7-th/lib/site_perl/5.15.7/Ima/DBI.pm line 398
prepare_cached(INSERT INTO Actor (name, film)
VALUES (?, ?)
) statement handle DBIx::ContextualFetch::st=HASH(0x2262e58) still Active at /home/test/perl5/perlbrew/perls/perl-5.15.7-th/lib/site_perl/5.15.7/Ima/DBI.pm line 398
prepare_cached(INSERT INTO Actor (name, film)
VALUES (?, ?)
) statement handle DBIx::ContextualFetch::st=HASH(0x2262e58) still Active at /home/test/perl5/perlbrew/perls/perl-5.15.7-th/lib/site_perl/5.15.7/Ima/DBI.pm line 398
t/cdbi-t-ocache/19-set_sql.t ............. ok
prepare_cached(INSERT INTO Movies (title)
VALUES (?)
) statement handle DBIx::ContextualFetch::st=HASH(0x2665800) still Active at /home/test/perl5/perlbrew/perls/perl-5.15.7-th/lib/site_perl/5.15.7/Ima/DBI.pm line 398
prepare_cached(INSERT INTO Movies (title)
VALUES (?)
) statement handle DBIx::ContextualFetch::st=HASH(0x2665800) still Active at /home/test/perl5/perlbrew/perls/perl-5.15.7-th/lib/site_perl/5.15.7/Ima/DBI.pm line 398
prepare_cached(INSERT INTO Movies (title)
VALUES (?)
) statement handle DBIx::ContextualFetch::st=HASH(0x2665800) still Active at /home/test/perl5/perlbrew/perls/perl-5.15.7-th/lib/site_perl/5.15.7/Ima/DBI.pm line 398
prepare_cached(INSERT INTO Movies (title)
VALUES (?)
) statement handle DBIx::ContextualFetch::st=HASH(0x2665800) still Active at /home/test/perl5/perlbrew/perls/perl-5.15.7-th/lib/site_perl/5.15.7/Ima/DBI.pm line 398
prepare_cached(INSERT INTO Movies (title)
VALUES (?)
) statement handle DBIx::ContextualFetch::st=HASH(0x2665800) still Active at /home/test/perl5/perlbrew/perls/perl-5.15.7-th/lib/site_perl/5.15.7/Ima/DBI.pm line 398
t/cdbi-t-ocache/21-iterator.t ............ ok
t/cdbi-t-ocache/22-deflate_order.t ....... skipped: Need MySQL for this test
prepare_cached(INSERT INTO Movies (title, director)
VALUES (?, ?)
) statement handle DBIx::ContextualFetch::st=HASH(0x25cf8b8) still Active at /home/test/perl5/perlbrew/perls/perl-5.15.7-th/lib/site_perl/5.15.7/Ima/DBI.pm line 398
prepare_cached(DELETE
FROM Movies
WHERE title=?
) statement handle DBIx::ContextualFetch::st=HASH(0x25c4f30) still Active at /home/test/perl5/perlbrew/perls/perl-5.15.7-th/lib/site_perl/5.15.7/Ima/DBI.pm line 398
t/cdbi-t-ocache/23-cascade.t ............. ok
t/cdbi-t-ocache/24-meta_info.t ........... ok
t/cdbi-t-ocache/25-closures_in_meta.t .... skipped: Need MySQL for this test
t/cdbi-t-ocache/97-pod.t ................. ok
t/cdbi-t-ocache/98-failure.t ............. ok
Use of uninitialized value $name in lc at /home/test/perl5/perlbrew/perls/perl-5.15.7-th/lib/site_perl/5.15.7/Class/DBI/ColumnGrouper.pm line 91.
t/cdbi-t-ocache/99-misc.t ................ ok
t/cdbi-t-rescache/01-columns.t ........... ok
t/cdbi-t-rescache/03-subclassing.t ....... ok
prepare_cached(INSERT INTO Movies (title, rating)
VALUES (?, ?)
) statement handle DBIx::ContextualFetch::st=HASH(0x12e3358) still Active at /home/test/perl5/perlbrew/perls/perl-5.15.7-th/lib/site_perl/5.15.7/Ima/DBI.pm line 398
prepare_cached(INSERT INTO Movies (title, rating)
VALUES (?, ?)
) statement handle DBIx::ContextualFetch::st=HASH(0x12e3358) still Active at /home/test/perl5/perlbrew/perls/perl-5.15.7-th/lib/site_perl/5.15.7/Ima/DBI.pm line 398
prepare_cached(INSERT INTO Actor (name, film, salary)
VALUES (?, ?, ?)
) statement handle DBIx::ContextualFetch::st=HASH(0x12ddbb8) still Active at /home/test/perl5/perlbrew/perls/perl-5.15.7-th/lib/site_perl/5.15.7/Ima/DBI.pm line 398
prepare_cached(INSERT INTO Actor (name, film, salary)
VALUES (?, ?, ?)
) statement handle DBIx::ContextualFetch::st=HASH(0x12ddbb8) still Active at /home/test/perl5/perlbrew/perls/perl-5.15.7-th/lib/site_perl/5.15.7/Ima/DBI.pm line 398
prepare_cached(INSERT INTO Actor (name, film, salary)
VALUES (?, ?, ?)
) statement handle DBIx::ContextualFetch::st=HASH(0x12ddbb8) still Active at /home/test/perl5/perlbrew/perls/perl-5.15.7-th/lib/site_perl/5.15.7/Ima/DBI.pm line 398
prepare_cached(INSERT INTO Actor (name, film, salary)
VALUES (?, ?, ?)
) statement handle DBIx::ContextualFetch::st=HASH(0x12ddbb8) still Active at /home/test/perl5/perlbrew/perls/perl-5.15.7-th/lib/site_perl/5.15.7/Ima/DBI.pm line 398
prepare_cached(INSERT INTO Actor (name, film, salary)
VALUES (?, ?, ?)
) statement handle DBIx::ContextualFetch::st=HASH(0x12ddbb8) still Active at /home/test/perl5/perlbrew/perls/perl-5.15.7-th/lib/site_perl/5.15.7/Ima/DBI.pm line 398
t/cdbi-t-rescache/05-Query.t ............. ok
t/cdbi-t-rescache/06-hasa.t .............. ok
t/cdbi-t-rescache/08-inheritcols.t ....... ok
prepare_cached(INSERT INTO Actor (name, film, salary)
VALUES (?, ?, ?)
) statement handle DBIx::ContextualFetch::st=HASH(0x167c2c0) still Active at /home/test/perl5/perlbrew/perls/perl-5.15.7-th/lib/site_perl/5.15.7/Ima/DBI.pm line 398
prepare_cached(INSERT INTO Actor (name, film, salary)
VALUES (?, ?, ?)
) statement handle DBIx::ContextualFetch::st=HASH(0x167c2c0) still Active at /home/test/perl5/perlbrew/perls/perl-5.15.7-th/lib/site_perl/5.15.7/Ima/DBI.pm line 398
prepare_cached(DELETE
FROM Actor
WHERE id=?
) statement handle DBIx::ContextualFetch::st=HASH(0x166aa88) still Active at /home/test/perl5/perlbrew/perls/perl-5.15.7-th/lib/site_perl/5.15.7/Ima/DBI.pm line 398
prepare_cached(INSERT INTO Movies (title, director, rating)
VALUES (?, ?, ?)
) statement handle DBIx::ContextualFetch::st=HASH(0x16651d0) still Active at /home/test/perl5/perlbrew/perls/perl-5.15.7-th/lib/site_perl/5.15.7/Ima/DBI.pm line 398
t/cdbi-t-rescache/09-has_many.t .......... ok
t/cdbi-t-rescache/10-mysql.t ............. skipped: Need MySQL for this test
mutiple trigger registration in one add_trigger() call is deprecated. at /home/test/perl5/perlbrew/perls/perl-5.15.7-th/lib/site_perl/5.15.7/Class/DBI.pm line 1019
# Looks like your test exited with 255 before it could output anything.
t/cdbi-t-rescache/11-triggers.t ..........
Dubious, test returned 255 (wstat 65280, 0xff00)
Failed 13/13 subtests
prepare_cached(INSERT INTO Movies (title)
VALUES (?)
) statement handle DBIx::ContextualFetch::st=HASH(0x125ff10) still Active at /home/test/perl5/perlbrew/perls/perl-5.15.7-th/lib/site_perl/5.15.7/Ima/DBI.pm line 398
prepare_cached(INSERT INTO Actor (name, film, salary)
VALUES (?, ?, ?)
) statement handle DBIx::ContextualFetch::st=HASH(0x125f598) still Active at /home/test/perl5/perlbrew/perls/perl-5.15.7-th/lib/site_perl/5.15.7/Ima/DBI.pm line 398
prepare_cached(INSERT INTO Actor (name, film, salary)
VALUES (?, ?, ?)
) statement handle DBIx::ContextualFetch::st=HASH(0x125f598) still Active at /home/test/perl5/perlbrew/perls/perl-5.15.7-th/lib/site_perl/5.15.7/Ima/DBI.pm line 398
prepare_cached(INSERT INTO Actor (name, film, salary)
VALUES (?, ?, ?)
) statement handle DBIx::ContextualFetch::st=HASH(0x125f598) still Active at /home/test/perl5/perlbrew/perls/perl-5.15.7-th/lib/site_perl/5.15.7/Ima/DBI.pm line 398
prepare_cached(DELETE
FROM Actor
WHERE id=?
) statement handle DBIx::ContextualFetch::st=HASH(0x1243578) still Active at /home/test/perl5/perlbrew/perls/perl-5.15.7-th/lib/site_perl/5.15.7/Ima/DBI.pm line 398
prepare_cached(DELETE
FROM Actor
WHERE id=?
) statement handle DBIx::ContextualFetch::st=HASH(0x1243578) still Active at /home/test/perl5/perlbrew/perls/perl-5.15.7-th/lib/site_perl/5.15.7/Ima/DBI.pm line 398
t/cdbi-t-rescache/12-filter.t ............ ok
prepare_cached(INSERT INTO Movies (rating)
VALUES (?)
) statement handle DBIx::ContextualFetch::st=HASH(0x2f3e338) still Active at /home/test/perl5/perlbrew/perls/perl-5.15.7-th/lib/site_perl/5.15.7/Ima/DBI.pm line 398
prepare_cached(INSERT INTO Movies (title)
VALUES (?)
) statement handle DBIx::ContextualFetch::st=HASH(0x2f38330) still Active at /home/test/perl5/perlbrew/perls/perl-5.15.7-th/lib/site_perl/5.15.7/Ima/DBI.pm line 398
t/cdbi-t-rescache/13-constraint.t ........ ok
prepare_cached(UPDATE Movies
SET rating = ?
WHERE title=?
) statement handle DBIx::ContextualFetch::st=HASH(0x1c8d088) still Active at /home/test/perl5/perlbrew/perls/perl-5.15.7-th/lib/site_perl/5.15.7/Ima/DBI.pm line 398
t/cdbi-t-rescache/14-might_have.t ........ ok
t/cdbi-t-rescache/16-reserved.t .......... ok
# Pg connection failed (DBI connect('dbname=template1','postgres',...) failed: could not connect to server: No such file or directory
# Is the server running locally and accepting
# connections on Unix domain socket "/var/run/postgresql/.s.PGSQL.5432"? at /home/test/perl5/perlbrew/perls/perl-5.15.7-th/lib/site_perl/5.15.7/Ima/DBI.pm line 328
# ). Set env variables DBD_PG_DBNAME, DBD_PG_USER,
# DBD_PG_PASSWD to enable testing.
t/cdbi-t-rescache/17-data_type.t ......... skipped: Pg connection failed.
Name "Ima::DBI::st::execute" used only once: possible typo at t/cdbi-t-rescache/18-has_a.t line 44.
prepare_cached(INSERT INTO Directors (name, birthday, isinsane)
VALUES (?, ?, ?)
) statement handle DBIx::ContextualFetch::st=HASH(0x2671db8) still Active at /home/test/perl5/perlbrew/perls/perl-5.15.7-th/lib/site_perl/5.15.7/Ima/DBI.pm line 398
prepare_cached(UPDATE Movies
SET director = ?
WHERE title=?
) statement handle DBIx::ContextualFetch::st=HASH(0x2666ee0) still Active at /home/test/perl5/perlbrew/perls/perl-5.15.7-th/lib/site_perl/5.15.7/Ima/DBI.pm line 398
t/cdbi-t-rescache/18-has_a.t ............. ok
prepare_cached(INSERT INTO Movies (title, director, rating)
VALUES (?, ?, ?)
) statement handle DBIx::ContextualFetch::st=HASH(0x225fcf8) still Active at /home/test/perl5/perlbrew/perls/perl-5.15.7-th/lib/site_perl/5.15.7/Ima/DBI.pm line 398
prepare_cached(INSERT INTO Movies (title, director, rating)
VALUES (?, ?, ?)
) statement handle DBIx::ContextualFetch::st=HASH(0x225fcf8) still Active at /home/test/perl5/perlbrew/perls/perl-5.15.7-th/lib/site_perl/5.15.7/Ima/DBI.pm line 398
prepare_cached(INSERT INTO Movies (title, director, rating)
VALUES (?, ?, ?)
) statement handle DBIx::ContextualFetch::st=HASH(0x225fcf8) still Active at /home/test/perl5/perlbrew/perls/perl-5.15.7-th/lib/site_perl/5.15.7/Ima/DBI.pm line 398
prepare_cached(INSERT INTO Movies (title, director, rating)
VALUES (?, ?, ?)
) statement handle DBIx::ContextualFetch::st=HASH(0x225fcf8) still Active at /home/test/perl5/perlbrew/perls/perl-5.15.7-th/lib/site_perl/5.15.7/Ima/DBI.pm line 398
prepare_cached(INSERT INTO Actor (name, film)
VALUES (?, ?)
) statement handle DBIx::ContextualFetch::st=HASH(0x2249e58) still Active at /home/test/perl5/perlbrew/perls/perl-5.15.7-th/lib/site_perl/5.15.7/Ima/DBI.pm line 398
prepare_cached(INSERT INTO Actor (name, film)
VALUES (?, ?)
) statement handle DBIx::ContextualFetch::st=HASH(0x2249e58) still Active at /home/test/perl5/perlbrew/perls/perl-5.15.7-th/lib/site_perl/5.15.7/Ima/DBI.pm line 398
t/cdbi-t-rescache/19-set_sql.t ........... ok
prepare_cached(INSERT INTO Movies (title)
VALUES (?)
) statement handle DBIx::ContextualFetch::st=HASH(0x24e6800) still Active at /home/test/perl5/perlbrew/perls/perl-5.15.7-th/lib/site_perl/5.15.7/Ima/DBI.pm line 398
prepare_cached(INSERT INTO Movies (title)
VALUES (?)
) statement handle DBIx::ContextualFetch::st=HASH(0x24e6800) still Active at /home/test/perl5/perlbrew/perls/perl-5.15.7-th/lib/site_perl/5.15.7/Ima/DBI.pm line 398
prepare_cached(INSERT INTO Movies (title)
VALUES (?)
) statement handle DBIx::ContextualFetch::st=HASH(0x24e6800) still Active at /home/test/perl5/perlbrew/perls/perl-5.15.7-th/lib/site_perl/5.15.7/Ima/DBI.pm line 398
prepare_cached(INSERT INTO Movies (title)
VALUES (?)
) statement handle DBIx::ContextualFetch::st=HASH(0x24e6800) still Active at /home/test/perl5/perlbrew/perls/perl-5.15.7-th/lib/site_perl/5.15.7/Ima/DBI.pm line 398
prepare_cached(INSERT INTO Movies (title)
VALUES (?)
) statement handle DBIx::ContextualFetch::st=HASH(0x24e6800) still Active at /home/test/perl5/perlbrew/perls/perl-5.15.7-th/lib/site_perl/5.15.7/Ima/DBI.pm line 398
t/cdbi-t-rescache/21-iterator.t .......... ok
t/cdbi-t-rescache/22-deflate_order.t ..... skipped: Need MySQL for this test
prepare_cached(INSERT INTO Movies (title, director)
VALUES (?, ?)
) statement handle DBIx::ContextualFetch::st=HASH(0x244f8b8) still Active at /home/test/perl5/perlbrew/perls/perl-5.15.7-th/lib/site_perl/5.15.7/Ima/DBI.pm line 398
prepare_cached(DELETE
FROM Movies
WHERE title=?
) statement handle DBIx::ContextualFetch::st=HASH(0x2444f30) still Active at /home/test/perl5/perlbrew/perls/perl-5.15.7-th/lib/site_perl/5.15.7/Ima/DBI.pm line 398
t/cdbi-t-rescache/23-cascade.t ........... ok
t/cdbi-t-rescache/24-meta_info.t ......... ok
t/cdbi-t-rescache/25-closures_in_meta.t .. skipped: Need MySQL for this test
t/cdbi-t-rescache/97-pod.t ............... ok
t/cdbi-t-rescache/98-failure.t ........... ok
Use of uninitialized value $name in lc at /home/test/perl5/perlbrew/perls/perl-5.15.7-th/lib/site_perl/5.15.7/Class/DBI/ColumnGrouper.pm line 91.
t/cdbi-t-rescache/99-misc.t .............. ok
t/cdbi-t/01-columns.t .................... ok
prepare_cached(INSERT INTO Movies (title, director, rating, numexplodingsheep)
VALUES (?, ?, ?, ?)
) statement handle DBIx::ContextualFetch::st=HASH(0x1848198) still Active at /home/test/perl5/perlbrew/perls/perl-5.15.7-th/lib/site_perl/5.15.7/Ima/DBI.pm line 398
prepare_cached(INSERT INTO Movies (title, director)
VALUES (?, ?)
) statement handle DBIx::ContextualFetch::st=HASH(0x18316f8) still Active at /home/test/perl5/perlbrew/perls/perl-5.15.7-th/lib/site_perl/5.15.7/Ima/DBI.pm line 398
prepare_cached(INSERT INTO Movies (title, director)
VALUES (?, ?)
) statement handle DBIx::ContextualFetch::st=HASH(0x18316f8) still Active at /home/test/perl5/perlbrew/perls/perl-5.15.7-th/lib/site_perl/5.15.7/Ima/DBI.pm line 398
DBIx::ContextualFetch::db=HASH(0x188cc20)->disconnect invalidates 7 active statement handles (either destroy statement handles or call finish on them before disconnecting) at t/cdbi-t/02-Film.t line 204.
closing dbh with active statement handles at t/cdbi-t/02-Film.t line 204.
prepare_cached(UPDATE Movies
SET numexplodingsheep = ?
WHERE title=?
) statement handle DBIx::ContextualFetch::st=HASH(0x188d1c0) still Active at /home/test/perl5/perlbrew/perls/perl-5.15.7-th/lib/site_perl/5.15.7/Ima/DBI.pm line 398
prepare_cached(UPDATE Movies
SET rating = ?
WHERE title=?
) statement handle DBIx::ContextualFetch::st=HASH(0x1831d88) still Active at /home/test/perl5/perlbrew/perls/perl-5.15.7-th/lib/site_perl/5.15.7/Ima/DBI.pm line 398
prepare_cached(INSERT INTO Movies (title, rating)
VALUES (?, ?)
) statement handle DBIx::ContextualFetch::st=HASH(0x1831ea8) still Active at /home/test/perl5/perlbrew/perls/perl-5.15.7-th/lib/site_perl/5.15.7/Ima/DBI.pm line 398
t/cdbi-t/02-Film.t ....................... ok
t/cdbi-t/03-subclassing.t ................ ok
t/cdbi-t/04-lazy.t ....................... ok
prepare_cached(INSERT INTO Movies (title, rating)
VALUES (?, ?)
) statement handle DBIx::ContextualFetch::st=HASH(0x1e00300) still Active at /home/test/perl5/perlbrew/perls/perl-5.15.7-th/lib/site_perl/5.15.7/Ima/DBI.pm line 398
prepare_cached(INSERT INTO Movies (title, rating)
VALUES (?, ?)
) statement handle DBIx::ContextualFetch::st=HASH(0x1e00300) still Active at /home/test/perl5/perlbrew/perls/perl-5.15.7-th/lib/site_perl/5.15.7/Ima/DBI.pm line 398
prepare_cached(INSERT INTO Actor (name, film, salary)
VALUES (?, ?, ?)
) statement handle DBIx::ContextualFetch::st=HASH(0x1dff988) still Active at /home/test/perl5/perlbrew/perls/perl-5.15.7-th/lib/site_perl/5.15.7/Ima/DBI.pm line 398
prepare_cached(INSERT INTO Actor (name, film, salary)
VALUES (?, ?, ?)
) statement handle DBIx::ContextualFetch::st=HASH(0x1dff988) still Active at /home/test/perl5/perlbrew/perls/perl-5.15.7-th/lib/site_perl/5.15.7/Ima/DBI.pm line 398
prepare_cached(INSERT INTO Actor (name, film, salary)
VALUES (?, ?, ?)
) statement handle DBIx::ContextualFetch::st=HASH(0x1dff988) still Active at /home/test/perl5/perlbrew/perls/perl-5.15.7-th/lib/site_perl/5.15.7/Ima/DBI.pm line 398
prepare_cached(INSERT INTO Actor (name, film, salary)
VALUES (?, ?, ?)
) statement handle DBIx::ContextualFetch::st=HASH(0x1dff988) still Active at /home/test/perl5/perlbrew/perls/perl-5.15.7-th/lib/site_perl/5.15.7/Ima/DBI.pm line 398
prepare_cached(INSERT INTO Actor (name, film, salary)
VALUES (?, ?, ?)
) statement handle DBIx::ContextualFetch::st=HASH(0x1dff988) still Active at /home/test/perl5/perlbrew/perls/perl-5.15.7-th/lib/site_perl/5.15.7/Ima/DBI.pm line 398
t/cdbi-t/05-Query.t ...................... ok
t/cdbi-t/06-hasa.t ....................... ok
t/cdbi-t/08-inheritcols.t ................ ok
prepare_cached(INSERT INTO Actor (name, film, salary)
VALUES (?, ?, ?)
) statement handle DBIx::ContextualFetch::st=HASH(0x2c5b520) still Active at /home/test/perl5/perlbrew/perls/perl-5.15.7-th/lib/site_perl/5.15.7/Ima/DBI.pm line 398
prepare_cached(INSERT INTO Actor (name, film, salary)
VALUES (?, ?, ?)
) statement handle DBIx::ContextualFetch::st=HASH(0x2c5b520) still Active at /home/test/perl5/perlbrew/perls/perl-5.15.7-th/lib/site_perl/5.15.7/Ima/DBI.pm line 398
prepare_cached(DELETE
FROM Actor
WHERE id=?
) statement handle DBIx::ContextualFetch::st=HASH(0x2c3ec10) still Active at /home/test/perl5/perlbrew/perls/perl-5.15.7-th/lib/site_perl/5.15.7/Ima/DBI.pm line 398
prepare_cached(INSERT INTO Movies (title, director, rating)
VALUES (?, ?, ?)
) statement handle DBIx::ContextualFetch::st=HASH(0x2c393b8) still Active at /home/test/perl5/perlbrew/perls/perl-5.15.7-th/lib/site_perl/5.15.7/Ima/DBI.pm line 398
t/cdbi-t/09-has_many.t ................... ok
t/cdbi-t/10-mysql.t ...................... skipped: Need MySQL for this test
mutiple trigger registration in one add_trigger() call is deprecated. at /home/test/perl5/perlbrew/perls/perl-5.15.7-th/lib/site_perl/5.15.7/Class/DBI.pm line 1019
# Looks like your test exited with 255 before it could output anything.
t/cdbi-t/11-triggers.t ...................
Dubious, test returned 255 (wstat 65280, 0xff00)
Failed 13/13 subtests
prepare_cached(INSERT INTO Movies (title)
VALUES (?)
) statement handle DBIx::ContextualFetch::st=HASH(0x10c2cb8) still Active at /home/test/perl5/perlbrew/perls/perl-5.15.7-th/lib/site_perl/5.15.7/Ima/DBI.pm line 398
prepare_cached(INSERT INTO Actor (name, film, salary)
VALUES (?, ?, ?)
) statement handle DBIx::ContextualFetch::st=HASH(0x10bd598) still Active at /home/test/perl5/perlbrew/perls/perl-5.15.7-th/lib/site_perl/5.15.7/Ima/DBI.pm line 398
prepare_cached(INSERT INTO Actor (name, film, salary)
VALUES (?, ?, ?)
) statement handle DBIx::ContextualFetch::st=HASH(0x10bd598) still Active at /home/test/perl5/perlbrew/perls/perl-5.15.7-th/lib/site_perl/5.15.7/Ima/DBI.pm line 398
prepare_cached(INSERT INTO Actor (name, film, salary)
VALUES (?, ?, ?)
) statement handle DBIx::ContextualFetch::st=HASH(0x10bd598) still Active at /home/test/perl5/perlbrew/perls/perl-5.15.7-th/lib/site_perl/5.15.7/Ima/DBI.pm line 398
prepare_cached(DELETE
FROM Actor
WHERE id=?
) statement handle DBIx::ContextualFetch::st=HASH(0x10a07e0) still Active at /home/test/perl5/perlbrew/perls/perl-5.15.7-th/lib/site_perl/5.15.7/Ima/DBI.pm line 398
prepare_cached(DELETE
FROM Actor
WHERE id=?
) statement handle DBIx::ContextualFetch::st=HASH(0x10a07e0) still Active at /home/test/perl5/perlbrew/perls/perl-5.15.7-th/lib/site_perl/5.15.7/Ima/DBI.pm line 398
t/cdbi-t/12-filter.t ..................... ok
prepare_cached(INSERT INTO Movies (rating)
VALUES (?)
) statement handle DBIx::ContextualFetch::st=HASH(0x1795f18) still Active at /home/test/perl5/perlbrew/perls/perl-5.15.7-th/lib/site_perl/5.15.7/Ima/DBI.pm line 398
prepare_cached(INSERT INTO Movies (title)
VALUES (?)
) statement handle DBIx::ContextualFetch::st=HASH(0x1790350) still Active at /home/test/perl5/perlbrew/perls/perl-5.15.7-th/lib/site_perl/5.15.7/Ima/DBI.pm line 398
t/cdbi-t/13-constraint.t ................. ok
prepare_cached(UPDATE Movies
SET rating = ?
WHERE title=?
) statement handle DBIx::ContextualFetch::st=HASH(0x126b320) still Active at /home/test/perl5/perlbrew/perls/perl-5.15.7-th/lib/site_perl/5.15.7/Ima/DBI.pm line 398
t/cdbi-t/14-might_have.t ................. ok
# Pg connection failed (DBI connect('dbname=template1','postgres',...) failed: could not connect to server: No such file or directory
# Is the server running locally and accepting
# connections on Unix domain socket "/var/run/postgresql/.s.PGSQL.5432"? at /home/test/perl5/perlbrew/perls/perl-5.15.7-th/lib/site_perl/5.15.7/Ima/DBI.pm line 328
# ). Set env variables DBD_PG_DBNAME, DBD_PG_USER,
# DBD_PG_PASSWD to enable testing.
t/cdbi-t/17-data_type.t .................. skipped: Pg connection failed.
Name "Ima::DBI::st::execute" used only once: possible typo at t/cdbi-t/18-has_a.t line 38.
prepare_cached(INSERT INTO Directors (name, birthday, isinsane)
VALUES (?, ?, ?)
) statement handle DBIx::ContextualFetch::st=HASH(0x1e5fff0) still Active at /home/test/perl5/perlbrew/perls/perl-5.15.7-th/lib/site_perl/5.15.7/Ima/DBI.pm line 398
prepare_cached(UPDATE Movies
SET director = ?
WHERE title=?
) statement handle DBIx::ContextualFetch::st=HASH(0x1e59e80) still Active at /home/test/perl5/perlbrew/perls/perl-5.15.7-th/lib/site_perl/5.15.7/Ima/DBI.pm line 398
t/cdbi-t/18-has_a.t ...................... ok
prepare_cached(INSERT INTO Movies (title, director, rating)
VALUES (?, ?, ?)
) statement handle DBIx::ContextualFetch::st=HASH(0x2e79e00) still Active at /home/test/perl5/perlbrew/perls/perl-5.15.7-th/lib/site_perl/5.15.7/Ima/DBI.pm line 398
prepare_cached(INSERT INTO Movies (title, director, rating)
VALUES (?, ?, ?)
) statement handle DBIx::ContextualFetch::st=HASH(0x2e79e00) still Active at /home/test/perl5/perlbrew/perls/perl-5.15.7-th/lib/site_perl/5.15.7/Ima/DBI.pm line 398
prepare_cached(INSERT INTO Movies (title, director, rating)
VALUES (?, ?, ?)
) statement handle DBIx::ContextualFetch::st=HASH(0x2e79e00) still Active at /home/test/perl5/perlbrew/perls/perl-5.15.7-th/lib/site_perl/5.15.7/Ima/DBI.pm line 398
prepare_cached(INSERT INTO Movies (title, director, rating)
VALUES (?, ?, ?)
) statement handle DBIx::ContextualFetch::st=HASH(0x2e79e00) still Active at /home/test/perl5/perlbrew/perls/perl-5.15.7-th/lib/site_perl/5.15.7/Ima/DBI.pm line 398
prepare_cached(INSERT INTO Actor (name, film)
VALUES (?, ?)
) statement handle DBIx::ContextualFetch::st=HASH(0x2e68dc8) still Active at /home/test/perl5/perlbrew/perls/perl-5.15.7-th/lib/site_perl/5.15.7/Ima/DBI.pm line 398
prepare_cached(INSERT INTO Actor (name, film)
VALUES (?, ?)
) statement handle DBIx::ContextualFetch::st=HASH(0x2e68dc8) still Active at /home/test/perl5/perlbrew/perls/perl-5.15.7-th/lib/site_perl/5.15.7/Ima/DBI.pm line 398
t/cdbi-t/19-set_sql.t .................... ok
prepare_cached(INSERT INTO Movies (title)
VALUES (?)
) statement handle DBIx::ContextualFetch::st=HASH(0x2d27538) still Active at /home/test/perl5/perlbrew/perls/perl-5.15.7-th/lib/site_perl/5.15.7/Ima/DBI.pm line 398
prepare_cached(INSERT INTO Movies (title)
VALUES (?)
) statement handle DBIx::ContextualFetch::st=HASH(0x2d27538) still Active at /home/test/perl5/perlbrew/perls/perl-5.15.7-th/lib/site_perl/5.15.7/Ima/DBI.pm line 398
prepare_cached(INSERT INTO Movies (title)
VALUES (?)
) statement handle DBIx::ContextualFetch::st=HASH(0x2d27538) still Active at /home/test/perl5/perlbrew/perls/perl-5.15.7-th/lib/site_perl/5.15.7/Ima/DBI.pm line 398
prepare_cached(INSERT INTO Movies (title)
VALUES (?)
) statement handle DBIx::ContextualFetch::st=HASH(0x2d27538) still Active at /home/test/perl5/perlbrew/perls/perl-5.15.7-th/lib/site_perl/5.15.7/Ima/DBI.pm line 398
prepare_cached(INSERT INTO Movies (title)
VALUES (?)
) statement handle DBIx::ContextualFetch::st=HASH(0x2d27538) still Active at /home/test/perl5/perlbrew/perls/perl-5.15.7-th/lib/site_perl/5.15.7/Ima/DBI.pm line 398
t/cdbi-t/21-iterator.t ................... ok
t/cdbi-t/22-deflate_order.t .............. skipped: Need MySQL for this test
prepare_cached(INSERT INTO Movies (title, director)
VALUES (?, ?)
) statement handle DBIx::ContextualFetch::st=HASH(0x1f16ac0) still Active at /home/test/perl5/perlbrew/perls/perl-5.15.7-th/lib/site_perl/5.15.7/Ima/DBI.pm line 398
prepare_cached(DELETE
FROM Movies
WHERE title=?
) statement handle DBIx::ContextualFetch::st=HASH(0x1f0a090) still Active at /home/test/perl5/perlbrew/perls/perl-5.15.7-th/lib/site_perl/5.15.7/Ima/DBI.pm line 398
t/cdbi-t/23-cascade.t .................... ok
t/cdbi-t/24-meta_info.t .................. ok
t/cdbi-t/25-closures_in_meta.t ........... skipped: Need MySQL for this test
t/cdbi-t/97-pod.t ........................ ok
t/cdbi-t/98-failure.t .................... ok
Use of uninitialized value $name in lc at /home/test/perl5/perlbrew/perls/perl-5.15.7-th/lib/site_perl/5.15.7/Class/DBI/ColumnGrouper.pm line 91.
t/cdbi-t/99-misc.t ....................... ok
Test Summary Report
-------------------
t/04join.t (Wstat: 512 Tests: 1 Failed: 0)
Non-zero exit status: 2
Parse errors: Bad plan. You planned 17 tests but ran 1.
t/05count.t (Wstat: 512 Tests: 1 Failed: 0)
Non-zero exit status: 2
Parse errors: Bad plan. You planned 5 tests but ran 1.
t/06object_cache.t (Wstat: 512 Tests: 1 Failed: 0)
Non-zero exit status: 2
Parse errors: Bad plan. You planned 31 tests but ran 1.
t/07prefetch.t (Wstat: 6400 Tests: 1 Failed: 0)
Non-zero exit status: 25
Parse errors: Bad plan. You planned 7 tests but ran 1.
t/08pager.t (Wstat: 512 Tests: 1 Failed: 0)
Non-zero exit status: 2
Parse errors: Bad plan. You planned 10 tests but ran 1.
t/cdbi-t-ocache/11-triggers.t (Wstat: 65280 Tests: 0 Failed: 0)
Non-zero exit status: 255
Parse errors: Bad plan. You planned 13 tests but ran 0.
t/cdbi-t-rescache/11-triggers.t (Wstat: 65280 Tests: 0 Failed: 0)
Non-zero exit status: 255
Parse errors: Bad plan. You planned 13 tests but ran 0.
t/cdbi-t/11-triggers.t (Wstat: 65280 Tests: 0 Failed: 0)
Non-zero exit status: 255
Parse errors: Bad plan. You planned 13 tests but ran 0.
Files=79, Tests=1176, 116 wallclock secs ( 0.43 usr 0.10 sys + 11.73 cusr 1.90 csys = 14.16 CPU)
Result: FAIL
Failed 8/79 test programs. 0/1176 subtests failed.
------------------------------
PREREQUISITES
------------------------------
Prerequisite modules loaded:
requires:
Module Need Have
------------- ------- -------
Class::DBI v3.0.12 3.0.17
Data::Page 0 2.02
DBD::SQLite 1.08 1.14001
DBI 0 1.617
List::Util 0 1.23
SQL::Abstract 1.17 1.72
------------------------------
ENVIRONMENT AND OTHER CONTEXT
------------------------------
Environment variables:
AUTOMATED_TESTING = 1
LANG = C
LC_ALL = C
MANPATH_WITHOUT_PERLBREW =
PATH = /home/test/perl5/perlbrew/bin:/home/test/perl5/perlbrew/perls/perl-5.15.7-th/bin:/home/test/bin:~/bin:/usr/bin:/bin
PATH_WITHOUT_PERLBREW = /home/test/bin:~/bin:/usr/bin:/bin
PERL5LIB =
PERL5OPT =
PERL5_CPANPLUS_IS_RUNNING = 8614
PERL5_CPAN_IS_RUNNING = 8614
PERL5_CPAN_IS_RUNNING_IN_RECURSION = 21054,8614
PERLBREW_BASHRC_VERSION = 0.39
PERLBREW_HOME = /home/test/.perlbrew
PERLBREW_MANPATH = /home/test/perl5/perlbrew/perls/perl-5.15.7-th/man
PERLBREW_PATH = /home/test/perl5/perlbrew/bin:/home/test/perl5/perlbrew/perls/perl-5.15.7-th/bin
PERLBREW_PERL = perl-5.15.7-th
PERLBREW_ROOT = /home/test/perl5/perlbrew
PERLBREW_VERSION = 0.40
PERL_CPANM_OPT = --prompt --mirror file:///mirrors/cpan/
PERL_CR_SMOKER_CURRENT = Class-DBI-Sweet-0.08
PERL_EXTUTILS_AUTOINSTALL = --defaultdeps
PERL_MM_USE_DEFAULT = 1
SHELL = /bin/bash
TERM = linux
Perl special variables (and OS-specific diagnostics, for MSWin32):
$^X = /home/test/perl5/perlbrew/perls/perl-5.15.7-th/bin/perl5.15.7
$UID/$EUID = 1001 / 1001
$GID = 1001 1001
$EGID = 1001 1001
Perl module toolchain versions installed:
Module Have
------------------- --------
CPAN 1.9800
CPAN::Meta 2.120351
Cwd 3.33
ExtUtils::CBuilder 0.280202
ExtUtils::Command 1.17
ExtUtils::Install 1.52
ExtUtils::MakeMaker 6.62
ExtUtils::Manifest 1.60
ExtUtils::ParseXS 3.15
File::Spec 3.33
JSON 2.53
JSON::PP 2.27200
Module::Build 0.39_01
Module::Signature n/a
Parse::CPAN::Meta 1.4401
Test::Harness 3.23
Test::More 0.98
YAML 0.78
YAML::Syck 1.19
version 0.95
--
Summary of my perl5 (revision 5 version 15 subversion 7) configuration:
Platform:
osname=linux, osvers=2.6.35-28-generic, archname=x86_64-linux-thread-multi
uname='linux zippy 2.6.35-28-generic #50-ubuntu smp fri mar 18 18:42:20 utc 2011 x86_64 gnulinux '
config_args='-de -Dprefix=/home/test/perl5/perlbrew/perls/perl-5.15.7-th -Dusethreads -Dusedevel'
hint=recommended, useposix=true, d_sigaction=define
useithreads=define, usemultiplicity=define
useperlio=define, d_sfio=undef, uselargefiles=define, usesocks=undef
use64bitint=define, use64bitall=define, uselongdouble=undef
usemymalloc=n, bincompat5005=undef
Compiler:
cc='cc', ccflags ='-D_REENTRANT -D_GNU_SOURCE -fno-strict-aliasing -pipe -fstack-protector -I/usr/local/include -D_LARGEFILE_SOURCE -D_FILE_OFFSET_BITS=64',
optimize='-O2',
cppflags='-D_REENTRANT -D_GNU_SOURCE -fno-strict-aliasing -pipe -fstack-protector -I/usr/local/include'
ccversion='', gccversion='4.4.5', gccosandvers=''
intsize=4, longsize=8, ptrsize=8, doublesize=8, byteorder=12345678
d_longlong=define, longlongsize=8, d_longdbl=define, longdblsize=16
ivtype='long', ivsize=8, nvtype='double', nvsize=8, Off_t='off_t', lseeksize=8
alignbytes=8, prototype=define
Linker and Libraries:
ld='cc', ldflags =' -fstack-protector -L/usr/local/lib'
libpth=/usr/local/lib /lib/../lib /usr/lib/../lib /lib /usr/lib /usr/lib/x86_64-linux-gnu /lib64 /usr/lib64
libs=-lnsl -ldl -lm -lcrypt -lutil -lpthread -lc
perllibs=-lnsl -ldl -lm -lcrypt -lutil -lpthread -lc
libc=/lib/libc-2.12.1.so, so=so, useshrplib=false, libperl=libperl.a
gnulibc_version='2.12.1'
Dynamic Linking:
dlsrc=dl_dlopen.xs, dlext=so, d_dlsymun=undef, ccdlflags='-Wl,-E'
cccdlflags='-fPIC', lddlflags='-shared -O2 -L/usr/local/lib -fstack-protector'
Characteristics of this binary (from libperl):
Compile-time options: HAS_TIMES MULTIPLICITY PERLIO_LAYERS
PERL_DONT_CREATE_GVSV PERL_IMPLICIT_CONTEXT
PERL_MALLOC_WRAP PERL_PRESERVE_IVUV PERL_USE_DEVEL
USE_64_BIT_ALL USE_64_BIT_INT USE_ITHREADS
USE_LARGE_FILES USE_LOCALE USE_LOCALE_COLLATE
USE_LOCALE_CTYPE USE_LOCALE_NUMERIC USE_PERLIO
USE_PERL_ATOF USE_REENTRANT_API
Built under linux
Compiled at Jan 31 2012 11:19:57
%ENV:
PERL5LIB=""
PERL5OPT=""
PERL5_CPANPLUS_IS_RUNNING="8614"
PERL5_CPAN_IS_RUNNING="8614"
PERL5_CPAN_IS_RUNNING_IN_RECURSION="21054,8614"
PERLBREW_BASHRC_VERSION="0.39"
PERLBREW_HOME="/home/test/.perlbrew"
PERLBREW_MANPATH="/home/test/perl5/perlbrew/perls/perl-5.15.7-th/man"
PERLBREW_PATH="/home/test/perl5/perlbrew/bin:/home/test/perl5/perlbrew/perls/perl-5.15.7-th/bin"
PERLBREW_PERL="perl-5.15.7-th"
PERLBREW_ROOT="/home/test/perl5/perlbrew"
PERLBREW_VERSION="0.40"
PERL_CPANM_OPT="--prompt --mirror file:///mirrors/cpan/"
PERL_CR_SMOKER_CURRENT="Class-DBI-Sweet-0.08"
PERL_EXTUTILS_AUTOINSTALL="--defaultdeps"
PERL_MM_USE_DEFAULT="1"
@INC:
/home/test/perl5/perlbrew/perls/perl-5.15.7-th/lib/site_perl/5.15.7/x86_64-linux-thread-multi
/home/test/perl5/perlbrew/perls/perl-5.15.7-th/lib/site_perl/5.15.7
/home/test/perl5/perlbrew/perls/perl-5.15.7-th/lib/5.15.7/x86_64-linux-thread-multi
/home/test/perl5/perlbrew/perls/perl-5.15.7-th/lib/5.15.7
.