Back
From: metabase:user:30977d10-2aae-11df-837a-5e0a49663a4f
Subject: FAIL Module-Build-Functions-0.04 v5.12.4 GNU/Linux
Date: 2011-07-08T21:33:03Z
This distribution has been tested as part of the CPAN Testers
project, supporting the Perl programming language. See
http://wiki.cpantesters.org/ for more information or email
questions to cpan-testers-discuss@perl.org
--
Dear Nickolay Platonov,
This is a computer-generated report for Module-Build-Functions-0.04
on perl 5.12.4, created by CPAN-Reporter-1.1902.
Thank you for uploading your work to CPAN. However, there was a problem
testing your distribution.
If you think this report is invalid, please consult the CPAN Testers Wiki
for suggestions on how to avoid getting FAIL reports for missing library
or binary dependencies, unsupported operating systems, and so on:
http://wiki.cpantesters.org/wiki/CPANAuthorNotes
Sections of this report:
* Tester comments
* Program output
* Prerequisites
* Environment and other context
------------------------------
TESTER COMMENTS
------------------------------
Additional comments from tester:
this report is from an automated smoke testing program
and was not reviewed by a human for accuracy
------------------------------
PROGRAM OUTPUT
------------------------------
Output from './Build test':
t/00_load.t ....................... ok
# Using Module::Build 0.38
t/01_basic_and_share.t ............ ok
# Failed test 'Module::Build was added to 'configure_requires''
# at t/02_all_from.t line 21.
# 1 test of 8 failed.
t/02_all_from.t ...................
Dubious, test returned 1 (wstat 256, 0x100)
Failed 1/8 subtests
t/03_meta.t ....................... ok
# Using Module::Build 0.38
t/04_basic_and_share_with_dsl.t ... ok
t/05_dsl.t ........................ ok
t/06_no_littering.t ............... ok
t/07_test_prereq.t ................ ok
# Using Module::Build 0.38
t/081_custom_subclass_with_dsl.t .. ok
# Using Module::Build 0.38
t/08_custom_subclass.t ............ ok
t/80_perlcritic.t ................. skipped: Author tests not required for installation
t/81_pod.t ........................ skipped: Author tests not required for installation
t/82_pod-coverage.t ............... skipped: Author tests not required for installation
t/83_version.t .................... skipped: Author tests not required for installation
t/84_minimumversion.t ............. skipped: Author tests not required for installation
t/85_meta.t ....................... skipped: Author tests not required for installation
t/86_manifest.t ................... skipped: Author tests not required for installation
t/89_prereq.t ..................... skipped: Author tests not required for installation
Test Summary Report
-------------------
t/02_all_from.t (Wstat: 256 Tests: 8 Failed: 1)
Failed test: 1
Non-zero exit status: 1
Files=18, Tests=72, 24 wallclock secs ( 0.12 usr 0.01 sys + 9.57 cusr 0.94 csys = 10.64 CPU)
Result: FAIL
Failed 1/18 test programs. 1/72 subtests failed.
------------------------------
PREREQUISITES
------------------------------
Prerequisite modules loaded:
requires:
Module Need Have
------------- ------- --------
File::Slurp 0 9999.19
Module::Build 0.07 0.3800
perl 5.00503 5.012004
build_requires:
Module Need Have
------------- ------- --------
Capture::Tiny 0.06 0.11
Module::Build 0.31 0.3800
Test::Compile 0 0.13
Test::More 0 2.00_07
configure_requires:
Module Need Have
------------- ------- --------
Module::Build 0.31 0.3800
------------------------------
ENVIRONMENT AND OTHER CONTEXT
------------------------------
Environment variables:
AUTOMATED_TESTING = 1
LANG = en_US.UTF-8
LANGUAGE = en
LC_COLLATE = C
LC_MONETARY = C
LC_NUMERIC = C
LC_TIME = C
PATH = /usr/local/sbin:/usr/local/bin:/usr/sbin:/usr/bin:/sbin:/bin
PERL5LIB =
PERL5OPT =
PERL5_CPANPLUS_IS_RUNNING = 30616
PERL5_CPAN_IS_RUNNING = 30616
PERL5_CPAN_IS_RUNNING_IN_RECURSION = 2416,30616
PERL_CR_SMOKER_CURRENT = Module-Build-Functions-0.04
PERL_EXTUTILS_AUTOINSTALL = --defaultdeps
PERL_MM_USE_DEFAULT = 1
SHELL = /bin/bash
TERM = xterm
Perl special variables (and OS-specific diagnostics, for MSWin32):
$^X = /home/trushel/perl/perl5124m/bin/perl
$UID/$EUID = 138375 / 138375
$GID = 5762 4 20 21 24 25 26 30 44 46 104 105 119 122 431 5762
$EGID = 5762 4 20 21 24 25 26 30 44 46 104 105 119 122 431 5762
Perl module toolchain versions installed:
Module Have
------------------- -------
CPAN 1.9600
Cwd 3.33
ExtUtils::CBuilder 0.27
ExtUtils::Command 1.17
ExtUtils::Install 1.54
ExtUtils::MakeMaker 6.57_11
ExtUtils::Manifest 1.58
ExtUtils::ParseXS 2.2206
File::Spec 3.33
Module::Build 0.3800
Module::Signature 0.68
Test::Harness 3.23
Test::More 2.00_07
YAML 0.73
YAML::Syck 1.17
version 0.91
--
Summary of my perl5 (revision 5 version 12 subversion 4) configuration:
Platform:
osname=linux, osvers=2.6.32-32-generic, archname=x86_64-linux-multi
uname='linux trushel-glaptop 2.6.32-32-generic #62-ubuntu smp wed apr 20 21:52:38 utc 2011 x86_64 gnulinux '
config_args=''
hint=recommended, useposix=true, d_sigaction=define
useithreads=undef, usemultiplicity=define
useperlio=define, d_sfio=undef, uselargefiles=define, usesocks=undef
use64bitint=define, use64bitall=define, uselongdouble=undef
usemymalloc=n, bincompat5005=undef
Compiler:
cc='cc', ccflags ='-fno-strict-aliasing -pipe -fstack-protector -I/usr/local/include -D_LARGEFILE_SOURCE -D_FILE_OFFSET_BITS=64',
optimize='-O2',
cppflags='-fno-strict-aliasing -pipe -fstack-protector -I/usr/local/include'
ccversion='', gccversion='4.4.3', gccosandvers=''
intsize=4, longsize=8, ptrsize=8, doublesize=8, byteorder=12345678
d_longlong=define, longlongsize=8, d_longdbl=define, longdblsize=16
ivtype='long', ivsize=8, nvtype='double', nvsize=8, Off_t='off_t', lseeksize=8
alignbytes=8, prototype=define
Linker and Libraries:
ld='cc', ldflags =' -fstack-protector -L/usr/local/lib'
libpth=/usr/local/lib /lib/../lib /usr/lib/../lib /lib /usr/lib /usr/lib/x86_64-linux-gnu /lib64 /usr/lib64
libs=-lnsl -ldl -lm -lcrypt -lutil -lc
perllibs=-lnsl -ldl -lm -lcrypt -lutil -lc
libc=/lib/libc-2.11.1.so, so=so, useshrplib=false, libperl=libperl.a
gnulibc_version='2.11.1'
Dynamic Linking:
dlsrc=dl_dlopen.xs, dlext=so, d_dlsymun=undef, ccdlflags='-Wl,-E'
cccdlflags='-fPIC', lddlflags='-shared -O2 -L/usr/local/lib -fstack-protector'
Characteristics of this binary (from libperl):
Compile-time options: MULTIPLICITY PERL_DONT_CREATE_GVSV
PERL_IMPLICIT_CONTEXT PERL_MALLOC_WRAP USE_64_BIT_ALL
USE_64_BIT_INT USE_LARGE_FILES USE_PERLIO
USE_PERL_ATOF
Built under linux
Compiled at Jun 22 2011 22:34:27
%ENV:
PERL5LIB=""
PERL5OPT=""
PERL5_CPANPLUS_IS_RUNNING="30616"
PERL5_CPAN_IS_RUNNING="30616"
PERL5_CPAN_IS_RUNNING_IN_RECURSION="2416,30616"
PERL_CR_SMOKER_CURRENT="Module-Build-Functions-0.04"
PERL_EXTUTILS_AUTOINSTALL="--defaultdeps"
PERL_MM_USE_DEFAULT="1"
@INC:
/home/trushel/perl/perl5124m/lib/site_perl/5.12.4/x86_64-linux-multi
/home/trushel/perl/perl5124m/lib/site_perl/5.12.4
/home/trushel/perl/perl5124m/lib/5.12.4/x86_64-linux-multi
/home/trushel/perl/perl5124m/lib/5.12.4
.