Report for String-Boolean-0.02

Back
From: metabase:user:322078bc-2aae-11df-837a-5e0a49663a4f
Subject: FAIL String-Boolean-0.02 v5.12.2 FreeBSD
Date: 2010-12-14T10:28:14Z

This distribution has been tested as part of the CPAN Testers
project, supporting the Perl programming language.  See
http://wiki.cpantesters.org/ for more information or email
questions to cpan-testers-discuss@perl.org


--

Dear AHERNIT,
    
This is a computer-generated error report created automatically by
CPANPLUS, version 0.9010. Testers personal comments may appear 
at the end of this report.


Thank you for uploading your work to CPAN.  However, it appears that
there were some problems testing your distribution.

TEST RESULTS:

Below is the error stack from stage 'make test':

[MSG] [Tue Dec 14 10:28:13 2010] cp lib/String/BooleanSimple.pm blib/lib/String/BooleanSimple.pm
Manifying blib/man3/String::BooleanSimple.3

[ERROR] [Tue Dec 14 10:28:14 2010] MAKE TEST failed: No such file or directory PERL_DL_NONLAZY=1 /usr/home/cpan/pit/bare/perl-5.12.2/bin/perl "-MExtUtils::Command::MM" "-e" "test_harness(0, 'blib/lib', 'blib/arch')" t/*.t
t/01_compile.t ..... ok
Can't locate boolean.pm in @INC (@INC contains: ../lib /usr/home/cpan/pit/bare/conf/perl-5.12.2/.cpanplus/5.12.2/build/String-Boolean/blib/lib /usr/home/cpan/pit/bare/conf/perl-5.12.2/.cpanplus/5.12.2/build/String-Boolean/blib/arch /usr/home/cpan/pit/bare/perl-5.12.2/lib/site_perl/5.12.2/i386-freebsd /usr/home/cpan/pit/bare/perl-5.12.2/lib/site_perl/5.12.2 /usr/home/cpan/pit/bare/perl-5.12.2/lib/5.12.2/i386-freebsd /usr/home/cpan/pit/bare/perl-5.12.2/lib/5.12.2 .) at /usr/home/cpan/pit/bare/conf/perl-5.12.2/.cpanplus/5.12.2/build/String-Boolean/blib/lib/String/BooleanSimple.pm line 11.
BEGIN failed--compilation aborted at /usr/home/cpan/pit/bare/conf/perl-5.12.2/.cpanplus/5.12.2/build/String-Boolean/blib/lib/String/BooleanSimple.pm line 11.
Compilation failed in require at t/02_truefalse.t line 9.
BEGIN failed--compilation aborted at t/02_truefalse.t line 9.
t/02_truefalse.t ... 
Dubious, test returned 2 (wstat 512, 0x200)
No subtests run 
Can't locate boolean.pm in @INC (@INC contains: ../lib /usr/home/cpan/pit/bare/conf/perl-5.12.2/.cpanplus/5.12.2/build/String-Boolean/blib/lib /usr/home/cpan/pit/bare/conf/perl-5.12.2/.cpanplus/5.12.2/build/String-Boolean/blib/arch /usr/home/cpan/pit/bare/perl-5.12.2/lib/site_perl/5.12.2/i386-freebsd /usr/home/cpan/pit/bare/perl-5.12.2/lib/site_perl/5.12.2 /usr/home/cpan/pit/bare/perl-5.12.2/lib/5.12.2/i386-freebsd /usr/home/cpan/pit/bare/perl-5.12.2/lib/5.12.2 .) at /usr/home/cpan/pit/bare/conf/perl-5.12.2/.cpanplus/5.12.2/build/String-Boolean/blib/lib/String/BooleanSimple.pm line 11.
BEGIN failed--compilation aborted at /usr/home/cpan/pit/bare/conf/perl-5.12.2/.cpanplus/5.12.2/build/String-Boolean/blib/lib/String/BooleanSimple.pm line 11.
Compilation failed in require at t/03_truefalsej.t line 9.
BEGIN failed--compilation aborted at t/03_truefalsej.t line 9.
t/03_truefalsej.t .. 
Dubious, test returned 2 (wstat 512, 0x200)
No subtests run 
Can't locate boolean.pm in @INC (@INC contains: ../lib /usr/home/cpan/pit/bare/conf/perl-5.12.2/.cpanplus/5.12.2/build/String-Boolean/blib/lib /usr/home/cpan/pit/bare/conf/perl-5.12.2/.cpanplus/5.12.2/build/String-Boolean/blib/arch /usr/home/cpan/pit/bare/perl-5.12.2/lib/site_perl/5.12.2/i386-freebsd /usr/home/cpan/pit/bare/perl-5.12.2/lib/site_perl/5.12.2 /usr/home/cpan/pit/bare/perl-5.12.2/lib/5.12.2/i386-freebsd /usr/home/cpan/pit/bare/perl-5.12.2/lib/5.12.2 .) at /usr/home/cpan/pit/bare/conf/perl-5.12.2/.cpanplus/5.12.2/build/String-Boolean/blib/lib/String/BooleanSimple.pm line 11.
BEGIN failed--compilation aborted at /usr/home/cpan/pit/bare/conf/perl-5.12.2/.cpanplus/5.12.2/build/String-Boolean/blib/lib/String/BooleanSimple.pm line 11.
Compilation failed in require at t/04_default.t line 9.
BEGIN failed--compilation aborted at t/04_default.t line 9.
t/04_default.t ..... 
Dubious, test returned 2 (wstat 512, 0x200)
No subtests run 

Test Summary Report
-------------------
t/02_truefalse.t (Wstat: 512 Tests: 0 Failed: 0)
  Non-zero exit status: 2
  Parse errors: No plan found in TAP output
t/03_truefalsej.t (Wstat: 512 Tests: 0 Failed: 0)
  Non-zero exit status: 2
  Parse errors: No plan found in TAP output
t/04_default.t   (Wstat: 512 Tests: 0 Failed: 0)
  Non-zero exit status: 2
  Parse errors: No plan found in TAP output
Files=4, Tests=1,  0 wallclock secs ( 0.05 usr  0.04 sys +  0.08 cusr  0.04 csys =  0.20 CPU)
Result: FAIL
Failed 3/4 test programs. 0/1 subtests failed.
*** Error code 2

Stop in /usr/home/cpan/pit/bare/conf/perl-5.12.2/.cpanplus/5.12.2/build/String-Boolean.

[MSG] [Tue Dec 14 10:28:14 2010] DEFAULT 'proceed_on_test_failure' HANDLER RETURNING 'sub return value'


MISSING PREREQUISITES:

It was observed that the test suite seem to fail without these modules:

boolean

As such, adding the prerequisite module(s) to 'PREREQ_PM' in your
Makefile.PL should solve this problem.  For example:

WriteMakefile(
    AUTHOR      => 'AHERNIT (cpanplus-info@lists.sf.net)',
    ... # other information
    PREREQ_PM   => {
	'boolean'	=> '0', # or a minimum working version
    }
);

Thanks! :-)

PREREQUISITES:

Here is a list of prerequisites you specified and versions we 
managed to load:
                                
	  Module Name                        Have     Want
	  Exporter                        5.64_01        0
	  Test::More                         0.96        0
	  strict                             1.04        0

Perl module toolchain versions installed:
	Module Name                        Have
	CPANPLUS                         0.9010
	CPANPLUS::Dist::Build              0.50
	Cwd                                3.33
	ExtUtils::CBuilder               0.2801
	ExtUtils::Command                  1.16
	ExtUtils::Install                  1.55
	ExtUtils::MakeMaker                6.56
	ExtUtils::Manifest                 1.58
	ExtUtils::ParseXS                2.2206
	File::Spec                         3.33
	Module::Build                    0.3607
	Test::Harness                      3.22
	Test::More                         0.96
	version                            0.87

******************************** NOTE ********************************
The comments above are created mechanically, possibly without manual
checking by the sender.  As there are many people performing automatic
tests on each upload to CPAN, it is likely that you will receive 
identical messages about the same problem.

If you believe that the message is mistaken, please reply to the first
one with correction and/or additional informations, and do not take
it personally.  We appreciate your patience. :)
**********************************************************************

Additional comments:
 

This report was machine-generated by CPANPLUS::Dist::YACSmoke 0.58.
Powered by minismokebox version 0.40

------------------------------
ENVIRONMENT AND OTHER CONTEXT
------------------------------

Environment variables:

    AUTOMATED_TESTING = 1
    PATH = /sbin:/bin:/usr/sbin:/usr/bin:/usr/games:/usr/local/sbin:/usr/local/bin:/home/cpan/bin
    PERL5LIB = :/usr/home/cpan/pit/bare/conf/perl-5.12.2/.cpanplus/5.12.2/build/String-Boolean/blib/lib:/usr/home/cpan/pit/bare/conf/perl-5.12.2/.cpanplus/5.12.2/build/String-Boolean/blib/arch
    PERL5_CPANPLUS_IS_RUNNING = 70462
    PERL5_CPANPLUS_IS_VERSION = 0.9010
    PERL5_MINISMOKEBOX = 0.40
    PERL5_YACSMOKE_BASE = /usr/home/cpan/pit/bare/conf/perl-5.12.2
    PERL_EXTUTILS_AUTOINSTALL = --defaultdeps
    PERL_MM_USE_DEFAULT = 1
    SHELL = /usr/local/bin/bash
    TERM = screen

Perl special variables (and OS-specific diagnostics, for MSWin32):

    Perl: $^X = /usr/home/cpan/pit/bare/perl-5.12.2/bin/perl
    UID:  $<  = 1003
    EUID: $>  = 1003
    GID:  $(  = 1003 1003 1003
    EGID: $)  = 1003 1003 1003


-------------------------------


--

Summary of my perl5 (revision 5 version 12 subversion 2) configuration:
   
  Platform:
    osname=freebsd, osvers=7.2-release, archname=i386-freebsd
    uname='freebsd wintermute.staffordshire.gov.uk 7.2-release freebsd 7.2-release #0: fri may 1 08:49:13 utc 2009 root@walker.cse.buffalo.edu:usrobjusrsrcsysgeneric i386 '
    config_args='-des -Dprefix=/usr/home/cpan/pit/bare/perl-5.12.2'
    hint=recommended, useposix=true, d_sigaction=define
    useithreads=undef, usemultiplicity=undef
    useperlio=define, d_sfio=undef, uselargefiles=define, usesocks=undef
    use64bitint=undef, use64bitall=undef, uselongdouble=undef
    usemymalloc=n, bincompat5005=undef
  Compiler:
    cc='cc', ccflags ='-DHAS_FPSETMASK -DHAS_FLOATINGPOINT_H -fno-strict-aliasing -pipe -fstack-protector -I/usr/local/include',
    optimize='-O',
    cppflags='-DHAS_FPSETMASK -DHAS_FLOATINGPOINT_H -fno-strict-aliasing -pipe -fstack-protector -I/usr/local/include'
    ccversion='', gccversion='4.2.1 20070719  [FreeBSD]', gccosandvers=''
    intsize=4, longsize=4, ptrsize=4, doublesize=8, byteorder=1234
    d_longlong=define, longlongsize=8, d_longdbl=define, longdblsize=12
    ivtype='long', ivsize=4, nvtype='double', nvsize=8, Off_t='off_t', lseeksize=8
    alignbytes=4, prototype=define
  Linker and Libraries:
    ld='cc', ldflags ='-Wl,-E  -fstack-protector -L/usr/local/lib'
    libpth=/usr/lib /usr/local/lib
    libs=-lgdbm -lm -lcrypt -lutil -lc
    perllibs=-lm -lcrypt -lutil -lc
    libc=, so=so, useshrplib=false, libperl=libperl.a
    gnulibc_version=''
  Dynamic Linking:
    dlsrc=dl_dlopen.xs, dlext=so, d_dlsymun=undef, ccdlflags=' '
    cccdlflags='-DPIC -fPIC', lddlflags='-shared  -L/usr/local/lib -fstack-protector'


Characteristics of this binary (from libperl): 
  Compile-time options: PERL_DONT_CREATE_GVSV PERL_MALLOC_WRAP
                        USE_LARGE_FILES USE_PERLIO USE_PERL_ATOF
  Built under freebsd
  Compiled at Sep  8 2010 20:16:18
  %ENV:
    PERL5LIB=":/usr/home/cpan/pit/bare/conf/perl-5.12.2/.cpanplus/5.12.2/build/String-Boolean/blib/lib:/usr/home/cpan/pit/bare/conf/perl-5.12.2/.cpanplus/5.12.2/build/String-Boolean/blib/arch"
    PERL5_CPANPLUS_IS_RUNNING="70462"
    PERL5_CPANPLUS_IS_VERSION="0.9010"
    PERL5_MINISMOKEBOX="0.40"
    PERL5_YACSMOKE_BASE="/usr/home/cpan/pit/bare/conf/perl-5.12.2"
    PERL_EXTUTILS_AUTOINSTALL="--defaultdeps"
    PERL_MM_USE_DEFAULT="1"
  @INC:
    /usr/home/cpan/pit/bare/conf/perl-5.12.2/.cpanplus/5.12.2/build/String-Boolean/blib/lib
    /usr/home/cpan/pit/bare/conf/perl-5.12.2/.cpanplus/5.12.2/build/String-Boolean/blib/arch
    /usr/home/cpan/pit/bare/perl-5.12.2/lib/site_perl/5.12.2/i386-freebsd
    /usr/home/cpan/pit/bare/perl-5.12.2/lib/site_perl/5.12.2
    /usr/home/cpan/pit/bare/perl-5.12.2/lib/5.12.2/i386-freebsd
    /usr/home/cpan/pit/bare/perl-5.12.2/lib/5.12.2
    .