Back
From: metabase:user:30ae4450-2aae-11df-837a-5e0a49663a4f
Subject: FAIL Socialtext-WikiTest-0.07 v5.16.2 GNU/Linux
Date: 2013-01-16T12:40:06Z
This distribution has been tested as part of the CPAN Testers
project, supporting the Perl programming language. See
http://wiki.cpantesters.org/ for more information or email
questions to cpan-testers-discuss@perl.org
--
Dear Luke Closs,
This is a computer-generated report for Socialtext-WikiTest-0.07
on perl 5.16.2, created by CPAN-Reporter-1.2009.
Thank you for uploading your work to CPAN. However, there was a problem
testing your distribution.
If you think this report is invalid, please consult the CPAN Testers Wiki
for suggestions on how to avoid getting FAIL reports for missing library
or binary dependencies, unsupported operating systems, and so on:
http://wiki.cpantesters.org/wiki/CPANAuthorNotes
Sections of this report:
* Tester comments
* Program output
* Prerequisites
* Environment and other context
------------------------------
TESTER COMMENTS
------------------------------
Additional comments from tester:
this report is from an automated smoke testing program
and was not reviewed by a human for accuracy
------------------------------
PROGRAM OUTPUT
------------------------------
Output from '/usr/bin/make test':
PERL_DL_NONLAZY=1 /home/c/perl5/perlbrew/perls/perl-5.16.2/bin/perl "-MExtUtils::Command::MM" "-e" "test_harness(0, 'blib/lib', 'blib/arch')" t/*.t
# Failed test at t/lib/Test/WWW/Selenium.pm line 30.
# Structures begin differing at:
# $got = (?^u:monkey)
# $expected = (?^:monkey)
# Failed test at t/lib/Test/WWW/Selenium.pm line 30.
# Structures begin differing at:
# $got->[1] = (?^u:water)
# $expected->[1] = (?^:water)
# Failed test at t/lib/Test/WWW/Selenium.pm line 30.
# Structures begin differing at:
# $got->[1] = (?^u:pen\?)
# $expected->[1] = (?^:pen\?)
# Failed test at t/lib/Test/WWW/Selenium.pm line 30.
# Structures begin differing at:
# $got = (?^u:pen\?)
# $expected = (?^:pen\?)
# Failed test at t/lib/Test/WWW/Selenium.pm line 30.
# Structures begin differing at:
# $got->[1] = (?^u:foo)
# $expected->[1] = (?^:foo)
# Failed test at t/fixture-selenese.t line 119.
# got: '(?^u:foo)'
# expected: '(?^:foo)'
# Looks like you failed 6 tests of 39.
t/fixture-selenese.t ..
Dubious, test returned 6 (wstat 1536, 0x600)
Failed 6/39 subtests
#
# comment: included
#
# comment: included
#
# comment: included
#
# comment: included2
t/fixture.t ........... ok
# Loading test plan Plan1...
# Loading test plan Plan2...
# Loading test plan Plan1...
# Loading test plan Plan2...
t/testplan.t .......... ok
Test Summary Report
-------------------
t/fixture-selenese.t (Wstat: 1536 Tests: 39 Failed: 6)
Failed tests: 4-6, 8, 29, 34
Non-zero exit status: 6
Files=3, Tests=76, 0 wallclock secs ( 0.02 usr 0.02 sys + 0.15 cusr 0.07 csys = 0.26 CPU)
Result: FAIL
Failed 1/3 test programs. 6/76 subtests failed.
make: *** [test_dynamic] ÐÑибка 255
------------------------------
PREREQUISITES
------------------------------
Prerequisite modules loaded:
requires:
Module Need Have
-------------------------- ---- -------
mocked 0 0.09
Socialtext::Resting 0 0.38
Socialtext::Resting::Utils 0.04 0.21
Test::Exception 0 0.31
Test::More 0 0.98
build_requires:
Module Need Have
-------------------------- ---- -------
ExtUtils::MakeMaker 0 6.63_02
------------------------------
ENVIRONMENT AND OTHER CONTEXT
------------------------------
Environment variables:
AUTOMATED_TESTING = 1
LANG = ru_RU.utf8
PATH = /home/c/perl5/perlbrew/bin:/home/c/perl5/perlbrew/perls/perl-5.16.2/bin:/usr/local/bin:/usr/bin:/bin:/usr/local/games:/usr/games
PERL5LIB = /home/c/.cpan/build/Socialtext-Resting-Utils-0.21-oK09E1/blib/arch:/home/c/.cpan/build/Socialtext-Resting-Utils-0.21-oK09E1/blib/lib:/home/c/.cpan/build/Socialtext-Resting-0.38-QVRqX9/blib/arch:/home/c/.cpan/build/Socialtext-Resting-0.38-QVRqX9/blib/lib:/home/c/.cpan/build/Class-Field-0.15-4GvEX2/blib/arch:/home/c/.cpan/build/Class-Field-0.15-4GvEX2/blib/lib:/home/c/.cpan/build/App-Options-1.12-czp4Uq/blib/arch:/home/c/.cpan/build/App-Options-1.12-czp4Uq/blib/lib:/home/c/.cpan/build/mocked-0.09-MDThpu/blib/arch:/home/c/.cpan/build/mocked-0.09-MDThpu/blib/lib
PERL5OPT =
PERL5_CPANPLUS_IS_RUNNING = 9252
PERL5_CPAN_IS_RUNNING = 9252
PERL5_CPAN_IS_RUNNING_IN_RECURSION = 1913,9252
PERLBREW_MANPATH = /home/c/perl5/perlbrew/perls/perl-5.16.2/man
PERLBREW_PATH = /home/c/perl5/perlbrew/bin:/home/c/perl5/perlbrew/perls/perl-5.16.2/bin
PERLBREW_PERL = perl-5.16.2
PERLBREW_ROOT = /home/c/perl5/perlbrew
PERLBREW_SKIP_INIT = 1
PERLBREW_VERSION = 0.58
PERL_CR_SMOKER_CURRENT = Socialtext-WikiTest-0.07
PERL_EXTUTILS_AUTOINSTALL = --defaultdeps
PERL_MM_USE_DEFAULT = 1
SHELL = /bin/bash
TERM = xterm
Perl special variables (and OS-specific diagnostics, for MSWin32):
$^X = /home/c/perl5/perlbrew/perls/perl-5.16.2/bin/perl
$UID/$EUID = 1000 / 1000
$GID = 1000 24 25 27 29 30 44 46 108 109 115 1000
$EGID = 1000 24 25 27 29 30 44 46 108 109 115 1000
Perl module toolchain versions installed:
Module Have
------------------- --------
CPAN 1.9800
CPAN::Meta 2.120921
Cwd 3.39_02
ExtUtils::CBuilder 0.280206
ExtUtils::Command 1.17
ExtUtils::Install 1.58
ExtUtils::MakeMaker 6.63_02
ExtUtils::Manifest 1.61
ExtUtils::ParseXS 3.16
File::Spec 3.39_02
JSON 2.53
JSON::PP 2.27200
Module::Build 0.4003
Module::Signature 0.70
Parse::CPAN::Meta 1.4404
Test::Harness 3.23
Test::More 0.98
YAML 0.84
YAML::Syck 1.22
version 0.9901
--
Summary of my perl5 (revision 5 version 16 subversion 2) configuration:
Platform:
osname=linux, osvers=2.6.32-5-686, archname=i686-linux
uname='linux deb1 2.6.32-5-686 #1 smp sun sep 23 09:49:36 utc 2012 i686 gnulinux '
config_args='-de -Dprefix=/home/c/perl5/perlbrew/perls/perl-5.16.2 -Aeval:scriptdir=/home/c/perl5/perlbrew/perls/perl-5.16.2/bin'
hint=recommended, useposix=true, d_sigaction=define
useithreads=undef, usemultiplicity=undef
useperlio=define, d_sfio=undef, uselargefiles=define, usesocks=undef
use64bitint=undef, use64bitall=undef, uselongdouble=undef
usemymalloc=n, bincompat5005=undef
Compiler:
cc='cc', ccflags ='-fno-strict-aliasing -pipe -fstack-protector -I/usr/local/include -D_LARGEFILE_SOURCE -D_FILE_OFFSET_BITS=64',
optimize='-O2',
cppflags='-fno-strict-aliasing -pipe -fstack-protector -I/usr/local/include'
ccversion='', gccversion='4.4.5', gccosandvers=''
intsize=4, longsize=4, ptrsize=4, doublesize=8, byteorder=1234
d_longlong=define, longlongsize=8, d_longdbl=define, longdblsize=12
ivtype='long', ivsize=4, nvtype='double', nvsize=8, Off_t='off_t', lseeksize=8
alignbytes=4, prototype=define
Linker and Libraries:
ld='cc', ldflags =' -fstack-protector -L/usr/local/lib'
libpth=/usr/local/lib /lib/../lib /usr/lib/../lib /lib /usr/lib /usr/lib/i486-linux-gnu /usr/lib64
libs=-lnsl -ldl -lm -lcrypt -lutil -lc
perllibs=-lnsl -ldl -lm -lcrypt -lutil -lc
libc=/lib/libc-2.11.3.so, so=so, useshrplib=false, libperl=libperl.a
gnulibc_version='2.11.3'
Dynamic Linking:
dlsrc=dl_dlopen.xs, dlext=so, d_dlsymun=undef, ccdlflags='-Wl,-E'
cccdlflags='-fPIC', lddlflags='-shared -O2 -L/usr/local/lib -fstack-protector'
Characteristics of this binary (from libperl):
Compile-time options: HAS_TIMES PERLIO_LAYERS PERL_DONT_CREATE_GVSV
PERL_MALLOC_WRAP PERL_PRESERVE_IVUV USE_LARGE_FILES
USE_LOCALE USE_LOCALE_COLLATE USE_LOCALE_CTYPE
USE_LOCALE_NUMERIC USE_PERLIO USE_PERL_ATOF
Built under linux
Compiled at Jan 4 2013 21:20:12
%ENV:
PERL5LIB="/home/c/.cpan/build/Socialtext-Resting-Utils-0.21-oK09E1/blib/arch:/home/c/.cpan/build/Socialtext-Resting-Utils-0.21-oK09E1/blib/lib:/home/c/.cpan/build/Socialtext-Resting-0.38-QVRqX9/blib/arch:/home/c/.cpan/build/Socialtext-Resting-0.38-QVRqX9/blib/lib:/home/c/.cpan/build/Class-Field-0.15-4GvEX2/blib/arch:/home/c/.cpan/build/Class-Field-0.15-4GvEX2/blib/lib:/home/c/.cpan/build/App-Options-1.12-czp4Uq/blib/arch:/home/c/.cpan/build/App-Options-1.12-czp4Uq/blib/lib:/home/c/.cpan/build/mocked-0.09-MDThpu/blib/arch:/home/c/.cpan/build/mocked-0.09-MDThpu/blib/lib"
PERL5OPT=""
PERL5_CPANPLUS_IS_RUNNING="9252"
PERL5_CPAN_IS_RUNNING="9252"
PERL5_CPAN_IS_RUNNING_IN_RECURSION="1913,9252"
PERLBREW_MANPATH="/home/c/perl5/perlbrew/perls/perl-5.16.2/man"
PERLBREW_PATH="/home/c/perl5/perlbrew/bin:/home/c/perl5/perlbrew/perls/perl-5.16.2/bin"
PERLBREW_PERL="perl-5.16.2"
PERLBREW_ROOT="/home/c/perl5/perlbrew"
PERLBREW_SKIP_INIT="1"
PERLBREW_VERSION="0.58"
PERL_CR_SMOKER_CURRENT="Socialtext-WikiTest-0.07"
PERL_EXTUTILS_AUTOINSTALL="--defaultdeps"
PERL_MM_USE_DEFAULT="1"
@INC:
/home/c/.cpan/build/Socialtext-Resting-Utils-0.21-oK09E1/blib/arch
/home/c/.cpan/build/Socialtext-Resting-Utils-0.21-oK09E1/blib/lib
/home/c/.cpan/build/Socialtext-Resting-0.38-QVRqX9/blib/arch
/home/c/.cpan/build/Socialtext-Resting-0.38-QVRqX9/blib/lib
/home/c/.cpan/build/Class-Field-0.15-4GvEX2/blib/arch
/home/c/.cpan/build/Class-Field-0.15-4GvEX2/blib/lib
/home/c/.cpan/build/App-Options-1.12-czp4Uq/blib/arch
/home/c/.cpan/build/App-Options-1.12-czp4Uq/blib/lib
/home/c/.cpan/build/mocked-0.09-MDThpu/blib/arch
/home/c/.cpan/build/mocked-0.09-MDThpu/blib/lib
/home/c/perl5/perlbrew/perls/perl-5.16.2/lib/site_perl/5.16.2/i686-linux
/home/c/perl5/perlbrew/perls/perl-5.16.2/lib/site_perl/5.16.2
/home/c/perl5/perlbrew/perls/perl-5.16.2/lib/5.16.2/i686-linux
/home/c/perl5/perlbrew/perls/perl-5.16.2/lib/5.16.2
.