Net-Stripe-Simple v0.004 Perl 5 v5.26.1 OpenBSD.amd64-openbsd

Status
Fail
From
Alceu Rodrigues de Freitas Junior
Dist
Net-Stripe-Simple v0.004
Platform
Perl 5 v5.26.1 OpenBSD.amd64-openbsd
Date
2017-11-22 02:00:04
ID
db403c26-cf28-11e7-a5b0-fc734efa78b8
This distribution has been tested as part of the CPAN Testers
project, supporting the Perl programming language.  See
http://wiki.cpantesters.org/ for more information or email
questions to cpan-testers-discuss@perl.org


--
Dear Grant Street Group,

This is a computer-generated report for Net-Stripe-Simple-0.004
on perl 5.26.1, created by CPAN-Reporter-1.2018.

Thank you for uploading your work to CPAN.  However, there was a problem
testing your distribution.

If you think this report is invalid, please consult the CPAN Testers Wiki
for suggestions on how to avoid getting FAIL reports for missing library
or binary dependencies, unsupported operating systems, and so on:

http://wiki.cpantesters.org/wiki/CPANAuthorNotes

Sections of this report:

    * Tester comments
    * Program output
    * Prerequisites
    * Environment and other context

------------------------------
TESTER COMMENTS
------------------------------

Additional comments from tester:

this report is from an automated smoke testing program
and was not reviewed by a human for accuracy

------------------------------
PROGRAM OUTPUT
------------------------------

Output from '/usr/bin/make test':

PERL_DL_NONLAZY=1 "/home/foo/perl5/perlbrew/perls/perl-5.26.1/bin/perl" "-MExtUtils::Command::MM" "-MTest::Harness" "-e" "undef *Test::Harness::Switches; test_harness(0, 'blib/lib', 'blib/arch')" t/*.t
t/00-compile.t ........... ok
# 
# Versions for all modules listed in MYMETA.json (including optional ones):
# 
# === Configure Requires ===
# 
#     Module              Want    Have
#     ------------------- ---- -------
#     ExtUtils::MakeMaker  any 7.31_04
# 
# === Build Requires ===
# 
#     Module              Want    Have
#     ------------------- ---- -------
#     ExtUtils::MakeMaker  any 7.31_04
# 
# === Test Requires ===
# 
#     Module              Want     Have
#     ------------------- ---- --------
#     DateTime             any     1.44
#     ExtUtils::MakeMaker  any  7.31_04
#     File::Spec           any     3.67
#     IO::Handle           any     1.36
#     IPC::Open3           any     1.20
#     Test::Exception      any     0.43
#     Test::More           any 1.302113
#     autodie              any     2.29
#     blib                1.01     1.06
# 
# === Test Recommends ===
# 
#     Module         Want     Have
#     ---------- -------- --------
#     CPAN::Meta 2.120900 2.150010
# 
# === Runtime Requires ===
# 
#     Module                Want    Have
#     --------------------- ---- -------
#     Devel::StackTrace      any    2.03
#     Exporter               any    5.72
#     HTTP::Request::Common  any    6.13
#     JSON                   any 2.97000
#     LWP::Protocol::https   any    6.07
#     LWP::UserAgent         any    6.26
#     MIME::Base64           any    3.15
#     Scalar::Util           any    1.49
#     URI::Escape            any    3.31
#     constant               any    1.33
#     overload               any    1.28
#     parent                 any   0.236
#     strict                 any    1.11
#     warnings               any    1.37
# 
t/00-report-prereqs.t .... ok
t/author-pod-coverage.t .. skipped: these tests are for testing by the author
t/author-pod-syntax.t .... skipped: these tests are for testing by the author
    # No tests run!

#   Failed test 'No tests run for subtest "Recipients"'
#   at t/basic.t line 685.
Error: invalid_request_error - Recipients have been deprecated and are no longer available. They have been replaced by Custom accounts (see https://stripe.com/docs/connect/custom-accounts), which you should use if you're creating a new platform. Please contact support@stripe.com if you have any questions.# Looks like your test exited with 255 just after 14.
t/basic.t ................ 
Dubious, test returned 255 (wstat 65280, 0xff00)
Failed 7/20 subtests 
t/data.t ................. ok
t/errors.t ............... ok
t/release-unused-vars.t .. skipped: these tests are for release candidate testing

Test Summary Report
-------------------
t/basic.t              (Wstat: 65280 Tests: 14 Failed: 1)
  Failed test:  14
  Non-zero exit status: 255
  Parse errors: Bad plan.  You planned 20 tests but ran 14.
Files=8, Tests=29, 101 wallclock secs ( 0.01 usr  0.12 sys +  2.73 cusr  1.08 csys =  3.94 CPU)
Result: FAIL
Failed 1/8 test programs. 1/29 subtests failed.
*** Error 255 in /mnt/cpan_build_dir/foo/Net-Stripe-Simple-0.004-0 (Makefile:893 'test_dynamic')

------------------------------
PREREQUISITES
------------------------------

Prerequisite modules loaded:

requires:

    Module                Need     Have    
    --------------------- -------- --------
    constant              0        1.33    
    Devel::StackTrace     0        2.03    
    Exporter              0        5.72    
    HTTP::Request::Common 0        6.13    
    JSON                  0        2.97000 
    LWP::Protocol::https  0        6.07    
    LWP::UserAgent        0        6.26    
    MIME::Base64          0        3.15    
    overload              0        1.28    
    parent                0        0.236   
    perl                  5.010000 5.026001
    Scalar::Util          0        1.49    
    strict                0        1.11    
    URI::Escape           0        3.31    
    warnings              0        1.37    

build_requires:

    Module                Need     Have    
    --------------------- -------- --------
    autodie               0        2.29    
    blib                  1.01     1.06    
    DateTime              0        1.44    
    ExtUtils::MakeMaker   0        7.31_04 
    File::Spec            0        3.67    
    IO::Handle            0        1.36    
    IPC::Open3            0        1.20    
    Test::Exception       0        0.43    
    Test::More            0        1.302113

configure_requires:

    Module                Need     Have    
    --------------------- -------- --------
    ExtUtils::MakeMaker   0        7.31_04 
    perl                  v5.10.0  5.026001


------------------------------
ENVIRONMENT AND OTHER CONTEXT
------------------------------

Environment variables:

    AUTOMATED_TESTING = 1
    PATH = /home/foo/perl5/perlbrew/bin:/home/foo/perl5/perlbrew/perls/perl-5.26.1/bin:/home/foo/bin:/sbin:/usr/sbin:/bin:/usr/bin:/usr/X11R6/bin:/usr/local/sbin:/usr/local/bin
    PERL5LIB = 
    PERL5OPT = 
    PERL5_CPANPLUS_IS_RUNNING = 42507
    PERL5_CPAN_IS_RUNNING = 42507
    PERL5_CPAN_IS_RUNNING_IN_RECURSION = 13403,42507
    PERLBREW_BASHRC_VERSION = 0.80
    PERLBREW_HOME = /home/foo/.perlbrew
    PERLBREW_MANPATH = /home/foo/perl5/perlbrew/perls/perl-5.26.1/man
    PERLBREW_PATH = /home/foo/perl5/perlbrew/bin:/home/foo/perl5/perlbrew/perls/perl-5.26.1/bin
    PERLBREW_PERL = perl-5.26.1
    PERLBREW_ROOT = /home/foo/perl5/perlbrew
    PERLBREW_VERSION = 0.80
    PERL_CR_SMOKER_CURRENT = Net-Stripe-Simple-0.004
    PERL_EXTUTILS_AUTOINSTALL = --defaultdeps
    PERL_MM_USE_DEFAULT = 1
    SHELL = /usr/local/bin/bash
    TERM = xterm

Perl special variables (and OS-specific diagnostics, for MSWin32):

    $^X = /home/foo/perl5/perlbrew/perls/perl-5.26.1/bin/perl
    $UID/$EUID = 1001 / 1001
    $GID = 999 999 1001
    $EGID = 999 999 1001

Perl module toolchain versions installed:

    Module              Have    
    ------------------- --------
    CPAN                2.16    
    CPAN::Meta          2.150010
    Cwd                 3.67    
    ExtUtils::CBuilder  0.280226
    ExtUtils::Command   7.31_04 
    ExtUtils::Install   2.14    
    ExtUtils::MakeMaker 7.31_04 
    ExtUtils::Manifest  1.70    
    ExtUtils::ParseXS   3.35    
    File::Spec          3.67    
    JSON                2.97000 
    JSON::PP            2.97000 
    Module::Build       0.4224  
    Module::Signature   0.81    
    Parse::CPAN::Meta   2.150010
    Test::Harness       3.39    
    Test::More          1.302113
    YAML                1.24    
    YAML::Syck          1.30    
    version             0.9918  


--

Summary of my perl5 (revision 5 version 26 subversion 1) configuration:
   
  Platform:
    osname=openbsd
    osvers=6.1
    archname=OpenBSD.amd64-openbsd
    uname='openbsd cpansmoker.my.domain 6.1 generic.mp#20 amd64 '
    config_args='-de -Dprefix=/home/foo/perl5/perlbrew/perls/perl-5.26.1 -Aeval:scriptdir=/home/foo/perl5/perlbrew/perls/perl-5.26.1/bin'
    hint=recommended
    useposix=true
    d_sigaction=define
    useithreads=undef
    usemultiplicity=undef
    use64bitint=define
    use64bitall=define
    uselongdouble=undef
    usemymalloc=n
    default_inc_excludes_dot=define
    bincompat5005=undef
  Compiler:
    cc='cc'
    ccflags ='-fno-strict-aliasing -pipe -fstack-protector-strong -I/usr/local/include -D_FORTIFY_SOURCE=2'
    optimize='-O2'
    cppflags='-fno-strict-aliasing -pipe -fstack-protector-strong -I/usr/local/include'
    ccversion=''
    gccversion='4.2.1 20070719 '
    gccosandvers='openbsd6.1'
    intsize=4
    longsize=8
    ptrsize=8
    doublesize=8
    byteorder=12345678
    doublekind=3
    d_longlong=define
    longlongsize=8
    d_longdbl=define
    longdblsize=16
    longdblkind=3
    ivtype='long'
    ivsize=8
    nvtype='double'
    nvsize=8
    Off_t='off_t'
    lseeksize=8
    alignbytes=8
    prototype=define
  Linker and Libraries:
    ld='cc'
    ldflags ='-Wl,-E  -fstack-protector-strong -L/usr/local/lib'
    libpth=/usr/lib /usr/local/lib
    libs=-lpthread -lm -lutil -lc
    perllibs=-lpthread -lm -lutil -lc
    libc=/usr/lib/libc.so.89.3
    so=so
    useshrplib=false
    libperl=libperl.a
    gnulibc_version=''
  Dynamic Linking:
    dlsrc=dl_dlopen.xs
    dlext=so
    d_dlsymun=undef
    ccdlflags=' '
    cccdlflags='-DPIC -fPIC '
    lddlflags='-shared -fPIC  -L/usr/local/lib -fstack-protector-strong'


Characteristics of this binary (from libperl): 
  Compile-time options:
    HAS_TIMES
    PERLIO_LAYERS
    PERL_COPY_ON_WRITE
    PERL_DONT_CREATE_GVSV
    PERL_MALLOC_WRAP
    PERL_OP_PARENT
    PERL_PRESERVE_IVUV
    USE_64_BIT_ALL
    USE_64_BIT_INT
    USE_LARGE_FILES
    USE_LOCALE
    USE_LOCALE_COLLATE
    USE_LOCALE_CTYPE
    USE_LOCALE_NUMERIC
    USE_LOCALE_TIME
    USE_PERLIO
    USE_PERL_ATOF
  Locally applied patches:
    Devel::PatchPerl 1.48
  Built under openbsd
  Compiled at Nov 10 2017 20:02:38
  %ENV:
    PERL5LIB=""
    PERL5OPT=""
    PERL5_CPANPLUS_IS_RUNNING="42507"
    PERL5_CPAN_IS_RUNNING="42507"
    PERL5_CPAN_IS_RUNNING_IN_RECURSION="13403,42507"
    PERLBREW_BASHRC_VERSION="0.80"
    PERLBREW_HOME="/home/foo/.perlbrew"
    PERLBREW_MANPATH="/home/foo/perl5/perlbrew/perls/perl-5.26.1/man"
    PERLBREW_PATH="/home/foo/perl5/perlbrew/bin:/home/foo/perl5/perlbrew/perls/perl-5.26.1/bin"
    PERLBREW_PERL="perl-5.26.1"
    PERLBREW_ROOT="/home/foo/perl5/perlbrew"
    PERLBREW_VERSION="0.80"
    PERL_CR_SMOKER_CURRENT="Net-Stripe-Simple-0.004"
    PERL_EXTUTILS_AUTOINSTALL="--defaultdeps"
    PERL_MM_USE_DEFAULT="1"
  @INC:
    /home/foo/perl5/perlbrew/perls/perl-5.26.1/lib/site_perl/5.26.1/OpenBSD.amd64-openbsd
    /home/foo/perl5/perlbrew/perls/perl-5.26.1/lib/site_perl/5.26.1
    /home/foo/perl5/perlbrew/perls/perl-5.26.1/lib/5.26.1/OpenBSD.amd64-openbsd
    /home/foo/perl5/perlbrew/perls/perl-5.26.1/lib/5.26.1