Back
From: metabase:user:30977d10-2aae-11df-837a-5e0a49663a4f
Subject: FAIL CSS-Tiny-1.19 v5.23.8 GNU/Linux
Date: 2016-02-27T12:15:57Z
This distribution has been tested as part of the CPAN Testers
project, supporting the Perl programming language. See
http://wiki.cpantesters.org/ for more information or email
questions to cpan-testers-discuss@perl.org
--
Dear Adam Kennedy,
This is a computer-generated report for CSS-Tiny-1.19
on perl 5.23.8, created by CPAN-Reporter-1.2015.
Thank you for uploading your work to CPAN. However, there was a problem
testing your distribution.
If you think this report is invalid, please consult the CPAN Testers Wiki
for suggestions on how to avoid getting FAIL reports for missing library
or binary dependencies, unsupported operating systems, and so on:
http://wiki.cpantesters.org/wiki/CPANAuthorNotes
Sections of this report:
* Tester comments
* Program output
* Prerequisites
* Environment and other context
------------------------------
TESTER COMMENTS
------------------------------
Additional comments from tester:
this report is from an automated smoke testing program
and was not reviewed by a human for accuracy
------------------------------
PROGRAM OUTPUT
------------------------------
Output from '/usr/bin/make test':
PERL_DL_NONLAZY=1 "/home/stro/perl/5.23.8t/bin/perl" "-MExtUtils::Command::MM" "-MTest::Harness" "-e" "undef *Test::Harness::Switches; test_harness(0, 'blib/lib', 'blib/arch')" t/*.t xt/*.t
t/01_compile.t ....... ok
t/02_main.t .......... ok
t/03_inline_clone.t .. ok
t/04_rt.t ............ ok
xt/meta.t ............ skipped: Test::CPAN::Meta 0.17 not available for testing
Assuming NOT a POSIX class since there must be a starting ':' in regex; marked by <-- HERE in m/ \A \\ (?:
[^\w\s] | # delimiters/metas
[tnrfae] | # C-style escapes
0 [01234567]{0,2} | # octal
# [01234567]{1,3} | # made from backref by lexer
c [][ <-- HERE [:alpha:]\@\\^_?] | # control characters
x (?: \{ [[:xdigit:]]* \} | [[:xdigit:]]{0,2} ) | # hex
o [{] [01234567]+ [}] | # octal as of 5.13.3
## N (?: \{ (?: [[:alpha:]] [\w\s:()-]* | # must begin w/ alpha
## U [+] [[:xdigit:]]+ ) \} ) | # unicode
N (?: [{] (?= \D ) [^\}]+ [}] ) # unicode
) / at /home/stro/perl/5.23.8t/lib/site_perl/5.23.8/PPIx/Regexp/Token/Literal.pm line 248.
# Failed test 'lib/CSS/Tiny.pm'
# at /home/stro/perl/5.23.8t/lib/site_perl/5.23.8/Test/MinimumVersion.pm line 161.
# lib/CSS/Tiny.pm requires 5.005 due to syntax
# Looks like you failed 1 test of 6.
xt/pmv.t .............
Dubious, test returned 1 (wstat 256, 0x100)
Failed 1/6 subtests
xt/pod.t ............. ok
Test Summary Report
-------------------
xt/pmv.t (Wstat: 256 Tests: 6 Failed: 1)
Failed test: 1
Non-zero exit status: 1
Files=7, Tests=41, 1 wallclock secs ( 0.02 usr 0.01 sys + 0.73 cusr 0.02 csys = 0.78 CPU)
Result: FAIL
Failed 1/7 test programs. 1/41 subtests failed.
Makefile:844: recipe for target 'test_dynamic' failed
make: *** [test_dynamic] Error 255
------------------------------
PREREQUISITES
------------------------------
Prerequisite modules loaded:
requires:
Module Need Have
------------------- ----- --------
perl 5.004 5.023008
build_requires:
Module Need Have
------------------- ----- --------
Test::More 0.47 1.001014
configure_requires:
Module Need Have
------------------- ----- --------
ExtUtils::MakeMaker 0 7.10_01
------------------------------
ENVIRONMENT AND OTHER CONTEXT
------------------------------
Environment variables:
AUTOMATED_TESTING = 1
LANG = en_US.UTF-8
PATH = /usr/local/bin:/usr/bin:/bin:/usr/local/games:/usr/games
PERL5LIB =
PERL5OPT =
PERL5_CPANPLUS_IS_RUNNING = 6519
PERL5_CPAN_IS_RUNNING = 6519
PERL5_CPAN_IS_RUNNING_IN_RECURSION = 19135,6519
PERL_CR_SMOKER_CURRENT = App-Slaughter-3.0.6
PERL_EXTUTILS_AUTOINSTALL = --defaultdeps
PERL_MM_USE_DEFAULT = 1
SHELL = /bin/bash
TERM = xterm
Perl special variables (and OS-specific diagnostics, for MSWin32):
$^X = /home/stro/perl/5.23.8t/bin/perl
$UID/$EUID = 1000 / 1000
$GID = 1000 24 25 29 30 44 46 108 114 1000
$EGID = 1000 24 25 29 30 44 46 108 114 1000
Perl module toolchain versions installed:
Module Have
------------------- --------
CPAN 2.11
CPAN::Meta 2.150005
Cwd 3.63
ExtUtils::CBuilder 0.280225
ExtUtils::Command 7.10
ExtUtils::Install 2.04
ExtUtils::MakeMaker 7.10_01
ExtUtils::Manifest 1.70
ExtUtils::ParseXS 3.31
File::Spec 3.63
JSON 2.90
JSON::PP 2.27300
Module::Build 0.4216
Module::Signature n/a
Parse::CPAN::Meta 1.4417
Test::Harness 3.36
Test::More 1.001014
YAML 1.15
YAML::Syck 1.29
version 0.9909
--
Summary of my perl5 (revision 5 version 23 subversion 8) configuration:
Platform:
osname=linux, osvers=3.16.0-4-amd64, archname=x86_64-linux-thread-multi
uname='linux vm-debian-001 3.16.0-4-amd64 #1 smp debian 3.16.7-ckt11-1 (2015-05-24) x86_64 gnulinux '
config_args=''
hint=recommended, useposix=true, d_sigaction=define
useithreads=define, usemultiplicity=define
use64bitint=define, use64bitall=define, uselongdouble=undef
usemymalloc=n, bincompat5005=undef
Compiler:
cc='cc', ccflags ='-D_REENTRANT -D_GNU_SOURCE -fwrapv -fno-strict-aliasing -pipe -fstack-protector-strong -I/usr/local/include -D_LARGEFILE_SOURCE -D_FILE_OFFSET_BITS=64 -D_FORTIFY_SOURCE=2',
optimize='-O2',
cppflags='-D_REENTRANT -D_GNU_SOURCE -fwrapv -fno-strict-aliasing -pipe -fstack-protector-strong -I/usr/local/include'
ccversion='', gccversion='4.9.2', gccosandvers=''
intsize=4, longsize=8, ptrsize=8, doublesize=8, byteorder=12345678, doublekind=3
d_longlong=define, longlongsize=8, d_longdbl=define, longdblsize=16, longdblkind=3
ivtype='long', ivsize=8, nvtype='double', nvsize=8, Off_t='off_t', lseeksize=8
alignbytes=8, prototype=define
Linker and Libraries:
ld='cc', ldflags =' -fstack-protector-strong -L/usr/local/lib'
libpth=/usr/local/lib /usr/lib/gcc/x86_64-linux-gnu/4.9/include-fixed /usr/include/x86_64-linux-gnu /usr/lib /lib/x86_64-linux-gnu /lib/../lib /usr/lib/x86_64-linux-gnu /usr/lib/../lib /lib
libs=-lpthread -lnsl -ldl -lm -lcrypt -lutil -lc
perllibs=-lpthread -lnsl -ldl -lm -lcrypt -lutil -lc
libc=libc-2.19.so, so=so, useshrplib=false, libperl=libperl.a
gnulibc_version='2.19'
Dynamic Linking:
dlsrc=dl_dlopen.xs, dlext=so, d_dlsymun=undef, ccdlflags='-Wl,-E'
cccdlflags='-fPIC', lddlflags='-shared -O2 -L/usr/local/lib -fstack-protector-strong'
Characteristics of this binary (from libperl):
Compile-time options: HAS_TIMES MULTIPLICITY PERLIO_LAYERS
PERL_COPY_ON_WRITE PERL_DONT_CREATE_GVSV
PERL_HASH_FUNC_ONE_AT_A_TIME_HARD
PERL_IMPLICIT_CONTEXT PERL_MALLOC_WRAP
PERL_PRESERVE_IVUV USE_64_BIT_ALL USE_64_BIT_INT
USE_ITHREADS USE_LARGE_FILES USE_LOCALE
USE_LOCALE_COLLATE USE_LOCALE_CTYPE
USE_LOCALE_NUMERIC USE_LOCALE_TIME USE_PERLIO
USE_PERL_ATOF USE_REENTRANT_API
Built under linux
Compiled at Feb 24 2016 17:52:47
%ENV:
PERL5LIB=""
PERL5OPT=""
PERL5_CPANPLUS_IS_RUNNING="6519"
PERL5_CPAN_IS_RUNNING="6519"
PERL5_CPAN_IS_RUNNING_IN_RECURSION="19135,6519"
PERL_CR_SMOKER_CURRENT="App-Slaughter-3.0.6"
PERL_EXTUTILS_AUTOINSTALL="--defaultdeps"
PERL_MM_USE_DEFAULT="1"
@INC:
/home/stro/perl/5.23.8t/lib/site_perl/5.23.8/x86_64-linux-thread-multi
/home/stro/perl/5.23.8t/lib/site_perl/5.23.8
/home/stro/perl/5.23.8t/lib/5.23.8/x86_64-linux-thread-multi
/home/stro/perl/5.23.8t/lib/5.23.8
.