Report for Vim-Debug-0.904

Back
From: metabase:user:314402c4-2aae-11df-837a-5e0a49663a4f
Subject: FAIL Vim-Debug-0.904 v5.16.3 FreeBSD
Date: 2014-05-09T15:01:53Z

This distribution has been tested as part of the CPAN Testers
project, supporting the Perl programming language.  See
http://wiki.cpantesters.org/ for more information or email
questions to cpan-testers-discuss@perl.org


--
Dear Eric D Johnson,

This is a computer-generated report for Vim-Debug-0.904
on perl 5.16.3, created by CPAN-Reporter-1.2010.

Thank you for uploading your work to CPAN.  However, there was a problem
testing your distribution.

If you think this report is invalid, please consult the CPAN Testers Wiki
for suggestions on how to avoid getting FAIL reports for missing library
or binary dependencies, unsupported operating systems, and so on:

http://wiki.cpantesters.org/wiki/CPANAuthorNotes

Sections of this report:

    * Tester comments
    * Program output
    * Prerequisites
    * Environment and other context

------------------------------
TESTER COMMENTS
------------------------------

Additional comments from tester:

none provided

------------------------------
PROGRAM OUTPUT
------------------------------

Output from '/usr/bin/make test':

PERL_DL_NONLAZY=1 /usr/perl5.16.3/bin/perl5.16.3 "-MExtUtils::Command::MM" "-e" "test_harness(0, 'blib/lib', 'blib/arch')" t/*.t
t/00-compile.t ......... ok
# Prerequisite Report:
#    Version Module                     
#   -------- ---------------------------
#       1.26 Carp                       
#       0.11 Dir::Self                  
#    6.63_02 ExtUtils::MakeMaker        
#       2.84 File::Basename             
#       0.38 File::Copy::Recursive      
#       1.20 File::Find                 
#    2.08_01 File::Path                 
#       3.40 File::Spec::Functions      
#     0.2304 File::Temp                 
#       2.42 Getopt::Long               
#       1.10 IO::Pty                    
#       0.92 IPC::Run                   
#       1.38 List::Util                 
#     2.1204 Moose                      
#     2.1204 Moose::Role                
#     2.1204 Moose::Util                
#       0.27 MooseX::ClassAttribute     
#       3.04 Net::Telnet                
#      1.358 POE                        
#      1.358 POE::Component::Server::TCP
#   1.001002 Test::More                 
#       0.19 Try::Tiny                  
#       1.07 strict                     
#       1.13 warnings                   
t/00-report-prereqs.t .. ok
t/perl.parseOutput.t ... ok
t/perl.stop.t .......... ok

#   Failed test 'print: value'
#   at t/perl.t line 50.
#          got: '0  1
# 
# '
#     expected: '0  1'

#   Failed test 'command:x $a: value'
#   at t/perl.t line 91.
#          got: '0  1
# 
# '
#     expected: '0  1'
# Looks like you failed 2 tests of 39.
t/perl.t ............... 
Dubious, test returned 2 (wstat 512, 0x200)
Failed 2/39 subtests 
t/pod.t ................ ok

Test Summary Report
-------------------
t/perl.t             (Wstat: 512 Tests: 39 Failed: 2)
  Failed tests:  9, 38
  Non-zero exit status: 2
Files=6, Tests=76, 24 wallclock secs ( 0.12 usr  0.03 sys + 10.65 cusr  2.64 csys = 13.44 CPU)
Result: FAIL
Failed 1/6 test programs. 2/76 subtests failed.
*** [test_dynamic] Error code 255

Stop in /usr/local/src/CPAN/build/Vim-Debug-0.904-ubPmyr.

------------------------------
PREREQUISITES
------------------------------

Prerequisite modules loaded:

requires:

    Module                      Need Have    
    --------------------------- ---- --------
    Carp                        0    1.26    
    Dir::Self                   0    0.11    
    File::Basename              0    2.84    
    File::Copy::Recursive       0    0.38    
    File::Path                  0    2.08_01 
    Getopt::Long                0    2.42    
    IO::Pty                     0    1.10    
    IPC::Run                    0    0.92    
    Moose                       0    2.1204  
    Moose::Role                 0    2.1204  
    Moose::Util                 0    2.1204  
    MooseX::ClassAttribute      0    0.27    
    POE                         0    1.358   
    POE::Component::Server::TCP 0    1.358   
    strict                      0    1.07    
    Try::Tiny                   0    0.19    
    warnings                    0    1.13    

build_requires:

    Module                      Need Have    
    --------------------------- ---- --------
    ExtUtils::MakeMaker         0    6.63_02 
    File::Find                  0    1.20    
    File::Spec::Functions       0    3.40    
    File::Temp                  0    0.2304  
    List::Util                  0    1.38    
    Net::Telnet                 0    3.04    
    Test::More                  0    1.001002

configure_requires:

    Module                      Need Have    
    --------------------------- ---- --------
    ExtUtils::MakeMaker         6.30 6.63_02 


------------------------------
ENVIRONMENT AND OTHER CONTEXT
------------------------------

Environment variables:

    DBIC_NO_WARN_BAD_PERL = 1
    LC_ALL = de_DE.ISO8859-1
    PATH = /usr/local/bin:/usr/bin:/bin:/usr/local/sbin:/usr/sbin:/sbin:/home/e/eserte/bin/freebsd9.1:/home/e/eserte/bin/sh:/home/e/eserte/bin:/usr/games:/home/e/eserte/devel:/home/e/eserte/src/srezic-misc/scripts
    PERL5LIB = /usr/local/src/CPAN/build/Net-Telnet-3.04-841TqL/blib/arch:/usr/local/src/CPAN/build/Net-Telnet-3.04-841TqL/blib/lib:/usr/local/src/CPAN/build/Dir-Self-0.11-7qwhFB/blib/arch:/usr/local/src/CPAN/build/Dir-Self-0.11-7qwhFB/blib/lib:/usr/local/src/CPAN/build/IPC-Run-0.92-qFp0X7/blib/arch:/usr/local/src/CPAN/build/IPC-Run-0.92-qFp0X7/blib/lib:/usr/local/src/CPAN/build/POE-1.358-5Q4Aui/blib/arch:/usr/local/src/CPAN/build/POE-1.358-5Q4Aui/blib/lib:/usr/local/src/CPAN/build/IO-Pipely-0.005-Je6MFU/blib/arch:/usr/local/src/CPAN/build/IO-Pipely-0.005-Je6MFU/blib/lib:/usr/local/src/CPAN/build/Exporter-5.70-LWUzf7/blib/arch:/usr/local/src/CPAN/build/Exporter-5.70-LWUzf7/blib/lib:/usr/local/src/CPAN/build/POE-Test-Loops-1.354-JPuIKw/blib/arch:/usr/local/src/CPAN/build/POE-Test-Loops-1.354-JPuIKw/blib/lib
    PERL5OPT = 
    PERL5_CPANPLUS_IS_RUNNING = 79923
    PERL5_CPAN_IS_RUNNING = 79923
    PERL5_CPAN_IS_RUNNING_IN_RECURSION = 63204,79923
    PERLDOC = -MPod::Perldoc::ToTextOverstrike
    PERL_BATCH = yes
    PERL_CPAN_REPORTER_CONFIG = /var/tmp/cpansmoker-1000/d06DKJRKlf_config.ini
    PERL_EXTUTILS_AUTOINSTALL = --defaultdeps
    PERL_HTML_DISPLAY_CLASS = HTML::Display::Mozilla
    SHELL = /usr/local/bin/zsh
    STDPERL = perl
    TERM = screen
    TMPDIR = /var/tmp/cpansmoker-1000

Perl special variables (and OS-specific diagnostics, for MSWin32):

    $^X = /usr/perl5.16.3/bin/perl5.16.3
    $UID/$EUID = 1000 / 1000
    $GID = 1000 1000 0 5 1023 1024
    $EGID = 1000 1000 0 5 1023 1024

Perl module toolchain versions installed:

    Module              Have    
    ------------------- --------
    CPAN                1.9800  
    CPAN::Meta          2.140640
    Cwd                 3.40    
    ExtUtils::CBuilder  0.280206
    ExtUtils::Command   1.17    
    ExtUtils::Install   1.58    
    ExtUtils::MakeMaker 6.63_02 
    ExtUtils::Manifest  1.61    
    ExtUtils::ParseXS   3.16    
    File::Spec          3.40    
    JSON                2.90    
    JSON::PP            2.27203 
    Module::Build       0.4205  
    Module::Signature   n/a     
    Parse::CPAN::Meta   1.4414  
    Test::Harness       3.30    
    Test::More          1.001002
    YAML                0.84    
    YAML::Syck          1.27    
    version             0.99    


--

Summary of my perl5 (revision 5 version 16 subversion 3) configuration:
   
  Platform:
    osname=freebsd, osvers=9.2-release, archname=amd64-freebsd
    uname='freebsd cvrsnica.herceg.de 9.2-release freebsd 9.2-release #0 r255898: thu sep 26 22:50:31 utc 2013 root@bake.isc.freebsd.org:usrobjusrsrcsysgeneric amd64 '
    config_args='-D useshrplib=true -Dprefix=/usr/perl5.16.3 -Dusemymalloc=n -D cc=ccache cc -Dgccansipedantic -de'
    hint=recommended, useposix=true, d_sigaction=define
    useithreads=undef, usemultiplicity=undef
    useperlio=define, d_sfio=undef, uselargefiles=define, usesocks=undef
    use64bitint=define, use64bitall=define, uselongdouble=undef
    usemymalloc=n, bincompat5005=undef
  Compiler:
    cc='ccache cc', ccflags ='-DHAS_FPSETMASK -DHAS_FLOATINGPOINT_H -fno-strict-aliasing -pipe -fstack-protector -I/usr/local/include',
    optimize='-O2 -pipe',
    cppflags='-DHAS_FPSETMASK -DHAS_FLOATINGPOINT_H -fno-strict-aliasing -pipe -fstack-protector -I/usr/local/include'
    ccversion='', gccversion='4.2.1 20070831 patched [FreeBSD]', gccosandvers=''
    intsize=4, longsize=8, ptrsize=8, doublesize=8, byteorder=12345678
    d_longlong=define, longlongsize=8, d_longdbl=define, longdblsize=16
    ivtype='long', ivsize=8, nvtype='double', nvsize=8, Off_t='off_t', lseeksize=8
    alignbytes=8, prototype=define
  Linker and Libraries:
    ld='ccache cc', ldflags ='-Wl,-E  -fstack-protector -L/usr/local/lib'
    libpth=/usr/lib /usr/local/lib
    libs=-lgdbm -lm -lcrypt -lutil -lc
    perllibs=-lm -lcrypt -lutil -lc
    libc=, so=so, useshrplib=true, libperl=libperl.so
    gnulibc_version=''
  Dynamic Linking:
    dlsrc=dl_dlopen.xs, dlext=so, d_dlsymun=undef, ccdlflags='  -Wl,-R/usr/perl5.16.3/lib/5.16.3/amd64-freebsd/CORE'
    cccdlflags='-DPIC -fPIC', lddlflags='-shared  -L/usr/local/lib -fstack-protector'


Characteristics of this binary (from libperl): 
  Compile-time options: HAS_TIMES PERLIO_LAYERS PERL_DONT_CREATE_GVSV
                        PERL_MALLOC_WRAP PERL_PRESERVE_IVUV PERL_USE_DEVEL
                        USE_64_BIT_ALL USE_64_BIT_INT USE_LARGE_FILES
                        USE_LOCALE USE_LOCALE_COLLATE USE_LOCALE_CTYPE
                        USE_LOCALE_NUMERIC USE_PERLIO USE_PERL_ATOF
  Built under freebsd
  Compiled at Oct 30 2013 17:36:17
  %ENV:
    PERL5LIB="/usr/local/src/CPAN/build/Net-Telnet-3.04-841TqL/blib/arch:/usr/local/src/CPAN/build/Net-Telnet-3.04-841TqL/blib/lib:/usr/local/src/CPAN/build/Dir-Self-0.11-7qwhFB/blib/arch:/usr/local/src/CPAN/build/Dir-Self-0.11-7qwhFB/blib/lib:/usr/local/src/CPAN/build/IPC-Run-0.92-qFp0X7/blib/arch:/usr/local/src/CPAN/build/IPC-Run-0.92-qFp0X7/blib/lib:/usr/local/src/CPAN/build/POE-1.358-5Q4Aui/blib/arch:/usr/local/src/CPAN/build/POE-1.358-5Q4Aui/blib/lib:/usr/local/src/CPAN/build/IO-Pipely-0.005-Je6MFU/blib/arch:/usr/local/src/CPAN/build/IO-Pipely-0.005-Je6MFU/blib/lib:/usr/local/src/CPAN/build/Exporter-5.70-LWUzf7/blib/arch:/usr/local/src/CPAN/build/Exporter-5.70-LWUzf7/blib/lib:/usr/local/src/CPAN/build/POE-Test-Loops-1.354-JPuIKw/blib/arch:/usr/local/src/CPAN/build/POE-Test-Loops-1.354-JPuIKw/blib/lib"
    PERL5OPT=""
    PERL5_CPANPLUS_IS_RUNNING="79923"
    PERL5_CPAN_IS_RUNNING="79923"
    PERL5_CPAN_IS_RUNNING_IN_RECURSION="63204,79923"
    PERLDOC="-MPod::Perldoc::ToTextOverstrike"
    PERL_BATCH="yes"
    PERL_CPAN_REPORTER_CONFIG="/var/tmp/cpansmoker-1000/d06DKJRKlf_config.ini"
    PERL_EXTUTILS_AUTOINSTALL="--defaultdeps"
    PERL_HTML_DISPLAY_CLASS="HTML::Display::Mozilla"
  @INC:
    /usr/local/src/CPAN/build/Net-Telnet-3.04-841TqL/blib/arch
    /usr/local/src/CPAN/build/Net-Telnet-3.04-841TqL/blib/lib
    /usr/local/src/CPAN/build/Dir-Self-0.11-7qwhFB/blib/arch
    /usr/local/src/CPAN/build/Dir-Self-0.11-7qwhFB/blib/lib
    /usr/local/src/CPAN/build/IPC-Run-0.92-qFp0X7/blib/arch
    /usr/local/src/CPAN/build/IPC-Run-0.92-qFp0X7/blib/lib
    /usr/local/src/CPAN/build/POE-1.358-5Q4Aui/blib/arch
    /usr/local/src/CPAN/build/POE-1.358-5Q4Aui/blib/lib
    /usr/local/src/CPAN/build/IO-Pipely-0.005-Je6MFU/blib/arch
    /usr/local/src/CPAN/build/IO-Pipely-0.005-Je6MFU/blib/lib
    /usr/local/src/CPAN/build/Exporter-5.70-LWUzf7/blib/arch
    /usr/local/src/CPAN/build/Exporter-5.70-LWUzf7/blib/lib
    /usr/local/src/CPAN/build/POE-Test-Loops-1.354-JPuIKw/blib/arch
    /usr/local/src/CPAN/build/POE-Test-Loops-1.354-JPuIKw/blib/lib
    /usr/perl5.16.3/lib/site_perl/5.16.3/amd64-freebsd
    /usr/perl5.16.3/lib/site_perl/5.16.3
    /usr/perl5.16.3/lib/5.16.3/amd64-freebsd
    /usr/perl5.16.3/lib/5.16.3
    .