Test-Mock-Net-FTP v0.04 Perl 5 v5.27.11 MSWin32-x86-multi-thread-64int

Status
Fail
From
Alexandr Ciornii (CHORNY)
Dist
Test-Mock-Net-FTP v0.04
Platform
Perl 5 v5.27.11 MSWin32-x86-multi-thread-64int
Date
2018-05-12 15:47:05
ID
daf85cf9-6c06-1014-b5b8-0d773d6665f9
This distribution has been tested as part of the CPAN Testers
project, supporting the Perl programming language.  See
http://wiki.cpantesters.org/ for more information or email
questions to cpan-testers-discuss@perl.org


--
Dear Takuya Tsuchida,

This is a computer-generated report for Test-Mock-Net-FTP-0.04
on perl 5.27.11, created by CPAN-Reporter-1.2018.

Thank you for uploading your work to CPAN.  However, there was a problem
testing your distribution.

If you think this report is invalid, please consult the CPAN Testers Wiki
for suggestions on how to avoid getting FAIL reports for missing library
or binary dependencies, unsupported operating systems, and so on:

http://wiki.cpantesters.org/wiki/CPANAuthorNotes

Sections of this report:

    * Tester comments
    * Program output
    * Prerequisites
    * Environment and other context

------------------------------
TESTER COMMENTS
------------------------------

Additional comments from tester:

this report is from an automated smoke testing program
and was not reviewed by a human for accuracy

------------------------------
PROGRAM OUTPUT
------------------------------

Output from 'C:\Strawberry2711\perl\bin\perl.exe ./Build test':

t/001_use_ok.t .................. ok
t/002_login.t ................... ok

    #   Failed test at t/003_cwd.t line 15.
    #          got: '\ftproot'
    #     expected: '/ftproot'

    #   Failed test at t/003_cwd.t line 16.
    #          got: 'tmp\ftpserver'
    #     expected: 'tmp/ftpserver'

    #   Failed test at t/003_cwd.t line 18.
    #          got: 'tmp\ftpserver'
    #     expected: 'tmp/ftpserver'
    # Looks like you failed 3 tests of 4.

#   Failed test 'default directory'
#   at t/003_cwd.t line 22.

    #   Failed test at t/003_cwd.t line 28.
    #          got: '\ftproot\dir1'
    #     expected: '/ftproot/dir1'

    #   Failed test at t/003_cwd.t line 29.
    #          got: 'tmp\ftpserver\dir1'
    #     expected: 'tmp/ftpserver/dir1'

    #   Failed test at t/003_cwd.t line 30.
    #          got: 'tmp\ftpserver'
    #     expected: 'tmp/ftpserver'
    # Looks like you failed 3 tests of 4.

#   Failed test 'chdir to dir1'
#   at t/003_cwd.t line 34.

    #   Failed test at t/003_cwd.t line 42.
    #          got: '\ftproot\dir1'
    #     expected: '/ftproot/dir1'

    #   Failed test at t/003_cwd.t line 43.
    #          got: 'ftpserver\dir1'
    #     expected: 'ftpserver/dir1'
    # Looks like you failed 2 tests of 4.

#   Failed test 'chdir to dir1 And local dir changed'
#   at t/003_cwd.t line 49.

    #   Failed test at t/003_cwd.t line 56.
    #          got: '\ftproot'
    #     expected: '/ftproot'

    #   Failed test at t/003_cwd.t line 57.
    #          got: 'tmp\ftpserver'
    #     expected: 'tmp/ftpserver'
    # Looks like you failed 2 tests of 3.

#   Failed test 'back to rootdir'
#   at t/003_cwd.t line 61.

    #   Failed test at t/003_cwd.t line 67.
    #          got: '\ftproot\dir1\dir2'
    #     expected: '/ftproot/dir1/dir2'

    #   Failed test at t/003_cwd.t line 68.
    #          got: 'tmp\ftpserver\dir1\dir2'
    #     expected: 'tmp/ftpserver/dir1/dir2'

    #   Failed test at t/003_cwd.t line 71.
    #          got: '\ftproot'
    #     expected: '/ftproot'

    #   Failed test at t/003_cwd.t line 72.
    #          got: 'tmp\ftpserver'
    #     expected: 'tmp/ftpserver'
    # Looks like you failed 4 tests of 5.

#   Failed test 'chdir to updir'
#   at t/003_cwd.t line 76.

    #   Failed test at t/003_cwd.t line 84.
    #          got: '\ftproot\dir1'
    #     expected: '/ftproot/dir1'

    #   Failed test at t/003_cwd.t line 85.
    #          got: 'tmp\ftpserver\dir1'
    #     expected: 'tmp/ftpserver/dir1'
    # Looks like you failed 2 tests of 3.

#   Failed test 'chdir to updir using cdup'
#   at t/003_cwd.t line 89.

    #   Failed test at t/003_cwd.t line 95.
    #          got: '\ftproot\dir1\dir2'
    #     expected: '/ftproot/dir1/dir2'

    #   Failed test at t/003_cwd.t line 96.
    #          got: 'tmp\ftpserver\dir1\dir2'
    #     expected: 'tmp/ftpserver/dir1/dir2'

    #   Failed test at t/003_cwd.t line 98.
    #          got: '\ftproot\dir1\dir3'
    #     expected: '/ftproot/dir1/dir3'

    #   Failed test at t/003_cwd.t line 99.
    #          got: 'tmp\ftpserver\dir1\dir3'
    #     expected: 'tmp/ftpserver/dir1/dir3'
    # Looks like you failed 4 tests of 5.

#   Failed test 'chdir to up another dir'
#   at t/003_cwd.t line 103.

        #   Failed test at t/003_cwd.t line 110.

        #   Failed test at t/003_cwd.t line 111.
        #          got: '\ftproot'
        #     expected: '/ftproot/dir1/dir2'

        #   Failed test at t/003_cwd.t line 112.
        #          got: 'tmp\ftpserver'
        #     expected: 'tmp/ftpserver/dir1/dir2'
        # Looks like you failed 3 tests of 3.

    #   Failed test 'starting at root'
    #   at t/003_cwd.t line 116.

        #   Failed test at t/003_cwd.t line 124.
        #          got: '\ftproot\dir1\dir2'
        #     expected: '/ftproot/dir1/dir2'

        #   Failed test at t/003_cwd.t line 126.

        #   Failed test at t/003_cwd.t line 127.
        #          got: '\ftproot'
        #     expected: '/ftproot/dir1/dir2'

        #   Failed test at t/003_cwd.t line 129.
        #          got: 'tmp\ftpserver'
        #     expected: 'tmp/ftpserver/dir1/dir2'
        # Looks like you failed 4 tests of 5.

    #   Failed test 'starting below root'
    #   at t/003_cwd.t line 133.
    # Looks like you failed 2 tests of 2.

#   Failed test 'absolute path'
#   at t/003_cwd.t line 135.

    #   Failed test at t/003_cwd.t line 144.
    #          got: '\ftproot'
    #     expected: '/ftproot'
    # Looks like you failed 1 test of 3.

#   Failed test 'invalid path'
#   at t/003_cwd.t line 148.
# Looks like you failed 9 tests of 9.
t/003_cwd.t ..................... 
Dubious, test returned 9 (wstat 2304, 0x900)
Failed 9/9 subtests 
    # No tests run!

#   Failed test 'No tests run for subtest "default put"'
#   at t/004_put.t line 26.
Trailing \ in regex m/^\/ at C:\STRAWB~1\cpan\build\Test-Mock-Net-FTP-0.04-0\blib\lib/Test/Mock/Net/FTP.pm line 1206.
# Tests were run but no plan was declared and done_testing() was not seen.
# Looks like your test exited with 255 just after 1.
t/004_put.t ..................... 
Dubious, test returned 255 (wstat 65280, 0xff00)
Failed 1/1 subtests 
    # No tests run!

#   Failed test 'No tests run for subtest "get"'
#   at t/005_get.t line 28.
Trailing \ in regex m/^\/ at C:\STRAWB~1\cpan\build\Test-Mock-Net-FTP-0.04-0\blib\lib/Test/Mock/Net/FTP.pm line 1206.
# Tests were run but no plan was declared and done_testing() was not seen.
# Looks like your test exited with 2 just after 1.
t/005_get.t ..................... 
Dubious, test returned 2 (wstat 512, 0x200)
Failed 1/1 subtests 
Trailing \ in regex m/^\/ at C:\STRAWB~1\cpan\build\Test-Mock-Net-FTP-0.04-0\blib\lib/Test/Mock/Net/FTP.pm line 1206.
# Tests were run but no plan was declared and done_testing() was not seen.
# Looks like your test exited with 255 just after 1.
t/006_intercept_put.t ........... 
Dubious, test returned 255 (wstat 65280, 0xff00)
All 1 subtests passed 
    # No tests run!

#   Failed test 'No tests run for subtest "intercept get"'
#   at t/007_intercept_get.t line 32.
Trailing \ in regex m/^\/ at C:\STRAWB~1\cpan\build\Test-Mock-Net-FTP-0.04-0\blib\lib/Test/Mock/Net/FTP.pm line 1206.
# Tests were run but no plan was declared and done_testing() was not seen.
# Looks like your test exited with 2 just after 1.
t/007_intercept_get.t ........... 
Dubious, test returned 2 (wstat 512, 0x200)
Failed 1/1 subtests 
t/008_override.t ................ ok

    #   Failed test at t/009_ls.t line 23.
    #          got: 'dir2\data1.txt'
    #     expected: 'dir2/data1.txt'

    #   Failed test at t/009_ls.t line 28.
    #          got: 'dir2\data1.txt'
    #     expected: 'dir2/data1.txt'
    # Looks like you failed 2 tests of 5.

#   Failed test 'ls to dir'
#   at t/009_ls.t line 30.

    #   Failed test at t/009_ls.t line 49.
    #          got: '\ftproot\dir2\data1.txt'
    #     expected: '/ftproot/dir2/data1.txt'
    # Looks like you failed 1 test of 2.

#   Failed test 'specify absolute path'
#   at t/009_ls.t line 52.
# Looks like you failed 2 tests of 3.
t/009_ls.t ...................... 
Dubious, test returned 2 (wstat 512, 0x200)
Failed 2/3 subtests 
'ls' is not recognized as an internal or external command,
operable program or batch file.

    #   Failed test at t/010_dir.t line 23.
    #          got: '0'
    #     expected: '3'

    #   Failed test at t/010_dir.t line 24.
    #                   undef
    #     doesn't match '(?^:^total\s+\d+$)'

    #   Failed test at t/010_dir.t line 25.
    #                   undef
    #     doesn't match '(?^:data1\.txt$)'
'ls' is not recognized as an internal or external command,
operable program or batch file.

    #   Failed test at t/010_dir.t line 29.
    #          got: '0'
    #     expected: '3'

    #   Failed test at t/010_dir.t line 30.
    #                   undef
    #     doesn't match '(?^:data1\.txt$)'
    # Looks like you failed 5 tests of 6.

#   Failed test 'specify directory'
#   at t/010_dir.t line 32.
'ls' is not recognized as an internal or external command,
operable program or batch file.

    #   Failed test at t/010_dir.t line 39.
    #          got: '0'
    #     expected: '3'

    #   Failed test at t/010_dir.t line 40.
    #                   undef
    #     doesn't match '(?^:^total\s+\d+$)'

    #   Failed test at t/010_dir.t line 41.
    #                   undef
    #     doesn't match '(?^:data1\.txt$)'
    # Looks like you failed 3 tests of 3.

#   Failed test 'dir to current directory'
#   at t/010_dir.t line 44.
'ls' is not recognized as an internal or external command,
operable program or batch file.

    #   Failed test at t/010_dir.t line 51.
    #          got: '0'
    #     expected: '3'

    #   Failed test at t/010_dir.t line 52.
    #                   undef
    #     doesn't match '(?^:^total\s+\d+$)'

    #   Failed test at t/010_dir.t line 53.
    #                   undef
    #     doesn't match '(?^:data1\.txt$)'
    # Looks like you failed 3 tests of 3.

#   Failed test 'specify absolute path'
#   at t/010_dir.t line 56.
# Looks like you failed 3 tests of 3.
t/010_dir.t ..................... 
Dubious, test returned 3 (wstat 768, 0x300)
Failed 3/3 subtests 
t/011_misc_methods.t ............ ok
    # No tests run!

#   Failed test 'No tests run for subtest "normal"'
#   at t/012_rename.t line 22.
Trailing \ in regex m/^\/ at C:\STRAWB~1\cpan\build\Test-Mock-Net-FTP-0.04-0\blib\lib/Test/Mock/Net/FTP.pm line 1206.
# Tests were run but no plan was declared and done_testing() was not seen.
# Looks like your test exited with 255 just after 1.
t/012_rename.t .................. 
Dubious, test returned 255 (wstat 65280, 0xff00)
Failed 1/1 subtests 
    # No tests run!

#   Failed test 'No tests run for subtest "normal"'
#   at t/013_delete.t line 21.
Trailing \ in regex m/^\/ at C:\STRAWB~1\cpan\build\Test-Mock-Net-FTP-0.04-0\blib\lib/Test/Mock/Net/FTP.pm line 1206.
# Tests were run but no plan was declared and done_testing() was not seen.
# Looks like your test exited with 255 just after 1.
t/013_delete.t .................. 
Dubious, test returned 255 (wstat 65280, 0xff00)
Failed 1/1 subtests 
t/014_mkdir_and_rmdir.t ......... ok
Cannot open Local file data1.txt:  at t/015_append.t line 20.

    #   Failed test 'C:\STRAWB~1\cpan\build\Test-Mock-Net-FTP-0.04-0\tmp\ftpserver\dir1\data1.txt exists.'
    #   at t/015_append.t line 23.
    # Looks like you failed 1 test of 1.

#   Failed test 'default append'
#   at t/015_append.t line 30.
C:\STRAWB~1\cpan\build\Test-Mock-Net-FTP-0.04-0\tmp\ftpserver\dir1\data1.txt: No such file or directory at t/Util.pm line 58.
# Tests were run but no plan was declared and done_testing() was not seen.
# Looks like your test exited with 255 just after 1.
t/015_append.t .................. 
Dubious, test returned 255 (wstat 65280, 0xff00)
Failed 1/1 subtests 
t/016_clear_message.t ........... ok
t/017_command_history.t ......... ok
t/018_default_implementation.t .. ok

Test Summary Report
-------------------
t/003_cwd.t                   (Wstat: 2304 Tests: 9 Failed: 9)
  Failed tests:  1-9
  Non-zero exit status: 9
t/004_put.t                   (Wstat: 65280 Tests: 1 Failed: 1)
  Failed test:  1
  Non-zero exit status: 255
  Parse errors: No plan found in TAP output
t/005_get.t                   (Wstat: 512 Tests: 1 Failed: 1)
  Failed test:  1
  Non-zero exit status: 2
  Parse errors: No plan found in TAP output
t/006_intercept_put.t         (Wstat: 65280 Tests: 1 Failed: 0)
  Non-zero exit status: 255
  Parse errors: No plan found in TAP output
t/007_intercept_get.t         (Wstat: 512 Tests: 1 Failed: 1)
  Failed test:  1
  Non-zero exit status: 2
  Parse errors: No plan found in TAP output
t/009_ls.t                    (Wstat: 512 Tests: 3 Failed: 2)
  Failed tests:  1, 3
  Non-zero exit status: 2
t/010_dir.t                   (Wstat: 768 Tests: 3 Failed: 3)
  Failed tests:  1-3
  Non-zero exit status: 3
t/012_rename.t                (Wstat: 65280 Tests: 1 Failed: 1)
  Failed test:  1
  Non-zero exit status: 255
  Parse errors: No plan found in TAP output
t/013_delete.t                (Wstat: 65280 Tests: 1 Failed: 1)
  Failed test:  1
  Non-zero exit status: 255
  Parse errors: No plan found in TAP output
t/015_append.t                (Wstat: 65280 Tests: 1 Failed: 1)
  Failed test:  1
  Non-zero exit status: 255
  Parse errors: No plan found in TAP output
Files=18, Tests=59, 19 wallclock secs ( 0.04 usr +  0.22 sys =  0.26 CPU)
Result: FAIL

------------------------------
PREREQUISITES
------------------------------

Prerequisite modules loaded:

requires:

    Module              Need     Have    
    ------------------- -------- --------
    File::Path          2.07     2.15    
    File::Slurp         0        9999.19 
    perl                5.008001 5.027011

build_requires:

    Module              Need     Have    
    ------------------- -------- --------
    Capture::Tiny       0        0.48    
    ExtUtils::MakeMaker 6.59     7.34    
    parent              0        0.236   
    Test::More          0.94     1.302136

configure_requires:

    Module              Need     Have    
    ------------------- -------- --------
    Module::Build::Tiny 0.035    0.039   


------------------------------
ENVIRONMENT AND OTHER CONTEXT
------------------------------

Environment variables:

    AUTOMATED_TESTING = 1
    COMSPEC = C:\WINDOWS\system32\cmd.exe
    NUMBER_OF_PROCESSORS = 1
    PATH = C:\WINDOWS\system32;C:\WINDOWS;C:\WINDOWS\System32\Wbem;C:\Git\cmd;C:\Strawberry2711\c\bin;C:\Strawberry2711\perl\site\bin;C:\Strawberry2711\perl\bin
    PERL5LIB = 
    PERL5OPT = 
    PERL5_CPANPLUS_IS_RUNNING = 612
    PERL5_CPAN_IS_RUNNING = 612
    PERL5_CPAN_IS_RUNNING_IN_RECURSION = 1304,612
    PERL_CR_SMOKER_CURRENT = Test-Mock-Net-FTP-0.04
    PERL_CR_SMOKER_RUNONCE = 1
    PERL_EXTUTILS_AUTOINSTALL = --defaultdeps
    PERL_HASH_SEED = 0x11111111
    PERL_MM_USE_DEFAULT = 1
    PERL_USE_UNSAFE_INC = 1
    PROCESSOR_IDENTIFIER = x86 Family 16 Model 5 Stepping 3, AuthenticAMD
    TEMP = C:\DOCUME~1\a\LOCALS~1\Temp

Perl special variables (and OS-specific diagnostics, for MSWin32):

    $^X = C:\Strawberry2711\perl\bin\perl.exe
    $UID/$EUID = 0 / 0
    $GID = 0
    $EGID = 0
    Win32::GetOSName = WinXP/.Net
    Win32::GetOSVersion = Service Pack 3, 5, 1, 2600, 2, 3, 0, 256, 1
    Win32::FsType = NTFS
    Win32::IsAdminUser = 1

Perl module toolchain versions installed:

    Module              Have    
    ------------------- --------
    CPAN                2.20    
    CPAN::Meta          2.150010
    Cwd                 3.74    
    ExtUtils::CBuilder  0.280230
    ExtUtils::Command   7.34    
    ExtUtils::Install   2.14    
    ExtUtils::MakeMaker 7.34    
    ExtUtils::Manifest  1.70    
    ExtUtils::ParseXS   3.39    
    File::Spec          3.74    
    JSON                2.97001 
    JSON::PP            2.97001 
    Module::Build       0.4224  
    Module::Signature   0.81    
    Parse::CPAN::Meta   2.150010
    Test::Harness       3.42    
    Test::More          1.302136
    YAML                1.24    
    YAML::Syck          1.30    
    version             0.9924  


--

Summary of my perl5 (revision 5 version 27 subversion 11) configuration:
   
  Platform:
    osname=MSWin32
    osvers=5.1.2600
    archname=MSWin32-x86-multi-thread-64int
    uname='Win32 strawberry-perl 5.27.11.1-beta1 #1 Sat Apr 21 21:04:44 2018 i386'
    config_args='undef'
    hint=recommended
    useposix=true
    d_sigaction=undef
    useithreads=define
    usemultiplicity=define
    use64bitint=define
    use64bitall=undef
    uselongdouble=undef
    usemymalloc=n
    default_inc_excludes_dot=define
    bincompat5005=undef
  Compiler:
    cc='gcc'
    ccflags =' -s -O2 -DWIN32 -D__USE_MINGW_ANSI_STDIO -DPERL_TEXTMODE_SCRIPTS -DPERL_IMPLICIT_CONTEXT -DPERL_IMPLICIT_SYS -DUSE_PERLIO -fwrapv -fno-strict-aliasing -mms-bitfields'
    optimize='-s -O2'
    cppflags='-DWIN32'
    ccversion=''
    gccversion='7.1.0'
    gccosandvers=''
    intsize=4
    longsize=4
    ptrsize=4
    doublesize=8
    byteorder=12345678
    doublekind=3
    d_longlong=define
    longlongsize=8
    d_longdbl=define
    longdblsize=12
    longdblkind=3
    ivtype='long long'
    ivsize=8
    nvtype='double'
    nvsize=8
    Off_t='long long'
    lseeksize=8
    alignbytes=8
    prototype=define
  Linker and Libraries:
    ld='g++'
    ldflags ='-s -L"C:\STRAWB~1\perl\lib\CORE" -L"C:\STRAWB~1\c\lib"'
    libpth=C:\STRAWB~1\c\lib C:\STRAWB~1\c\i686-w64-mingw32\lib C:\STRAWB~1\c\lib\gcc\i686-w64-mingw32\7.1.0
    libs= -lmoldname -lkernel32 -luser32 -lgdi32 -lwinspool -lcomdlg32 -ladvapi32 -lshell32 -lole32 -loleaut32 -lnetapi32 -luuid -lws2_32 -lmpr -lwinmm -lversion -lodbc32 -lodbccp32 -lcomctl32
    perllibs= -lmoldname -lkernel32 -luser32 -lgdi32 -lwinspool -lcomdlg32 -ladvapi32 -lshell32 -lole32 -loleaut32 -lnetapi32 -luuid -lws2_32 -lmpr -lwinmm -lversion -lodbc32 -lodbccp32 -lcomctl32
    libc=
    so=dll
    useshrplib=true
    libperl=libperl527.a
    gnulibc_version=''
  Dynamic Linking:
    dlsrc=dl_win32.xs
    dlext=xs.dll
    d_dlsymun=undef
    ccdlflags=' '
    cccdlflags=' '
    lddlflags='-mdll -s -L"C:\STRAWB~1\perl\lib\CORE" -L"C:\STRAWB~1\c\lib"'


Characteristics of this binary (from libperl): 
  Compile-time options:
    HAS_TIMES
    HAVE_INTERP_INTERN
    MULTIPLICITY
    PERLIO_LAYERS
    PERL_COPY_ON_WRITE
    PERL_DONT_CREATE_GVSV
    PERL_IMPLICIT_CONTEXT
    PERL_IMPLICIT_SYS
    PERL_MALLOC_WRAP
    PERL_OP_PARENT
    PERL_PRESERVE_IVUV
    USE_64_BIT_INT
    USE_ITHREADS
    USE_LARGE_FILES
    USE_LOCALE
    USE_LOCALE_COLLATE
    USE_LOCALE_CTYPE
    USE_LOCALE_NUMERIC
    USE_LOCALE_TIME
    USE_PERLIO
    USE_PERL_ATOF
  Built under MSWin32
  Compiled at Apr 21 2018 21:15:44
  %ENV:
    PERL5_CPANPLUS_IS_RUNNING="612"
    PERL5_CPAN_IS_RUNNING="612"
    PERL5_CPAN_IS_RUNNING_IN_RECURSION="1304,612"
    PERL_CR_SMOKER_CURRENT="Test-Mock-Net-FTP-0.04"
    PERL_CR_SMOKER_RUNONCE="1"
    PERL_EXTUTILS_AUTOINSTALL="--defaultdeps"
    PERL_HASH_SEED="0x11111111"
    PERL_MM_USE_DEFAULT="1"
    PERL_USE_UNSAFE_INC="1"
  @INC:
    C:/Strawberry2711/perl/site/lib/MSWin32-x86-multi-thread-64int
    C:/Strawberry2711/perl/site/lib
    C:/Strawberry2711/perl/vendor/lib
    C:/Strawberry2711/perl/lib
    .