Report for Sys-Ptrace-0.05

Back
From: metabase:user:322078bc-2aae-11df-837a-5e0a49663a4f
Subject: FAIL Sys-Ptrace-0.05 v5.12.4 FreeBSD
Date: 2012-01-14T19:27:53Z

This distribution has been tested as part of the CPAN Testers
project, supporting the Perl programming language.  See
http://wiki.cpantesters.org/ for more information or email
questions to cpan-testers-discuss@perl.org


--

Dear BBB,

This is a computer-generated error report created automatically by
CPANPLUS, version 0.9116. Testers personal comments may appear
at the end of this report.


Thank you for uploading your work to CPAN.  However, it appears that
there were some problems testing your distribution.

TEST RESULTS:

Below is the error stack from stage 'make test':

[MSG] [Sat Jan 14 19:27:53 2012] cp Ptrace.pm blib/lib/Sys/Ptrace.pm
/usr/home/cpan/pit/bare/perl-5.12.4/bin/perl /usr/home/cpan/pit/bare/perl-5.12.4/lib/site_perl/5.12.4/ExtUtils/xsubpp  -typemap /usr/home/cpan/pit/bare/perl-5.12.4/lib/5.12.4/ExtUtils/typemap  Ptrace.xs > Ptrace.xsc && mv Ptrace.xsc Ptrace.c
Please specify prototyping behavior for Ptrace.xs (see perlxs manual)
cc -c    -DHAS_FPSETMASK -DHAS_FLOATINGPOINT_H -fno-strict-aliasing -pipe -fstack-protector -I/usr/local/include -O    -DVERSION=\"0.05\"  -DXS_VERSION=\"0.05\" -DPIC -fPIC "-I/usr/home/cpan/pit/bare/perl-5.12.4/lib/5.12.4/amd64-freebsd/CORE"   Ptrace.c
Ptrace.xs: In function 'XS_Sys__Ptrace__ptrace':
Ptrace.xs:348: warning: cast to pointer from integer of different size
Ptrace.xs:348: warning: cast to pointer from integer of different size
Ptrace.xs:348: warning: passing argument 4 of 'ptrace' makes integer from pointer without a cast
Running Mkbootstrap for Sys::Ptrace ()
chmod 644 Ptrace.bs
rm -f blib/arch/auto/Sys/Ptrace/Ptrace.so
cc  -shared  -L/usr/local/lib -fstack-protector Ptrace.o  -o blib/arch/auto/Sys/Ptrace/Ptrace.so 	    	 
chmod 755 blib/arch/auto/Sys/Ptrace/Ptrace.so
cp Ptrace.bs blib/arch/auto/Sys/Ptrace/Ptrace.bs
chmod 644 blib/arch/auto/Sys/Ptrace/Ptrace.bs
Manifying blib/man3/Sys::Ptrace.3
/usr/home/cpan/pit/bare/perl-5.12.4/bin/perl "-Iblib/arch" "-Iblib/lib" Sys-Ptrace.spec.PL Sys-Ptrace.spec

[ERROR] [Sat Jan 14 19:27:53 2012] MAKE TEST failed: PERL_DL_NONLAZY=1 /usr/home/cpan/pit/bare/perl-5.12.4/bin/perl "-MExtUtils::Command::MM" "-e" "test_harness(0, 'blib/lib', 'blib/arch')" t/*.t
t/100_load.t ....... ok
Undefined subroutine &Default::PTRACE_ATTACH called at t/110_constants.t line 23.
t/110_constants.t .. 
Dubious, test returned 255 (wstat 65280, 0xff00)
Failed 4/4 subtests 
Your vendor has not defined Sys::Ptrace macro PT_READ_U at t/200_strace.t line 37
Your vendor has not defined Sys::Ptrace macro PT_READ_U at t/200_strace.t line 71
t/200_strace.t ..... 
Dubious, test returned 2 (wstat 512, 0x200)
Failed 3/4 subtests 

Test Summary Report
-------------------
t/110_constants.t (Wstat: 65280 Tests: 0 Failed: 0)
  Non-zero exit status: 255
  Parse errors: Bad plan.  You planned 4 tests but ran 0.
t/200_strace.t   (Wstat: 512 Tests: 1 Failed: 0)
  Non-zero exit status: 2
  Parse errors: Bad plan.  You planned 4 tests but ran 1.
Files=3, Tests=2,  0 wallclock secs ( 0.03 usr  0.00 sys +  0.05 cusr  0.01 csys =  0.09 CPU)
Result: FAIL
*** Error code 2

Stop in /usr/home/cpan/pit/bare/conf/perl-5.12.4/.cpanplus/5.12.4/build/Sys-Ptrace-0.05.
Failed 2/3 test programs. 0/2 subtests failed.

[MSG] [Sat Jan 14 19:27:53 2012] DEFAULT 'proceed_on_test_failure' HANDLER RETURNING 'sub return value'

PREREQUISITES:

Here is a list of prerequisites you specified and versions we
managed to load:

	  Module Name                        Have     Want
	  ExtUtils::MakeMaker                6.62        0

Perl module toolchain versions installed:
	Module Name                        Have
	CPANPLUS                         0.9116
	CPANPLUS::Dist::Build              0.60
	Cwd                                3.33
	ExtUtils::CBuilder             0.280202
	ExtUtils::Command                  1.16
	ExtUtils::Install                  1.55
	ExtUtils::MakeMaker                6.62
	ExtUtils::Manifest                 1.60
	ExtUtils::ParseXS                  3.11
	File::Spec                         3.33
	Module::Build                    0.3800
	Test::Harness                      3.23
	Test::More                         0.98
	version                            0.95

******************************** NOTE ********************************
The comments above are created mechanically, possibly without manual
checking by the sender.  As there are many people performing automatic
tests on each upload to CPAN, it is likely that you will receive
identical messages about the same problem.

If you believe that the message is mistaken, please reply to the first
one with correction and/or additional informations, and do not take
it personally.  We appreciate your patience. :)
**********************************************************************

Additional comments:


This report was machine-generated by CPANPLUS::Dist::YACSmoke 0.66.
Powered by minismokebox version 0.54

------------------------------
ENVIRONMENT AND OTHER CONTEXT
------------------------------

Environment variables:

    AUTOMATED_TESTING = 1
    PATH = /sbin:/bin:/usr/sbin:/usr/bin:/usr/games:/usr/local/sbin:/usr/local/bin:/home/cpan/bin
    PERL5LIB = :/usr/home/cpan/pit/bare/conf/perl-5.12.4/.cpanplus/5.12.4/build/Sys-Ptrace-0.05/blib/lib:/usr/home/cpan/pit/bare/conf/perl-5.12.4/.cpanplus/5.12.4/build/Sys-Ptrace-0.05/blib/arch
    PERL5_CPANPLUS_IS_RUNNING = 37826
    PERL5_CPANPLUS_IS_VERSION = 0.9116
    PERL5_MINISMOKEBOX = 0.54
    PERL5_YACSMOKE_BASE = /usr/home/cpan/pit/bare/conf/perl-5.12.4
    PERL_EXTUTILS_AUTOINSTALL = --defaultdeps
    PERL_MM_USE_DEFAULT = 1
    SHELL = /usr/local/bin/bash
    TERM = screen

Perl special variables (and OS-specific diagnostics, for MSWin32):

    Perl: $^X = /usr/home/cpan/pit/bare/perl-5.12.4/bin/perl
    UID:  $<  = 1002
    EUID: $>  = 1002
    GID:  $(  = 1002 1002
    EGID: $)  = 1002 1002


-------------------------------


--

Summary of my perl5 (revision 5 version 12 subversion 4) configuration:
   
  Platform:
    osname=freebsd, osvers=9.0-release, archname=amd64-freebsd
    uname='freebsd fremen 9.0-release freebsd 9.0-release #0: tue jan 3 07:46:30 utc 2012 root@farrell.cse.buffalo.edu:usrobjusrsrcsysgeneric amd64 '
    config_args='-des -Dprefix=/usr/home/cpan/pit/bare/perl-5.12.4'
    hint=recommended, useposix=true, d_sigaction=define
    useithreads=undef, usemultiplicity=undef
    useperlio=define, d_sfio=undef, uselargefiles=define, usesocks=undef
    use64bitint=define, use64bitall=define, uselongdouble=undef
    usemymalloc=n, bincompat5005=undef
  Compiler:
    cc='cc', ccflags ='-DHAS_FPSETMASK -DHAS_FLOATINGPOINT_H -fno-strict-aliasing -pipe -fstack-protector -I/usr/local/include',
    optimize='-O',
    cppflags='-DHAS_FPSETMASK -DHAS_FLOATINGPOINT_H -fno-strict-aliasing -pipe -fstack-protector -I/usr/local/include'
    ccversion='', gccversion='4.2.1 20070831 patched [FreeBSD]', gccosandvers=''
    intsize=4, longsize=8, ptrsize=8, doublesize=8, byteorder=12345678
    d_longlong=define, longlongsize=8, d_longdbl=define, longdblsize=16
    ivtype='long', ivsize=8, nvtype='double', nvsize=8, Off_t='off_t', lseeksize=8
    alignbytes=8, prototype=define
  Linker and Libraries:
    ld='cc', ldflags ='-Wl,-E  -fstack-protector -L/usr/local/lib'
    libpth=/usr/lib /usr/local/lib
    libs=-lgdbm -lm -lcrypt -lutil -lc
    perllibs=-lm -lcrypt -lutil -lc
    libc=, so=so, useshrplib=false, libperl=libperl.a
    gnulibc_version=''
  Dynamic Linking:
    dlsrc=dl_dlopen.xs, dlext=so, d_dlsymun=undef, ccdlflags=' '
    cccdlflags='-DPIC -fPIC', lddlflags='-shared  -L/usr/local/lib -fstack-protector'


Characteristics of this binary (from libperl): 
  Compile-time options: PERL_DONT_CREATE_GVSV PERL_MALLOC_WRAP USE_64_BIT_ALL
                        USE_64_BIT_INT USE_LARGE_FILES USE_PERLIO
                        USE_PERL_ATOF
  Built under freebsd
  Compiled at Jan 11 2012 22:40:45
  %ENV:
    PERL5LIB=":/usr/home/cpan/pit/bare/conf/perl-5.12.4/.cpanplus/5.12.4/build/Sys-Ptrace-0.05/blib/lib:/usr/home/cpan/pit/bare/conf/perl-5.12.4/.cpanplus/5.12.4/build/Sys-Ptrace-0.05/blib/arch"
    PERL5_CPANPLUS_IS_RUNNING="37826"
    PERL5_CPANPLUS_IS_VERSION="0.9116"
    PERL5_MINISMOKEBOX="0.54"
    PERL5_YACSMOKE_BASE="/usr/home/cpan/pit/bare/conf/perl-5.12.4"
    PERL_EXTUTILS_AUTOINSTALL="--defaultdeps"
    PERL_MM_USE_DEFAULT="1"
  @INC:
    /usr/home/cpan/pit/bare/conf/perl-5.12.4/.cpanplus/5.12.4/build/Sys-Ptrace-0.05/blib/lib
    /usr/home/cpan/pit/bare/conf/perl-5.12.4/.cpanplus/5.12.4/build/Sys-Ptrace-0.05/blib/arch
    /usr/home/cpan/pit/bare/perl-5.12.4/lib/site_perl/5.12.4/amd64-freebsd
    /usr/home/cpan/pit/bare/perl-5.12.4/lib/site_perl/5.12.4
    /usr/home/cpan/pit/bare/perl-5.12.4/lib/5.12.4/amd64-freebsd
    /usr/home/cpan/pit/bare/perl-5.12.4/lib/5.12.4
    .