Tangram v2.08_051 Perl 5 v5.18.0 i686-linux

Status
Fail
From
Chris Williams (BINGOS)
Dist
Tangram v2.08_051
Platform
Perl 5 v5.18.0 i686-linux
Date
2019-10-14 12:48:00
ID
dac6a6ee-ee80-11e9-9066-e374b0ba08e8
This distribution has been tested as part of the CPAN Testers
project, supporting the Perl programming language.  See
http://wiki.cpantesters.org/ for more information or email
questions to cpan-testers-discuss@perl.org


--

Dear KILINRAX,

This is a computer-generated error report created automatically by
CPANPLUS, version 0.9178. Testers personal comments may appear
at the end of this report.


Thank you for uploading your work to CPAN.  However, it appears that
there were some problems testing your distribution.

TEST RESULTS:

Below is the error stack from stage 'make test':

PERL_DL_NONLAZY=1 "/home/cpan/pit/bare/perl-5.18.0/bin/perl" "-MExtUtils::Command::MM" "-MTest::Harness" "-e" "undef *Test::Harness::Switches; test_harness(0, 'blib/lib', 'blib/arch')" t/misc/bughunt.t t/misc/new_types.t t/springfield/00-deploy.t t/springfield/01-mappings.t t/springfield/02-cursor.t t/springfield/03-queries.t t/springfield/04-tx.t t/springfield/05-unload.t t/springfield/06-reload.t t/springfield/07-weakref.t t/springfield/15-datetime.t t/springfield/20-perldump.t t/springfield/21-flatarray.t t/springfield/22-flathash.t t/springfield/30-ref.t t/springfield/31-set.t t/springfield/32-iset.t t/springfield/33-array.t t/springfield/34-iarray.t t/springfield/35-hash.t t/springfield/36-ihash.t t/springfield/37-prefetch.t t/springfield/38-stateless.t t/springfield/39-save.t t/springfield/40-dump.t t/springfield/41-storable.t t/springfield/42-idbif.t t/springfield/70-mysql.t t/springfield/80-mi.t t/springfield/81-poly.t t/springfield/82-aggregate.t t/springfield/zz-retreat.t t/musicstore/00-deploy.t t/musicstore/01-simple.t t/musicstore/03-reschema.t t/musicstore/zz-retreat.t
overload arg 'acos' is invalid at /home/cpan/pit/bare/conf/perl-5.18.0/.cpanplus/5.18.0/build/6TIUMcOuZa/Tangram-2.08_051/blib/lib/Tangram/Expr.pm line 384.
overload arg 'acos' is invalid at /home/cpan/pit/bare/conf/perl-5.18.0/.cpanplus/5.18.0/build/6TIUMcOuZa/Tangram-2.08_051/blib/lib/Tangram/Expr.pm line 729.
Not a HASH reference at /home/cpan/pit/bare/conf/perl-5.18.0/.cpanplus/5.18.0/build/6TIUMcOuZa/Tangram-2.08_051/blib/lib/Tangram/Relational/Engine.pm line 433.
# Looks like your test exited with 255 before it could output anything.
t/misc/bughunt.t .............. 
Dubious, test returned 255 (wstat 65280, 0xff00)
Failed 4/4 subtests 
overload arg 'acos' is invalid at /home/cpan/pit/bare/conf/perl-5.18.0/.cpanplus/5.18.0/build/6TIUMcOuZa/Tangram-2.08_051/blib/lib/Tangram/Expr.pm line 384.
overload arg 'acos' is invalid at /home/cpan/pit/bare/conf/perl-5.18.0/.cpanplus/5.18.0/build/6TIUMcOuZa/Tangram-2.08_051/blib/lib/Tangram/Expr.pm line 729.

#   Failed test 'schema with new type inheriting from Tangram::Ref doesn't die'
#   at t/misc/new_types.t line 39.
#          got: 'Not a HASH reference at /home/cpan/pit/bare/conf/perl-5.18.0/.cpanplus/5.18.0/build/6TIUMcOuZa/Tangram-2.08_051/blib/lib/Tangram/Relational/Engine.pm line 433.
# '
#     expected: ''
# Looks like you failed 1 test of 1.
t/misc/new_types.t ............ 
Dubious, test returned 1 (wstat 256, 0x100)
Failed 1/1 subtests 
Cannot open t/CONFIG, reason: No such file or directory at t/DBConfig.pm line 9.
Compilation failed in require at t/musicstore/Prerequisites.pm line 3.
BEGIN failed--compilation aborted at t/musicstore/Prerequisites.pm line 3.
Compilation failed in require at t/musicstore/00-deploy.t line 7.
BEGIN failed--compilation aborted at t/musicstore/00-deploy.t line 7.
t/musicstore/00-deploy.t ...... 
Dubious, test returned 2 (wstat 512, 0x200)
No subtests run 
Cannot open t/CONFIG, reason: No such file or directory at t/DBConfig.pm line 9.
Compilation failed in require at t/musicstore/Prerequisites.pm line 3.
BEGIN failed--compilation aborted at t/musicstore/Prerequisites.pm line 3.
Compilation failed in require at t/musicstore/01-simple.t line 7.
BEGIN failed--compilation aborted at t/musicstore/01-simple.t line 7.
t/musicstore/01-simple.t ...... 
Dubious, test returned 2 (wstat 512, 0x200)
No subtests run 
Cannot open t/CONFIG, reason: No such file or directory at t/DBConfig.pm line 9.
Compilation failed in require at t/musicstore/Prerequisites.pm line 3.
BEGIN failed--compilation aborted at t/musicstore/Prerequisites.pm line 3.
Compilation failed in require at t/musicstore/03-reschema.t line 6.
BEGIN failed--compilation aborted at t/musicstore/03-reschema.t line 6.
t/musicstore/03-reschema.t .... 
Dubious, test returned 2 (wstat 512, 0x200)
No subtests run 
Cannot open t/CONFIG, reason: No such file or directory at t/DBConfig.pm line 9.
Compilation failed in require at t/musicstore/Prerequisites.pm line 3.
BEGIN failed--compilation aborted at t/musicstore/Prerequisites.pm line 3.
Compilation failed in require at t/musicstore/zz-retreat.t line 7.
BEGIN failed--compilation aborted at t/musicstore/zz-retreat.t line 7.
t/musicstore/zz-retreat.t ..... 
Dubious, test returned 2 (wstat 512, 0x200)
No subtests run 
overload arg 'acos' is invalid at /home/cpan/pit/bare/conf/perl-5.18.0/.cpanplus/5.18.0/build/6TIUMcOuZa/Tangram-2.08_051/blib/lib/Tangram/Expr.pm line 384.
overload arg 'acos' is invalid at /home/cpan/pit/bare/conf/perl-5.18.0/.cpanplus/5.18.0/build/6TIUMcOuZa/Tangram-2.08_051/blib/lib/Tangram/Expr.pm line 729.

#   Failed test 'use Springfield;'
#   at t/springfield/00-deploy.t line 11.
#     Tried to use 'Springfield'.
#     Error:  Cannot open t/CONFIG, reason: No such file or directory at t/DBConfig.pm line 9.
# Compilation failed in require at t/springfield/Springfield.pm line 34.
# BEGIN failed--compilation aborted at t/springfield/Springfield.pm line 34.
# Compilation failed in require at t/springfield/00-deploy.t line 11.
# BEGIN failed--compilation aborted at t/springfield/00-deploy.t line 11.
Can't connect to data source '' because I can't work out what driver to use (it doesn't seem to contain a 'dbi:driver:' prefix and the DBI_DRIVER env var is not set) at t/springfield/00-deploy.t line 16.
# Looks like your test exited with 255 just after 1.
t/springfield/00-deploy.t ..... 
Dubious, test returned 255 (wstat 65280, 0xff00)
Failed 2/2 subtests 
Cannot open t/CONFIG, reason: No such file or directory at t/DBConfig.pm line 9.
Compilation failed in require at t/springfield/Springfield.pm line 34.
BEGIN failed--compilation aborted at t/springfield/Springfield.pm line 34.
Compilation failed in require at t/springfield/01-mappings.t line 3.
BEGIN failed--compilation aborted at t/springfield/01-mappings.t line 3.
t/springfield/01-mappings.t ... 
Dubious, test returned 2 (wstat 512, 0x200)
No subtests run 
Cannot open t/CONFIG, reason: No such file or directory at t/DBConfig.pm line 9.
Compilation failed in require at t/springfield/Springfield.pm line 34.
BEGIN failed--compilation aborted at t/springfield/Springfield.pm line 34.
Compilation failed in require at t/springfield/02-cursor.t line 5.
BEGIN failed--compilation aborted at t/springfield/02-cursor.t line 5.
t/springfield/02-cursor.t ..... 
Dubious, test returned 2 (wstat 512, 0x200)
No subtests run 
Cannot open t/CONFIG, reason: No such file or directory at t/DBConfig.pm line 9.
Compilation failed in require at t/springfield/Springfield.pm line 34.
BEGIN failed--compilation aborted at t/springfield/Springfield.pm line 34.
Compilation failed in require at t/springfield/03-queries.t line 10.
BEGIN failed--compilation aborted at t/springfield/03-queries.t line 10.
t/springfield/03-queries.t .... 
Dubious, test returned 2 (wstat 512, 0x200)
No subtests run 
Cannot open t/CONFIG, reason: No such file or directory at t/DBConfig.pm line 9.
Compilation failed in require at t/springfield/Springfield.pm line 34.
BEGIN failed--compilation aborted at t/springfield/Springfield.pm line 34.
Compilation failed in require at t/springfield/04-tx.t line 5.
BEGIN failed--compilation aborted at t/springfield/04-tx.t line 5.
t/springfield/04-tx.t ......... 
Dubious, test returned 2 (wstat 512, 0x200)
No subtests run 
Cannot open t/CONFIG, reason: No such file or directory at t/DBConfig.pm line 9.
Compilation failed in require at t/springfield/Springfield.pm line 34.
BEGIN failed--compilation aborted at t/springfield/Springfield.pm line 34.
Compilation failed in require at t/springfield/05-unload.t line 5.
BEGIN failed--compilation aborted at t/springfield/05-unload.t line 5.
t/springfield/05-unload.t ..... 
Dubious, test returned 2 (wstat 512, 0x200)
No subtests run 
Cannot open t/CONFIG, reason: No such file or directory at t/DBConfig.pm line 9.
Compilation failed in require at t/springfield/Springfield.pm line 34.
BEGIN failed--compilation aborted at t/springfield/Springfield.pm line 34.
Compilation failed in require at t/springfield/06-reload.t line 7.
BEGIN failed--compilation aborted at t/springfield/06-reload.t line 7.
t/springfield/06-reload.t ..... 
Dubious, test returned 2 (wstat 512, 0x200)
No subtests run 
Cannot open t/CONFIG, reason: No such file or directory at t/DBConfig.pm line 9.
Compilation failed in require at t/springfield/Springfield.pm line 34.
BEGIN failed--compilation aborted at t/springfield/Springfield.pm line 34.
Compilation failed in require at t/springfield/07-weakref.t line 6.
BEGIN failed--compilation aborted at t/springfield/07-weakref.t line 6.
t/springfield/07-weakref.t .... 
Dubious, test returned 2 (wstat 512, 0x200)
No subtests run 
Cannot open t/CONFIG, reason: No such file or directory at t/DBConfig.pm line 9.
Compilation failed in require at t/springfield/Springfield.pm line 34.
BEGIN failed--compilation aborted at t/springfield/Springfield.pm line 34.
Compilation failed in require at t/springfield/15-datetime.t line 5.
BEGIN failed--compilation aborted at t/springfield/15-datetime.t line 5.
t/springfield/15-datetime.t ... 
Dubious, test returned 2 (wstat 512, 0x200)
No subtests run 
Cannot open t/CONFIG, reason: No such file or directory at t/DBConfig.pm line 9.
Compilation failed in require at t/springfield/Springfield.pm line 34.
BEGIN failed--compilation aborted at t/springfield/Springfield.pm line 34.
Compilation failed in require at t/springfield/20-perldump.t line 4.
BEGIN failed--compilation aborted at t/springfield/20-perldump.t line 4.
t/springfield/20-perldump.t ... 
Dubious, test returned 2 (wstat 512, 0x200)
No subtests run 
Cannot open t/CONFIG, reason: No such file or directory at t/DBConfig.pm line 9.
Compilation failed in require at t/springfield/Springfield.pm line 34.
BEGIN failed--compilation aborted at t/springfield/Springfield.pm line 34.
Compilation failed in require at t/springfield/21-flatarray.t line 6.
BEGIN failed--compilation aborted at t/springfield/21-flatarray.t line 6.
t/springfield/21-flatarray.t .. 
Dubious, test returned 2 (wstat 512, 0x200)
No subtests run 
Cannot open t/CONFIG, reason: No such file or directory at t/DBConfig.pm line 9.
Compilation failed in require at t/springfield/Springfield.pm line 34.
BEGIN failed--compilation aborted at t/springfield/Springfield.pm line 34.
Compilation failed in require at t/springfield/22-flathash.t line 5.
BEGIN failed--compilation aborted at t/springfield/22-flathash.t line 5.
t/springfield/22-flathash.t ... 
Dubious, test returned 2 (wstat 512, 0x200)
No subtests run 
Cannot open t/CONFIG, reason: No such file or directory at t/DBConfig.pm line 9.
Compilation failed in require at t/springfield/Springfield.pm line 34.
BEGIN failed--compilation aborted at t/springfield/Springfield.pm line 34.
Compilation failed in require at t/springfield/30-ref.t line 4.
BEGIN failed--compilation aborted at t/springfield/30-ref.t line 4.
t/springfield/30-ref.t ........ 
Dubious, test returned 2 (wstat 512, 0x200)
No subtests run 
Cannot open t/CONFIG, reason: No such file or directory at t/DBConfig.pm line 9.
Compilation failed in require at t/springfield/Springfield.pm line 34.
BEGIN failed--compilation aborted at t/springfield/Springfield.pm line 34.
Compilation failed in require at t/springfield/31-set.t line 6.
BEGIN failed--compilation aborted at t/springfield/31-set.t line 6.
t/springfield/31-set.t ........ 
Dubious, test returned 2 (wstat 512, 0x200)
No subtests run 
Cannot open t/CONFIG, reason: No such file or directory at t/DBConfig.pm line 9.
Compilation failed in require at t/springfield/Springfield.pm line 34.
BEGIN failed--compilation aborted at t/springfield/Springfield.pm line 34.
Compilation failed in require at t/springfield/31-set.t line 6.
BEGIN failed--compilation aborted at t/springfield/31-set.t line 6.
Compilation failed in require at t/springfield/32-iset.t line 5.
t/springfield/32-iset.t ....... 
Dubious, test returned 2 (wstat 512, 0x200)
No subtests run 
Cannot open t/CONFIG, reason: No such file or directory at t/DBConfig.pm line 9.
Compilation failed in require at t/springfield/Springfield.pm line 34.
BEGIN failed--compilation aborted at t/springfield/Springfield.pm line 34.
Compilation failed in require at t/springfield/33-array.t line 9.
BEGIN failed--compilation aborted at t/springfield/33-array.t line 9.
t/springfield/33-array.t ...... 
Dubious, test returned 2 (wstat 512, 0x200)
No subtests run 
Cannot open t/CONFIG, reason: No such file or directory at t/DBConfig.pm line 9.
Compilation failed in require at t/springfield/Springfield.pm line 34.
BEGIN failed--compilation aborted at t/springfield/Springfield.pm line 34.
Compilation failed in require at t/springfield/33-array.t line 9.
BEGIN failed--compilation aborted at t/springfield/33-array.t line 9.
Compilation failed in require at t/springfield/34-iarray.t line 5.
t/springfield/34-iarray.t ..... 
Dubious, test returned 2 (wstat 512, 0x200)
No subtests run 
Cannot open t/CONFIG, reason: No such file or directory at t/DBConfig.pm line 9.
Compilation failed in require at t/springfield/Springfield.pm line 34.
BEGIN failed--compilation aborted at t/springfield/Springfield.pm line 34.
Compilation failed in require at t/springfield/35-hash.t line 6.
BEGIN failed--compilation aborted at t/springfield/35-hash.t line 6.
t/springfield/35-hash.t ....... 
Dubious, test returned 2 (wstat 512, 0x200)
No subtests run 
Cannot open t/CONFIG, reason: No such file or directory at t/DBConfig.pm line 9.
Compilation failed in require at t/springfield/Springfield.pm line 34.
BEGIN failed--compilation aborted at t/springfield/Springfield.pm line 34.
Compilation failed in require at t/springfield/35-hash.t line 6.
BEGIN failed--compilation aborted at t/springfield/35-hash.t line 6.
Compilation failed in require at t/springfield/36-ihash.t line 6.
t/springfield/36-ihash.t ...... 
Dubious, test returned 2 (wstat 512, 0x200)
No subtests run 
overload arg 'acos' is invalid at /home/cpan/pit/bare/conf/perl-5.18.0/.cpanplus/5.18.0/build/6TIUMcOuZa/Tangram-2.08_051/blib/lib/Tangram/Expr.pm line 384.
overload arg 'acos' is invalid at /home/cpan/pit/bare/conf/perl-5.18.0/.cpanplus/5.18.0/build/6TIUMcOuZa/Tangram-2.08_051/blib/lib/Tangram/Expr.pm line 729.
Cannot open t/CONFIG, reason: No such file or directory at t/DBConfig.pm line 9.
Compilation failed in require at t/springfield/Springfield.pm line 34.
BEGIN failed--compilation aborted at t/springfield/Springfield.pm line 34.
Compilation failed in require at t/springfield/37-prefetch.t line 12.
BEGIN failed--compilation aborted at t/springfield/37-prefetch.t line 12.
# Looks like your test exited with 2 before it could output anything.
t/springfield/37-prefetch.t ... 
Dubious, test returned 2 (wstat 512, 0x200)
Failed 110/110 subtests 
Cannot open t/CONFIG, reason: No such file or directory at t/DBConfig.pm line 9.
Compilation failed in require at t/springfield/Springfield.pm line 34.
BEGIN failed--compilation aborted at t/springfield/Springfield.pm line 34.
Compilation failed in require at t/springfield/38-stateless.t line 7.
BEGIN failed--compilation aborted at t/springfield/38-stateless.t line 7.
t/springfield/38-stateless.t .. 
Dubious, test returned 2 (wstat 512, 0x200)
No subtests run 
Cannot open t/CONFIG, reason: No such file or directory at t/DBConfig.pm line 9.
Compilation failed in require at t/springfield/Springfield.pm line 34.
BEGIN failed--compilation aborted at t/springfield/Springfield.pm line 34.
Compilation failed in require at t/springfield/39-save.t line 7.
BEGIN failed--compilation aborted at t/springfield/39-save.t line 7.
t/springfield/39-save.t ....... 
Dubious, test returned 2 (wstat 512, 0x200)
No subtests run 
overload arg 'acos' is invalid at /home/cpan/pit/bare/conf/perl-5.18.0/.cpanplus/5.18.0/build/6TIUMcOuZa/Tangram-2.08_051/blib/lib/Tangram/Expr.pm line 384.
overload arg 'acos' is invalid at /home/cpan/pit/bare/conf/perl-5.18.0/.cpanplus/5.18.0/build/6TIUMcOuZa/Tangram-2.08_051/blib/lib/Tangram/Expr.pm line 729.
Cannot open t/CONFIG, reason: No such file or directory at t/DBConfig.pm line 9.
Compilation failed in require at t/springfield/Springfield.pm line 34.
BEGIN failed--compilation aborted at t/springfield/Springfield.pm line 34.
Compilation failed in require at t/springfield/40-dump.t line 10.
BEGIN failed--compilation aborted at t/springfield/40-dump.t line 10.
# Looks like your test exited with 2 before it could output anything.
t/springfield/40-dump.t ....... 
Dubious, test returned 2 (wstat 512, 0x200)
Failed 20/20 subtests 
overload arg 'acos' is invalid at /home/cpan/pit/bare/conf/perl-5.18.0/.cpanplus/5.18.0/build/6TIUMcOuZa/Tangram-2.08_051/blib/lib/Tangram/Expr.pm line 384.
overload arg 'acos' is invalid at /home/cpan/pit/bare/conf/perl-5.18.0/.cpanplus/5.18.0/build/6TIUMcOuZa/Tangram-2.08_051/blib/lib/Tangram/Expr.pm line 729.
Cannot open t/CONFIG, reason: No such file or directory at t/DBConfig.pm line 9.
Compilation failed in require at t/springfield/Springfield.pm line 34.
BEGIN failed--compilation aborted at t/springfield/Springfield.pm line 34.
Compilation failed in require at t/springfield/41-storable.t line 11.
BEGIN failed--compilation aborted at t/springfield/41-storable.t line 11.
# Looks like your test exited with 2 before it could output anything.
t/springfield/41-storable.t ... 
Dubious, test returned 2 (wstat 512, 0x200)
Failed 4/4 subtests 
overload arg 'acos' is invalid at /home/cpan/pit/bare/conf/perl-5.18.0/.cpanplus/5.18.0/build/6TIUMcOuZa/Tangram-2.08_051/blib/lib/Tangram/Expr.pm line 384.
overload arg 'acos' is invalid at /home/cpan/pit/bare/conf/perl-5.18.0/.cpanplus/5.18.0/build/6TIUMcOuZa/Tangram-2.08_051/blib/lib/Tangram/Expr.pm line 729.
Cannot open t/CONFIG, reason: No such file or directory at t/DBConfig.pm line 9.
Compilation failed in require at t/springfield/Springfield.pm line 34.
BEGIN failed--compilation aborted at t/springfield/Springfield.pm line 34.
Compilation failed in require at t/springfield/42-idbif.t line 7.
BEGIN failed--compilation aborted at t/springfield/42-idbif.t line 7.
# Looks like your test exited with 2 before it could output anything.
t/springfield/42-idbif.t ...... 
Dubious, test returned 2 (wstat 512, 0x200)
Failed 32/32 subtests 
Cannot open t/CONFIG, reason: No such file or directory at t/DBConfig.pm line 9.
Compilation failed in require at t/springfield/Springfield.pm line 34.
BEGIN failed--compilation aborted at t/springfield/Springfield.pm line 34.
Compilation failed in require at t/springfield/70-mysql.t line 4.
BEGIN failed--compilation aborted at t/springfield/70-mysql.t line 4.
t/springfield/70-mysql.t ...... 
Dubious, test returned 2 (wstat 512, 0x200)
No subtests run 
Cannot open t/CONFIG, reason: No such file or directory at t/DBConfig.pm line 9.
Compilation failed in require at t/springfield/Springfield.pm line 34.
BEGIN failed--compilation aborted at t/springfield/Springfield.pm line 34.
Compilation failed in require at t/springfield/80-mi.t line 5.
BEGIN failed--compilation aborted at t/springfield/80-mi.t line 5.
t/springfield/80-mi.t ......... 
Dubious, test returned 2 (wstat 512, 0x200)
No subtests run 
Cannot open t/CONFIG, reason: No such file or directory at t/DBConfig.pm line 9.
Compilation failed in require at t/springfield/Springfield.pm line 34.
BEGIN failed--compilation aborted at t/springfield/Springfield.pm line 34.
Compilation failed in require at t/springfield/81-poly.t line 10.
BEGIN failed--compilation aborted at t/springfield/81-poly.t line 10.
# Looks like your test exited with 2 before it could output anything.
t/springfield/81-poly.t ....... 
Dubious, test returned 2 (wstat 512, 0x200)
Failed 8/8 subtests 
overload arg 'acos' is invalid at /home/cpan/pit/bare/conf/perl-5.18.0/.cpanplus/5.18.0/build/6TIUMcOuZa/Tangram-2.08_051/blib/lib/Tangram/Expr.pm line 384.
overload arg 'acos' is invalid at /home/cpan/pit/bare/conf/perl-5.18.0/.cpanplus/5.18.0/build/6TIUMcOuZa/Tangram-2.08_051/blib/lib/Tangram/Expr.pm line 729.
Cannot open t/CONFIG, reason: No such file or directory at t/DBConfig.pm line 9.
Compilation failed in require at t/springfield/Springfield.pm line 34.
BEGIN failed--compilation aborted at t/springfield/Springfield.pm line 34.
Compilation failed in require at t/springfield/82-aggregate.t line 5.
BEGIN failed--compilation aborted at t/springfield/82-aggregate.t line 5.
t/springfield/82-aggregate.t .. 
Dubious, test returned 2 (wstat 512, 0x200)
No subtests run 
overload arg 'acos' is invalid at /home/cpan/pit/bare/conf/perl-5.18.0/.cpanplus/5.18.0/build/6TIUMcOuZa/Tangram-2.08_051/blib/lib/Tangram/Expr.pm line 384.
overload arg 'acos' is invalid at /home/cpan/pit/bare/conf/perl-5.18.0/.cpanplus/5.18.0/build/6TIUMcOuZa/Tangram-2.08_051/blib/lib/Tangram/Expr.pm line 729.

#   Failed test 'use Springfield;'
#   at t/springfield/zz-retreat.t line 9.
#     Tried to use 'Springfield'.
#     Error:  Cannot open t/CONFIG, reason: No such file or directory at t/DBConfig.pm line 9.
# Compilation failed in require at t/springfield/Springfield.pm line 34.
# BEGIN failed--compilation aborted at t/springfield/Springfield.pm line 34.
# Compilation failed in require at t/springfield/zz-retreat.t line 9.
# BEGIN failed--compilation aborted at t/springfield/zz-retreat.t line 9.
Can't connect to data source '' because I can't work out what driver to use (it doesn't seem to contain a 'dbi:driver:' prefix and the DBI_DRIVER env var is not set) at t/springfield/zz-retreat.t line 14.
# Looks like your test exited with 255 just after 1.
t/springfield/zz-retreat.t .... 
Dubious, test returned 255 (wstat 65280, 0xff00)
Failed 2/2 subtests 

Test Summary Report
-------------------
t/misc/bughunt.t            (Wstat: 65280 Tests: 0 Failed: 0)
  Non-zero exit status: 255
  Parse errors: Bad plan.  You planned 4 tests but ran 0.
t/misc/new_types.t          (Wstat: 256 Tests: 1 Failed: 1)
  Failed test:  1
  Non-zero exit status: 1
t/musicstore/00-deploy.t    (Wstat: 512 Tests: 0 Failed: 0)
  Non-zero exit status: 2
  Parse errors: No plan found in TAP output
t/musicstore/01-simple.t    (Wstat: 512 Tests: 0 Failed: 0)
  Non-zero exit status: 2
  Parse errors: No plan found in TAP output
t/musicstore/03-reschema.t  (Wstat: 512 Tests: 0 Failed: 0)
  Non-zero exit status: 2
  Parse errors: No plan found in TAP output
t/musicstore/zz-retreat.t   (Wstat: 512 Tests: 0 Failed: 0)
  Non-zero exit status: 2
  Parse errors: No plan found in TAP output
t/springfield/00-deploy.t   (Wstat: 65280 Tests: 1 Failed: 1)
  Failed test:  1
  Non-zero exit status: 255
  Parse errors: Bad plan.  You planned 2 tests but ran 1.
t/springfield/01-mappings.t (Wstat: 512 Tests: 0 Failed: 0)
  Non-zero exit status: 2
  Parse errors: No plan found in TAP output
t/springfield/02-cursor.t   (Wstat: 512 Tests: 0 Failed: 0)
  Non-zero exit status: 2
  Parse errors: No plan found in TAP output
t/springfield/03-queries.t  (Wstat: 512 Tests: 0 Failed: 0)
  Non-zero exit status: 2
  Parse errors: No plan found in TAP output
t/springfield/04-tx.t       (Wstat: 512 Tests: 0 Failed: 0)
  Non-zero exit status: 2
  Parse errors: No plan found in TAP output
t/springfield/05-unload.t   (Wstat: 512 Tests: 0 Failed: 0)
  Non-zero exit status: 2
  Parse errors: No plan found in TAP output
t/springfield/06-reload.t   (Wstat: 512 Tests: 0 Failed: 0)
  Non-zero exit status: 2
  Parse errors: No plan found in TAP output
t/springfield/07-weakref.t  (Wstat: 512 Tests: 0 Failed: 0)
  Non-zero exit status: 2
  Parse errors: No plan found in TAP output
t/springfield/15-datetime.t (Wstat: 512 Tests: 0 Failed: 0)
  Non-zero exit status: 2
  Parse errors: No plan found in TAP output
t/springfield/20-perldump.t (Wstat: 512 Tests: 0 Failed: 0)
  Non-zero exit status: 2
  Parse errors: No plan found in TAP output
t/springfield/21-flatarray.t (Wstat: 512 Tests: 0 Failed: 0)
  Non-zero exit status: 2
  Parse errors: No plan found in TAP output
t/springfield/22-flathash.t (Wstat: 512 Tests: 0 Failed: 0)
  Non-zero exit status: 2
  Parse errors: No plan found in TAP output
t/springfield/30-ref.t      (Wstat: 512 Tests: 0 Failed: 0)
  Non-zero exit status: 2
  Parse errors: No plan found in TAP output
t/springfield/31-set.t      (Wstat: 512 Tests: 0 Failed: 0)
  Non-zero exit status: 2
  Parse errors: No plan found in TAP output
t/springfield/32-iset.t     (Wstat: 512 Tests: 0 Failed: 0)
  Non-zero exit status: 2
  Parse errors: No plan found in TAP output
t/springfield/33-array.t    (Wstat: 512 Tests: 0 Failed: 0)
  Non-zero exit status: 2
  Parse errors: No plan found in TAP output
t/springfield/34-iarray.t   (Wstat: 512 Tests: 0 Failed: 0)
  Non-zero exit status: 2
  Parse errors: No plan found in TAP output
t/springfield/35-hash.t     (Wstat: 512 Tests: 0 Failed: 0)
  Non-zero exit status: 2
  Parse errors: No plan found in TAP output
t/springfield/36-ihash.t    (Wstat: 512 Tests: 0 Failed: 0)
  Non-zero exit status: 2
  Parse errors: No plan found in TAP output
t/springfield/37-prefetch.t (Wstat: 512 Tests: 0 Failed: 0)
  Non-zero exit status: 2
  Parse errors: Bad plan.  You planned 110 tests but ran 0.
t/springfield/38-stateless.t (Wstat: 512 Tests: 0 Failed: 0)
  Non-zero exit status: 2
  Parse errors: No plan found in TAP output
t/springfield/39-save.t     (Wstat: 512 Tests: 0 Failed: 0)
  Non-zero exit status: 2
  Parse errors: No plan found in TAP output
t/springfield/40-dump.t     (Wstat: 512 Tests: 0 Failed: 0)
  Non-zero exit status: 2
  Parse errors: Bad plan.  You planned 20 tests but ran 0.
t/springfield/41-storable.t (Wstat: 512 Tests: 0 Failed: 0)
  Non-zero exit status: 2
  Parse errors: Bad plan.  You planFailed 36/36 test programs. 3/3 subtests failed.
ned 4 tests but ran 0.
t/springfield/42-idbif.t    (Wstat: 512 Tests: 0 Failed: 0)
  Non-zero exit status: 2
  Parse errors: Bad plan.  You planned 32 tests but ran 0.
t/springfield/70-mysql.t    (Wstat: 512 Tests: 0 Failed: 0)
  Non-zero exit status: 2
  Parse errors: No plan found in TAP output
t/springfield/80-mi.t       (Wstat: 512 Tests: 0 Failed: 0)
  Non-zero exit status: 2
  Parse errors: No plan found in TAP output
t/springfield/81-poly.t     (Wstat: 512 Tests: 0 Failed: 0)
  Non-zero exit status: 2
  Parse errors: Bad plan.  You planned 8 tests but ran 0.
t/springfield/82-aggregate.t (Wstat: 512 Tests: 0 Failed: 0)
  Non-zero exit status: 2
  Parse errors: No plan found in TAP output
t/springfield/zz-retreat.t  (Wstat: 65280 Tests: 1 Failed: 1)
  Failed test:  1
  Non-zero exit status: 255
  Parse errors: Bad plan.  You planned 2 tests but ran 1.
Files=36, Tests=3,  2 wallclock secs ( 0.06 usr  0.01 sys +  1.78 cusr  0.17 csys =  2.02 CPU)
Result: FAIL
make: *** [Makefile:1030: test_dynamic] Error 255


PREREQUISITES:

Here is a list of prerequisites you specified and versions we
managed to load:

	  Module Name                        Have     Want
	  Class::Date                      1.1.17        0
	  DBI                               1.642        0
	  Data::Lazy                          0.6     0.06
	  ExtUtils::MakeMaker                7.36        0
	  Scalar::Util                       1.27        0
	  Set::Object                        1.39     1.08
	  Test::More                     1.302164        0
	  Time::Piece                     1.20_01        0

Perl module toolchain versions installed:
	Module Name                        Have
	CPANPLUS                         0.9178
	CPANPLUS::Dist::Build              0.90
	Cwd                                3.75
	ExtUtils::CBuilder             0.280231
	ExtUtils::Command                  7.36
	ExtUtils::Install                  2.14
	ExtUtils::MakeMaker                7.36
	ExtUtils::Manifest                 1.72
	ExtUtils::ParseXS                  3.35
	File::Spec                         3.75
	Module::Build                    0.4229
	Pod::Parser                        1.60
	Pod::Simple                        3.28
	Test2                          1.302164
	Test::Harness                      3.42
	Test::More                     1.302164
	version                          0.9924

******************************** NOTE ********************************
The comments above are created mechanically, possibly without manual
checking by the sender.  As there are many people performing automatic
tests on each upload to CPAN, it is likely that you will receive
identical messages about the same problem.

If you believe that the message is mistaken, please reply to the first
one with correction and/or additional informations, and do not take
it personally.  We appreciate your patience. :)
**********************************************************************

Additional comments:


This report was machine-generated by CPANPLUS::Dist::YACSmoke 1.08.
Powered by minismokebox version 0.68

CPANPLUS is prefering Build.PL

------------------------------
ENVIRONMENT AND OTHER CONTEXT
------------------------------

Environment variables:

    AUTOMATED_TESTING = 1
    LANG = en_GB.UTF-8
    LANGUAGE = en_GB:en
    NONINTERACTIVE_TESTING = 1
    PATH = /usr/local/bin:/usr/bin:/bin:/usr/local/games:/usr/games
    PERL5LIB = /home/cpan/pit/jail/7v_LLZVW0G/lib/perl5:/home/cpan/pit/bare/conf/perl-5.18.0/.cpanplus/5.18.0/build/6TIUMcOuZa/Tangram-2.08_051/blib/lib:/home/cpan/pit/bare/conf/perl-5.18.0/.cpanplus/5.18.0/build/6TIUMcOuZa/Tangram-2.08_051/blib/arch
    PERL5_CPANPLUS_IS_RUNNING = 6216
    PERL5_CPANPLUS_IS_VERSION = 0.9178
    PERL5_MINISMOKEBOX = 0.68
    PERL5_YACSMOKE_BASE = /home/cpan/pit/bare/conf/perl-5.18.0
    PERL_EXTUTILS_AUTOINSTALL = --defaultdeps
    PERL_LOCAL_LIB_ROOT = /home/cpan/pit/jail/7v_LLZVW0G
    PERL_MB_OPT = --install_base "/home/cpan/pit/jail/7v_LLZVW0G"
    PERL_MM_OPT = INSTALL_BASE=/home/cpan/pit/jail/7v_LLZVW0G
    PERL_MM_USE_DEFAULT = 1
    SHELL = /bin/bash
    TERM = screen

Perl special variables (and OS-specific diagnostics, for MSWin32):

    Perl: $^X = /home/cpan/pit/bare/perl-5.18.0/bin/perl
    UID:  $<  = 1001
    EUID: $>  = 1001
    GID:  $(  = 1001 1001
    EGID: $)  = 1001 1001


-------------------------------


--

Summary of my perl5 (revision 5 version 18 subversion 0) configuration:
   
  Platform:
    osname=linux, osvers=4.19.0-5-686, archname=i686-linux
    uname='linux dagobah 4.19.0-5-686 #1 smp debian 4.19.37-5+deb10u1 (2019-07-19) i686 gnulinux '
    config_args='-des -Dprefix=/home/cpan/pit/bare/perl-5.18.0'
    hint=recommended, useposix=true, d_sigaction=define
    useithreads=undef, usemultiplicity=undef
    useperlio=define, d_sfio=undef, uselargefiles=define, usesocks=undef
    use64bitint=undef, use64bitall=undef, uselongdouble=undef
    usemymalloc=n, bincompat5005=undef
  Compiler:
    cc='cc', ccflags ='-fwrapv -fno-strict-aliasing -pipe -fstack-protector -I/usr/local/include -D_LARGEFILE_SOURCE -D_FILE_OFFSET_BITS=64',
    optimize='-O2',
    cppflags='-fwrapv -fno-strict-aliasing -pipe -fstack-protector -I/usr/local/include'
    ccversion='', gccversion='8.3.0', gccosandvers=''
    intsize=4, longsize=4, ptrsize=4, doublesize=8, byteorder=1234
    d_longlong=define, longlongsize=8, d_longdbl=define, longdblsize=12
    ivtype='long', ivsize=4, nvtype='double', nvsize=8, Off_t='off_t', lseeksize=8
    alignbytes=4, prototype=define
  Linker and Libraries:
    ld='cc', ldflags =' -fstack-protector -L/usr/local/lib'
    libpth=/usr/local/lib /lib/i386-linux-gnu /lib/../lib /usr/lib/i386-linux-gnu /usr/lib/../lib /lib /usr/lib /lib64 /usr/lib64
    libs=-lnsl -lgdbm -ldl -lm -lcrypt -lutil -lc
    perllibs=-lnsl -ldl -lm -lcrypt -lutil -lc
    libc=libc-2.28.so, so=so, useshrplib=false, libperl=libperl.a
    gnulibc_version='2.28'
  Dynamic Linking:
    dlsrc=dl_dlopen.xs, dlext=so, d_dlsymun=undef, ccdlflags='-Wl,-E'
    cccdlflags='-fPIC', lddlflags='-shared -O2 -L/usr/local/lib -fstack-protector'


Characteristics of this binary (from libperl): 
  Compile-time options: HAS_TIMES PERLIO_LAYERS PERL_DONT_CREATE_GVSV
                        PERL_HASH_FUNC_ONE_AT_A_TIME_HARD PERL_MALLOC_WRAP
                        PERL_PRESERVE_IVUV PERL_SAWAMPERSAND USE_LARGE_FILES
                        USE_LOCALE USE_LOCALE_COLLATE USE_LOCALE_CTYPE
                        USE_LOCALE_NUMERIC USE_PERLIO USE_PERL_ATOF
  Locally applied patches:
	Devel::PatchPerl 1.64
  Built under linux
  Compiled at Aug  8 2019 03:15:28
  %ENV:
    PERL5LIB="/home/cpan/pit/jail/7v_LLZVW0G/lib/perl5:/home/cpan/pit/bare/conf/perl-5.18.0/.cpanplus/5.18.0/build/6TIUMcOuZa/Tangram-2.08_051/blib/lib:/home/cpan/pit/bare/conf/perl-5.18.0/.cpanplus/5.18.0/build/6TIUMcOuZa/Tangram-2.08_051/blib/arch"
    PERL5_CPANPLUS_IS_RUNNING="6216"
    PERL5_CPANPLUS_IS_VERSION="0.9178"
    PERL5_MINISMOKEBOX="0.68"
    PERL5_YACSMOKE_BASE="/home/cpan/pit/bare/conf/perl-5.18.0"
    PERL_EXTUTILS_AUTOINSTALL="--defaultdeps"
    PERL_LOCAL_LIB_ROOT="/home/cpan/pit/jail/7v_LLZVW0G"
    PERL_MB_OPT="--install_base "/home/cpan/pit/jail/7v_LLZVW0G""
    PERL_MM_OPT="INSTALL_BASE=/home/cpan/pit/jail/7v_LLZVW0G"
    PERL_MM_USE_DEFAULT="1"
  @INC:
    /home/cpan/pit/jail/7v_LLZVW0G/lib/perl5/5.18.0/i686-linux
    /home/cpan/pit/jail/7v_LLZVW0G/lib/perl5/5.18.0
    /home/cpan/pit/jail/7v_LLZVW0G/lib/perl5/i686-linux
    /home/cpan/pit/jail/7v_LLZVW0G/lib/perl5
    /home/cpan/pit/bare/conf/perl-5.18.0/.cpanplus/5.18.0/build/6TIUMcOuZa/Tangram-2.08_051/blib/lib
    /home/cpan/pit/bare/conf/perl-5.18.0/.cpanplus/5.18.0/build/6TIUMcOuZa/Tangram-2.08_051/blib/arch
    /home/cpan/pit/bare/perl-5.18.0/lib/site_perl/5.18.0/i686-linux
    /home/cpan/pit/bare/perl-5.18.0/lib/site_perl/5.18.0
    /home/cpan/pit/bare/perl-5.18.0/lib/5.18.0/i686-linux
    /home/cpan/pit/bare/perl-5.18.0/lib/5.18.0
    .