Report for RPC-Object-0.31

Back
From: metabase:user:cd035d39-6d5b-1014-ab3a-39c0c09612a1
Subject: FAIL RPC-Object-0.31 v5.18.0 
Date: 2013-06-12T22:51:56Z

This distribution has been tested as part of the CPAN Testers
project, supporting the Perl programming language.  See
http://wiki.cpantesters.org/ for more information or email
questions to cpan-testers-discuss@perl.org


--
Dear Jianyuan Wu,

This is a computer-generated report for RPC-Object-0.31
on perl 5.18.0, created by CPAN-Reporter-1.2010.

Thank you for uploading your work to CPAN.  However, there was a problem
testing your distribution.

If you think this report is invalid, please consult the CPAN Testers Wiki
for suggestions on how to avoid getting FAIL reports for missing library
or binary dependencies, unsupported operating systems, and so on:

http://wiki.cpantesters.org/wiki/CPANAuthorNotes

Sections of this report:

    * Tester comments
    * Program output
    * Prerequisites
    * Environment and other context

------------------------------
TESTER COMMENTS
------------------------------

Additional comments from tester:

this report is from an automated smoke testing program
and was not reviewed by a human for accuracy

------------------------------
PROGRAM OUTPUT
------------------------------

Output from 'C:\strawberry\c\bin\dmake.EXE test':

C:\strawberry\perl\bin\perl.exe "-MExtUtils::Command::MM" "-e" "test_harness(0, 'blib\lib', 'blib\arch')" t/*.t
Use of :locked is deprecated at C:\Dokume~1\gregor\.cpan\build\RPC-Object-0.31-rgY2Cc\blib\lib/RPC/Object/Container.pm line 8.
Use of :locked is deprecated at C:\Dokume~1\gregor\.cpan\build\RPC-Object-0.31-rgY2Cc\blib\lib/RPC/Object/Container.pm line 15.
Use of :locked is deprecated at C:\Dokume~1\gregor\.cpan\build\RPC-Object-0.31-rgY2Cc\blib\lib/RPC/Object/Container.pm line 23.
Use of :locked is deprecated at C:\Dokume~1\gregor\.cpan\build\RPC-Object-0.31-rgY2Cc\blib\lib/RPC/Object/Container.pm line 29.
Use of :locked is deprecated at C:\Dokume~1\gregor\.cpan\build\RPC-Object-0.31-rgY2Cc\blib\lib/RPC/Object/Container.pm line 8.
Use of :locked is deprecated at C:\Dokume~1\gregor\.cpan\build\RPC-Object-0.31-rgY2Cc\blib\lib/RPC/Object/Container.pm line 15.
Use of :locked is deprecated at C:\Dokume~1\gregor\.cpan\build\RPC-Object-0.31-rgY2Cc\blib\lib/RPC/Object/Container.pm line 23.
Use of :locked is deprecated at C:\Dokume~1\gregor\.cpan\build\RPC-Object-0.31-rgY2Cc\blib\lib/RPC/Object/Container.pm line 29.
adding new listener
adding new listener
adding new listener
adding new listener
adding new listener
adding new worker
adding new worker
adding new worker
Use of :locked is deprecated at t/TestModuleA.pm line 13.
Use of :locked is deprecated at t/TestModuleA.pm line 18.
Use of :locked is deprecated at t/TestModuleA.pm line 13.
Use of :locked is deprecated at t/TestModuleA.pm line 18.
adding new worker
adding new worker
Use of :locked is deprecated at t/TestModuleA.pm line 13.
Use of :locked is deprecated at t/TestModuleA.pm line 18.
Use of :locked is deprecated at t/TestModuleA.pm line 13.
Use of :locked is deprecated at t/TestModuleA.pm line 18.
Use of :locked is deprecated at t/TestModuleA.pm line 13.
Use of :locked is deprecated at t/TestModuleA.pm line 18.
Use of :locked is deprecated at t/TestModuleB.pm line 7.
Use of :locked is deprecated at t/TestModuleB.pm line 16.
Use of :locked is deprecated at t/TestModuleB.pm line 21.
Use of :locked is deprecated at t/TestModuleB.pm line 7.
Use of :locked is deprecated at t/TestModuleB.pm line 16.
Use of :locked is deprecated at t/TestModuleB.pm line 21.
Use of :locked is deprecated at t/TestModuleB.pm line 7.
Use of :locked is deprecated at t/TestModuleB.pm line 16.
Use of :locked is deprecated at t/TestModuleB.pm line 21.
Use of :locked is deprecated at t/TestModuleB.pm line 7.
Use of :locked is deprecated at t/TestModuleB.pm line 16.
Use of :locked is deprecated at t/TestModuleB.pm line 21.
Use of :locked is deprecated at t/TestModuleC.pm line 11.
Use of :locked is deprecated at t/TestModuleC.pm line 16.
Use of :locked is deprecated at t/TestModuleC.pm line 11.
Use of :locked is deprecated at t/TestModuleC.pm line 16.
t/01.t .. ok
Use of :locked is deprecated at C:\Dokume~1\gregor\.cpan\build\RPC-Object-0.31-rgY2Cc\blib\lib/RPC/Object/Container.pm line 8.
Use of :locked is deprecated at C:\Dokume~1\gregor\.cpan\build\RPC-Object-0.31-rgY2Cc\blib\lib/RPC/Object/Container.pm line 15.
Use of :locked is deprecated at C:\Dokume~1\gregor\.cpan\build\RPC-Object-0.31-rgY2Cc\blib\lib/RPC/Object/Container.pm line 23.
Use of :locked is deprecated at C:\Dokume~1\gregor\.cpan\build\RPC-Object-0.31-rgY2Cc\blib\lib/RPC/Object/Container.pm line 29.
Use of :locked is deprecated at C:\Dokume~1\gregor\.cpan\build\RPC-Object-0.31-rgY2Cc\blib\lib/RPC/Object/Container.pm line 8.
Use of :locked is deprecated at C:\Dokume~1\gregor\.cpan\build\RPC-Object-0.31-rgY2Cc\blib\lib/RPC/Object/Container.pm line 15.
Use of :locked is deprecated at C:\Dokume~1\gregor\.cpan\build\RPC-Object-0.31-rgY2Cc\blib\lib/RPC/Object/Container.pm line 23.
Use of :locked is deprecated at C:\Dokume~1\gregor\.cpan\build\RPC-Object-0.31-rgY2Cc\blib\lib/RPC/Object/Container.pm line 29.
adding new listener
adding new listener
adding new listener
adding new listener
adding new listener
adding new worker
adding new worker
Use of :locked is deprecated at t/TestModuleA.pm line 13.
Use of :locked is deprecated at t/TestModuleA.pm line 18.
adding new worker
adding new worker
Use of :locked is deprecated at t/TestModuleA.pm line 13.
Use of :locked is deprecated at t/TestModuleA.pm line 18.
adding new worker
Use of :locked is deprecated at t/TestModuleA.pm line 13.
Use of :locked is deprecated at t/TestModuleA.pm line 18.
Use of :locked is deprecated at t/TestModuleB.pm line 7.
Use of :locked is deprecated at t/TestModuleB.pm line 16.
Use of :locked is deprecated at t/TestModuleB.pm line 21.
Use of :locked is deprecated at t/TestModuleB.pm line 7.
Use of :locked is deprecated at t/TestModuleB.pm line 16.
Use of :locked is deprecated at t/TestModuleB.pm line 21.
Use of :locked is deprecated at t/TestModuleB.pm line 7.
Use of :locked is deprecated at t/TestModuleB.pm line 16.
Use of :locked is deprecated at t/TestModuleB.pm line 21.
Use of :locked is deprecated at t/TestModuleB.pm line 7.
Use of :locked is deprecated at t/TestModuleB.pm line 16.
Use of :locked is deprecated at t/TestModuleB.pm line 21.
Use of :locked is deprecated at t/TestModuleB.pm line 7.
Use of :locked is deprecated at t/TestModuleB.pm line 16.
Use of :locked is deprecated at t/TestModuleB.pm line 21.
Use of :locked is deprecated at t/TestModuleC.pm line 11.
Use of :locked is deprecated at t/TestModuleC.pm line 16.
Use of :locked is deprecated at t/TestModuleC.pm line 11.
Use of :locked is deprecated at t/TestModuleC.pm line 16.
t/02.t .. ok
Use of :locked is deprecated at C:\Dokume~1\gregor\.cpan\build\RPC-Object-0.31-rgY2Cc\blib\lib/RPC/Object/Container.pm line 8.
Use of :locked is deprecated at C:\Dokume~1\gregor\.cpan\build\RPC-Object-0.31-rgY2Cc\blib\lib/RPC/Object/Container.pm line 15.
Use of :locked is deprecated at C:\Dokume~1\gregor\.cpan\build\RPC-Object-0.31-rgY2Cc\blib\lib/RPC/Object/Container.pm line 23.
Use of :locked is deprecated at C:\Dokume~1\gregor\.cpan\build\RPC-Object-0.31-rgY2Cc\blib\lib/RPC/Object/Container.pm line 29.
Use of :locked is deprecated at C:\Dokume~1\gregor\.cpan\build\RPC-Object-0.31-rgY2Cc\blib\lib/RPC/Object/Container.pm line 8.
Use of :locked is deprecated at C:\Dokume~1\gregor\.cpan\build\RPC-Object-0.31-rgY2Cc\blib\lib/RPC/Object/Container.pm line 15.
Use of :locked is deprecated at C:\Dokume~1\gregor\.cpan\build\RPC-Object-0.31-rgY2Cc\blib\lib/RPC/Object/Container.pm line 23.
Use of :locked is deprecated at C:\Dokume~1\gregor\.cpan\build\RPC-Object-0.31-rgY2Cc\blib\lib/RPC/Object/Container.pm line 29.
adding new listener
adding new listener
adding new listener
adding new listener
adding new listener
adding new worker
adding new worker
adding new worker
Use of :locked is deprecated at t/TestModuleC.pm line 11.
Use of :locked is deprecated at t/TestModuleC.pm line 16.
Use of :locked is deprecated at t/TestModuleC.pm line 11.
Use of :locked is deprecated at t/TestModuleC.pm line 16.
adding new worker
adding new worker
Use of :locked is deprecated at t/TestModuleC.pm line 11.
Use of :locked is deprecated at t/TestModuleC.pm line 16.
t/03.t .. ok
Use of :locked is deprecated at C:\Dokume~1\gregor\.cpan\build\RPC-Object-0.31-rgY2Cc\blib\lib/RPC/Object/Container.pm line 8.
Use of :locked is deprecated at C:\Dokume~1\gregor\.cpan\build\RPC-Object-0.31-rgY2Cc\blib\lib/RPC/Object/Container.pm line 15.
Use of :locked is deprecated at C:\Dokume~1\gregor\.cpan\build\RPC-Object-0.31-rgY2Cc\blib\lib/RPC/Object/Container.pm line 23.
Use of :locked is deprecated at C:\Dokume~1\gregor\.cpan\build\RPC-Object-0.31-rgY2Cc\blib\lib/RPC/Object/Container.pm line 29.
Use of :locked is deprecated at C:\Dokume~1\gregor\.cpan\build\RPC-Object-0.31-rgY2Cc\blib\lib/RPC/Object/Container.pm line 8.
Use of :locked is deprecated at C:\Dokume~1\gregor\.cpan\build\RPC-Object-0.31-rgY2Cc\blib\lib/RPC/Object/Container.pm line 15.
Use of :locked is deprecated at C:\Dokume~1\gregor\.cpan\build\RPC-Object-0.31-rgY2Cc\blib\lib/RPC/Object/Container.pm line 23.
Use of :locked is deprecated at C:\Dokume~1\gregor\.cpan\build\RPC-Object-0.31-rgY2Cc\blib\lib/RPC/Object/Container.pm line 29.
adding new listener
adding new listener
adding new listener
adding new listener
adding new listener
adding new worker
adding new worker
adding new worker
Use of :locked is deprecated at t/TestModuleC.pm line 11.
Use of :locked is deprecated at t/TestModuleC.pm line 16.
Use of :locked is deprecated at t/TestModuleC.pm line 11.
Use of :locked is deprecated at t/TestModuleC.pm line 16.
Perl exited with active threads:
	1 running and unjoined
	0 finished and unjoined
	6 running and detached
adding new worker
t/04.t .. ok
Use of :locked is deprecated at C:\Dokume~1\gregor\.cpan\build\RPC-Object-0.31-rgY2Cc\blib\lib/RPC/Object/Container.pm line 8.
Use of :locked is deprecated at C:\Dokume~1\gregor\.cpan\build\RPC-Object-0.31-rgY2Cc\blib\lib/RPC/Object/Container.pm line 15.
Use of :locked is deprecated at C:\Dokume~1\gregor\.cpan\build\RPC-Object-0.31-rgY2Cc\blib\lib/RPC/Object/Container.pm line 23.
Use of :locked is deprecated at C:\Dokume~1\gregor\.cpan\build\RPC-Object-0.31-rgY2Cc\blib\lib/RPC/Object/Container.pm line 29.
Use of :locked is deprecated at C:\Dokume~1\gregor\.cpan\build\RPC-Object-0.31-rgY2Cc\blib\lib/RPC/Object/Container.pm line 8.
Use of :locked is deprecated at C:\Dokume~1\gregor\.cpan\build\RPC-Object-0.31-rgY2Cc\blib\lib/RPC/Object/Container.pm line 15.
Use of :locked is deprecated at C:\Dokume~1\gregor\.cpan\build\RPC-Object-0.31-rgY2Cc\blib\lib/RPC/Object/Container.pm line 23.
Use of :locked is deprecated at C:\Dokume~1\gregor\.cpan\build\RPC-Object-0.31-rgY2Cc\blib\lib/RPC/Object/Container.pm line 29.
adding new listener
adding new listener
adding new listener
adding new listener
adding new listener
adding new worker
adding new worker
adding new worker
Use of :locked is deprecated at t/TestModuleA.pm line 13.
Use of :locked is deprecated at t/TestModuleA.pm line 18.
adding new worker
Use of :locked is deprecated at t/TestModuleA.pm line 13.
Use of :locked is deprecated at t/TestModuleA.pm line 18.
adding new worker
Use of :locked is deprecated at t/TestModuleA.pm line 13.
Use of :locked is deprecated at t/TestModuleA.pm line 18.
Use of :locked is deprecated at t/TestModuleA.pm line 13.
Use of :locked is deprecated at t/TestModuleA.pm line 18.
Use of :locked is deprecated at t/TestModuleA.pm line 13.
Use of :locked is deprecated at t/TestModuleA.pm line 18.
Thread 1 terminated abnormally: fail to receive response: Invalid argument at C:\Dokume~1\gregor\.cpan\build\RPC-Object-0.31-rgY2Cc\blib\lib/RPC/Object.pm line 66 thread 1.
fail to receive request: Bad file descriptor at C:\Dokume~1\gregor\.cpan\build\RPC-Object-0.31-rgY2Cc\blib\lib/RPC/Object/Broker.pm line 135 thread 3.
 at C:\Dokume~1\gregor\.cpan\build\RPC-Object-0.31-rgY2Cc\blib\lib/RPC/Object/Broker.pm line 137 thread 3.
	RPC::Object::Broker::listener_handler('RPC::Object::Broker=HASH(0xe81f6c)', 'RPC::Object::Transport=HASH(0x15fe204)') called at C:\Dokume~1\gregor\.cpan\build\RPC-Object-0.31-rgY2Cc\blib\lib/RPC/Object/Broker.pm line 92 thread 3
	eval {...} called at C:\Dokume~1\gregor\.cpan\build\RPC-Object-0.31-rgY2Cc\blib\lib/RPC/Object/Broker.pm line 92 thread 3
adding new listener
Thread 4 terminated abnormally: fail to receive response: Invalid argument at C:\Dokume~1\gregor\.cpan\build\RPC-Object-0.31-rgY2Cc\blib\lib/RPC/Object.pm line 66 thread 4.
Thread 7 terminated abnormally: fail to receive response: Invalid argument at C:\Dokume~1\gregor\.cpan\build\RPC-Object-0.31-rgY2Cc\blib\lib/RPC/Object.pm line 66 thread 7.

#   Failed test at t/05.t line 37.
Use of :locked is deprecated at t/TestModuleC.pm line 11.
Use of :locked is deprecated at t/TestModuleC.pm line 16.
Use of :locked is deprecated at t/TestModuleC.pm line 11.
Use of :locked is deprecated at t/TestModuleC.pm line 16.
# Looks like you failed 1 test of 3.
t/05.t .. 
Dubious, test returned 1 (wstat 256, 0x100)
Failed 1/3 subtests 

Test Summary Report
-------------------
t/05.t (Wstat: 256 Tests: 3 Failed: 1)
  Failed test:  3
  Non-zero exit status: 1
Files=5, Tests=54, 324 wallclock secs ( 0.11 usr +  0.00 sys =  0.11 CPU)
Result: FAIL
Failed 1/5 test programs. 1/54 subtests failed.
dmake.EXE:  Error code 129, while making 'test_dynamic'

------------------------------
PREREQUISITES
------------------------------

Prerequisite modules loaded:

build_requires:

    Module              Need Have
    ------------------- ---- ----
    ExtUtils::MakeMaker 0    6.66


------------------------------
ENVIRONMENT AND OTHER CONTEXT
------------------------------

Environment variables:

    AUTOMATED_TESTING = 1
    COMSPEC = C:\WINDOWS.0\system32\cmd.exe
    LANG = C
    NUMBER_OF_PROCESSORS = 4
    PATH = C:\Programme\PC Connectivity Solution\;C:\Programme\utils\GTK2\bin;C:\WINDOWS.0\system32;C:\WINDOWS.0;C:\WINDOWS.0\System32\Wbem;C:\WINDOWS.0\system32\WindowsPowerShell\v1.0;c:\cygwin\bin;C:\Programme\utils\BOND\BIBLIO_CLIENT\BIN\;C:\Programme\Gemeinsame Dateien\Adobe\AGL;C:\Programme\utils\TortoiseSVN\bin;C:\Programme\utils\Tesseract-OCR;C:\Programme\Calibre2\;C:\Programme\Utils\Git\cmd;C:\Programme\utils\TortoiseGit\bin;C:\strawberry\c\bin;C:\strawberry\perl\site\bin;C:\strawberry\perl\bin;
    PERL5LIB = 
    PERL5OPT = 
    PERL5_CPANPLUS_IS_RUNNING = 3940
    PERL5_CPAN_IS_RUNNING = 3940
    PERL5_CPAN_IS_RUNNING_IN_RECURSION = 1684,3940
    PERL_CR_SMOKER_CURRENT = RPC-Object-0.31
    PERL_EXTUTILS_AUTOINSTALL = --defaultdeps
    PERL_JSON_BACKEND = JSON::XS
    PERL_MM_USE_DEFAULT = 1
    PERL_YAML_BACKEND = YAML::XS
    PROCESSOR_IDENTIFIER = x86 Family 18 Model 1 Stepping 0, AuthenticAMD
    TEMP = c:\temp
    TERM = dumb

Perl special variables (and OS-specific diagnostics, for MSWin32):

    $^X = C:\strawberry\perl\bin\perl.exe
    $UID/$EUID = 0 / 0
    $GID = 0
    $EGID = 0
    Win32::GetOSName = WinXP/.Net
    Win32::GetOSVersion = Service Pack 3, 5, 1, 2600, 2, 3, 0, 256, 1
    Win32::FsType = NTFS
    Win32::IsAdminUser = 1

Perl module toolchain versions installed:

    Module              Have    
    ------------------- --------
    CPAN                2.00    
    CPAN::Meta          2.131560
    Cwd                 3.40    
    ExtUtils::CBuilder  0.280210
    ExtUtils::Command   1.17    
    ExtUtils::Install   1.59    
    ExtUtils::MakeMaker 6.66    
    ExtUtils::Manifest  1.63    
    ExtUtils::ParseXS   3.18    
    File::Spec          3.40    
    JSON                2.59    
    JSON::PP            2.27202 
    Module::Build       0.4005  
    Module::Signature   0.73    
    Parse::CPAN::Meta   1.4404  
    Test::Harness       3.28    
    Test::More          0.98    
    YAML                0.84    
    YAML::Syck          1.27    
    version             0.9902  


--

Summary of my perl5 (revision 5 version 18 subversion 0) configuration:
   
  Platform:
    osname=MSWin32, osvers=4.0, archname=MSWin32-x86-multi-thread-64int
    uname='Win32 strawberry-perl 5.18.0.1 #1 Sat May 18 17:46:00 2013 i386'
    config_args='undef'
    hint=recommended, useposix=true, d_sigaction=undef
    useithreads=define, usemultiplicity=define
    useperlio=define, d_sfio=undef, uselargefiles=define, usesocks=undef
    use64bitint=define, use64bitall=undef, uselongdouble=undef
    usemymalloc=n, bincompat5005=undef
  Compiler:
    cc='gcc', ccflags =' -s -O2 -DWIN32  -DPERL_TEXTMODE_SCRIPTS -DPERL_IMPLICIT_CONTEXT -DPERL_IMPLICIT_SYS -DUSE_PERLIO -fno-strict-aliasing -mms-bitfields',
    optimize='-s -O2',
    cppflags='-DWIN32'
    ccversion='', gccversion='4.6.3', gccosandvers=''
    intsize=4, longsize=4, ptrsize=4, doublesize=8, byteorder=12345678
    d_longlong=define, longlongsize=8, d_longdbl=define, longdblsize=12
    ivtype='long long', ivsize=8, nvtype='double', nvsize=8, Off_t='long long', lseeksize=8
    alignbytes=8, prototype=define
  Linker and Libraries:
    ld='g++', ldflags ='-s -L"C:\strawberry\perl\lib\CORE" -L"C:\strawberry\c\lib"'
    libpth=C:\strawberry\c\lib C:\strawberry\c\i686-w64-mingw32\lib
    libs=-lmoldname -lkernel32 -luser32 -lgdi32 -lwinspool -lcomdlg32 -ladvapi32 -lshell32 -lole32 -loleaut32 -lnetapi32 -luuid -lws2_32 -lmpr -lwinmm -lversion -lodbc32 -lodbccp32 -lcomctl32
    perllibs=-lmoldname -lkernel32 -luser32 -lgdi32 -lwinspool -lcomdlg32 -ladvapi32 -lshell32 -lole32 -loleaut32 -lnetapi32 -luuid -lws2_32 -lmpr -lwinmm -lversion -lodbc32 -lodbccp32 -lcomctl32
    libc=, so=dll, useshrplib=true, libperl=libperl518.a
    gnulibc_version=''
  Dynamic Linking:
    dlsrc=dl_win32.xs, dlext=dll, d_dlsymun=undef, ccdlflags=' '
    cccdlflags=' ', lddlflags='-mdll -s -L"C:\strawberry\perl\lib\CORE" -L"C:\strawberry\c\lib"'


Characteristics of this binary (from libperl): 
  Compile-time options: HAS_TIMES HAVE_INTERP_INTERN MULTIPLICITY
                        PERLIO_LAYERS PERL_DONT_CREATE_GVSV
                        PERL_HASH_FUNC_ONE_AT_A_TIME_HARD
                        PERL_IMPLICIT_CONTEXT PERL_IMPLICIT_SYS
                        PERL_MALLOC_WRAP PERL_PRESERVE_IVUV PERL_SAWAMPERSAND
                        USE_64_BIT_INT USE_ITHREADS USE_LARGE_FILES
                        USE_LOCALE USE_LOCALE_COLLATE USE_LOCALE_CTYPE
                        USE_LOCALE_NUMERIC USE_PERLIO USE_PERL_ATOF
  Built under MSWin32
  Compiled at May 18 2013 17:53:14
  %ENV:
    PERL5_CPANPLUS_IS_RUNNING="3940"
    PERL5_CPAN_IS_RUNNING="3940"
    PERL5_CPAN_IS_RUNNING_IN_RECURSION="1684,3940"
    PERL_CR_SMOKER_CURRENT="RPC-Object-0.31"
    PERL_EXTUTILS_AUTOINSTALL="--defaultdeps"
    PERL_JSON_BACKEND="JSON::XS"
    PERL_MM_USE_DEFAULT="1"
    PERL_YAML_BACKEND="YAML::XS"
  @INC:
    C:/strawberry/perl/site/lib
    C:/strawberry/perl/vendor/lib
    C:/strawberry/perl/lib
    .