Report for Set-Object-1.35

Back
From: metabase:user:30f4dfbe-2aae-11df-837a-5e0a49663a4f
Subject: FAIL Set-Object-1.35 v5.8.7 GNU/Linux
Date: 2017-07-15T23:39:32Z

This distribution has been tested as part of the CPAN Testers
project, supporting the Perl programming language.  See
http://wiki.cpantesters.org/ for more information or email
questions to cpan-testers-discuss@perl.org


--
Dear Reini Urban,

This is a computer-generated report for Set-Object-1.35
on perl 5.8.7, created by CPAN-Reporter-1.2018.

Thank you for uploading your work to CPAN.  However, there was a problem
testing your distribution.

If you think this report is invalid, please consult the CPAN Testers Wiki
for suggestions on how to avoid getting FAIL reports for missing library
or binary dependencies, unsupported operating systems, and so on:

http://wiki.cpantesters.org/wiki/CPANAuthorNotes

Sections of this report:

    * Tester comments
    * Program output
    * Prerequisites
    * Environment and other context

------------------------------
TESTER COMMENTS
------------------------------

Additional comments from tester:

this report is from an automated smoke testing program
and was not reviewed by a human for accuracy

------------------------------
PROGRAM OUTPUT
------------------------------

Output from '/usr/bin/make test':

"/home/njh/perl5/perlbrew/perls/perl-5.8.7/bin/perl" -MExtUtils::Command::MM -e 'cp_nonempty' -- Object.bs blib/arch/auto/Set/Object/Object.bs 644
PERL_DL_NONLAZY=1 "/home/njh/perl5/perlbrew/perls/perl-5.8.7/bin/perl" "-MExtUtils::Command::MM" "-MTest::Harness" "-e" "undef *Test::Harness::Switches; test_harness(0, 'blib/lib', 'blib/arch')" t/ingy/arrayref.t t/misc/kwalitee.t t/misc/leaks.t t/misc/leaktrace.t t/misc/manifest.t t/misc/meta.t t/misc/more_leaks.t t/misc/perl_minimum_version.t t/misc/pod.t t/misc/pod_coverage.t t/misc/segfault.t t/misc/threads.t t/misc/undef.t t/object/abuse.t t/object/clear.t t/object/difference.t t/object/equal.t t/object/flags.t t/object/includes.t t/object/insert.t t/object/intersection.t t/object/members.t t/object/properties.t t/object/refcount.t t/object/remove.t t/object/set_subclass.t t/object/storable.t t/object/subsuper.t t/object/symmetric_difference.t t/object/union.t t/object/weakref.t t/scalar/basic.t t/scalar/basic_overload.t t/scalar/boolean.t t/scalar/clear.t t/scalar/compare.t t/scalar/custom_display.t t/scalar/difference.t t/scalar/each.t t/scalar/has.t t/scalar/intersection.t t/scalar/member.t t/scalar/misc.t t/scalar/set_set.t t/scalar/storable.t t/scalar/symmdiff.t t/scalar/union.t t/scalar/unique.t
t/ingy/arrayref.t ................ ok
t/misc/kwalitee.t ................ skipped: This test is only run for the module author
t/misc/leaktrace.t ............... skipped: require Test::LeakTrace
t/misc/meta.t .................... skipped: This test is only run for the module author
t/misc/more_leaks.t .............. skipped: Test::LeakTrace missing
t/misc/perl_minimum_version.t .... skipped: Author tests not required for installation
t/misc/leaks.t ................... ok
t/misc/manifest.t ................ skipped: Author tests not required for installation
t/object/clear.t ................. ok
t/object/equal.t ................. ok
t/misc/segfault.t ................ ok
t/object/difference.t ............ ok
t/object/flags.t ................. ok
t/misc/undef.t ................... ok
t/object/abuse.t ................. ok
Attempt to free non-existent shared string '1', Perl interpreter: 0x1a58f50 at t/misc/threads.t line 51.
Attempt to free non-existent shared string '2', Perl interpreter: 0x1a58f50 at t/misc/threads.t line 51.
Attempt to free non-existent shared string '3', Perl interpreter: 0x1a58f50 at t/misc/threads.t line 51.
Attempt to free non-existent shared string '4', Perl interpreter: 0x1a58f50 at t/misc/threads.t line 51.
Attempt to free non-existent shared string '5', Perl interpreter: 0x1a58f50 at t/misc/threads.t line 51.
Attempt to free non-existent shared string '6', Perl interpreter: 0x1a58f50 at t/misc/threads.t line 51.
Attempt to free non-existent shared string '7', Perl interpreter: 0x1a58f50 at t/misc/threads.t line 51.
Attempt to free non-existent shared string '8', Perl interpreter: 0x1a58f50 at t/misc/threads.t line 51.
Attempt to free non-existent shared string '9', Perl interpreter: 0x1a58f50 at t/misc/threads.t line 51.
Attempt to free non-existent shared string '0', Perl interpreter: 0x1a58f50 at t/misc/threads.t line 51.
Attempt to free non-existent shared string '1', Perl interpreter: 0x1a58f50 at t/misc/threads.t line 51.
Attempt to free non-existent shared string '2', Perl interpreter: 0x1a58f50 at t/misc/threads.t line 51.
Attempt to free non-existent shared string '3', Perl interpreter: 0x1a58f50 at t/misc/threads.t line 51.
Attempt to free non-existent shared string '4', Perl interpreter: 0x1a58f50 at t/misc/threads.t line 51.
Attempt to free non-existent shared string '5', Perl interpreter: 0x1a58f50 at t/misc/threads.t line 51.
Attempt to free non-existent shared string '6', Perl interpreter: 0x1a58f50 at t/misc/threads.t line 51.
Attempt to free non-existent shared string '7', Perl interpreter: 0x1a58f50 at t/misc/threads.t line 51.
Attempt to free non-existent shared string '8', Perl interpreter: 0x1a58f50 at t/misc/threads.t line 51.
Attempt to free non-existent shared string '9', Perl interpreter: 0x1a58f50 at t/misc/threads.t line 51.
Attempt to free non-existent shared string '0', Perl interpreter: 0x1a58f50 at t/misc/threads.t line 51.
Attempt to free non-existent shared string '1', Perl interpreter: 0x1a58f50 at t/misc/threads.t line 51.
Attempt to free non-existent shared string '2', Perl interpreter: 0x1a58f50 at t/misc/threads.t line 51.
Attempt to free non-existent shared string '3', Perl interpreter: 0x1a58f50 at t/misc/threads.t line 51.
Attempt to free non-existent shared string '4', Perl interpreter: 0x1a58f50 at t/misc/threads.t line 51.
Attempt to free non-existent shared string '8', Perl interpreter: 0x1a58f50 at t/misc/threads.t line 51.
Attempt to free non-existent shared string '1', Perl interpreter: 0x1a58f50 at t/misc/threads.t line 51.
Attempt to free non-existent shared string '2', Perl interpreter: 0x1a58f50 at t/misc/threads.t line 51.
Attempt to free non-existent shared string '3', Perl interpreter: 0x1a58f50 at t/misc/threads.t line 51.
Attempt to free non-existent shared string '5', Perl interpreter: 0x1a58f50 at t/misc/threads.t line 51.
Attempt to free non-existent shared string '6', Perl interpreter: 0x1a58f50 at t/misc/threads.t line 51.
Attempt to free non-existent shared string '7', Perl interpreter: 0x1a58f50 at t/misc/threads.t line 51.
Attempt to free non-existent shared string '9', Perl interpreter: 0x1a58f50 at t/misc/threads.t line 51.
Attempt to free non-existent shared string '0', Perl interpreter: 0x1a58f50 at t/misc/threads.t line 51.
Attempt to free non-existent shared string '4', Perl interpreter: 0x1a58f50 at t/misc/threads.t line 51.
Attempt to free non-existent shared string '5', Perl interpreter: 0x1a58f50 at t/misc/threads.t line 51.
Attempt to free non-existent shared string '6', Perl interpreter: 0x1a58f50 at t/misc/threads.t line 51.
Attempt to free non-existent shared string '7', Perl interpreter: 0x1a58f50 at t/misc/threads.t line 51.
Attempt to free non-existent shared string '8', Perl interpreter: 0x1a58f50 at t/misc/threads.t line 51.
Attempt to free non-existent shared string '9', Perl interpreter: 0x1a58f50 at t/misc/threads.t line 51.
Attempt to free non-existent shared string '0', Perl interpreter: 0x1a58f50 at t/misc/threads.t line 51.
Attempt to free non-existent shared string '1', Perl interpreter: 0x1a58f50 at t/misc/threads.t line 51.
Attempt to free non-existent shared string '2', Perl interpreter: 0x1a58f50 at t/misc/threads.t line 51.
Attempt to free non-existent shared string '3', Perl interpreter: 0x1a58f50 at t/misc/threads.t line 51.
Attempt to free non-existent shared string '4', Perl interpreter: 0x1a58f50 at t/misc/threads.t line 51.
Attempt to free non-existent shared string '5', Perl interpreter: 0x1a58f50 at t/misc/threads.t line 51.
Attempt to free non-existent shared string '6', Perl interpreter: 0x1a58f50 at t/misc/threads.t line 51.
Attempt to free non-existent shared string '7', Perl interpreter: 0x1a58f50 at t/misc/threads.t line 51.
Attempt to free non-existent shared string '8', Perl interpreter: 0x1a58f50 at t/misc/threads.t line 51.
Attempt to free non-existent shared string '9', Perl interpreter: 0x1a58f50 at t/misc/threads.t line 51.
Attempt to free non-existent shared string '0', Perl interpreter: 0x1a58f50 at t/misc/threads.t line 51.
Attempt to free non-existent shared string '1', Perl interpreter: 0x1a58f50 at t/misc/threads.t line 51.
Attempt to free non-existent shared string '2', Perl interpreter: 0x1a58f50 at t/misc/threads.t line 51.
Attempt to free non-existent shared string '3', Perl interpreter: 0x1a58f50 at t/misc/threads.t line 51.
Attempt to free non-existent shared string '4', Perl interpreter: 0x1a58f50 at t/misc/threads.t line 51.
Attempt to free non-existent shared string '5', Perl interpreter: 0x1a58f50 at t/misc/threads.t line 51.
Attempt to free non-existent shared string '6', Perl interpreter: 0x1a58f50 at t/misc/threads.t line 51.
Attempt to free non-existent shared string '7', Perl interpreter: 0x1a58f50 at t/misc/threads.t line 51.
Attempt to free non-existent shared string '8', Perl interpreter: 0x1a58f50 at t/misc/threads.t line 51.
Attempt to free non-existent shared string '9', Perl interpreter: 0x1a58f50 at t/misc/threads.t line 51.
Attempt to free non-existent shared string '0', Perl interpreter: 0x1a58f50 at t/misc/threads.t line 51.
Attempt to free non-existent shared string '1', Perl interpreter: 0x1a58f50 at t/misc/threads.t line 51.
Attempt to free non-existent shared string '2', Perl interpreter: 0x1a58f50 at t/misc/threads.t line 51.
Attempt to free non-existent shared string '3', Perl interpreter: 0x1a58f50 at t/misc/threads.t line 51.
Attempt to free non-existent shared string '4', Perl interpreter: 0x1a58f50 at t/misc/threads.t line 51.
Attempt to free non-existent shared string '5', Perl interpreter: 0x1a58f50 at t/misc/threads.t line 51.
Attempt to free non-existent shared string '6', Perl interpreter: 0x1a58f50 at t/misc/threads.t line 51.
Attempt to free non-existent shared string '7', Perl interpreter: 0x1a58f50 at t/misc/threads.t line 51.
Attempt to free non-existent shared string '8', Perl interpreter: 0x1a58f50 at t/misc/threads.t line 51.
Attempt to free non-existent shared string '9', Perl interpreter: 0x1a58f50 at t/misc/threads.t line 51.
Attempt to free non-existent shared string '0', Perl interpreter: 0x1a58f50 at t/misc/threads.t line 51.
Attempt to free non-existent shared string '1', Perl interpreter: 0x1a58f50 at t/misc/threads.t line 51.
Attempt to free non-existent shared string '2', Perl interpreter: 0x1a58f50 at t/misc/threads.t line 51.
Attempt to free non-existent shared string '3', Perl interpreter: 0x1a58f50 at t/misc/threads.t line 51.
Attempt to free non-existent shared string '4', Perl interpreter: 0x1a58f50 at t/misc/threads.t line 51.
Attempt to free non-existent shared string '5', Perl interpreter: 0x1a58f50 at t/misc/threads.t line 51.
Attempt to free non-existent shared string '6', Perl interpreter: 0x1a58f50 at t/misc/threads.t line 51.
Attempt to free non-existent shared string '7', Perl interpreter: 0x1a58f50 at t/misc/threads.t line 51.
Attempt to free non-existent shared string '8', Perl interpreter: 0x1a58f50 at t/misc/threads.t line 51.
Attempt to free non-existent shared string '9', Perl interpreter: 0x1a58f50 at t/misc/threads.t line 51.
Attempt to free non-existent shared string '0', Perl interpreter: 0x1a58f50 at t/misc/threads.t line 51.
Attempt to free non-existent shared string '1', Perl interpreter: 0x1a58f50 at t/misc/threads.t line 51.
Attempt to free non-existent shared string '2', Perl interpreter: 0x1a58f50 at t/misc/threads.t line 51.
Attempt to free non-existent shared string '3', Perl interpreter: 0x1a58f50 at t/misc/threads.t line 51.
Attempt to free non-existent shared string '4', Perl interpreter: 0x1a58f50 at t/misc/threads.t line 51.
Attempt to free non-existent shared string '5', Perl interpreter: 0x1a58f50 at t/misc/threads.t line 51.
Attempt to free non-existent shared string '6', Perl interpreter: 0x1a58f50 at t/misc/threads.t line 51.
Attempt to free non-existent shared string '7', Perl interpreter: 0x1a58f50 at t/misc/threads.t line 51.
Attempt to free non-existent shared string '8', Perl interpreter: 0x1a58f50 at t/misc/threads.t line 51.
Attempt to free non-existent shared string '9', Perl interpreter: 0x1a58f50 at t/misc/threads.t line 51.
Attempt to free non-existent shared string '0', Perl interpreter: 0x1a58f50 at t/misc/threads.t line 51.
Can't locate auto/threads/is_running.al in @INC (@INC contains: /tmp/build/Set-Object-1.35-2/blib/lib /tmp/build/Set-Object-1.35-2/blib/arch /tmp/build/Dir-ls-0.004-6/blib/arch /tmp/build/Dir-ls-0.004-6/blib/lib /tmp/build/Sort-filevercmp-0.001-6/blib/arch /tmp/build/Sort-filevercmp-0.001-6/blib/lib /tmp/build/Path-Tiny-0.104-17/blib/arch /tmp/build/Path-Tiny-0.104-17/blib/lib /tmp/build/File-chdir-0.1010-56/blib/arch /tmp/build/File-chdir-0.1010-56/blib/lib /tmp/build/Set-Object-1.35-2/blib/lib /tmp/build/Set-Object-1.35-2/blib/arch /tmp/build/Dir-ls-0.004-6/blib/arch /tmp/build/Dir-ls-0.004-6/blib/lib /tmp/build/Sort-filevercmp-0.001-6/blib/arch /tmp/build/Sort-filevercmp-0.001-6/blib/lib /tmp/build/Path-Tiny-0.104-17/blib/arch /tmp/build/Path-Tiny-0.104-17/blib/lib /tmp/build/File-chdir-0.1010-56/blib/arch /tmp/build/File-chdir-0.1010-56/blib/lib /tmp/build/Dir-ls-0.004-6/blib/arch /tmp/build/Dir-ls-0.004-6/blib/lib /tmp/build/Sort-filevercmp-0.001-6/blib/arch /tmp/build/Sort-filevercmp-0.001-6/blib/lib /tmp/build/Path-Tiny-0.104-17/blib/arch /tmp/build/Path-Tiny-0.104-17/blib/lib /tmp/build/File-chdir-0.1010-56/blib/arch /tmp/build/File-chdir-0.1010-56/blib/lib /home/njh/perl5/perlbrew/perls/perl-5.8.7/lib/5.8.7/x86_64-linux-thread-multi /home/njh/perl5/perlbrew/perls/perl-5.8.7/lib/5.8.7 /home/njh/perl5/perlbrew/perls/perl-5.8.7/lib/site_perl/5.8.7/x86_64-linux-thread-multi /home/njh/perl5/perlbrew/perls/perl-5.8.7/lib/site_perl/5.8.7 /home/njh/perl5/perlbrew/perls/perl-5.8.7/lib/site_perl .) at t/misc/threads.t line 32.
Attempt to free non-existent shared string '6', Perl interpreter: 0x1a58f50 during global destruction.
Attempt to free non-existent shared string '3', Perl interpreter: 0x1a58f50 during global destruction.
Attempt to free non-existent shared string '7', Perl interpreter: 0x1a58f50 during global destruction.
Attempt to free non-existent shared string '9', Perl interpreter: 0x1a58f50 during global destruction.
Attempt to free non-existent shared string '2', Perl interpreter: 0x1a58f50 during global destruction.
Attempt to free non-existent shared string '8', Perl interpreter: 0x1a58f50 during global destruction.
Attempt to free non-existent shared string '4', Perl interpreter: 0x1a58f50 during global destruction.
Attempt to free non-existent shared string '1', Perl interpreter: 0x1a58f50 during global destruction.
Attempt to free non-existent shared string '0', Perl interpreter: 0x1a58f50 during global destruction.
Attempt to free non-existent shared string '5', Perl interpreter: 0x1a58f50 during global destruction.
Scalars leaked: -1
t/misc/threads.t ................. 
Failed 1/2 subtests 
t/misc/pod_coverage.t ............ ok
t/object/intersection.t .......... ok
t/object/members.t ............... ok
t/object/refcount.t .............. ok
t/object/insert.t ................ ok
t/object/includes.t .............. ok
t/misc/pod.t ..................... ok
t/object/symmetric_difference.t .. ok
t/object/subsuper.t .............. ok
t/scalar/boolean.t ............... ok
t/object/set_subclass.t .......... ok
t/scalar/clear.t ................. ok
t/object/properties.t ............ ok
t/scalar/custom_display.t ........ ok
t/object/remove.t ................ ok
t/object/union.t ................. ok
t/object/storable.t .............. ok
t/scalar/compare.t ............... ok
t/scalar/has.t ................... ok
t/scalar/member.t ................ ok
t/scalar/misc.t .................. ok
t/scalar/basic.t ................. ok
t/scalar/basic_overload.t ........ ok
t/scalar/each.t .................. skipped: TO-DO
t/scalar/difference.t ............ ok
t/scalar/intersection.t .......... ok
t/object/weakref.t ............... ok
t/scalar/symmdiff.t .............. ok
t/scalar/union.t ................. ok
t/scalar/unique.t ................ ok
t/scalar/set_set.t ............... ok
t/scalar/storable.t .............. ok

Test Summary Report
-------------------
t/misc/threads.t               (Wstat: 11 Tests: 1 Failed: 0)
  Non-zero wait status: 11
  Parse errors: Bad plan.  You planned 2 tests but ran 1.
Files=48, Tests=456,  0 wallclock secs ( 0.12 usr  0.06 sys +  1.47 cusr  0.37 csys =  2.02 CPU)
Result: FAIL
Failed 1/48 test programs. 0/456 subtests failed.
Makefile:1025: recipe for target 'test_dynamic' failed
make: *** [test_dynamic] Error 255

------------------------------
PREREQUISITES
------------------------------

Prerequisite modules loaded:

requires:

    Module              Need Have    
    ------------------- ---- --------
    Scalar::Util        0    1.41    
    Test::More          0    1.302083

build_requires:

    Module              Need Have    
    ------------------- ---- --------
    ExtUtils::MakeMaker 0    7.22    

configure_requires:

    Module              Need Have    
    ------------------- ---- --------
    ExtUtils::MakeMaker 0    7.22    


------------------------------
ENVIRONMENT AND OTHER CONTEXT
------------------------------

Environment variables:

    AUTOMATED_TESTING = 1
    HARNESS_OPTIONS = j10
    LANG = en_GB.UTF-8
    PATH = /home/njh/perl5/perlbrew/bin:/home/njh/perl5/perlbrew/perls/perl-5.8.7/bin:/home/njh/perl5/perlbrew/bin:/usr/bin:/bin
    PERL5LIB = /tmp/build/Dir-ls-0.004-6/blib/arch:/tmp/build/Dir-ls-0.004-6/blib/lib:/tmp/build/Sort-filevercmp-0.001-6/blib/arch:/tmp/build/Sort-filevercmp-0.001-6/blib/lib:/tmp/build/Path-Tiny-0.104-17/blib/arch:/tmp/build/Path-Tiny-0.104-17/blib/lib:/tmp/build/File-chdir-0.1010-56/blib/arch:/tmp/build/File-chdir-0.1010-56/blib/lib
    PERL5OPT = 
    PERL5_CPANPLUS_IS_RUNNING = 12565
    PERL5_CPAN_IS_RUNNING = 12565
    PERLBREW_BASHRC_VERSION = 0.78
    PERLBREW_HOME = /home/njh/.perlbrew
    PERLBREW_LIB = 
    PERLBREW_MANPATH = /home/njh/perl5/perlbrew/perls/perl-5.8.7/man
    PERLBREW_PATH = /home/njh/perl5/perlbrew/bin:/home/njh/perl5/perlbrew/perls/perl-5.8.7/bin
    PERLBREW_PERL = perl-5.8.7
    PERLBREW_ROOT = /home/njh/perl5/perlbrew
    PERLBREW_VERSION = 0.78
    PERL_LOCAL_LIB_ROOT = 
    SHELL = /bin/sh

Perl special variables (and OS-specific diagnostics, for MSWin32):

    $^X = /home/njh/perl5/perlbrew/perls/perl-5.8.7/bin/perl
    $UID/$EUID = 1000 / 1000
    $GID = 1000 1000 118 112 107 46 44 30 29 25 24 4
    $EGID = 1000 1000 118 112 107 46 44 30 29 25 24 4

Perl module toolchain versions installed:

    Module              Have    
    ------------------- --------
    CPAN                2.16    
    CPAN::Meta          2.150001
    Cwd                 3.47    
    ExtUtils::CBuilder  0.280220
    ExtUtils::Command   7.22    
    ExtUtils::Install   2.04    
    ExtUtils::MakeMaker 7.22    
    ExtUtils::Manifest  1.70    
    ExtUtils::ParseXS   3.30    
    File::Spec          3.47    
    JSON                2.61    
    JSON::PP            2.27400 
    Module::Build       0.4211  
    Module::Signature   n/a     
    Parse::CPAN::Meta   1.4414  
    Test::Harness       3.36    
    Test::More          1.302083
    YAML                n/a     
    YAML::Syck          1.30    
    version             0.9912  


--

Summary of my perl5 (revision 5 version 8 subversion 7) configuration:
  Platform:
    osname=linux, osvers=3.16-2-amd64, archname=x86_64-linux-thread-multi
    uname='linux cyberpower2 3.16-2-amd64 #1 smp debian 3.16.3-2 (2014-09-20) x86_64 gnulinux '
    config_args='-de -Dprefix=/home/njh/perl5/perlbrew/perls/perl-5.8.7 -Duseithreads -Dusemultiplicity -Dusedevel -Accflags=-O2 -W -Wformat=2 -Wswitch -Wshadow -Wwrite-strings -Wuninitialized -Wall -pipe -mtune=native -march=native -fomit-frame-pointer -msse2 -msse -mmmx -mfpmath=sse -pedantic -D_FORTIFY_SOURCE=2 -Wpointer-arith -Wstrict-prototypes -fstack-protector -Wstack-protector -Wextra -Wbad-function-cast -Wcast-align -Wcast-qual -Wdisabled-optimization -Wendif-labels -Wfloat-equal -Wformat-nonliteral -Winline -Wmissing-declarations -Wmissing-prototypes -Wnested-externs -Wpointer-arith -Wundef -Wformat-security -ftree-vectorize -fdiagnostics-color=auto -Aeval:scriptdir=/home/njh/perl5/perlbrew/perls/perl-5.8.7/bin'
    hint=recommended, useposix=true, d_sigaction=define
    usethreads=define use5005threads=undef useithreads=define usemultiplicity=define
    useperlio=define d_sfio=undef uselargefiles=define usesocks=undef
    use64bitint=define use64bitall=define uselongdouble=undef
    usemymalloc=n, bincompat5005=undef
  Compiler:
    cc='cc', ccflags ='-D_REENTRANT -D_GNU_SOURCE -O2 -W -Wformat=2 -Wswitch -Wshadow -Wwrite-strings -Wuninitialized -Wall -pipe -mtune=native -march=native -fomit-frame-pointer -msse2 -msse -mmmx -mfpmath=sse -pedantic -D_FORTIFY_SOURCE=2 -Wpointer-arith -Wstrict-prototypes -fstack-protector -Wstack-protector -Wextra -Wbad-function-cast -Wcast-align -Wcast-qual -Wdisabled-optimization -Wendif-labels -Wfloat-equal -Wformat-nonliteral -Winline -Wmissing-declarations -Wmissing-prototypes -Wnested-externs -Wpointer-arith -Wundef -Wformat-security -ftree-vectorize -fdiagnostics-color=auto -fno-strict-aliasing -I/usr/local/include -D_LARGEFILE_SOURCE -D_FILE_OFFSET_BITS=64',
    optimize='-O2',
    cppflags='-D_REENTRANT -D_GNU_SOURCE -O2 -W -Wformat=2 -Wswitch -Wshadow -Wwrite-strings -Wuninitialized -Wall -pipe -mtune=native -march=native -fomit-frame-pointer -msse2 -msse -mmmx -mfpmath=sse -pedantic -D_FORTIFY_SOURCE=2 -Wpointer-arith -Wstrict-prototypes -fstack-protector -Wstack-protector -Wextra -Wbad-function-cast -Wcast-align -Wcast-qual -Wdisabled-optimization -Wendif-labels -Wfloat-equal -Wformat-nonliteral -Winline -Wmissing-declarations -Wmissing-prototypes -Wnested-externs -Wpointer-arith -Wundef -Wformat-security -ftree-vectorize -fdiagnostics-color=auto -fno-strict-aliasing -I/usr/local/include'
    ccversion='', gccversion='4.9.1', gccosandvers=''
    intsize=4, longsize=8, ptrsize=8, doublesize=8, byteorder=12345678
    d_longlong=define, longlongsize=8, d_longdbl=define, longdblsize=16
    ivtype='long', ivsize=8, nvtype='double', nvsize=8, Off_t='off_t', lseeksize=8
    alignbytes=8, prototype=define
  Linker and Libraries:
    ld='cc', ldflags =' -L/usr/local/lib'
    libpth=/usr/local/lib /lib/x86_64-linux-gnu /lib/../lib /usr/lib/x86_64-linux-gnu /usr/lib/../lib /lib /usr/lib
    libs=-lnsl -lgdbm -ldb -ldl -lm -lcrypt -lutil -lpthread -lc -lgdbm_compat
    perllibs=-lnsl -ldl -lm -lcrypt -lutil -lpthread -lc -lgdbm_compat
    libc=libc-2.19.so, so=so, useshrplib=false, libperl=libperl.a
    gnulibc_version='2.19'
  Dynamic Linking:
    dlsrc=dl_dlopen.xs, dlext=so, d_dlsymun=undef, ccdlflags='-Wl,-E'
    cccdlflags='-fpic', lddlflags='-shared -L/usr/local/lib'


Characteristics of this binary (from libperl): 
  Compile-time options: MULTIPLICITY USE_ITHREADS USE_64_BIT_INT
                        USE_64_BIT_ALL USE_LARGE_FILES
                        PERL_IMPLICIT_CONTEXT
  Built under linux
  Compiled at Oct 15 2014 09:53:44
  %ENV:
    PERL5LIB="/tmp/build/Dir-ls-0.004-6/blib/arch:/tmp/build/Dir-ls-0.004-6/blib/lib:/tmp/build/Sort-filevercmp-0.001-6/blib/arch:/tmp/build/Sort-filevercmp-0.001-6/blib/lib:/tmp/build/Path-Tiny-0.104-17/blib/arch:/tmp/build/Path-Tiny-0.104-17/blib/lib:/tmp/build/File-chdir-0.1010-56/blib/arch:/tmp/build/File-chdir-0.1010-56/blib/lib"
    PERL5OPT=""
    PERL5_CPANPLUS_IS_RUNNING="12565"
    PERL5_CPAN_IS_RUNNING="12565"
    PERLBREW_BASHRC_VERSION="0.78"
    PERLBREW_HOME="/home/njh/.perlbrew"
    PERLBREW_LIB=""
    PERLBREW_MANPATH="/home/njh/perl5/perlbrew/perls/perl-5.8.7/man"
    PERLBREW_PATH="/home/njh/perl5/perlbrew/bin:/home/njh/perl5/perlbrew/perls/perl-5.8.7/bin"
    PERLBREW_PERL="perl-5.8.7"
    PERLBREW_ROOT="/home/njh/perl5/perlbrew"
    PERLBREW_VERSION="0.78"
    PERL_LOCAL_LIB_ROOT=""
  @INC:
    /tmp/build/Dir-ls-0.004-6/blib/arch
    /tmp/build/Dir-ls-0.004-6/blib/lib
    /tmp/build/Sort-filevercmp-0.001-6/blib/arch
    /tmp/build/Sort-filevercmp-0.001-6/blib/lib
    /tmp/build/Path-Tiny-0.104-17/blib/arch
    /tmp/build/Path-Tiny-0.104-17/blib/lib
    /tmp/build/File-chdir-0.1010-56/blib/arch
    /tmp/build/File-chdir-0.1010-56/blib/lib
    /home/njh/perl5/perlbrew/perls/perl-5.8.7/lib/5.8.7/x86_64-linux-thread-multi
    /home/njh/perl5/perlbrew/perls/perl-5.8.7/lib/5.8.7
    /home/njh/perl5/perlbrew/perls/perl-5.8.7/lib/site_perl/5.8.7/x86_64-linux-thread-multi
    /home/njh/perl5/perlbrew/perls/perl-5.8.7/lib/site_perl/5.8.7
    /home/njh/perl5/perlbrew/perls/perl-5.8.7/lib/site_perl
    .