Report for Catalyst-View-CSS-Minifier-XS-2.000000

Back
From: metabase:user:9820532a-708b-1014-9a05-b18a96298da1
Subject: FAIL Catalyst-View-CSS-Minifier-XS-2.000000 v5.10.1 GNU/Linux
Date: 2012-02-12T16:30:18Z

This distribution has been tested as part of the CPAN Testers
project, supporting the Perl programming language.  See
http://wiki.cpantesters.org/ for more information or email
questions to cpan-testers-discuss@perl.org


--
Dear Arthur Axel 'fREW' Schmidt,

This is a computer-generated report for Catalyst-View-CSS-Minifier-XS-2.000000
on perl 5.10.1, created by CPAN-Reporter-1.2003.

Thank you for uploading your work to CPAN.  However, there was a problem
testing your distribution.

If you think this report is invalid, please consult the CPAN Testers Wiki
for suggestions on how to avoid getting FAIL reports for missing library
or binary dependencies, unsupported operating systems, and so on:

http://wiki.cpantesters.org/wiki/CPANAuthorNotes

Sections of this report:

    * Tester comments
    * Program output
    * Prerequisites
    * Environment and other context

------------------------------
TESTER COMMENTS
------------------------------

Additional comments from tester:

this report is from an automated smoke testing program
and was not reviewed by a human for accuracy

------------------------------
PROGRAM OUTPUT
------------------------------

Output from '/usr/bin/make test':

PERL_DL_NONLAZY=1 /home/test/perl5/perlbrew/perls/perl-5.10.1-ld/bin/perl "-MExtUtils::Command::MM" "-e" "test_harness(0, 'blib/lib', 'blib/arch')" t/*.t
Can't locate object method "on_scope_end" via package "B::Hooks::EndOfScope" at /home/test/perl5/perlbrew/perls/perl-5.10.1-ld/lib/site_perl/5.10.1/Catalyst.pm line 1188.
Compilation failed in require at /home/test/perl5/perlbrew/perls/perl-5.10.1-ld/lib/site_perl/5.10.1/Module/Runtime.pm line 205.
 at /home/test/perl5/perlbrew/perls/perl-5.10.1-ld/lib/site_perl/5.10.1/Sub/Exporter.pm line 493
BEGIN failed--compilation aborted at t/01-basic.t line 13.
t/01-basic.t .............. 
Dubious, test returned 255 (wstat 65280, 0xff00)
No subtests run 
Can't locate object method "on_scope_end" via package "B::Hooks::EndOfScope" at /home/test/perl5/perlbrew/perls/perl-5.10.1-ld/lib/site_perl/5.10.1/Catalyst.pm line 1188.
Compilation failed in require at /home/test/perl5/perlbrew/perls/perl-5.10.1-ld/lib/site_perl/5.10.1/Module/Runtime.pm line 205.
 at /home/test/perl5/perlbrew/perls/perl-5.10.1-ld/lib/site_perl/5.10.1/Sub/Exporter.pm line 493
BEGIN failed--compilation aborted at t/02-conf.t line 12.
t/02-conf.t ............... 
Dubious, test returned 255 (wstat 65280, 0xff00)
No subtests run 
Can't locate object method "on_scope_end" via package "B::Hooks::EndOfScope" at /home/test/perl5/perlbrew/perls/perl-5.10.1-ld/lib/site_perl/5.10.1/Catalyst.pm line 1188.
Compilation failed in require at /home/test/perl5/perlbrew/perls/perl-5.10.1-ld/lib/site_perl/5.10.1/Module/Runtime.pm line 205.
 at /home/test/perl5/perlbrew/perls/perl-5.10.1-ld/lib/site_perl/5.10.1/Sub/Exporter.pm line 493
BEGIN failed--compilation aborted at t/03-subinclude.t line 14.
t/03-subinclude.t ......... 
Dubious, test returned 255 (wstat 65280, 0xff00)
No subtests run 
t/release-pod-coverage.t .. skipped: these tests are for release candidate testing
t/release-pod-syntax.t .... skipped: these tests are for release candidate testing

Test Summary Report
-------------------
t/01-basic.t            (Wstat: 65280 Tests: 0 Failed: 0)
  Non-zero exit status: 255
  Parse errors: No plan found in TAP output
t/02-conf.t             (Wstat: 65280 Tests: 0 Failed: 0)
  Non-zero exit status: 255
  Parse errors: No plan found in TAP output
t/03-subinclude.t       (Wstat: 65280 Tests: 0 Failed: 0)
  Non-zero exit status: 255
  Parse errors: No plan found in TAP output
Files=5, Tests=0,  4 wallclock secs ( 0.08 usr  0.00 sys +  3.24 cusr  0.32 csys =  3.64 CPU)
Result: FAIL
Failed 3/5 test programs. 0/0 subtests failed.
make: *** [test_dynamic] Error 255

------------------------------
PREREQUISITES
------------------------------

Prerequisite modules loaded:

requires:

    Module            Need Have        
    ----------------- ---- ------------
    autodie           0    2.10        
    Catalyst          5.64 5.90008     
    Catalyst::Test    0    0           
    CSS::Minifier::XS 0    0.08        
    File::Spec        0    3.39_01     
    FindBin           0    1.50        
    HTTP::Headers     0    6.00        
    HTTP::Request     0    6.00        
    Moose             0    2.0402      
    MooseX::Aliases   0    0.10        
    parent            0    0.225       
    Path::Class::Dir  0.17 0.24        
    Test::More        0.88 1.005000_002
    URI               0    1.59        


------------------------------
ENVIRONMENT AND OTHER CONTEXT
------------------------------

Environment variables:

    AUTOMATED_TESTING = 1
    LANG = C
    LC_ALL = C
    MANPATH_WITHOUT_PERLBREW = 
    PATH = /home/test/perl5/perlbrew/bin:/home/test/perl5/perlbrew/perls/perl-5.10.1-ld/bin:/home/test/bin:~/bin:/usr/bin:/bin
    PATH_WITHOUT_PERLBREW = /home/test/bin:~/bin:/usr/bin:/bin
    PERL5LIB = 
    PERL5OPT = 
    PERL5_CPANPLUS_IS_RUNNING = 1546
    PERL5_CPAN_IS_RUNNING = 1546
    PERL5_CPAN_IS_RUNNING_IN_RECURSION = 31717,1546
    PERLBREW_BASHRC_VERSION = 0.41
    PERLBREW_HOME = /home/test/.perlbrew
    PERLBREW_MANPATH = /home/test/perl5/perlbrew/perls/perl-5.10.1-ld/man
    PERLBREW_PATH = /home/test/perl5/perlbrew/bin:/home/test/perl5/perlbrew/perls/perl-5.10.1-ld/bin
    PERLBREW_PERL = perl-5.10.1-ld
    PERLBREW_ROOT = /home/test/perl5/perlbrew
    PERLBREW_VERSION = 0.41
    PERL_CPANM_OPT = --prompt --mirror file:///mirrors/cpan/
    PERL_CR_SMOKER_CURRENT = Catalyst-View-CSS-Minifier-XS-2.000000
    PERL_EXTUTILS_AUTOINSTALL = --defaultdeps
    PERL_MM_USE_DEFAULT = 1
    SHELL = /bin/bash
    TERM = linux

Perl special variables (and OS-specific diagnostics, for MSWin32):

    $^X = /home/test/perl5/perlbrew/perls/perl-5.10.1-ld/bin/perl
    $UID/$EUID = 1001 / 1001
    $GID = 1001 1001
    $EGID = 1001 1001

Perl module toolchain versions installed:

    Module              Have        
    ------------------- ------------
    CPAN                1.9800      
    CPAN::Meta          2.120351    
    Cwd                 3.39_01     
    ExtUtils::CBuilder  0.280202    
    ExtUtils::Command   1.17        
    ExtUtils::Install   1.54        
    ExtUtils::MakeMaker 6.63_02     
    ExtUtils::Manifest  1.60        
    ExtUtils::ParseXS   3.15        
    File::Spec          3.39_01     
    JSON                2.53        
    JSON::PP            2.27200     
    Module::Build       0.3800      
    Module::Signature   n/a         
    Parse::CPAN::Meta   1.4402      
    Test::Harness       3.23        
    Test::More          1.005000_002
    YAML                0.73        
    YAML::Syck          1.19        
    version             0.96        


--

Summary of my perl5 (revision 5 version 10 subversion 1) configuration:
   
  Platform:
    osname=linux, osvers=2.6.35-28-generic, archname=x86_64-linux-ld
    uname='linux zippy 2.6.35-28-generic #50-ubuntu smp fri mar 18 18:42:20 utc 2011 x86_64 gnulinux '
    config_args='-de -Dprefix=/home/test/perl5/perlbrew/perls/perl-5.10.1-ld -Duselongdouble'
    hint=recommended, useposix=true, d_sigaction=define
    useithreads=undef, usemultiplicity=undef
    useperlio=define, d_sfio=undef, uselargefiles=define, usesocks=undef
    use64bitint=define, use64bitall=define, uselongdouble=define
    usemymalloc=n, bincompat5005=undef
  Compiler:
    cc='cc', ccflags ='-fno-strict-aliasing -pipe -fstack-protector -I/usr/local/include -D_LARGEFILE_SOURCE -D_FILE_OFFSET_BITS=64',
    optimize='-O2',
    cppflags='-fno-strict-aliasing -pipe -fstack-protector -I/usr/local/include'
    ccversion='', gccversion='4.4.5', gccosandvers=''
    intsize=4, longsize=8, ptrsize=8, doublesize=8, byteorder=12345678
    d_longlong=define, longlongsize=8, d_longdbl=define, longdblsize=16
    ivtype='long', ivsize=8, nvtype='long double', nvsize=16, Off_t='off_t', lseeksize=8
    alignbytes=16, prototype=define
  Linker and Libraries:
    ld='cc', ldflags =' -fstack-protector -L/usr/local/lib'
    libpth=/usr/local/lib /lib/../lib /usr/lib/../lib /lib /usr/lib /usr/lib/x86_64-linux-gnu /lib64 /usr/lib64
    libs=-lnsl -ldl -lm -lcrypt -lutil -lc
    perllibs=-lnsl -ldl -lm -lcrypt -lutil -lc
    libc=/lib/libc-2.12.1.so, so=so, useshrplib=false, libperl=libperl.a
    gnulibc_version='2.12.1'
  Dynamic Linking:
    dlsrc=dl_dlopen.xs, dlext=so, d_dlsymun=undef, ccdlflags='-Wl,-E'
    cccdlflags='-fPIC', lddlflags='-shared -O2 -L/usr/local/lib -fstack-protector'


Characteristics of this binary (from libperl): 
  Compile-time options: PERL_DONT_CREATE_GVSV PERL_MALLOC_WRAP USE_64_BIT_ALL
                        USE_64_BIT_INT USE_LARGE_FILES USE_LONG_DOUBLE
                        USE_PERLIO
  Built under linux
  Compiled at Feb 10 2012 00:19:07
  %ENV:
    PERL5LIB=""
    PERL5OPT=""
    PERL5_CPANPLUS_IS_RUNNING="1546"
    PERL5_CPAN_IS_RUNNING="1546"
    PERL5_CPAN_IS_RUNNING_IN_RECURSION="31717,1546"
    PERLBREW_BASHRC_VERSION="0.41"
    PERLBREW_HOME="/home/test/.perlbrew"
    PERLBREW_MANPATH="/home/test/perl5/perlbrew/perls/perl-5.10.1-ld/man"
    PERLBREW_PATH="/home/test/perl5/perlbrew/bin:/home/test/perl5/perlbrew/perls/perl-5.10.1-ld/bin"
    PERLBREW_PERL="perl-5.10.1-ld"
    PERLBREW_ROOT="/home/test/perl5/perlbrew"
    PERLBREW_VERSION="0.41"
    PERL_CPANM_OPT="--prompt --mirror file:///mirrors/cpan/"
    PERL_CR_SMOKER_CURRENT="Catalyst-View-CSS-Minifier-XS-2.000000"
    PERL_EXTUTILS_AUTOINSTALL="--defaultdeps"
    PERL_MM_USE_DEFAULT="1"
  @INC:
    /home/test/perl5/perlbrew/perls/perl-5.10.1-ld/lib/5.10.1/x86_64-linux-ld
    /home/test/perl5/perlbrew/perls/perl-5.10.1-ld/lib/5.10.1
    /home/test/perl5/perlbrew/perls/perl-5.10.1-ld/lib/site_perl/5.10.1/x86_64-linux-ld
    /home/test/perl5/perlbrew/perls/perl-5.10.1-ld/lib/site_perl/5.10.1
    .