Back
From: metabase:user:320bfe00-2aae-11df-837a-5e0a49663a4f
Subject: FAIL Apache-Session-Generate-UUID-0.2 v5.15.7 GNU/Linux
Date: 2012-02-10T21:18:59Z
This distribution has been tested as part of the CPAN Testers
project, supporting the Perl programming language. See
http://wiki.cpantesters.org/ for more information or email
questions to cpan-testers-discuss@perl.org
--
Dear Nicholas Gerakines,
This is a computer-generated report for Apache-Session-Generate-UUID-0.2
on perl 5.15.7, created by CPAN-Reporter-1.2003.
Thank you for uploading your work to CPAN. However, there was a problem
testing your distribution.
If you think this report is invalid, please consult the CPAN Testers Wiki
for suggestions on how to avoid getting FAIL reports for missing library
or binary dependencies, unsupported operating systems, and so on:
http://wiki.cpantesters.org/wiki/CPANAuthorNotes
Sections of this report:
* Tester comments
* Program output
* Prerequisites
* Environment and other context
------------------------------
TESTER COMMENTS
------------------------------
Additional comments from tester:
this report is from an automated smoke testing program
and was not reviewed by a human for accuracy
------------------------------
PROGRAM OUTPUT
------------------------------
Output from './Build test':
# Testing Apache::Session::Generate::UUID 0.2, Perl 5.015007, /home/sand/src/perl/repoperls/installed-perls/perl/v5.15.7-107-g422d641/a2da/bin/perl
t/00-compile.t ....... ok
t/04-pod.t ........... ok
t/05-pod_coverage.t .. ok
# Failed test 'Test::Perl::Critic for "blib/lib/Apache/Session/Generate/UUID.pm"'
# at /home/src/perl/repoperls/installed-perls/perl/v5.15.7-107-g422d641/a2da/lib/site_perl/5.15.7/Test/Perl/Critic.pm line 110.
#
# Perl::Critic found these violations in "blib/lib/Apache/Session/Generate/UUID.pm":
# => [OTRS::RequireCamelCase] Variable, subroutine, and package names have to be in CamelCase at line 12, column 1. (no explanation).
# => [OTRS::RequireCamelCase] Variable, subroutine, and package names have to be in CamelCase at line 13, column 9. (no explanation).
# => [OTRS::RequireCamelCase] Variable, subroutine, and package names have to be in CamelCase at line 14, column 12. (no explanation).
# => [ValuesAndExpressions::ProhibitAccessOfPrivateData] Private Member Data shouldn't be accessed directly at line 14, column 12. Accessing an objects data directly breaks encapsulation and should be avoided. Example: $object->{ some_key }.
# => [OTRS::RequireParensWithMethods] Method invokation should use "()" at line 14, column 60. Use "->MethodName()" instead of "->MethodName".
# => [OTRS::RequireCamelCase] Variable, subroutine, and package names have to be in CamelCase at line 17, column 1. (no explanation).
# => [OTRS::RequireCamelCase] Variable, subroutine, and package names have to be in CamelCase at line 18, column 9. (no explanation).
# => [OTRS::RequireCamelCase] Variable, subroutine, and package names have to be in CamelCase at line 19, column 9. (no explanation).
# => [ValuesAndExpressions::ProhibitAccessOfPrivateData] Private Member Data shouldn't be accessed directly at line 19, column 9. Accessing an objects data directly breaks encapsulation and should be avoided. Example: $object->{ some_key }.
# => [OTRS::ProhibitSomeCoreFunctions] Use of "print", "die", and "exit" in modules is not allowed at line 19, column 72. Use methods of LayoutObject or MainObject instead.
# Looks like you failed 1 test of 1.
t/06-perl_critic.t ...
Dubious, test returned 1 (wstat 256, 0x100)
Failed 1/1 subtests
no_plan takes no arguments at t/11-new.t line 3.
t/11-new.t ........... ok
Test Summary Report
-------------------
t/06-perl_critic.t (Wstat: 256 Tests: 1 Failed: 1)
Failed test: 1
Non-zero exit status: 1
Files=5, Tests=8, 2 wallclock secs ( 0.03 usr 0.00 sys + 1.02 cusr 0.08 csys = 1.13 CPU)
Result: FAIL
Failed 1/5 test programs. 1/8 subtests failed.
------------------------------
PREREQUISITES
------------------------------
Prerequisite modules loaded:
requires:
Module Need Have
--------------- ---- -------
Data::UUID 0 1.217
build_requires:
Module Need Have
--------------- ---- -------
Cwd 0 3.39_01
File::Temp 0 0.22
Test::Deep 0 0.108
Test::Exception 0 0.31
Test::Group 0 0.18
Test::More 0 0.98
------------------------------
ENVIRONMENT AND OTHER CONTEXT
------------------------------
Environment variables:
AUTOMATED_TESTING = 1
LANG = en_US.UTF-8
LANGUAGE = en_US:en
PATH = /home/sand/bin:/usr/local/bin:/usr/bin:/bin:/usr/bin/X11:/usr/games:/usr/local/perl/bin:/usr/X11/bin:/sbin:/usr/sbin
PERL5LIB =
PERL5OPT =
PERL5_CPANPLUS_IS_RUNNING = 20724
PERL5_CPAN_IS_RUNNING = 20724
PERL_MM_USE_DEFAULT = 1
SHELL = /usr/bin/zsh
TERM = screen
Perl special variables (and OS-specific diagnostics, for MSWin32):
$^X = /home/sand/src/perl/repoperls/installed-perls/perl/v5.15.7-107-g422d641/a2da/bin/perl
$UID/$EUID = 1005 / 1005
$GID = 1005 1005
$EGID = 1005 1005
Perl module toolchain versions installed:
Module Have
------------------- --------
CPAN 1.9800
CPAN::Meta 2.120351
Cwd 3.39_01
ExtUtils::CBuilder 0.280205
ExtUtils::Command 1.17
ExtUtils::Install 1.57
ExtUtils::MakeMaker 6.63_02
ExtUtils::Manifest 1.60
ExtUtils::ParseXS 3.15
File::Spec 3.39_01
JSON 2.53
JSON::PP 2.27200
Module::Build 0.39_01
Module::Signature 0.68
Parse::CPAN::Meta 1.4402
Test::Harness 3.23
Test::More 0.98
YAML 0.78
YAML::Syck 1.19
version 0.96
--
Summary of my perl5 (revision 5 version 15 subversion 7) configuration:
Commit id: 422d6414d26e413a69e401207deaf53fb640b369
Platform:
osname=linux, osvers=2.6.32-5-amd64, archname=x86_64-linux-thread-multi-ld
uname='linux k83 2.6.32-5-amd64 #1 smp thu nov 3 03:41:26 utc 2011 x86_64 gnulinux '
config_args='-Dprefix=/home/src/perl/repoperls/installed-perls/perl/v5.15.7-107-g422d641/a2da -Dmyhostname=k83 -Dinstallusrbinperl=n -Uversiononly -Dusedevel -des -Ui_db -Duseithreads -Duselongdouble -DDEBUGGING=-g'
hint=recommended, useposix=true, d_sigaction=define
useithreads=define, usemultiplicity=define
useperlio=define, d_sfio=undef, uselargefiles=define, usesocks=undef
use64bitint=define, use64bitall=define, uselongdouble=define
usemymalloc=n, bincompat5005=undef
Compiler:
cc='cc', ccflags ='-D_REENTRANT -D_GNU_SOURCE -fno-strict-aliasing -pipe -fstack-protector -I/usr/local/include -D_LARGEFILE_SOURCE -D_FILE_OFFSET_BITS=64',
optimize='-O2 -g',
cppflags='-D_REENTRANT -D_GNU_SOURCE -fno-strict-aliasing -pipe -fstack-protector -I/usr/local/include'
ccversion='', gccversion='4.4.5', gccosandvers=''
intsize=4, longsize=8, ptrsize=8, doublesize=8, byteorder=12345678
d_longlong=define, longlongsize=8, d_longdbl=define, longdblsize=16
ivtype='long', ivsize=8, nvtype='long double', nvsize=16, Off_t='off_t', lseeksize=8
alignbytes=16, prototype=define
Linker and Libraries:
ld='cc', ldflags =' -fstack-protector -L/usr/local/lib'
libpth=/usr/local/lib /lib/../lib /usr/lib/../lib /lib /usr/lib /lib64 /usr/lib64
libs=-lnsl -ldb -ldl -lm -lcrypt -lutil -lpthread -lc
perllibs=-lnsl -ldl -lm -lcrypt -lutil -lpthread -lc
libc=/lib/libc-2.11.2.so, so=so, useshrplib=false, libperl=libperl.a
gnulibc_version='2.11.2'
Dynamic Linking:
dlsrc=dl_dlopen.xs, dlext=so, d_dlsymun=undef, ccdlflags='-Wl,-E'
cccdlflags='-fPIC', lddlflags='-shared -O2 -g -L/usr/local/lib -fstack-protector'
Characteristics of this binary (from libperl):
Compile-time options: HAS_TIMES MULTIPLICITY PERLIO_LAYERS
PERL_DONT_CREATE_GVSV PERL_IMPLICIT_CONTEXT
PERL_MALLOC_WRAP PERL_PRESERVE_IVUV PERL_USE_DEVEL
USE_64_BIT_ALL USE_64_BIT_INT USE_ITHREADS
USE_LARGE_FILES USE_LOCALE USE_LOCALE_COLLATE
USE_LOCALE_CTYPE USE_LOCALE_NUMERIC USE_LONG_DOUBLE
USE_PERLIO USE_PERL_ATOF USE_REENTRANT_API
Built under linux
Compiled at Jan 29 2012 03:17:14
%ENV:
PERL5LIB=""
PERL5OPT=""
PERL5_CPANPLUS_IS_RUNNING="20724"
PERL5_CPAN_IS_RUNNING="20724"
PERL_MM_USE_DEFAULT="1"
@INC:
/home/src/perl/repoperls/installed-perls/perl/v5.15.7-107-g422d641/a2da/lib/site_perl/5.15.7/x86_64-linux-thread-multi-ld
/home/src/perl/repoperls/installed-perls/perl/v5.15.7-107-g422d641/a2da/lib/site_perl/5.15.7
/home/src/perl/repoperls/installed-perls/perl/v5.15.7-107-g422d641/a2da/lib/5.15.7/x86_64-linux-thread-multi-ld
/home/src/perl/repoperls/installed-perls/perl/v5.15.7-107-g422d641/a2da/lib/5.15.7
.