Back
From: metabase:user:314402c4-2aae-11df-837a-5e0a49663a4f
Subject: FAIL Statistics-ANOVA-0.09 v5.20.2 RC1 GNU/Linux
Date: 2015-02-05T07:51:53Z
This distribution has been tested as part of the CPAN Testers
project, supporting the Perl programming language. See
http://wiki.cpantesters.org/ for more information or email
questions to cpan-testers-discuss@perl.org
--
Dear roderick garton,
This is a computer-generated report for Statistics-ANOVA-0.09
on perl 5.20.2, created by CPAN-Reporter-1.2011.
Thank you for uploading your work to CPAN. However, there was a problem
testing your distribution.
If you think this report is invalid, please consult the CPAN Testers Wiki
for suggestions on how to avoid getting FAIL reports for missing library
or binary dependencies, unsupported operating systems, and so on:
http://wiki.cpantesters.org/wiki/CPANAuthorNotes
Sections of this report:
* Tester comments
* Program output
* Prerequisites
* Environment and other context
------------------------------
TESTER COMMENTS
------------------------------
Additional comments from tester:
none provided
------------------------------
PROGRAM OUTPUT
------------------------------
Output from './Build test':
# Failed test 'use Statistics::ANOVA;'
# at t/00-load.t line 3.
# Tried to use 'Statistics::ANOVA'.
# Error: Base class package "Statistics::Data" is empty.
# (Perhaps you need to 'use' the module which defines that package first,
# or make that module available in @INC (@INC contains: /home/cpansand/.cpan/build/Statistics-ANOVA-0.09-tu9WCT/blib/lib /home/cpansand/.cpan/build/Statistics-ANOVA-0.09-tu9WCT/blib/arch /opt/perl-5.20.2-RC1/lib/site_perl/5.20.2/x86_64-linux /opt/perl-5.20.2-RC1/lib/site_perl/5.20.2 /opt/perl-5.20.2-RC1/lib/5.20.2/x86_64-linux /opt/perl-5.20.2-RC1/lib/5.20.2 .).
# at /home/cpansand/.cpan/build/Statistics-ANOVA-0.09-tu9WCT/blib/lib/Statistics/ANOVA.pm line 14.
# BEGIN failed--compilation aborted at /home/cpansand/.cpan/build/Statistics-ANOVA-0.09-tu9WCT/blib/lib/Statistics/ANOVA.pm line 14.
# Compilation failed in require at t/00-load.t line 3.
# BEGIN failed--compilation aborted at t/00-load.t line 3.
# Testing Statistics::ANOVA , Perl 5.020002, /opt/perl-5.20.2-RC1/bin/perl
# Looks like you failed 1 test of 1.
t/00-load.t ..................
Dubious, test returned 1 (wstat 256, 0x100)
Failed 1/1 subtests
Base class package "Statistics::Data" is empty.
(Perhaps you need to 'use' the module which defines that package first,
or make that module available in @INC (@INC contains: /home/cpansand/.cpan/build/Statistics-ANOVA-0.09-tu9WCT/blib/lib /home/cpansand/.cpan/build/Statistics-ANOVA-0.09-tu9WCT/blib/arch /opt/perl-5.20.2-RC1/lib/site_perl/5.20.2/x86_64-linux /opt/perl-5.20.2-RC1/lib/site_perl/5.20.2 /opt/perl-5.20.2-RC1/lib/5.20.2/x86_64-linux /opt/perl-5.20.2-RC1/lib/5.20.2 .).
at /home/cpansand/.cpan/build/Statistics-ANOVA-0.09-tu9WCT/blib/lib/Statistics/ANOVA.pm line 14.
BEGIN failed--compilation aborted at /home/cpansand/.cpan/build/Statistics-ANOVA-0.09-tu9WCT/blib/lib/Statistics/ANOVA.pm line 14.
Compilation failed in require at t/01-purge.t line 8.
BEGIN failed--compilation aborted at t/01-purge.t line 8.
# Looks like your test exited with 2 before it could output anything.
t/01-purge.t .................
Dubious, test returned 2 (wstat 512, 0x200)
Failed 2/2 subtests
# Failed test 'Pod coverage on Statistics::ANOVA'
# at /opt/perl-5.20.2-RC1/lib/site_perl/5.20.2/Test/Pod/Coverage.pm line 133.
# Statistics::ANOVA: requiring 'Statistics::ANOVA' failed
# Looks like you failed 1 test of 1.
t/pod-coverage.t .............
Dubious, test returned 1 (wstat 256, 0x100)
Failed 1/1 subtests
t/pod.t ...................... ok
# Failed test 'use Statistics::ANOVA;'
# at t/ref_indep_dfree_cat.t line 6.
# Tried to use 'Statistics::ANOVA'.
# Error: Base class package "Statistics::Data" is empty.
# (Perhaps you need to 'use' the module which defines that package first,
# or make that module available in @INC (@INC contains: /home/cpansand/.cpan/build/Statistics-ANOVA-0.09-tu9WCT/blib/lib /home/cpansand/.cpan/build/Statistics-ANOVA-0.09-tu9WCT/blib/arch /opt/perl-5.20.2-RC1/lib/site_perl/5.20.2/x86_64-linux /opt/perl-5.20.2-RC1/lib/site_perl/5.20.2 /opt/perl-5.20.2-RC1/lib/5.20.2/x86_64-linux /opt/perl-5.20.2-RC1/lib/5.20.2 .).
# at /home/cpansand/.cpan/build/Statistics-ANOVA-0.09-tu9WCT/blib/lib/Statistics/ANOVA.pm line 14.
# BEGIN failed--compilation aborted at /home/cpansand/.cpan/build/Statistics-ANOVA-0.09-tu9WCT/blib/lib/Statistics/ANOVA.pm line 14.
# Compilation failed in require at t/ref_indep_dfree_cat.t line 6.
# BEGIN failed--compilation aborted at t/ref_indep_dfree_cat.t line 6.
Can't locate object method "new" via package "Statistics::ANOVA" at t/ref_indep_dfree_cat.t line 8.
# Looks like you planned 5 tests but ran 1.
# Looks like you failed 1 test of 1 run.
# Looks like your test exited with 255 just after 1.
t/ref_indep_dfree_cat.t ......
Dubious, test returned 255 (wstat 65280, 0xff00)
Failed 5/5 subtests
# Failed test 'use Statistics::ANOVA;'
# at t/ref_indep_dfree_cat_cls.t line 6.
# Tried to use 'Statistics::ANOVA'.
# Error: Base class package "Statistics::Data" is empty.
# (Perhaps you need to 'use' the module which defines that package first,
# or make that module available in @INC (@INC contains: /home/cpansand/.cpan/build/Statistics-ANOVA-0.09-tu9WCT/blib/lib /home/cpansand/.cpan/build/Statistics-ANOVA-0.09-tu9WCT/blib/arch /opt/perl-5.20.2-RC1/lib/site_perl/5.20.2/x86_64-linux /opt/perl-5.20.2-RC1/lib/site_perl/5.20.2 /opt/perl-5.20.2-RC1/lib/5.20.2/x86_64-linux /opt/perl-5.20.2-RC1/lib/5.20.2 .).
# at /home/cpansand/.cpan/build/Statistics-ANOVA-0.09-tu9WCT/blib/lib/Statistics/ANOVA.pm line 14.
# BEGIN failed--compilation aborted at /home/cpansand/.cpan/build/Statistics-ANOVA-0.09-tu9WCT/blib/lib/Statistics/ANOVA.pm line 14.
# Compilation failed in require at t/ref_indep_dfree_cat_cls.t line 6.
# BEGIN failed--compilation aborted at t/ref_indep_dfree_cat_cls.t line 6.
Can't locate object method "new" via package "Statistics::ANOVA" at t/ref_indep_dfree_cat_cls.t line 8.
# Looks like you planned 5 tests but ran 1.
# Looks like you failed 1 test of 1 run.
# Looks like your test exited with 255 just after 1.
t/ref_indep_dfree_cat_cls.t ..
Dubious, test returned 255 (wstat 65280, 0xff00)
Failed 5/5 subtests
# Failed test 'use Statistics::ANOVA;'
# at t/ref_indep_dfree_cat_cmp.t line 8.
# Tried to use 'Statistics::ANOVA'.
# Error: Base class package "Statistics::Data" is empty.
# (Perhaps you need to 'use' the module which defines that package first,
# or make that module available in @INC (@INC contains: /home/cpansand/.cpan/build/Statistics-ANOVA-0.09-tu9WCT/blib/lib /home/cpansand/.cpan/build/Statistics-ANOVA-0.09-tu9WCT/blib/arch /opt/perl-5.20.2-RC1/lib/site_perl/5.20.2/x86_64-linux /opt/perl-5.20.2-RC1/lib/site_perl/5.20.2 /opt/perl-5.20.2-RC1/lib/5.20.2/x86_64-linux /opt/perl-5.20.2-RC1/lib/5.20.2 .).
# at /home/cpansand/.cpan/build/Statistics-ANOVA-0.09-tu9WCT/blib/lib/Statistics/ANOVA.pm line 14.
# BEGIN failed--compilation aborted at /home/cpansand/.cpan/build/Statistics-ANOVA-0.09-tu9WCT/blib/lib/Statistics/ANOVA.pm line 14.
# Compilation failed in require at t/ref_indep_dfree_cat_cmp.t line 8.
# BEGIN failed--compilation aborted at t/ref_indep_dfree_cat_cmp.t line 8.
Can't locate object method "new" via package "Statistics::ANOVA" at t/ref_indep_dfree_cat_cmp.t line 10.
# Looks like you planned 16 tests but ran 1.
# Looks like you failed 1 test of 1 run.
# Looks like your test exited with 255 just after 1.
t/ref_indep_dfree_cat_cmp.t ..
Dubious, test returned 255 (wstat 65280, 0xff00)
Failed 16/16 subtests
# Failed test 'use Statistics::ANOVA;'
# at t/ref_indep_dfree_ord.t line 6.
# Tried to use 'Statistics::ANOVA'.
# Error: Base class package "Statistics::Data" is empty.
# (Perhaps you need to 'use' the module which defines that package first,
# or make that module available in @INC (@INC contains: /home/cpansand/.cpan/build/Statistics-ANOVA-0.09-tu9WCT/blib/lib /home/cpansand/.cpan/build/Statistics-ANOVA-0.09-tu9WCT/blib/arch /opt/perl-5.20.2-RC1/lib/site_perl/5.20.2/x86_64-linux /opt/perl-5.20.2-RC1/lib/site_perl/5.20.2 /opt/perl-5.20.2-RC1/lib/5.20.2/x86_64-linux /opt/perl-5.20.2-RC1/lib/5.20.2 .).
# at /home/cpansand/.cpan/build/Statistics-ANOVA-0.09-tu9WCT/blib/lib/Statistics/ANOVA.pm line 14.
# BEGIN failed--compilation aborted at /home/cpansand/.cpan/build/Statistics-ANOVA-0.09-tu9WCT/blib/lib/Statistics/ANOVA.pm line 14.
# Compilation failed in require at t/ref_indep_dfree_ord.t line 6.
# BEGIN failed--compilation aborted at t/ref_indep_dfree_ord.t line 6.
Can't locate object method "new" via package "Statistics::ANOVA" at t/ref_indep_dfree_ord.t line 8.
# Looks like you planned 9 tests but ran 1.
# Looks like you failed 1 test of 1 run.
# Looks like your test exited with 255 just after 1.
t/ref_indep_dfree_ord.t ......
Dubious, test returned 255 (wstat 65280, 0xff00)
Failed 9/9 subtests
# Failed test 'use Statistics::ANOVA;'
# at t/ref_indep_param_cat.t line 6.
# Tried to use 'Statistics::ANOVA'.
# Error: Base class package "Statistics::Data" is empty.
# (Perhaps you need to 'use' the module which defines that package first,
# or make that module available in @INC (@INC contains: /home/cpansand/.cpan/build/Statistics-ANOVA-0.09-tu9WCT/blib/lib /home/cpansand/.cpan/build/Statistics-ANOVA-0.09-tu9WCT/blib/arch /opt/perl-5.20.2-RC1/lib/site_perl/5.20.2/x86_64-linux /opt/perl-5.20.2-RC1/lib/site_perl/5.20.2 /opt/perl-5.20.2-RC1/lib/5.20.2/x86_64-linux /opt/perl-5.20.2-RC1/lib/5.20.2 .).
# at /home/cpansand/.cpan/build/Statistics-ANOVA-0.09-tu9WCT/blib/lib/Statistics/ANOVA.pm line 14.
# BEGIN failed--compilation aborted at /home/cpansand/.cpan/build/Statistics-ANOVA-0.09-tu9WCT/blib/lib/Statistics/ANOVA.pm line 14.
# Compilation failed in require at t/ref_indep_param_cat.t line 6.
# BEGIN failed--compilation aborted at t/ref_indep_param_cat.t line 6.
Can't locate object method "new" via package "Statistics::ANOVA" at t/ref_indep_param_cat.t line 8.
# Looks like you planned 26 tests but ran 1.
# Looks like you failed 1 test of 1 run.
# Looks like your test exited with 255 just after 1.
t/ref_indep_param_cat.t ......
Dubious, test returned 255 (wstat 65280, 0xff00)
Failed 26/26 subtests
# Failed test 'use Statistics::ANOVA;'
# at t/ref_indep_param_cat_cls.t line 6.
# Tried to use 'Statistics::ANOVA'.
# Error: Base class package "Statistics::Data" is empty.
# (Perhaps you need to 'use' the module which defines that package first,
# or make that module available in @INC (@INC contains: /home/cpansand/.cpan/build/Statistics-ANOVA-0.09-tu9WCT/blib/lib /home/cpansand/.cpan/build/Statistics-ANOVA-0.09-tu9WCT/blib/arch /opt/perl-5.20.2-RC1/lib/site_perl/5.20.2/x86_64-linux /opt/perl-5.20.2-RC1/lib/site_perl/5.20.2 /opt/perl-5.20.2-RC1/lib/5.20.2/x86_64-linux /opt/perl-5.20.2-RC1/lib/5.20.2 .).
# at /home/cpansand/.cpan/build/Statistics-ANOVA-0.09-tu9WCT/blib/lib/Statistics/ANOVA.pm line 14.
# BEGIN failed--compilation aborted at /home/cpansand/.cpan/build/Statistics-ANOVA-0.09-tu9WCT/blib/lib/Statistics/ANOVA.pm line 14.
# Compilation failed in require at t/ref_indep_param_cat_cls.t line 6.
# BEGIN failed--compilation aborted at t/ref_indep_param_cat_cls.t line 6.
Can't locate object method "new" via package "Statistics::ANOVA" at t/ref_indep_param_cat_cls.t line 8.
# Looks like you planned 6 tests but ran 1.
# Looks like you failed 1 test of 1 run.
# Looks like your test exited with 255 just after 1.
t/ref_indep_param_cat_cls.t ..
Dubious, test returned 255 (wstat 65280, 0xff00)
Failed 6/6 subtests
# Failed test 'use Statistics::ANOVA;'
# at t/ref_indep_param_cat_cmp.t line 6.
# Tried to use 'Statistics::ANOVA'.
# Error: Base class package "Statistics::Data" is empty.
# (Perhaps you need to 'use' the module which defines that package first,
# or make that module available in @INC (@INC contains: /home/cpansand/.cpan/build/Statistics-ANOVA-0.09-tu9WCT/blib/lib /home/cpansand/.cpan/build/Statistics-ANOVA-0.09-tu9WCT/blib/arch /opt/perl-5.20.2-RC1/lib/site_perl/5.20.2/x86_64-linux /opt/perl-5.20.2-RC1/lib/site_perl/5.20.2 /opt/perl-5.20.2-RC1/lib/5.20.2/x86_64-linux /opt/perl-5.20.2-RC1/lib/5.20.2 .).
# at /home/cpansand/.cpan/build/Statistics-ANOVA-0.09-tu9WCT/blib/lib/Statistics/ANOVA.pm line 14.
# BEGIN failed--compilation aborted at /home/cpansand/.cpan/build/Statistics-ANOVA-0.09-tu9WCT/blib/lib/Statistics/ANOVA.pm line 14.
# Compilation failed in require at t/ref_indep_param_cat_cmp.t line 6.
# BEGIN failed--compilation aborted at t/ref_indep_param_cat_cmp.t line 6.
Can't locate object method "new" via package "Statistics::ANOVA" at t/ref_indep_param_cat_cmp.t line 8.
# Looks like you planned 11 tests but ran 1.
# Looks like you failed 1 test of 1 run.
# Looks like your test exited with 255 just after 1.
t/ref_indep_param_cat_cmp.t ..
Dubious, test returned 255 (wstat 65280, 0xff00)
Failed 11/11 subtests
# Failed test 'use Statistics::ANOVA;'
# at t/ref_indep_param_cfi.t line 6.
# Tried to use 'Statistics::ANOVA'.
# Error: Base class package "Statistics::Data" is empty.
# (Perhaps you need to 'use' the module which defines that package first,
# or make that module available in @INC (@INC contains: /home/cpansand/.cpan/build/Statistics-ANOVA-0.09-tu9WCT/blib/lib /home/cpansand/.cpan/build/Statistics-ANOVA-0.09-tu9WCT/blib/arch /opt/perl-5.20.2-RC1/lib/site_perl/5.20.2/x86_64-linux /opt/perl-5.20.2-RC1/lib/site_perl/5.20.2 /opt/perl-5.20.2-RC1/lib/5.20.2/x86_64-linux /opt/perl-5.20.2-RC1/lib/5.20.2 .).
# at /home/cpansand/.cpan/build/Statistics-ANOVA-0.09-tu9WCT/blib/lib/Statistics/ANOVA.pm line 14.
# BEGIN failed--compilation aborted at /home/cpansand/.cpan/build/Statistics-ANOVA-0.09-tu9WCT/blib/lib/Statistics/ANOVA.pm line 14.
# Compilation failed in require at t/ref_indep_param_cfi.t line 6.
# BEGIN failed--compilation aborted at t/ref_indep_param_cfi.t line 6.
Can't locate object method "new" via package "Statistics::ANOVA" at t/ref_indep_param_cfi.t line 8.
# Looks like you planned 10 tests but ran 1.
# Looks like you failed 1 test of 1 run.
# Looks like your test exited with 255 just after 1.
t/ref_indep_param_cfi.t ......
Dubious, test returned 255 (wstat 65280, 0xff00)
Failed 10/10 subtests
# Failed test 'use Statistics::ANOVA;'
# at t/ref_indep_param_ord.t line 6.
# Tried to use 'Statistics::ANOVA'.
# Error: Base class package "Statistics::Data" is empty.
# (Perhaps you need to 'use' the module which defines that package first,
# or make that module available in @INC (@INC contains: /home/cpansand/.cpan/build/Statistics-ANOVA-0.09-tu9WCT/blib/lib /home/cpansand/.cpan/build/Statistics-ANOVA-0.09-tu9WCT/blib/arch /opt/perl-5.20.2-RC1/lib/site_perl/5.20.2/x86_64-linux /opt/perl-5.20.2-RC1/lib/site_perl/5.20.2 /opt/perl-5.20.2-RC1/lib/5.20.2/x86_64-linux /opt/perl-5.20.2-RC1/lib/5.20.2 .).
# at /home/cpansand/.cpan/build/Statistics-ANOVA-0.09-tu9WCT/blib/lib/Statistics/ANOVA.pm line 14.
# BEGIN failed--compilation aborted at /home/cpansand/.cpan/build/Statistics-ANOVA-0.09-tu9WCT/blib/lib/Statistics/ANOVA.pm line 14.
# Compilation failed in require at t/ref_indep_param_ord.t line 6.
# BEGIN failed--compilation aborted at t/ref_indep_param_ord.t line 6.
Can't locate object method "new" via package "Statistics::ANOVA" at t/ref_indep_param_ord.t line 8.
# Looks like you planned 11 tests but ran 1.
# Looks like you failed 1 test of 1 run.
# Looks like your test exited with 255 just after 1.
t/ref_indep_param_ord.t ......
Dubious, test returned 255 (wstat 65280, 0xff00)
Failed 11/11 subtests
# Failed test 'use Statistics::ANOVA;'
# at t/ref_rmdep_dfree_cat.t line 8.
# Tried to use 'Statistics::ANOVA'.
# Error: Base class package "Statistics::Data" is empty.
# (Perhaps you need to 'use' the module which defines that package first,
# or make that module available in @INC (@INC contains: /home/cpansand/.cpan/build/Statistics-ANOVA-0.09-tu9WCT/blib/lib /home/cpansand/.cpan/build/Statistics-ANOVA-0.09-tu9WCT/blib/arch /opt/perl-5.20.2-RC1/lib/site_perl/5.20.2/x86_64-linux /opt/perl-5.20.2-RC1/lib/site_perl/5.20.2 /opt/perl-5.20.2-RC1/lib/5.20.2/x86_64-linux /opt/perl-5.20.2-RC1/lib/5.20.2 .).
# at /home/cpansand/.cpan/build/Statistics-ANOVA-0.09-tu9WCT/blib/lib/Statistics/ANOVA.pm line 14.
# BEGIN failed--compilation aborted at /home/cpansand/.cpan/build/Statistics-ANOVA-0.09-tu9WCT/blib/lib/Statistics/ANOVA.pm line 14.
# Compilation failed in require at t/ref_rmdep_dfree_cat.t line 8.
# BEGIN failed--compilation aborted at t/ref_rmdep_dfree_cat.t line 8.
Can't locate object method "new" via package "Statistics::ANOVA" at t/ref_rmdep_dfree_cat.t line 10.
# Looks like you planned 14 tests but ran 1.
# Looks like you failed 1 test of 1 run.
# Looks like your test exited with 255 just after 1.
t/ref_rmdep_dfree_cat.t ......
Dubious, test returned 255 (wstat 65280, 0xff00)
Failed 14/14 subtests
# Failed test 'use Statistics::ANOVA;'
# at t/ref_rmdep_dfree_ord.t line 8.
# Tried to use 'Statistics::ANOVA'.
# Error: Base class package "Statistics::Data" is empty.
# (Perhaps you need to 'use' the module which defines that package first,
# or make that module available in @INC (@INC contains: /home/cpansand/.cpan/build/Statistics-ANOVA-0.09-tu9WCT/blib/lib /home/cpansand/.cpan/build/Statistics-ANOVA-0.09-tu9WCT/blib/arch /opt/perl-5.20.2-RC1/lib/site_perl/5.20.2/x86_64-linux /opt/perl-5.20.2-RC1/lib/site_perl/5.20.2 /opt/perl-5.20.2-RC1/lib/5.20.2/x86_64-linux /opt/perl-5.20.2-RC1/lib/5.20.2 .).
# at /home/cpansand/.cpan/build/Statistics-ANOVA-0.09-tu9WCT/blib/lib/Statistics/ANOVA.pm line 14.
# BEGIN failed--compilation aborted at /home/cpansand/.cpan/build/Statistics-ANOVA-0.09-tu9WCT/blib/lib/Statistics/ANOVA.pm line 14.
# Compilation failed in require at t/ref_rmdep_dfree_ord.t line 8.
# BEGIN failed--compilation aborted at t/ref_rmdep_dfree_ord.t line 8.
Can't locate object method "new" via package "Statistics::ANOVA" at t/ref_rmdep_dfree_ord.t line 10.
# Looks like you planned 9 tests but ran 1.
# Looks like you failed 1 test of 1 run.
# Looks like your test exited with 255 just after 1.
t/ref_rmdep_dfree_ord.t ......
Dubious, test returned 255 (wstat 65280, 0xff00)
Failed 9/9 subtests
# Failed test 'use Statistics::ANOVA;'
# at t/ref_rmdep_param_cat.t line 8.
# Tried to use 'Statistics::ANOVA'.
# Error: Base class package "Statistics::Data" is empty.
# (Perhaps you need to 'use' the module which defines that package first,
# or make that module available in @INC (@INC contains: /home/cpansand/.cpan/build/Statistics-ANOVA-0.09-tu9WCT/blib/lib /home/cpansand/.cpan/build/Statistics-ANOVA-0.09-tu9WCT/blib/arch /opt/perl-5.20.2-RC1/lib/site_perl/5.20.2/x86_64-linux /opt/perl-5.20.2-RC1/lib/site_perl/5.20.2 /opt/perl-5.20.2-RC1/lib/5.20.2/x86_64-linux /opt/perl-5.20.2-RC1/lib/5.20.2 .).
# at /home/cpansand/.cpan/build/Statistics-ANOVA-0.09-tu9WCT/blib/lib/Statistics/ANOVA.pm line 14.
# BEGIN failed--compilation aborted at /home/cpansand/.cpan/build/Statistics-ANOVA-0.09-tu9WCT/blib/lib/Statistics/ANOVA.pm line 14.
# Compilation failed in require at t/ref_rmdep_param_cat.t line 8.
# BEGIN failed--compilation aborted at t/ref_rmdep_param_cat.t line 8.
# Looks like you failed 1 test of 1.
t/ref_rmdep_param_cat.t ......
Dubious, test returned 1 (wstat 256, 0x100)
Failed 1/1 subtests
# Failed test 'use Statistics::ANOVA;'
# at t/ref_rmdep_param_cat_cmp.t line 6.
# Tried to use 'Statistics::ANOVA'.
# Error: Base class package "Statistics::Data" is empty.
# (Perhaps you need to 'use' the module which defines that package first,
# or make that module available in @INC (@INC contains: /home/cpansand/.cpan/build/Statistics-ANOVA-0.09-tu9WCT/blib/lib /home/cpansand/.cpan/build/Statistics-ANOVA-0.09-tu9WCT/blib/arch /opt/perl-5.20.2-RC1/lib/site_perl/5.20.2/x86_64-linux /opt/perl-5.20.2-RC1/lib/site_perl/5.20.2 /opt/perl-5.20.2-RC1/lib/5.20.2/x86_64-linux /opt/perl-5.20.2-RC1/lib/5.20.2 .).
# at /home/cpansand/.cpan/build/Statistics-ANOVA-0.09-tu9WCT/blib/lib/Statistics/ANOVA.pm line 14.
# BEGIN failed--compilation aborted at /home/cpansand/.cpan/build/Statistics-ANOVA-0.09-tu9WCT/blib/lib/Statistics/ANOVA.pm line 14.
# Compilation failed in require at t/ref_rmdep_param_cat_cmp.t line 6.
# BEGIN failed--compilation aborted at t/ref_rmdep_param_cat_cmp.t line 6.
Can't locate object method "new" via package "Statistics::ANOVA" at t/ref_rmdep_param_cat_cmp.t line 8.
# Looks like you planned 8 tests but ran 1.
# Looks like you failed 1 test of 1 run.
# Looks like your test exited with 255 just after 1.
t/ref_rmdep_param_cat_cmp.t ..
Dubious, test returned 255 (wstat 65280, 0xff00)
Failed 8/8 subtests
# Failed test 'use Statistics::ANOVA;'
# at t/synopsis.t line 8.
# Tried to use 'Statistics::ANOVA'.
# Error: Base class package "Statistics::Data" is empty.
# (Perhaps you need to 'use' the module which defines that package first,
# or make that module available in @INC (@INC contains: /home/cpansand/.cpan/build/Statistics-ANOVA-0.09-tu9WCT/blib/lib /home/cpansand/.cpan/build/Statistics-ANOVA-0.09-tu9WCT/blib/arch /opt/perl-5.20.2-RC1/lib/site_perl/5.20.2/x86_64-linux /opt/perl-5.20.2-RC1/lib/site_perl/5.20.2 /opt/perl-5.20.2-RC1/lib/5.20.2/x86_64-linux /opt/perl-5.20.2-RC1/lib/5.20.2 .).
# at /home/cpansand/.cpan/build/Statistics-ANOVA-0.09-tu9WCT/blib/lib/Statistics/ANOVA.pm line 14.
# BEGIN failed--compilation aborted at /home/cpansand/.cpan/build/Statistics-ANOVA-0.09-tu9WCT/blib/lib/Statistics/ANOVA.pm line 14.
# Compilation failed in require at t/synopsis.t line 8.
# BEGIN failed--compilation aborted at t/synopsis.t line 8.
Can't locate object method "new" via package "Statistics::ANOVA" at t/synopsis.t line 10.
# Looks like you planned 49 tests but ran 1.
# Looks like you failed 1 test of 1 run.
# Looks like your test exited with 255 just after 1.
t/synopsis.t .................
Dubious, test returned 255 (wstat 65280, 0xff00)
Failed 49/49 subtests
Test Summary Report
-------------------
t/00-load.t (Wstat: 256 Tests: 1 Failed: 1)
Failed test: 1
Non-zero exit status: 1
t/01-purge.t (Wstat: 512 Tests: 0 Failed: 0)
Non-zero exit status: 2
Parse errors: Bad plan. You planned 2 tests but ran 0.
t/pod-coverage.t (Wstat: 256 Tests: 1 Failed: 1)
Failed test: 1
Non-zero exit status: 1
t/ref_indep_dfree_cat.t (Wstat: 65280 Tests: 1 Failed: 1)
Failed test: 1
Non-zero exit status: 255
Parse errors: Bad plan. You planned 5 tests but ran 1.
t/ref_indep_dfree_cat_cls.t (Wstat: 65280 Tests: 1 Failed: 1)
Failed test: 1
Non-zero exit status: 255
Parse errors: Bad plan. You planned 5 tests but ran 1.
t/ref_indep_dfree_cat_cmp.t (Wstat: 65280 Tests: 1 Failed: 1)
Failed test: 1
Non-zero exit status: 255
Parse errors: Bad plan. You planned 16 tests but ran 1.
t/ref_indep_dfree_ord.t (Wstat: 65280 Tests: 1 Failed: 1)
Failed test: 1
Non-zero exit status: 255
Parse errors: Bad plan. You planned 9 tests but ran 1.
t/ref_indep_param_cat.t (Wstat: 65280 Tests: 1 Failed: 1)
Failed test: 1
Non-zero exit status: 255
Parse errors: Bad plan. You planned 26 tests but ran 1.
t/ref_indep_param_cat_cls.t (Wstat: 65280 Tests: 1 Failed: 1)
Failed test: 1
Non-zero exit status: 255
Parse errors: Bad plan. You planned 6 tests but ran 1.
t/ref_indep_param_cat_cmp.t (Wstat: 65280 Tests: 1 Failed: 1)
Failed test: 1
Non-zero exit status: 255
Parse errors: Bad plan. You planned 11 tests but ran 1.
t/ref_indep_param_cfi.t (Wstat: 65280 Tests: 1 Failed: 1)
Failed test: 1
Non-zero exit status: 255
Parse errors: Bad plan. You planned 10 tests but ran 1.
t/ref_indep_param_ord.t (Wstat: 65280 Tests: 1 Failed: 1)
Failed test: 1
Non-zero exit status: 255
Parse errors: Bad plan. You planned 11 tests but ran 1.
t/ref_rmdep_dfree_cat.t (Wstat: 65280 Tests: 1 Failed: 1)
Failed test: 1
Non-zero exit status: 255
Parse errors: Bad plan. You planned 14 tests but ran 1.
t/ref_rmdep_dfree_ord.t (Wstat: 65280 Tests: 1 Failed: 1)
Failed test: 1
Non-zero exit status: 255
Parse errors: Bad plan. You planned 9 tests but ran 1.
t/ref_rmdep_param_cat.t (Wstat: 256 Tests: 1 Failed: 1)
Failed test: 1
Non-zero exit status: 1
t/ref_rmdep_param_cat_cmp.t (Wstat: 65280 Tests: 1 Failed: 1)
Failed test: 1
Non-zero exit status: 255
Parse errors: Bad plan. You planned 8 tests but ran 1.
t/synopsis.t (Wstat: 65280 Tests: 1 Failed: 1)
Failed test: 1
Non-zero exit status: 255
Parse errors: Bad plan. You planned 49 tests but ran 1.
Files=18, Tests=17, 2 wallclock secs ( 0.09 usr 0.03 sys + 1.84 cusr 0.10 csys = 2.06 CPU)
Result: FAIL
Failed 17/18 test programs. 16/17 subtests failed.
------------------------------
PREREQUISITES
------------------------------
Prerequisite modules loaded:
build_requires:
Module Need Have
-------------------------- ---- --------
Algorithm::Combinatorics 0.23 0.27
List::AllUtils 0.09 0.09
Math::Cephes 0.43 0.5304
Scalar::Util 1.18 1.41
Statistics::DependantTTest 0.03 0.03
Statistics::Descriptive 2.6 3.0608
Statistics::Lite 3.2 3.2
Statistics::TTest 1.1 1.1
Test::More 0.0 1.001014
configure_requires:
Module Need Have
-------------------------- ---- --------
Module::Build 0.42 0.4211
------------------------------
ENVIRONMENT AND OTHER CONTEXT
------------------------------
Environment variables:
DBIC_NO_WARN_BAD_PERL = 1
LANG = en_US.UTF-8
LANGUAGE = en_US:en
PATH = /usr/local/bin:/usr/bin:/bin:/usr/local/sbin:/usr/sbin:/sbin:/home/cpansand/bin/linux-gnu:/home/cpansand/bin/sh:/home/cpansand/bin:/usr/games:/home/cpansand/devel:/home/eserte/src/srezic-misc/scripts
PERL5LIB =
PERL5OPT =
PERL5_CPANPLUS_IS_RUNNING = 27872
PERL5_CPAN_IS_RUNNING = 27872
PERL5_CPAN_IS_RUNNING_IN_RECURSION = 27750,27872
PERLDOC = -MPod::Perldoc::ToTextOverstrike
PERL_BATCH = yes
PERL_CPAN_REPORTER_CONFIG = /run/user/1023/cpansmoker/95NFGsGZOT_config.ini
PERL_EXTUTILS_AUTOINSTALL = --defaultdeps
PERL_HTML_DISPLAY_CLASS = HTML::Display::Mozilla
SHELL = /bin/zsh
TERM = screen
TMPDIR = /run/user/1023/cpansmoker
Perl special variables (and OS-specific diagnostics, for MSWin32):
$^X = /opt/perl-5.20.2-RC1/bin/perl
$UID/$EUID = 1023 / 1023
$GID = 1023 1023
$EGID = 1023 1023
Perl module toolchain versions installed:
Module Have
------------------- --------
CPAN 2.05
CPAN::Meta 2.143240
Cwd 3.48_01
ExtUtils::CBuilder 0.280217
ExtUtils::Command 1.18
ExtUtils::Install 1.67
ExtUtils::MakeMaker 7.04
ExtUtils::Manifest 1.70
ExtUtils::ParseXS 3.24
File::Spec 3.48_01
JSON 2.90
JSON::PP 2.27203
Module::Build 0.4211
Module::Signature n/a
Parse::CPAN::Meta 1.4414
Test::Harness 3.30
Test::More 1.001014
YAML 1.14
YAML::Syck 1.29
version 0.9909
--
Summary of my perl5 (revision 5 version 20 subversion 2) configuration:
Platform:
osname=linux, osvers=3.16.0-4-amd64, archname=x86_64-linux
uname='linux cvrsnica-jessie 3.16.0-4-amd64 #1 smp debian 3.16.7-2 (2014-11-06) x86_64 gnulinux '
config_args='-ds -e -Dprefix=/opt/perl-5.20.2-RC1'
hint=recommended, useposix=true, d_sigaction=define
useithreads=undef, usemultiplicity=undef
use64bitint=define, use64bitall=define, uselongdouble=undef
usemymalloc=n, bincompat5005=undef
Compiler:
cc='cc', ccflags ='-fwrapv -fno-strict-aliasing -pipe -fstack-protector -I/usr/local/include -D_LARGEFILE_SOURCE -D_FILE_OFFSET_BITS=64',
optimize='-O2',
cppflags='-fwrapv -fno-strict-aliasing -pipe -fstack-protector -I/usr/local/include'
ccversion='', gccversion='4.9.1', gccosandvers=''
intsize=4, longsize=8, ptrsize=8, doublesize=8, byteorder=12345678
d_longlong=define, longlongsize=8, d_longdbl=define, longdblsize=16
ivtype='long', ivsize=8, nvtype='double', nvsize=8, Off_t='off_t', lseeksize=8
alignbytes=8, prototype=define
Linker and Libraries:
ld='cc', ldflags =' -fstack-protector -L/usr/local/lib'
libpth=/usr/local/lib /usr/lib/gcc/x86_64-linux-gnu/4.9/include-fixed /usr/include/x86_64-linux-gnu /usr/lib /lib/x86_64-linux-gnu /lib/../lib /usr/lib/x86_64-linux-gnu /usr/lib/../lib /lib
libs=-lnsl -lgdbm -ldb -ldl -lm -lcrypt -lutil -lc -lgdbm_compat
perllibs=-lnsl -ldl -lm -lcrypt -lutil -lc
libc=libc-2.19.so, so=so, useshrplib=false, libperl=libperl.a
gnulibc_version='2.19'
Dynamic Linking:
dlsrc=dl_dlopen.xs, dlext=so, d_dlsymun=undef, ccdlflags='-Wl,-E'
cccdlflags='-fPIC', lddlflags='-shared -O2 -L/usr/local/lib -fstack-protector'
Characteristics of this binary (from libperl):
Compile-time options: HAS_TIMES PERLIO_LAYERS PERL_DONT_CREATE_GVSV
PERL_HASH_FUNC_ONE_AT_A_TIME_HARD PERL_MALLOC_WRAP
PERL_NEW_COPY_ON_WRITE PERL_PRESERVE_IVUV
USE_64_BIT_ALL USE_64_BIT_INT USE_LARGE_FILES
USE_LOCALE USE_LOCALE_COLLATE USE_LOCALE_CTYPE
USE_LOCALE_NUMERIC USE_PERLIO USE_PERL_ATOF
Locally applied patches:
RC1
Built under linux
Compiled at Feb 1 2015 14:41:01
%ENV:
PERL5LIB=""
PERL5OPT=""
PERL5_CPANPLUS_IS_RUNNING="27872"
PERL5_CPAN_IS_RUNNING="27872"
PERL5_CPAN_IS_RUNNING_IN_RECURSION="27750,27872"
PERLDOC="-MPod::Perldoc::ToTextOverstrike"
PERL_BATCH="yes"
PERL_CPAN_REPORTER_CONFIG="/run/user/1023/cpansmoker/95NFGsGZOT_config.ini"
PERL_EXTUTILS_AUTOINSTALL="--defaultdeps"
PERL_HTML_DISPLAY_CLASS="HTML::Display::Mozilla"
@INC:
/opt/perl-5.20.2-RC1/lib/site_perl/5.20.2/x86_64-linux
/opt/perl-5.20.2-RC1/lib/site_perl/5.20.2
/opt/perl-5.20.2-RC1/lib/5.20.2/x86_64-linux
/opt/perl-5.20.2-RC1/lib/5.20.2
.