Back
From: metabase:user:320bfe00-2aae-11df-837a-5e0a49663a4f
Subject: FAIL GOBO-0.03 v5.22.1 GNU/Linux
Date: 2017-08-10T18:08:00Z
This distribution has been tested as part of the CPAN Testers
project, supporting the Perl programming language. See
http://wiki.cpantesters.org/ for more information or email
questions to cpan-testers-discuss@perl.org
--
Dear Chris Mungall,
This is a computer-generated report for GOBO-0.03
on perl 5.22.1, created by CPAN-Reporter-1.2018.
Thank you for uploading your work to CPAN. However, there was a problem
testing your distribution.
If you think this report is invalid, please consult the CPAN Testers Wiki
for suggestions on how to avoid getting FAIL reports for missing library
or binary dependencies, unsupported operating systems, and so on:
http://wiki.cpantesters.org/wiki/CPANAuthorNotes
Sections of this report:
* Tester comments
* Program output
* Prerequisites
* Environment and other context
------------------------------
TESTER COMMENTS
------------------------------
Additional comments from tester:
this report is from an automated smoke testing program
and was not reviewed by a human for accuracy
------------------------------
PROGRAM OUTPUT
------------------------------
Output from '/usr/bin/make test':
PERL_DL_NONLAZY=1 "/home/sand/src/perl/repoperls/installed-perls/host/k93msid/v5.22.1/89ad/bin/perl" "-MExtUtils::Command::MM" "-MTest::Harness" "-e" "undef *Test::Harness::Switches; test_harness(0, 'blib/lib', 'blib/arch')" t/*.t
You cannot coerce an attribute (provenance) unless its type (GOBO::Node) has a coercion at /home/sand/src/perl/repoperls/installed-perls/host/k93msid/v5.22.1/89ad/lib/site_perl/5.22.1/x86_64-linux/Moose/Exporter.pm line 419
Moose::with('GOBO::Attributed') called at /tmp/loop_over_bdir-26149-sbOAJC/GOBO-0.03-0/blib/lib/GOBO/Synonym.pm line 17
require GOBO/Synonym.pm at /tmp/loop_over_bdir-26149-sbOAJC/GOBO-0.03-0/blib/lib/GOBO/Labeled.pm line 23
GOBO::Labeled::BEGIN at /tmp/loop_over_bdir-26149-sbOAJC/GOBO-0.03-0/blib/lib/GOBO/Synonym.pm line 0
eval {...} at /tmp/loop_over_bdir-26149-sbOAJC/GOBO-0.03-0/blib/lib/GOBO/Synonym.pm line 0
require GOBO/Labeled.pm at /home/sand/src/perl/repoperls/installed-perls/host/k93msid/v5.22.1/89ad/lib/site_perl/5.22.1/Module/Runtime.pm line 317
Module::Runtime::require_module('GOBO::Labeled') called at /home/sand/src/perl/repoperls/installed-perls/host/k93msid/v5.22.1/89ad/lib/site_perl/5.22.1/Module/Runtime.pm line 381
eval {...} at /home/sand/src/perl/repoperls/installed-perls/host/k93msid/v5.22.1/89ad/lib/site_perl/5.22.1/Module/Runtime.pm line 381
Module::Runtime::use_package_optimistically('GOBO::Labeled') called at /home/sand/src/perl/repoperls/installed-perls/host/k93msid/v5.22.1/89ad/lib/site_perl/5.22.1/x86_64-linux/Moose/Util.pm line 352
Moose::Util::_load_user_class('GOBO::Labeled', undef) called at /home/sand/src/perl/repoperls/installed-perls/host/k93msid/v5.22.1/89ad/lib/site_perl/5.22.1/x86_64-linux/Moose/Util.pm line 147
Moose::Util::_apply_all_roles('Moose::Meta::Class=HASH(0x56262dad24b8)', undef, 'GOBO::Labeled') called at /home/sand/src/perl/repoperls/installed-perls/host/k93msid/v5.22.1/89ad/lib/site_perl/5.22.1/x86_64-linux/Moose/Util.pm line 114
Moose::Util::apply_all_roles('Moose::Meta::Class=HASH(0x56262dad24b8)', 'GOBO::Labeled') called at /home/sand/src/perl/repoperls/installed-perls/host/k93msid/v5.22.1/89ad/lib/site_perl/5.22.1/x86_64-linux/Moose.pm line 57
Moose::with('Moose::Meta::Class=HASH(0x56262dad24b8)', 'GOBO::Labeled') called at /home/sand/src/perl/repoperls/installed-perls/host/k93msid/v5.22.1/89ad/lib/site_perl/5.22.1/x86_64-linux/Moose/Exporter.pm line 419
Moose::with('GOBO::Labeled') called at /tmp/loop_over_bdir-26149-sbOAJC/GOBO-0.03-0/blib/lib/GOBO/Node.pm line 6
require GOBO/Node.pm at /home/sand/src/perl/repoperls/installed-perls/host/k93msid/v5.22.1/89ad/lib/site_perl/5.22.1/Module/Runtime.pm line 317
Module::Runtime::require_module('GOBO::Node') called at /home/sand/src/perl/repoperls/installed-perls/host/k93msid/v5.22.1/89ad/lib/site_perl/5.22.1/Module/Runtime.pm line 381
eval {...} at /home/sand/src/perl/repoperls/installed-perls/host/k93msid/v5.22.1/89ad/lib/site_perl/5.22.1/Module/Runtime.pm line 381
Module::Runtime::use_package_optimistically('GOBO::Node') called at /home/sand/src/perl/repoperls/installed-perls/host/k93msid/v5.22.1/89ad/lib/site_perl/5.22.1/x86_64-linux/Moose/Util.pm line 352
Moose::Util::_load_user_class('GOBO::Node', undef) called at /home/sand/src/perl/repoperls/installed-perls/host/k93msid/v5.22.1/89ad/lib/site_perl/5.22.1/x86_64-linux/Moose/Meta/Class.pm line 569
Moose::Meta::Class::superclasses(undef, 'GOBO::Node') called at /home/sand/src/perl/repoperls/installed-perls/host/k93msid/v5.22.1/89ad/lib/site_perl/5.22.1/x86_64-linux/Moose.pm line 53
Moose::extends('Moose::Meta::Class=HASH(0x56262dabccb8)', 'GOBO::Node') called at /home/sand/src/perl/repoperls/installed-perls/host/k93msid/v5.22.1/89ad/lib/site_perl/5.22.1/x86_64-linux/Moose/Exporter.pm line 419
Moose::extends('GOBO::Node') called at /tmp/loop_over_bdir-26149-sbOAJC/GOBO-0.03-0/blib/lib/GOBO/Evidence.pm line 4
require GOBO/Evidence.pm at /tmp/loop_over_bdir-26149-sbOAJC/GOBO-0.03-0/blib/lib/GOBO/Annotation.pm line 5
GOBO::Annotation::BEGIN at /tmp/loop_over_bdir-26149-sbOAJC/GOBO-0.03-0/blib/lib/GOBO/Synonym.pm line 0
eval {...} at /tmp/loop_over_bdir-26149-sbOAJC/GOBO-0.03-0/blib/lib/GOBO/Synonym.pm line 0
require GOBO/Annotation.pm at /tmp/loop_over_bdir-26149-sbOAJC/GOBO-0.03-0/blib/lib/GOBO/Graph.pm line 55
GOBO::Graph::BEGIN at /tmp/loop_over_bdir-26149-sbOAJC/GOBO-0.03-0/blib/lib/GOBO/Synonym.pm line 0
eval {...} at /tmp/loop_over_bdir-26149-sbOAJC/GOBO-0.03-0/blib/lib/GOBO/Synonym.pm line 0
require GOBO/Graph.pm at t/analysis_test.t line 4
main::BEGIN at /tmp/loop_over_bdir-26149-sbOAJC/GOBO-0.03-0/blib/lib/GOBO/Synonym.pm line 0
eval {...} at /tmp/loop_over_bdir-26149-sbOAJC/GOBO-0.03-0/blib/lib/GOBO/Synonym.pm line 0
Compilation failed in require at /tmp/loop_over_bdir-26149-sbOAJC/GOBO-0.03-0/blib/lib/GOBO/Labeled.pm line 23.
BEGIN failed--compilation aborted at /tmp/loop_over_bdir-26149-sbOAJC/GOBO-0.03-0/blib/lib/GOBO/Labeled.pm line 23.
Compilation failed in require at /home/sand/src/perl/repoperls/installed-perls/host/k93msid/v5.22.1/89ad/lib/site_perl/5.22.1/Module/Runtime.pm line 317.
Compilation failed in require at /home/sand/src/perl/repoperls/installed-perls/host/k93msid/v5.22.1/89ad/lib/site_perl/5.22.1/Module/Runtime.pm line 317.
Compilation failed in require at /tmp/loop_over_bdir-26149-sbOAJC/GOBO-0.03-0/blib/lib/GOBO/Annotation.pm line 5.
BEGIN failed--compilation aborted at /tmp/loop_over_bdir-26149-sbOAJC/GOBO-0.03-0/blib/lib/GOBO/Annotation.pm line 5.
Compilation failed in require at /tmp/loop_over_bdir-26149-sbOAJC/GOBO-0.03-0/blib/lib/GOBO/Graph.pm line 55.
BEGIN failed--compilation aborted at /tmp/loop_over_bdir-26149-sbOAJC/GOBO-0.03-0/blib/lib/GOBO/Graph.pm line 55.
Compilation failed in require at t/analysis_test.t line 4.
BEGIN failed--compilation aborted at t/analysis_test.t line 4.
t/analysis_test.t ............
Dubious, test returned 255 (wstat 65280, 0xff00)
No subtests run
You cannot coerce an attribute (provenance) unless its type (GOBO::Node) has a coercion at /home/sand/src/perl/repoperls/installed-perls/host/k93msid/v5.22.1/89ad/lib/site_perl/5.22.1/x86_64-linux/Moose/Exporter.pm line 419
Moose::with('GOBO::Attributed') called at /tmp/loop_over_bdir-26149-sbOAJC/GOBO-0.03-0/blib/lib/GOBO/Synonym.pm line 17
require GOBO/Synonym.pm at /tmp/loop_over_bdir-26149-sbOAJC/GOBO-0.03-0/blib/lib/GOBO/Labeled.pm line 23
GOBO::Labeled::BEGIN at /tmp/loop_over_bdir-26149-sbOAJC/GOBO-0.03-0/blib/lib/GOBO/Synonym.pm line 0
eval {...} at /tmp/loop_over_bdir-26149-sbOAJC/GOBO-0.03-0/blib/lib/GOBO/Synonym.pm line 0
require GOBO/Labeled.pm at /home/sand/src/perl/repoperls/installed-perls/host/k93msid/v5.22.1/89ad/lib/site_perl/5.22.1/Module/Runtime.pm line 317
Module::Runtime::require_module('GOBO::Labeled') called at /home/sand/src/perl/repoperls/installed-perls/host/k93msid/v5.22.1/89ad/lib/site_perl/5.22.1/Module/Runtime.pm line 381
eval {...} at /home/sand/src/perl/repoperls/installed-perls/host/k93msid/v5.22.1/89ad/lib/site_perl/5.22.1/Module/Runtime.pm line 381
Module::Runtime::use_package_optimistically('GOBO::Labeled') called at /home/sand/src/perl/repoperls/installed-perls/host/k93msid/v5.22.1/89ad/lib/site_perl/5.22.1/x86_64-linux/Moose/Util.pm line 352
Moose::Util::_load_user_class('GOBO::Labeled', undef) called at /home/sand/src/perl/repoperls/installed-perls/host/k93msid/v5.22.1/89ad/lib/site_perl/5.22.1/x86_64-linux/Moose/Util.pm line 147
Moose::Util::_apply_all_roles('Moose::Meta::Class=HASH(0x560a3975ae40)', undef, 'GOBO::Labeled') called at /home/sand/src/perl/repoperls/installed-perls/host/k93msid/v5.22.1/89ad/lib/site_perl/5.22.1/x86_64-linux/Moose/Util.pm line 114
Moose::Util::apply_all_roles('Moose::Meta::Class=HASH(0x560a3975ae40)', 'GOBO::Labeled') called at /home/sand/src/perl/repoperls/installed-perls/host/k93msid/v5.22.1/89ad/lib/site_perl/5.22.1/x86_64-linux/Moose.pm line 57
Moose::with('Moose::Meta::Class=HASH(0x560a3975ae40)', 'GOBO::Labeled') called at /home/sand/src/perl/repoperls/installed-perls/host/k93msid/v5.22.1/89ad/lib/site_perl/5.22.1/x86_64-linux/Moose/Exporter.pm line 419
Moose::with('GOBO::Labeled') called at /tmp/loop_over_bdir-26149-sbOAJC/GOBO-0.03-0/blib/lib/GOBO/Node.pm line 6
require GOBO/Node.pm at /tmp/loop_over_bdir-26149-sbOAJC/GOBO-0.03-0/blib/lib/GOBO/Statement.pm line 7
GOBO::Statement::BEGIN at /tmp/loop_over_bdir-26149-sbOAJC/GOBO-0.03-0/blib/lib/GOBO/Synonym.pm line 0
eval {...} at /tmp/loop_over_bdir-26149-sbOAJC/GOBO-0.03-0/blib/lib/GOBO/Synonym.pm line 0
require GOBO/Statement.pm at /tmp/loop_over_bdir-26149-sbOAJC/GOBO-0.03-0/blib/lib/GOBO/ClassExpression/RelationalExpression.pm line 5
GOBO::ClassExpression::RelationalExpression::BEGIN at /tmp/loop_over_bdir-26149-sbOAJC/GOBO-0.03-0/blib/lib/GOBO/Synonym.pm line 0
eval {...} at /tmp/loop_over_bdir-26149-sbOAJC/GOBO-0.03-0/blib/lib/GOBO/Synonym.pm line 0
require GOBO/ClassExpression/RelationalExpression.pm at /tmp/loop_over_bdir-26149-sbOAJC/GOBO-0.03-0/blib/lib/GOBO/ClassExpression.pm line 80
GOBO::ClassExpression::BEGIN at /tmp/loop_over_bdir-26149-sbOAJC/GOBO-0.03-0/blib/lib/GOBO/Synonym.pm line 0
eval {...} at /tmp/loop_over_bdir-26149-sbOAJC/GOBO-0.03-0/blib/lib/GOBO/Synonym.pm line 0
require GOBO/ClassExpression.pm at t/classexpr.t line 3
main::BEGIN at /tmp/loop_over_bdir-26149-sbOAJC/GOBO-0.03-0/blib/lib/GOBO/Synonym.pm line 0
eval {...} at /tmp/loop_over_bdir-26149-sbOAJC/GOBO-0.03-0/blib/lib/GOBO/Synonym.pm line 0
Compilation failed in require at /tmp/loop_over_bdir-26149-sbOAJC/GOBO-0.03-0/blib/lib/GOBO/Labeled.pm line 23.
BEGIN failed--compilation aborted at /tmp/loop_over_bdir-26149-sbOAJC/GOBO-0.03-0/blib/lib/GOBO/Labeled.pm line 23.
Compilation failed in require at /home/sand/src/perl/repoperls/installed-perls/host/k93msid/v5.22.1/89ad/lib/site_perl/5.22.1/Module/Runtime.pm line 317.
Compilation failed in require at /tmp/loop_over_bdir-26149-sbOAJC/GOBO-0.03-0/blib/lib/GOBO/Statement.pm line 7.
BEGIN failed--compilation aborted at /tmp/loop_over_bdir-26149-sbOAJC/GOBO-0.03-0/blib/lib/GOBO/Statement.pm line 7.
Compilation failed in require at /tmp/loop_over_bdir-26149-sbOAJC/GOBO-0.03-0/blib/lib/GOBO/ClassExpression/RelationalExpression.pm line 5.
BEGIN failed--compilation aborted at /tmp/loop_over_bdir-26149-sbOAJC/GOBO-0.03-0/blib/lib/GOBO/ClassExpression/RelationalExpression.pm line 5.
Compilation failed in require at /tmp/loop_over_bdir-26149-sbOAJC/GOBO-0.03-0/blib/lib/GOBO/ClassExpression.pm line 80.
BEGIN failed--compilation aborted at /tmp/loop_over_bdir-26149-sbOAJC/GOBO-0.03-0/blib/lib/GOBO/ClassExpression.pm line 80.
Compilation failed in require at t/classexpr.t line 3.
BEGIN failed--compilation aborted at t/classexpr.t line 3.
t/classexpr.t ................
Dubious, test returned 255 (wstat 65280, 0xff00)
No subtests run
You cannot coerce an attribute (source) unless its type (GOBO::Node) has a coercion at /home/sand/src/perl/repoperls/installed-perls/host/k93msid/v5.22.1/89ad/lib/site_perl/5.22.1/x86_64-linux/Moose/Exporter.pm line 419
Moose::with('GOBO::Attributed') called at /tmp/loop_over_bdir-26149-sbOAJC/GOBO-0.03-0/blib/lib/GOBO/Synonym.pm line 17
require GOBO/Synonym.pm at /tmp/loop_over_bdir-26149-sbOAJC/GOBO-0.03-0/blib/lib/GOBO/Labeled.pm line 23
GOBO::Labeled::BEGIN at /tmp/loop_over_bdir-26149-sbOAJC/GOBO-0.03-0/blib/lib/GOBO/Synonym.pm line 0
eval {...} at /tmp/loop_over_bdir-26149-sbOAJC/GOBO-0.03-0/blib/lib/GOBO/Synonym.pm line 0
require GOBO/Labeled.pm at /home/sand/src/perl/repoperls/installed-perls/host/k93msid/v5.22.1/89ad/lib/site_perl/5.22.1/Module/Runtime.pm line 317
Module::Runtime::require_module('GOBO::Labeled') called at /home/sand/src/perl/repoperls/installed-perls/host/k93msid/v5.22.1/89ad/lib/site_perl/5.22.1/Module/Runtime.pm line 381
eval {...} at /home/sand/src/perl/repoperls/installed-perls/host/k93msid/v5.22.1/89ad/lib/site_perl/5.22.1/Module/Runtime.pm line 381
Module::Runtime::use_package_optimistically('GOBO::Labeled') called at /home/sand/src/perl/repoperls/installed-perls/host/k93msid/v5.22.1/89ad/lib/site_perl/5.22.1/x86_64-linux/Moose/Util.pm line 352
Moose::Util::_load_user_class('GOBO::Labeled', undef) called at /home/sand/src/perl/repoperls/installed-perls/host/k93msid/v5.22.1/89ad/lib/site_perl/5.22.1/x86_64-linux/Moose/Util.pm line 147
Moose::Util::_apply_all_roles('Moose::Meta::Class=HASH(0x555c9a7833b0)', undef, 'GOBO::Labeled') called at /home/sand/src/perl/repoperls/installed-perls/host/k93msid/v5.22.1/89ad/lib/site_perl/5.22.1/x86_64-linux/Moose/Util.pm line 114
Moose::Util::apply_all_roles('Moose::Meta::Class=HASH(0x555c9a7833b0)', 'GOBO::Labeled') called at /home/sand/src/perl/repoperls/installed-perls/host/k93msid/v5.22.1/89ad/lib/site_perl/5.22.1/x86_64-linux/Moose.pm line 57
Moose::with('Moose::Meta::Class=HASH(0x555c9a7833b0)', 'GOBO::Labeled') called at /home/sand/src/perl/repoperls/installed-perls/host/k93msid/v5.22.1/89ad/lib/site_perl/5.22.1/x86_64-linux/Moose/Exporter.pm line 419
Moose::with('GOBO::Labeled') called at /tmp/loop_over_bdir-26149-sbOAJC/GOBO-0.03-0/blib/lib/GOBO/Node.pm line 6
require GOBO/Node.pm at /home/sand/src/perl/repoperls/installed-perls/host/k93msid/v5.22.1/89ad/lib/site_perl/5.22.1/Module/Runtime.pm line 317
Module::Runtime::require_module('GOBO::Node') called at /home/sand/src/perl/repoperls/installed-perls/host/k93msid/v5.22.1/89ad/lib/site_perl/5.22.1/Module/Runtime.pm line 381
eval {...} at /home/sand/src/perl/repoperls/installed-perls/host/k93msid/v5.22.1/89ad/lib/site_perl/5.22.1/Module/Runtime.pm line 381
Module::Runtime::use_package_optimistically('GOBO::Node') called at /home/sand/src/perl/repoperls/installed-perls/host/k93msid/v5.22.1/89ad/lib/site_perl/5.22.1/x86_64-linux/Moose/Util.pm line 352
Moose::Util::_load_user_class('GOBO::Node', undef) called at /home/sand/src/perl/repoperls/installed-perls/host/k93msid/v5.22.1/89ad/lib/site_perl/5.22.1/x86_64-linux/Moose/Meta/Class.pm line 569
Moose::Meta::Class::superclasses(undef, 'GOBO::Node') called at /home/sand/src/perl/repoperls/installed-perls/host/k93msid/v5.22.1/89ad/lib/site_perl/5.22.1/x86_64-linux/Moose.pm line 53
Moose::extends('Moose::Meta::Class=HASH(0x555c9a76da50)', 'GOBO::Node') called at /home/sand/src/perl/repoperls/installed-perls/host/k93msid/v5.22.1/89ad/lib/site_perl/5.22.1/x86_64-linux/Moose/Exporter.pm line 419
Moose::extends('GOBO::Node') called at /tmp/loop_over_bdir-26149-sbOAJC/GOBO-0.03-0/blib/lib/GOBO/Evidence.pm line 4
require GOBO/Evidence.pm at /tmp/loop_over_bdir-26149-sbOAJC/GOBO-0.03-0/blib/lib/GOBO/Annotation.pm line 5
GOBO::Annotation::BEGIN at /tmp/loop_over_bdir-26149-sbOAJC/GOBO-0.03-0/blib/lib/GOBO/Synonym.pm line 0
eval {...} at /tmp/loop_over_bdir-26149-sbOAJC/GOBO-0.03-0/blib/lib/GOBO/Synonym.pm line 0
require GOBO/Annotation.pm at /tmp/loop_over_bdir-26149-sbOAJC/GOBO-0.03-0/blib/lib/GOBO/Graph.pm line 55
GOBO::Graph::BEGIN at /tmp/loop_over_bdir-26149-sbOAJC/GOBO-0.03-0/blib/lib/GOBO/Synonym.pm line 0
eval {...} at /tmp/loop_over_bdir-26149-sbOAJC/GOBO-0.03-0/blib/lib/GOBO/Synonym.pm line 0
require GOBO/Graph.pm at t/dbconnect.t line 4
main::BEGIN at /tmp/loop_over_bdir-26149-sbOAJC/GOBO-0.03-0/blib/lib/GOBO/Synonym.pm line 0
eval {...} at /tmp/loop_over_bdir-26149-sbOAJC/GOBO-0.03-0/blib/lib/GOBO/Synonym.pm line 0
Compilation failed in require at /tmp/loop_over_bdir-26149-sbOAJC/GOBO-0.03-0/blib/lib/GOBO/Labeled.pm line 23.
BEGIN failed--compilation aborted at /tmp/loop_over_bdir-26149-sbOAJC/GOBO-0.03-0/blib/lib/GOBO/Labeled.pm line 23.
Compilation failed in require at /home/sand/src/perl/repoperls/installed-perls/host/k93msid/v5.22.1/89ad/lib/site_perl/5.22.1/Module/Runtime.pm line 317.
Compilation failed in require at /home/sand/src/perl/repoperls/installed-perls/host/k93msid/v5.22.1/89ad/lib/site_perl/5.22.1/Module/Runtime.pm line 317.
Compilation failed in require at /tmp/loop_over_bdir-26149-sbOAJC/GOBO-0.03-0/blib/lib/GOBO/Annotation.pm line 5.
BEGIN failed--compilation aborted at /tmp/loop_over_bdir-26149-sbOAJC/GOBO-0.03-0/blib/lib/GOBO/Annotation.pm line 5.
Compilation failed in require at /tmp/loop_over_bdir-26149-sbOAJC/GOBO-0.03-0/blib/lib/GOBO/Graph.pm line 55.
BEGIN failed--compilation aborted at /tmp/loop_over_bdir-26149-sbOAJC/GOBO-0.03-0/blib/lib/GOBO/Graph.pm line 55.
Compilation failed in require at t/dbconnect.t line 4.
BEGIN failed--compilation aborted at t/dbconnect.t line 4.
t/dbconnect.t ................
Dubious, test returned 255 (wstat 65280, 0xff00)
No subtests run
You cannot coerce an attribute (source) unless its type (GOBO::Node) has a coercion at /home/sand/src/perl/repoperls/installed-perls/host/k93msid/v5.22.1/89ad/lib/site_perl/5.22.1/x86_64-linux/Moose/Exporter.pm line 419
Moose::with('GOBO::Attributed') called at /tmp/loop_over_bdir-26149-sbOAJC/GOBO-0.03-0/blib/lib/GOBO/Synonym.pm line 17
require GOBO/Synonym.pm at /tmp/loop_over_bdir-26149-sbOAJC/GOBO-0.03-0/blib/lib/GOBO/Labeled.pm line 23
GOBO::Labeled::BEGIN at /tmp/loop_over_bdir-26149-sbOAJC/GOBO-0.03-0/blib/lib/GOBO/Synonym.pm line 0
eval {...} at /tmp/loop_over_bdir-26149-sbOAJC/GOBO-0.03-0/blib/lib/GOBO/Synonym.pm line 0
require GOBO/Labeled.pm at /home/sand/src/perl/repoperls/installed-perls/host/k93msid/v5.22.1/89ad/lib/site_perl/5.22.1/Module/Runtime.pm line 317
Module::Runtime::require_module('GOBO::Labeled') called at /home/sand/src/perl/repoperls/installed-perls/host/k93msid/v5.22.1/89ad/lib/site_perl/5.22.1/Module/Runtime.pm line 381
eval {...} at /home/sand/src/perl/repoperls/installed-perls/host/k93msid/v5.22.1/89ad/lib/site_perl/5.22.1/Module/Runtime.pm line 381
Module::Runtime::use_package_optimistically('GOBO::Labeled') called at /home/sand/src/perl/repoperls/installed-perls/host/k93msid/v5.22.1/89ad/lib/site_perl/5.22.1/x86_64-linux/Moose/Util.pm line 352
Moose::Util::_load_user_class('GOBO::Labeled', undef) called at /home/sand/src/perl/repoperls/installed-perls/host/k93msid/v5.22.1/89ad/lib/site_perl/5.22.1/x86_64-linux/Moose/Util.pm line 147
Moose::Util::_apply_all_roles('Moose::Meta::Class=HASH(0x563d5fa8ec60)', undef, 'GOBO::Labeled') called at /home/sand/src/perl/repoperls/installed-perls/host/k93msid/v5.22.1/89ad/lib/site_perl/5.22.1/x86_64-linux/Moose/Util.pm line 114
Moose::Util::apply_all_roles('Moose::Meta::Class=HASH(0x563d5fa8ec60)', 'GOBO::Labeled') called at /home/sand/src/perl/repoperls/installed-perls/host/k93msid/v5.22.1/89ad/lib/site_perl/5.22.1/x86_64-linux/Moose.pm line 57
Moose::with('Moose::Meta::Class=HASH(0x563d5fa8ec60)', 'GOBO::Labeled') called at /home/sand/src/perl/repoperls/installed-perls/host/k93msid/v5.22.1/89ad/lib/site_perl/5.22.1/x86_64-linux/Moose/Exporter.pm line 419
Moose::with('GOBO::Labeled') called at /tmp/loop_over_bdir-26149-sbOAJC/GOBO-0.03-0/blib/lib/GOBO/Node.pm line 6
require GOBO/Node.pm at /home/sand/src/perl/repoperls/installed-perls/host/k93msid/v5.22.1/89ad/lib/site_perl/5.22.1/Module/Runtime.pm line 317
Module::Runtime::require_module('GOBO::Node') called at /home/sand/src/perl/repoperls/installed-perls/host/k93msid/v5.22.1/89ad/lib/site_perl/5.22.1/Module/Runtime.pm line 381
eval {...} at /home/sand/src/perl/repoperls/installed-perls/host/k93msid/v5.22.1/89ad/lib/site_perl/5.22.1/Module/Runtime.pm line 381
Module::Runtime::use_package_optimistically('GOBO::Node') called at /home/sand/src/perl/repoperls/installed-perls/host/k93msid/v5.22.1/89ad/lib/site_perl/5.22.1/x86_64-linux/Moose/Util.pm line 352
Moose::Util::_load_user_class('GOBO::Node', undef) called at /home/sand/src/perl/repoperls/installed-perls/host/k93msid/v5.22.1/89ad/lib/site_perl/5.22.1/x86_64-linux/Moose/Meta/Class.pm line 569
Moose::Meta::Class::superclasses(undef, 'GOBO::Node') called at /home/sand/src/perl/repoperls/installed-perls/host/k93msid/v5.22.1/89ad/lib/site_perl/5.22.1/x86_64-linux/Moose.pm line 53
Moose::extends('Moose::Meta::Class=HASH(0x563d5fa79240)', 'GOBO::Node') called at /home/sand/src/perl/repoperls/installed-perls/host/k93msid/v5.22.1/89ad/lib/site_perl/5.22.1/x86_64-linux/Moose/Exporter.pm line 419
Moose::extends('GOBO::Node') called at /tmp/loop_over_bdir-26149-sbOAJC/GOBO-0.03-0/blib/lib/GOBO/Evidence.pm line 4
require GOBO/Evidence.pm at /tmp/loop_over_bdir-26149-sbOAJC/GOBO-0.03-0/blib/lib/GOBO/Annotation.pm line 5
GOBO::Annotation::BEGIN at /tmp/loop_over_bdir-26149-sbOAJC/GOBO-0.03-0/blib/lib/GOBO/Synonym.pm line 0
eval {...} at /tmp/loop_over_bdir-26149-sbOAJC/GOBO-0.03-0/blib/lib/GOBO/Synonym.pm line 0
require GOBO/Annotation.pm at /tmp/loop_over_bdir-26149-sbOAJC/GOBO-0.03-0/blib/lib/GOBO/Graph.pm line 55
GOBO::Graph::BEGIN at /tmp/loop_over_bdir-26149-sbOAJC/GOBO-0.03-0/blib/lib/GOBO/Synonym.pm line 0
eval {...} at /tmp/loop_over_bdir-26149-sbOAJC/GOBO-0.03-0/blib/lib/GOBO/Synonym.pm line 0
require GOBO/Graph.pm at t/gaf_inference_test.t line 4
main::BEGIN at /tmp/loop_over_bdir-26149-sbOAJC/GOBO-0.03-0/blib/lib/GOBO/Synonym.pm line 0
eval {...} at /tmp/loop_over_bdir-26149-sbOAJC/GOBO-0.03-0/blib/lib/GOBO/Synonym.pm line 0
Compilation failed in require at /tmp/loop_over_bdir-26149-sbOAJC/GOBO-0.03-0/blib/lib/GOBO/Labeled.pm line 23.
BEGIN failed--compilation aborted at /tmp/loop_over_bdir-26149-sbOAJC/GOBO-0.03-0/blib/lib/GOBO/Labeled.pm line 23.
Compilation failed in require at /home/sand/src/perl/repoperls/installed-perls/host/k93msid/v5.22.1/89ad/lib/site_perl/5.22.1/Module/Runtime.pm line 317.
Compilation failed in require at /home/sand/src/perl/repoperls/installed-perls/host/k93msid/v5.22.1/89ad/lib/site_perl/5.22.1/Module/Runtime.pm line 317.
Compilation failed in require at /tmp/loop_over_bdir-26149-sbOAJC/GOBO-0.03-0/blib/lib/GOBO/Annotation.pm line 5.
BEGIN failed--compilation aborted at /tmp/loop_over_bdir-26149-sbOAJC/GOBO-0.03-0/blib/lib/GOBO/Annotation.pm line 5.
Compilation failed in require at /tmp/loop_over_bdir-26149-sbOAJC/GOBO-0.03-0/blib/lib/GOBO/Graph.pm line 55.
BEGIN failed--compilation aborted at /tmp/loop_over_bdir-26149-sbOAJC/GOBO-0.03-0/blib/lib/GOBO/Graph.pm line 55.
Compilation failed in require at t/gaf_inference_test.t line 4.
BEGIN failed--compilation aborted at t/gaf_inference_test.t line 4.
t/gaf_inference_test.t .......
Dubious, test returned 255 (wstat 65280, 0xff00)
No subtests run
You cannot coerce an attribute (source) unless its type (GOBO::Node) has a coercion at /home/sand/src/perl/repoperls/installed-perls/host/k93msid/v5.22.1/89ad/lib/site_perl/5.22.1/x86_64-linux/Moose/Exporter.pm line 419
Moose::with('GOBO::Attributed') called at /tmp/loop_over_bdir-26149-sbOAJC/GOBO-0.03-0/blib/lib/GOBO/Synonym.pm line 17
require GOBO/Synonym.pm at /tmp/loop_over_bdir-26149-sbOAJC/GOBO-0.03-0/blib/lib/GOBO/Labeled.pm line 23
GOBO::Labeled::BEGIN at /tmp/loop_over_bdir-26149-sbOAJC/GOBO-0.03-0/blib/lib/GOBO/Synonym.pm line 0
eval {...} at /tmp/loop_over_bdir-26149-sbOAJC/GOBO-0.03-0/blib/lib/GOBO/Synonym.pm line 0
require GOBO/Labeled.pm at /home/sand/src/perl/repoperls/installed-perls/host/k93msid/v5.22.1/89ad/lib/site_perl/5.22.1/Module/Runtime.pm line 317
Module::Runtime::require_module('GOBO::Labeled') called at /home/sand/src/perl/repoperls/installed-perls/host/k93msid/v5.22.1/89ad/lib/site_perl/5.22.1/Module/Runtime.pm line 381
eval {...} at /home/sand/src/perl/repoperls/installed-perls/host/k93msid/v5.22.1/89ad/lib/site_perl/5.22.1/Module/Runtime.pm line 381
Module::Runtime::use_package_optimistically('GOBO::Labeled') called at /home/sand/src/perl/repoperls/installed-perls/host/k93msid/v5.22.1/89ad/lib/site_perl/5.22.1/x86_64-linux/Moose/Util.pm line 352
Moose::Util::_load_user_class('GOBO::Labeled', undef) called at /home/sand/src/perl/repoperls/installed-perls/host/k93msid/v5.22.1/89ad/lib/site_perl/5.22.1/x86_64-linux/Moose/Util.pm line 147
Moose::Util::_apply_all_roles('Moose::Meta::Class=HASH(0x55e03da8dff8)', undef, 'GOBO::Labeled') called at /home/sand/src/perl/repoperls/installed-perls/host/k93msid/v5.22.1/89ad/lib/site_perl/5.22.1/x86_64-linux/Moose/Util.pm line 114
Moose::Util::apply_all_roles('Moose::Meta::Class=HASH(0x55e03da8dff8)', 'GOBO::Labeled') called at /home/sand/src/perl/repoperls/installed-perls/host/k93msid/v5.22.1/89ad/lib/site_perl/5.22.1/x86_64-linux/Moose.pm line 57
Moose::with('Moose::Meta::Class=HASH(0x55e03da8dff8)', 'GOBO::Labeled') called at /home/sand/src/perl/repoperls/installed-perls/host/k93msid/v5.22.1/89ad/lib/site_perl/5.22.1/x86_64-linux/Moose/Exporter.pm line 419
Moose::with('GOBO::Labeled') called at /tmp/loop_over_bdir-26149-sbOAJC/GOBO-0.03-0/blib/lib/GOBO/Node.pm line 6
require GOBO/Node.pm at /home/sand/src/perl/repoperls/installed-perls/host/k93msid/v5.22.1/89ad/lib/site_perl/5.22.1/Module/Runtime.pm line 317
Module::Runtime::require_module('GOBO::Node') called at /home/sand/src/perl/repoperls/installed-perls/host/k93msid/v5.22.1/89ad/lib/site_perl/5.22.1/Module/Runtime.pm line 381
eval {...} at /home/sand/src/perl/repoperls/installed-perls/host/k93msid/v5.22.1/89ad/lib/site_perl/5.22.1/Module/Runtime.pm line 381
Module::Runtime::use_package_optimistically('GOBO::Node') called at /home/sand/src/perl/repoperls/installed-perls/host/k93msid/v5.22.1/89ad/lib/site_perl/5.22.1/x86_64-linux/Moose/Util.pm line 352
Moose::Util::_load_user_class('GOBO::Node', undef) called at /home/sand/src/perl/repoperls/installed-perls/host/k93msid/v5.22.1/89ad/lib/site_perl/5.22.1/x86_64-linux/Moose/Meta/Class.pm line 569
Moose::Meta::Class::superclasses(undef, 'GOBO::Node') called at /home/sand/src/perl/repoperls/installed-perls/host/k93msid/v5.22.1/89ad/lib/site_perl/5.22.1/x86_64-linux/Moose.pm line 53
Moose::extends('Moose::Meta::Class=HASH(0x55e03da783f8)', 'GOBO::Node') called at /home/sand/src/perl/repoperls/installed-perls/host/k93msid/v5.22.1/89ad/lib/site_perl/5.22.1/x86_64-linux/Moose/Exporter.pm line 419
Moose::extends('GOBO::Node') called at /tmp/loop_over_bdir-26149-sbOAJC/GOBO-0.03-0/blib/lib/GOBO/Evidence.pm line 4
require GOBO/Evidence.pm at /tmp/loop_over_bdir-26149-sbOAJC/GOBO-0.03-0/blib/lib/GOBO/Annotation.pm line 5
GOBO::Annotation::BEGIN at /tmp/loop_over_bdir-26149-sbOAJC/GOBO-0.03-0/blib/lib/GOBO/Synonym.pm line 0
eval {...} at /tmp/loop_over_bdir-26149-sbOAJC/GOBO-0.03-0/blib/lib/GOBO/Synonym.pm line 0
require GOBO/Annotation.pm at /tmp/loop_over_bdir-26149-sbOAJC/GOBO-0.03-0/blib/lib/GOBO/Graph.pm line 55
GOBO::Graph::BEGIN at /tmp/loop_over_bdir-26149-sbOAJC/GOBO-0.03-0/blib/lib/GOBO/Synonym.pm line 0
eval {...} at /tmp/loop_over_bdir-26149-sbOAJC/GOBO-0.03-0/blib/lib/GOBO/Synonym.pm line 0
require GOBO/Graph.pm at t/gaftest.t line 3
main::BEGIN at /tmp/loop_over_bdir-26149-sbOAJC/GOBO-0.03-0/blib/lib/GOBO/Synonym.pm line 0
eval {...} at /tmp/loop_over_bdir-26149-sbOAJC/GOBO-0.03-0/blib/lib/GOBO/Synonym.pm line 0
Compilation failed in require at /tmp/loop_over_bdir-26149-sbOAJC/GOBO-0.03-0/blib/lib/GOBO/Labeled.pm line 23.
BEGIN failed--compilation aborted at /tmp/loop_over_bdir-26149-sbOAJC/GOBO-0.03-0/blib/lib/GOBO/Labeled.pm line 23.
Compilation failed in require at /home/sand/src/perl/repoperls/installed-perls/host/k93msid/v5.22.1/89ad/lib/site_perl/5.22.1/Module/Runtime.pm line 317.
Compilation failed in require at /home/sand/src/perl/repoperls/installed-perls/host/k93msid/v5.22.1/89ad/lib/site_perl/5.22.1/Module/Runtime.pm line 317.
Compilation failed in require at /tmp/loop_over_bdir-26149-sbOAJC/GOBO-0.03-0/blib/lib/GOBO/Annotation.pm line 5.
BEGIN failed--compilation aborted at /tmp/loop_over_bdir-26149-sbOAJC/GOBO-0.03-0/blib/lib/GOBO/Annotation.pm line 5.
Compilation failed in require at /tmp/loop_over_bdir-26149-sbOAJC/GOBO-0.03-0/blib/lib/GOBO/Graph.pm line 55.
BEGIN failed--compilation aborted at /tmp/loop_over_bdir-26149-sbOAJC/GOBO-0.03-0/blib/lib/GOBO/Graph.pm line 55.
Compilation failed in require at t/gaftest.t line 3.
BEGIN failed--compilation aborted at t/gaftest.t line 3.
t/gaftest.t ..................
Dubious, test returned 255 (wstat 65280, 0xff00)
No subtests run
You cannot coerce an attribute (source) unless its type (GOBO::Node) has a coercion at /home/sand/src/perl/repoperls/installed-perls/host/k93msid/v5.22.1/89ad/lib/site_perl/5.22.1/x86_64-linux/Moose/Exporter.pm line 419
Moose::with('GOBO::Attributed') called at /tmp/loop_over_bdir-26149-sbOAJC/GOBO-0.03-0/blib/lib/GOBO/Synonym.pm line 17
require GOBO/Synonym.pm at /tmp/loop_over_bdir-26149-sbOAJC/GOBO-0.03-0/blib/lib/GOBO/Labeled.pm line 23
GOBO::Labeled::BEGIN at /tmp/loop_over_bdir-26149-sbOAJC/GOBO-0.03-0/blib/lib/GOBO/Synonym.pm line 0
eval {...} at /tmp/loop_over_bdir-26149-sbOAJC/GOBO-0.03-0/blib/lib/GOBO/Synonym.pm line 0
require GOBO/Labeled.pm at /home/sand/src/perl/repoperls/installed-perls/host/k93msid/v5.22.1/89ad/lib/site_perl/5.22.1/Module/Runtime.pm line 317
Module::Runtime::require_module('GOBO::Labeled') called at /home/sand/src/perl/repoperls/installed-perls/host/k93msid/v5.22.1/89ad/lib/site_perl/5.22.1/Module/Runtime.pm line 381
eval {...} at /home/sand/src/perl/repoperls/installed-perls/host/k93msid/v5.22.1/89ad/lib/site_perl/5.22.1/Module/Runtime.pm line 381
Module::Runtime::use_package_optimistically('GOBO::Labeled') called at /home/sand/src/perl/repoperls/installed-perls/host/k93msid/v5.22.1/89ad/lib/site_perl/5.22.1/x86_64-linux/Moose/Util.pm line 352
Moose::Util::_load_user_class('GOBO::Labeled', undef) called at /home/sand/src/perl/repoperls/installed-perls/host/k93msid/v5.22.1/89ad/lib/site_perl/5.22.1/x86_64-linux/Moose/Util.pm line 147
Moose::Util::_apply_all_roles('Moose::Meta::Class=HASH(0x5627ff2543d0)', undef, 'GOBO::Labeled') called at /home/sand/src/perl/repoperls/installed-perls/host/k93msid/v5.22.1/89ad/lib/site_perl/5.22.1/x86_64-linux/Moose/Util.pm line 114
Moose::Util::apply_all_roles('Moose::Meta::Class=HASH(0x5627ff2543d0)', 'GOBO::Labeled') called at /home/sand/src/perl/repoperls/installed-perls/host/k93msid/v5.22.1/89ad/lib/site_perl/5.22.1/x86_64-linux/Moose.pm line 57
Moose::with('Moose::Meta::Class=HASH(0x5627ff2543d0)', 'GOBO::Labeled') called at /home/sand/src/perl/repoperls/installed-perls/host/k93msid/v5.22.1/89ad/lib/site_perl/5.22.1/x86_64-linux/Moose/Exporter.pm line 419
Moose::with('GOBO::Labeled') called at /tmp/loop_over_bdir-26149-sbOAJC/GOBO-0.03-0/blib/lib/GOBO/Node.pm line 6
require GOBO/Node.pm at /home/sand/src/perl/repoperls/installed-perls/host/k93msid/v5.22.1/89ad/lib/site_perl/5.22.1/Module/Runtime.pm line 317
Module::Runtime::require_module('GOBO::Node') called at /home/sand/src/perl/repoperls/installed-perls/host/k93msid/v5.22.1/89ad/lib/site_perl/5.22.1/Module/Runtime.pm line 381
eval {...} at /home/sand/src/perl/repoperls/installed-perls/host/k93msid/v5.22.1/89ad/lib/site_perl/5.22.1/Module/Runtime.pm line 381
Module::Runtime::use_package_optimistically('GOBO::Node') called at /home/sand/src/perl/repoperls/installed-perls/host/k93msid/v5.22.1/89ad/lib/site_perl/5.22.1/x86_64-linux/Moose/Util.pm line 352
Moose::Util::_load_user_class('GOBO::Node', undef) called at /home/sand/src/perl/repoperls/installed-perls/host/k93msid/v5.22.1/89ad/lib/site_perl/5.22.1/x86_64-linux/Moose/Meta/Class.pm line 569
Moose::Meta::Class::superclasses(undef, 'GOBO::Node') called at /home/sand/src/perl/repoperls/installed-perls/host/k93msid/v5.22.1/89ad/lib/site_perl/5.22.1/x86_64-linux/Moose.pm line 53
Moose::extends('Moose::Meta::Class=HASH(0x5627ff23e6e8)', 'GOBO::Node') called at /home/sand/src/perl/repoperls/installed-perls/host/k93msid/v5.22.1/89ad/lib/site_perl/5.22.1/x86_64-linux/Moose/Exporter.pm line 419
Moose::extends('GOBO::Node') called at /tmp/loop_over_bdir-26149-sbOAJC/GOBO-0.03-0/blib/lib/GOBO/Evidence.pm line 4
require GOBO/Evidence.pm at /tmp/loop_over_bdir-26149-sbOAJC/GOBO-0.03-0/blib/lib/GOBO/Annotation.pm line 5
GOBO::Annotation::BEGIN at /tmp/loop_over_bdir-26149-sbOAJC/GOBO-0.03-0/blib/lib/GOBO/Synonym.pm line 0
eval {...} at /tmp/loop_over_bdir-26149-sbOAJC/GOBO-0.03-0/blib/lib/GOBO/Synonym.pm line 0
require GOBO/Annotation.pm at /tmp/loop_over_bdir-26149-sbOAJC/GOBO-0.03-0/blib/lib/GOBO/Graph.pm line 55
GOBO::Graph::BEGIN at /tmp/loop_over_bdir-26149-sbOAJC/GOBO-0.03-0/blib/lib/GOBO/Synonym.pm line 0
eval {...} at /tmp/loop_over_bdir-26149-sbOAJC/GOBO-0.03-0/blib/lib/GOBO/Synonym.pm line 0
require GOBO/Graph.pm at t/gaftest_chunked.t line 3
main::BEGIN at /tmp/loop_over_bdir-26149-sbOAJC/GOBO-0.03-0/blib/lib/GOBO/Synonym.pm line 0
eval {...} at /tmp/loop_over_bdir-26149-sbOAJC/GOBO-0.03-0/blib/lib/GOBO/Synonym.pm line 0
Compilation failed in require at /tmp/loop_over_bdir-26149-sbOAJC/GOBO-0.03-0/blib/lib/GOBO/Labeled.pm line 23.
BEGIN failed--compilation aborted at /tmp/loop_over_bdir-26149-sbOAJC/GOBO-0.03-0/blib/lib/GOBO/Labeled.pm line 23.
Compilation failed in require at /home/sand/src/perl/repoperls/installed-perls/host/k93msid/v5.22.1/89ad/lib/site_perl/5.22.1/Module/Runtime.pm line 317.
Compilation failed in require at /home/sand/src/perl/repoperls/installed-perls/host/k93msid/v5.22.1/89ad/lib/site_perl/5.22.1/Module/Runtime.pm line 317.
Compilation failed in require at /tmp/loop_over_bdir-26149-sbOAJC/GOBO-0.03-0/blib/lib/GOBO/Annotation.pm line 5.
BEGIN failed--compilation aborted at /tmp/loop_over_bdir-26149-sbOAJC/GOBO-0.03-0/blib/lib/GOBO/Annotation.pm line 5.
Compilation failed in require at /tmp/loop_over_bdir-26149-sbOAJC/GOBO-0.03-0/blib/lib/GOBO/Graph.pm line 55.
BEGIN failed--compilation aborted at /tmp/loop_over_bdir-26149-sbOAJC/GOBO-0.03-0/blib/lib/GOBO/Graph.pm line 55.
Compilation failed in require at t/gaftest_chunked.t line 3.
BEGIN failed--compilation aborted at t/gaftest_chunked.t line 3.
t/gaftest_chunked.t ..........
Dubious, test returned 255 (wstat 65280, 0xff00)
No subtests run
You cannot coerce an attribute (provenance) unless its type (GOBO::Node) has a coercion at /home/sand/src/perl/repoperls/installed-perls/host/k93msid/v5.22.1/89ad/lib/site_perl/5.22.1/x86_64-linux/Moose/Exporter.pm line 419
Moose::with('GOBO::Attributed') called at /tmp/loop_over_bdir-26149-sbOAJC/GOBO-0.03-0/blib/lib/GOBO/Synonym.pm line 17
require GOBO/Synonym.pm at /tmp/loop_over_bdir-26149-sbOAJC/GOBO-0.03-0/blib/lib/GOBO/Labeled.pm line 23
GOBO::Labeled::BEGIN at /tmp/loop_over_bdir-26149-sbOAJC/GOBO-0.03-0/blib/lib/GOBO/Synonym.pm line 0
eval {...} at /tmp/loop_over_bdir-26149-sbOAJC/GOBO-0.03-0/blib/lib/GOBO/Synonym.pm line 0
require GOBO/Labeled.pm at /home/sand/src/perl/repoperls/installed-perls/host/k93msid/v5.22.1/89ad/lib/site_perl/5.22.1/Module/Runtime.pm line 317
Module::Runtime::require_module('GOBO::Labeled') called at /home/sand/src/perl/repoperls/installed-perls/host/k93msid/v5.22.1/89ad/lib/site_perl/5.22.1/Module/Runtime.pm line 381
eval {...} at /home/sand/src/perl/repoperls/installed-perls/host/k93msid/v5.22.1/89ad/lib/site_perl/5.22.1/Module/Runtime.pm line 381
Module::Runtime::use_package_optimistically('GOBO::Labeled') called at /home/sand/src/perl/repoperls/installed-perls/host/k93msid/v5.22.1/89ad/lib/site_perl/5.22.1/x86_64-linux/Moose/Util.pm line 352
Moose::Util::_load_user_class('GOBO::Labeled', undef) called at /home/sand/src/perl/repoperls/installed-perls/host/k93msid/v5.22.1/89ad/lib/site_perl/5.22.1/x86_64-linux/Moose/Util.pm line 147
Moose::Util::_apply_all_roles('Moose::Meta::Class=HASH(0x55dfed4f7800)', undef, 'GOBO::Labeled') called at /home/sand/src/perl/repoperls/installed-perls/host/k93msid/v5.22.1/89ad/lib/site_perl/5.22.1/x86_64-linux/Moose/Util.pm line 114
Moose::Util::apply_all_roles('Moose::Meta::Class=HASH(0x55dfed4f7800)', 'GOBO::Labeled') called at /home/sand/src/perl/repoperls/installed-perls/host/k93msid/v5.22.1/89ad/lib/site_perl/5.22.1/x86_64-linux/Moose.pm line 57
Moose::with('Moose::Meta::Class=HASH(0x55dfed4f7800)', 'GOBO::Labeled') called at /home/sand/src/perl/repoperls/installed-perls/host/k93msid/v5.22.1/89ad/lib/site_perl/5.22.1/x86_64-linux/Moose/Exporter.pm line 419
Moose::with('GOBO::Labeled') called at /tmp/loop_over_bdir-26149-sbOAJC/GOBO-0.03-0/blib/lib/GOBO/Node.pm line 6
require GOBO/Node.pm at /home/sand/src/perl/repoperls/installed-perls/host/k93msid/v5.22.1/89ad/lib/site_perl/5.22.1/Module/Runtime.pm line 317
Module::Runtime::require_module('GOBO::Node') called at /home/sand/src/perl/repoperls/installed-perls/host/k93msid/v5.22.1/89ad/lib/site_perl/5.22.1/Module/Runtime.pm line 381
eval {...} at /home/sand/src/perl/repoperls/installed-perls/host/k93msid/v5.22.1/89ad/lib/site_perl/5.22.1/Module/Runtime.pm line 381
Module::Runtime::use_package_optimistically('GOBO::Node') called at /home/sand/src/perl/repoperls/installed-perls/host/k93msid/v5.22.1/89ad/lib/site_perl/5.22.1/x86_64-linux/Moose/Util.pm line 352
Moose::Util::_load_user_class('GOBO::Node', undef) called at /home/sand/src/perl/repoperls/installed-perls/host/k93msid/v5.22.1/89ad/lib/site_perl/5.22.1/x86_64-linux/Moose/Meta/Class.pm line 569
Moose::Meta::Class::superclasses(undef, 'GOBO::Node') called at /home/sand/src/perl/repoperls/installed-perls/host/k93msid/v5.22.1/89ad/lib/site_perl/5.22.1/x86_64-linux/Moose.pm line 53
Moose::extends('Moose::Meta::Class=HASH(0x55dfed4e18f0)', 'GOBO::Node') called at /home/sand/src/perl/repoperls/installed-perls/host/k93msid/v5.22.1/89ad/lib/site_perl/5.22.1/x86_64-linux/Moose/Exporter.pm line 419
Moose::extends('GOBO::Node') called at /tmp/loop_over_bdir-26149-sbOAJC/GOBO-0.03-0/blib/lib/GOBO/Evidence.pm line 4
require GOBO/Evidence.pm at /tmp/loop_over_bdir-26149-sbOAJC/GOBO-0.03-0/blib/lib/GOBO/Annotation.pm line 5
GOBO::Annotation::BEGIN at /tmp/loop_over_bdir-26149-sbOAJC/GOBO-0.03-0/blib/lib/GOBO/Synonym.pm line 0
eval {...} at /tmp/loop_over_bdir-26149-sbOAJC/GOBO-0.03-0/blib/lib/GOBO/Synonym.pm line 0
require GOBO/Annotation.pm at /tmp/loop_over_bdir-26149-sbOAJC/GOBO-0.03-0/blib/lib/GOBO/Graph.pm line 55
GOBO::Graph::BEGIN at /tmp/loop_over_bdir-26149-sbOAJC/GOBO-0.03-0/blib/lib/GOBO/Synonym.pm line 0
eval {...} at /tmp/loop_over_bdir-26149-sbOAJC/GOBO-0.03-0/blib/lib/GOBO/Synonym.pm line 0
require GOBO/Graph.pm at t/gaftest_chunked_gzipped.t line 3
main::BEGIN at /tmp/loop_over_bdir-26149-sbOAJC/GOBO-0.03-0/blib/lib/GOBO/Synonym.pm line 0
eval {...} at /tmp/loop_over_bdir-26149-sbOAJC/GOBO-0.03-0/blib/lib/GOBO/Synonym.pm line 0
Compilation failed in require at /tmp/loop_over_bdir-26149-sbOAJC/GOBO-0.03-0/blib/lib/GOBO/Labeled.pm line 23.
BEGIN failed--compilation aborted at /tmp/loop_over_bdir-26149-sbOAJC/GOBO-0.03-0/blib/lib/GOBO/Labeled.pm line 23.
Compilation failed in require at /home/sand/src/perl/repoperls/installed-perls/host/k93msid/v5.22.1/89ad/lib/site_perl/5.22.1/Module/Runtime.pm line 317.
Compilation failed in require at /home/sand/src/perl/repoperls/installed-perls/host/k93msid/v5.22.1/89ad/lib/site_perl/5.22.1/Module/Runtime.pm line 317.
Compilation failed in require at /tmp/loop_over_bdir-26149-sbOAJC/GOBO-0.03-0/blib/lib/GOBO/Annotation.pm line 5.
BEGIN failed--compilation aborted at /tmp/loop_over_bdir-26149-sbOAJC/GOBO-0.03-0/blib/lib/GOBO/Annotation.pm line 5.
Compilation failed in require at /tmp/loop_over_bdir-26149-sbOAJC/GOBO-0.03-0/blib/lib/GOBO/Graph.pm line 55.
BEGIN failed--compilation aborted at /tmp/loop_over_bdir-26149-sbOAJC/GOBO-0.03-0/blib/lib/GOBO/Graph.pm line 55.
Compilation failed in require at t/gaftest_chunked_gzipped.t line 3.
BEGIN failed--compilation aborted at t/gaftest_chunked_gzipped.t line 3.
t/gaftest_chunked_gzipped.t ..
Dubious, test returned 255 (wstat 65280, 0xff00)
No subtests run
You cannot coerce an attribute (source) unless its type (GOBO::Node) has a coercion at /home/sand/src/perl/repoperls/installed-perls/host/k93msid/v5.22.1/89ad/lib/site_perl/5.22.1/x86_64-linux/Moose/Exporter.pm line 419
Moose::with('GOBO::Attributed') called at /tmp/loop_over_bdir-26149-sbOAJC/GOBO-0.03-0/blib/lib/GOBO/Synonym.pm line 17
require GOBO/Synonym.pm at /tmp/loop_over_bdir-26149-sbOAJC/GOBO-0.03-0/blib/lib/GOBO/Labeled.pm line 23
GOBO::Labeled::BEGIN at /tmp/loop_over_bdir-26149-sbOAJC/GOBO-0.03-0/blib/lib/GOBO/Synonym.pm line 0
eval {...} at /tmp/loop_over_bdir-26149-sbOAJC/GOBO-0.03-0/blib/lib/GOBO/Synonym.pm line 0
require GOBO/Labeled.pm at /home/sand/src/perl/repoperls/installed-perls/host/k93msid/v5.22.1/89ad/lib/site_perl/5.22.1/Module/Runtime.pm line 317
Module::Runtime::require_module('GOBO::Labeled') called at /home/sand/src/perl/repoperls/installed-perls/host/k93msid/v5.22.1/89ad/lib/site_perl/5.22.1/Module/Runtime.pm line 381
eval {...} at /home/sand/src/perl/repoperls/installed-perls/host/k93msid/v5.22.1/89ad/lib/site_perl/5.22.1/Module/Runtime.pm line 381
Module::Runtime::use_package_optimistically('GOBO::Labeled') called at /home/sand/src/perl/repoperls/installed-perls/host/k93msid/v5.22.1/89ad/lib/site_perl/5.22.1/x86_64-linux/Moose/Util.pm line 352
Moose::Util::_load_user_class('GOBO::Labeled', undef) called at /home/sand/src/perl/repoperls/installed-perls/host/k93msid/v5.22.1/89ad/lib/site_perl/5.22.1/x86_64-linux/Moose/Util.pm line 147
Moose::Util::_apply_all_roles('Moose::Meta::Class=HASH(0x5603c4a338f0)', undef, 'GOBO::Labeled') called at /home/sand/src/perl/repoperls/installed-perls/host/k93msid/v5.22.1/89ad/lib/site_perl/5.22.1/x86_64-linux/Moose/Util.pm line 114
Moose::Util::apply_all_roles('Moose::Meta::Class=HASH(0x5603c4a338f0)', 'GOBO::Labeled') called at /home/sand/src/perl/repoperls/installed-perls/host/k93msid/v5.22.1/89ad/lib/site_perl/5.22.1/x86_64-linux/Moose.pm line 57
Moose::with('Moose::Meta::Class=HASH(0x5603c4a338f0)', 'GOBO::Labeled') called at /home/sand/src/perl/repoperls/installed-perls/host/k93msid/v5.22.1/89ad/lib/site_perl/5.22.1/x86_64-linux/Moose/Exporter.pm line 419
Moose::with('GOBO::Labeled') called at /tmp/loop_over_bdir-26149-sbOAJC/GOBO-0.03-0/blib/lib/GOBO/Node.pm line 6
require GOBO/Node.pm at /home/sand/src/perl/repoperls/installed-perls/host/k93msid/v5.22.1/89ad/lib/site_perl/5.22.1/Module/Runtime.pm line 317
Module::Runtime::require_module('GOBO::Node') called at /home/sand/src/perl/repoperls/installed-perls/host/k93msid/v5.22.1/89ad/lib/site_perl/5.22.1/Module/Runtime.pm line 381
eval {...} at /home/sand/src/perl/repoperls/installed-perls/host/k93msid/v5.22.1/89ad/lib/site_perl/5.22.1/Module/Runtime.pm line 381
Module::Runtime::use_package_optimistically('GOBO::Node') called at /home/sand/src/perl/repoperls/installed-perls/host/k93msid/v5.22.1/89ad/lib/site_perl/5.22.1/x86_64-linux/Moose/Util.pm line 352
Moose::Util::_load_user_class('GOBO::Node', undef) called at /home/sand/src/perl/repoperls/installed-perls/host/k93msid/v5.22.1/89ad/lib/site_perl/5.22.1/x86_64-linux/Moose/Meta/Class.pm line 569
Moose::Meta::Class::superclasses(undef, 'GOBO::Node') called at /home/sand/src/perl/repoperls/installed-perls/host/k93msid/v5.22.1/89ad/lib/site_perl/5.22.1/x86_64-linux/Moose.pm line 53
Moose::extends('Moose::Meta::Class=HASH(0x5603c4a247c0)', 'GOBO::Node') called at /home/sand/src/perl/repoperls/installed-perls/host/k93msid/v5.22.1/89ad/lib/site_perl/5.22.1/x86_64-linux/Moose/Exporter.pm line 419
Moose::extends('GOBO::Node') called at /tmp/loop_over_bdir-26149-sbOAJC/GOBO-0.03-0/blib/lib/GOBO/Evidence.pm line 4
require GOBO/Evidence.pm at /tmp/loop_over_bdir-26149-sbOAJC/GOBO-0.03-0/blib/lib/GOBO/Annotation.pm line 5
GOBO::Annotation::BEGIN at /tmp/loop_over_bdir-26149-sbOAJC/GOBO-0.03-0/blib/lib/GOBO/Synonym.pm line 0
eval {...} at /tmp/loop_over_bdir-26149-sbOAJC/GOBO-0.03-0/blib/lib/GOBO/Synonym.pm line 0
require GOBO/Annotation.pm at /tmp/loop_over_bdir-26149-sbOAJC/GOBO-0.03-0/blib/lib/GOBO/Graph.pm line 55
GOBO::Graph::BEGIN at /tmp/loop_over_bdir-26149-sbOAJC/GOBO-0.03-0/blib/lib/GOBO/Synonym.pm line 0
eval {...} at /tmp/loop_over_bdir-26149-sbOAJC/GOBO-0.03-0/blib/lib/GOBO/Synonym.pm line 0
require GOBO/Graph.pm at t/graph_creation.t line 11
main::BEGIN at /tmp/loop_over_bdir-26149-sbOAJC/GOBO-0.03-0/blib/lib/GOBO/Synonym.pm line 0
eval {...} at /tmp/loop_over_bdir-26149-sbOAJC/GOBO-0.03-0/blib/lib/GOBO/Synonym.pm line 0
Compilation failed in require at /tmp/loop_over_bdir-26149-sbOAJC/GOBO-0.03-0/blib/lib/GOBO/Labeled.pm line 23.
BEGIN failed--compilation aborted at /tmp/loop_over_bdir-26149-sbOAJC/GOBO-0.03-0/blib/lib/GOBO/Labeled.pm line 23.
Compilation failed in require at /home/sand/src/perl/repoperls/installed-perls/host/k93msid/v5.22.1/89ad/lib/site_perl/5.22.1/Module/Runtime.pm line 317.
Compilation failed in require at /home/sand/src/perl/repoperls/installed-perls/host/k93msid/v5.22.1/89ad/lib/site_perl/5.22.1/Module/Runtime.pm line 317.
Compilation failed in require at /tmp/loop_over_bdir-26149-sbOAJC/GOBO-0.03-0/blib/lib/GOBO/Annotation.pm line 5.
BEGIN failed--compilation aborted at /tmp/loop_over_bdir-26149-sbOAJC/GOBO-0.03-0/blib/lib/GOBO/Annotation.pm line 5.
Compilation failed in require at /tmp/loop_over_bdir-26149-sbOAJC/GOBO-0.03-0/blib/lib/GOBO/Graph.pm line 55.
BEGIN failed--compilation aborted at /tmp/loop_over_bdir-26149-sbOAJC/GOBO-0.03-0/blib/lib/GOBO/Graph.pm line 55.
Compilation failed in require at t/graph_creation.t line 11.
BEGIN failed--compilation aborted at t/graph_creation.t line 11.
t/graph_creation.t ...........
Dubious, test returned 255 (wstat 65280, 0xff00)
No subtests run
You cannot coerce an attribute (provenance) unless its type (GOBO::Node) has a coercion at /home/sand/src/perl/repoperls/installed-perls/host/k93msid/v5.22.1/89ad/lib/site_perl/5.22.1/x86_64-linux/Moose/Exporter.pm line 419
Moose::with('GOBO::Attributed') called at /tmp/loop_over_bdir-26149-sbOAJC/GOBO-0.03-0/blib/lib/GOBO/Synonym.pm line 17
require GOBO/Synonym.pm at /tmp/loop_over_bdir-26149-sbOAJC/GOBO-0.03-0/blib/lib/GOBO/Labeled.pm line 23
GOBO::Labeled::BEGIN at /tmp/loop_over_bdir-26149-sbOAJC/GOBO-0.03-0/blib/lib/GOBO/Synonym.pm line 0
eval {...} at /tmp/loop_over_bdir-26149-sbOAJC/GOBO-0.03-0/blib/lib/GOBO/Synonym.pm line 0
require GOBO/Labeled.pm at /home/sand/src/perl/repoperls/installed-perls/host/k93msid/v5.22.1/89ad/lib/site_perl/5.22.1/Module/Runtime.pm line 317
Module::Runtime::require_module('GOBO::Labeled') called at /home/sand/src/perl/repoperls/installed-perls/host/k93msid/v5.22.1/89ad/lib/site_perl/5.22.1/Module/Runtime.pm line 381
eval {...} at /home/sand/src/perl/repoperls/installed-perls/host/k93msid/v5.22.1/89ad/lib/site_perl/5.22.1/Module/Runtime.pm line 381
Module::Runtime::use_package_optimistically('GOBO::Labeled') called at /home/sand/src/perl/repoperls/installed-perls/host/k93msid/v5.22.1/89ad/lib/site_perl/5.22.1/x86_64-linux/Moose/Util.pm line 352
Moose::Util::_load_user_class('GOBO::Labeled', undef) called at /home/sand/src/perl/repoperls/installed-perls/host/k93msid/v5.22.1/89ad/lib/site_perl/5.22.1/x86_64-linux/Moose/Util.pm line 147
Moose::Util::_apply_all_roles('Moose::Meta::Class=HASH(0x55d4ae176bd8)', undef, 'GOBO::Labeled') called at /home/sand/src/perl/repoperls/installed-perls/host/k93msid/v5.22.1/89ad/lib/site_perl/5.22.1/x86_64-linux/Moose/Util.pm line 114
Moose::Util::apply_all_roles('Moose::Meta::Class=HASH(0x55d4ae176bd8)', 'GOBO::Labeled') called at /home/sand/src/perl/repoperls/installed-perls/host/k93msid/v5.22.1/89ad/lib/site_perl/5.22.1/x86_64-linux/Moose.pm line 57
Moose::with('Moose::Meta::Class=HASH(0x55d4ae176bd8)', 'GOBO::Labeled') called at /home/sand/src/perl/repoperls/installed-perls/host/k93msid/v5.22.1/89ad/lib/site_perl/5.22.1/x86_64-linux/Moose/Exporter.pm line 419
Moose::with('GOBO::Labeled') called at /tmp/loop_over_bdir-26149-sbOAJC/GOBO-0.03-0/blib/lib/GOBO/Node.pm line 6
require GOBO/Node.pm at /home/sand/src/perl/repoperls/installed-perls/host/k93msid/v5.22.1/89ad/lib/site_perl/5.22.1/Module/Runtime.pm line 317
Module::Runtime::require_module('GOBO::Node') called at /home/sand/src/perl/repoperls/installed-perls/host/k93msid/v5.22.1/89ad/lib/site_perl/5.22.1/Module/Runtime.pm line 381
eval {...} at /home/sand/src/perl/repoperls/installed-perls/host/k93msid/v5.22.1/89ad/lib/site_perl/5.22.1/Module/Runtime.pm line 381
Module::Runtime::use_package_optimistically('GOBO::Node') called at /home/sand/src/perl/repoperls/installed-perls/host/k93msid/v5.22.1/89ad/lib/site_perl/5.22.1/x86_64-linux/Moose/Util.pm line 352
Moose::Util::_load_user_class('GOBO::Node', undef) called at /home/sand/src/perl/repoperls/installed-perls/host/k93msid/v5.22.1/89ad/lib/site_perl/5.22.1/x86_64-linux/Moose/Meta/Class.pm line 569
Moose::Meta::Class::superclasses(undef, 'GOBO::Node') called at /home/sand/src/perl/repoperls/installed-perls/host/k93msid/v5.22.1/89ad/lib/site_perl/5.22.1/x86_64-linux/Moose.pm line 53
Moose::extends('Moose::Meta::Class=HASH(0x55d4ae160f10)', 'GOBO::Node') called at /home/sand/src/perl/repoperls/installed-perls/host/k93msid/v5.22.1/89ad/lib/site_perl/5.22.1/x86_64-linux/Moose/Exporter.pm line 419
Moose::extends('GOBO::Node') called at /tmp/loop_over_bdir-26149-sbOAJC/GOBO-0.03-0/blib/lib/GOBO/Evidence.pm line 4
require GOBO/Evidence.pm at /tmp/loop_over_bdir-26149-sbOAJC/GOBO-0.03-0/blib/lib/GOBO/Annotation.pm line 5
GOBO::Annotation::BEGIN at /tmp/loop_over_bdir-26149-sbOAJC/GOBO-0.03-0/blib/lib/GOBO/Synonym.pm line 0
eval {...} at /tmp/loop_over_bdir-26149-sbOAJC/GOBO-0.03-0/blib/lib/GOBO/Synonym.pm line 0
require GOBO/Annotation.pm at /tmp/loop_over_bdir-26149-sbOAJC/GOBO-0.03-0/blib/lib/GOBO/Graph.pm line 55
GOBO::Graph::BEGIN at /tmp/loop_over_bdir-26149-sbOAJC/GOBO-0.03-0/blib/lib/GOBO/Synonym.pm line 0
eval {...} at /tmp/loop_over_bdir-26149-sbOAJC/GOBO-0.03-0/blib/lib/GOBO/Synonym.pm line 0
require GOBO/Graph.pm at t/inference_engine_test.t line 4
main::BEGIN at /tmp/loop_over_bdir-26149-sbOAJC/GOBO-0.03-0/blib/lib/GOBO/Synonym.pm line 0
eval {...} at /tmp/loop_over_bdir-26149-sbOAJC/GOBO-0.03-0/blib/lib/GOBO/Synonym.pm line 0
Compilation failed in require at /tmp/loop_over_bdir-26149-sbOAJC/GOBO-0.03-0/blib/lib/GOBO/Labeled.pm line 23.
BEGIN failed--compilation aborted at /tmp/loop_over_bdir-26149-sbOAJC/GOBO-0.03-0/blib/lib/GOBO/Labeled.pm line 23.
Compilation failed in require at /home/sand/src/perl/repoperls/installed-perls/host/k93msid/v5.22.1/89ad/lib/site_perl/5.22.1/Module/Runtime.pm line 317.
Compilation failed in require at /home/sand/src/perl/repoperls/installed-perls/host/k93msid/v5.22.1/89ad/lib/site_perl/5.22.1/Module/Runtime.pm line 317.
Compilation failed in require at /tmp/loop_over_bdir-26149-sbOAJC/GOBO-0.03-0/blib/lib/GOBO/Annotation.pm line 5.
BEGIN failed--compilation aborted at /tmp/loop_over_bdir-26149-sbOAJC/GOBO-0.03-0/blib/lib/GOBO/Annotation.pm line 5.
Compilation failed in require at /tmp/loop_over_bdir-26149-sbOAJC/GOBO-0.03-0/blib/lib/GOBO/Graph.pm line 55.
BEGIN failed--compilation aborted at /tmp/loop_over_bdir-26149-sbOAJC/GOBO-0.03-0/blib/lib/GOBO/Graph.pm line 55.
Compilation failed in require at t/inference_engine_test.t line 4.
BEGIN failed--compilation aborted at t/inference_engine_test.t line 4.
t/inference_engine_test.t ....
Dubious, test returned 255 (wstat 65280, 0xff00)
No subtests run
You cannot coerce an attribute (source) unless its type (GOBO::Node) has a coercion at /home/sand/src/perl/repoperls/installed-perls/host/k93msid/v5.22.1/89ad/lib/site_perl/5.22.1/x86_64-linux/Moose/Exporter.pm line 419
Moose::with('GOBO::Attributed') called at /tmp/loop_over_bdir-26149-sbOAJC/GOBO-0.03-0/blib/lib/GOBO/Synonym.pm line 17
require GOBO/Synonym.pm at /tmp/loop_over_bdir-26149-sbOAJC/GOBO-0.03-0/blib/lib/GOBO/Labeled.pm line 23
GOBO::Labeled::BEGIN at /tmp/loop_over_bdir-26149-sbOAJC/GOBO-0.03-0/blib/lib/GOBO/Synonym.pm line 0
eval {...} at /tmp/loop_over_bdir-26149-sbOAJC/GOBO-0.03-0/blib/lib/GOBO/Synonym.pm line 0
require GOBO/Labeled.pm at /home/sand/src/perl/repoperls/installed-perls/host/k93msid/v5.22.1/89ad/lib/site_perl/5.22.1/Module/Runtime.pm line 317
Module::Runtime::require_module('GOBO::Labeled') called at /home/sand/src/perl/repoperls/installed-perls/host/k93msid/v5.22.1/89ad/lib/site_perl/5.22.1/Module/Runtime.pm line 381
eval {...} at /home/sand/src/perl/repoperls/installed-perls/host/k93msid/v5.22.1/89ad/lib/site_perl/5.22.1/Module/Runtime.pm line 381
Module::Runtime::use_package_optimistically('GOBO::Labeled') called at /home/sand/src/perl/repoperls/installed-perls/host/k93msid/v5.22.1/89ad/lib/site_perl/5.22.1/x86_64-linux/Moose/Util.pm line 352
Moose::Util::_load_user_class('GOBO::Labeled', undef) called at /home/sand/src/perl/repoperls/installed-perls/host/k93msid/v5.22.1/89ad/lib/site_perl/5.22.1/x86_64-linux/Moose/Util.pm line 147
Moose::Util::_apply_all_roles('Moose::Meta::Class=HASH(0x565443d62518)', undef, 'GOBO::Labeled') called at /home/sand/src/perl/repoperls/installed-perls/host/k93msid/v5.22.1/89ad/lib/site_perl/5.22.1/x86_64-linux/Moose/Util.pm line 114
Moose::Util::apply_all_roles('Moose::Meta::Class=HASH(0x565443d62518)', 'GOBO::Labeled') called at /home/sand/src/perl/repoperls/installed-perls/host/k93msid/v5.22.1/89ad/lib/site_perl/5.22.1/x86_64-linux/Moose.pm line 57
Moose::with('Moose::Meta::Class=HASH(0x565443d62518)', 'GOBO::Labeled') called at /home/sand/src/perl/repoperls/installed-perls/host/k93msid/v5.22.1/89ad/lib/site_perl/5.22.1/x86_64-linux/Moose/Exporter.pm line 419
Moose::with('GOBO::Labeled') called at /tmp/loop_over_bdir-26149-sbOAJC/GOBO-0.03-0/blib/lib/GOBO/Node.pm line 6
require GOBO/Node.pm at /home/sand/src/perl/repoperls/installed-perls/host/k93msid/v5.22.1/89ad/lib/site_perl/5.22.1/Module/Runtime.pm line 317
Module::Runtime::require_module('GOBO::Node') called at /home/sand/src/perl/repoperls/installed-perls/host/k93msid/v5.22.1/89ad/lib/site_perl/5.22.1/Module/Runtime.pm line 381
eval {...} at /home/sand/src/perl/repoperls/installed-perls/host/k93msid/v5.22.1/89ad/lib/site_perl/5.22.1/Module/Runtime.pm line 381
Module::Runtime::use_package_optimistically('GOBO::Node') called at /home/sand/src/perl/repoperls/installed-perls/host/k93msid/v5.22.1/89ad/lib/site_perl/5.22.1/x86_64-linux/Moose/Util.pm line 352
Moose::Util::_load_user_class('GOBO::Node', undef) called at /home/sand/src/perl/repoperls/installed-perls/host/k93msid/v5.22.1/89ad/lib/site_perl/5.22.1/x86_64-linux/Moose/Meta/Class.pm line 569
Moose::Meta::Class::superclasses(undef, 'GOBO::Node') called at /home/sand/src/perl/repoperls/installed-perls/host/k93msid/v5.22.1/89ad/lib/site_perl/5.22.1/x86_64-linux/Moose.pm line 53
Moose::extends('Moose::Meta::Class=HASH(0x5654430279f8)', 'GOBO::Node') called at /home/sand/src/perl/repoperls/installed-perls/host/k93msid/v5.22.1/89ad/lib/site_perl/5.22.1/x86_64-linux/Moose/Exporter.pm line 419
Moose::extends('GOBO::Node') called at /tmp/loop_over_bdir-26149-sbOAJC/GOBO-0.03-0/blib/lib/GOBO/Evidence.pm line 4
require GOBO/Evidence.pm at /tmp/loop_over_bdir-26149-sbOAJC/GOBO-0.03-0/blib/lib/GOBO/Annotation.pm line 5
GOBO::Annotation::BEGIN at /tmp/loop_over_bdir-26149-sbOAJC/GOBO-0.03-0/blib/lib/GOBO/Synonym.pm line 0
eval {...} at /tmp/loop_over_bdir-26149-sbOAJC/GOBO-0.03-0/blib/lib/GOBO/Synonym.pm line 0
require GOBO/Annotation.pm at /tmp/loop_over_bdir-26149-sbOAJC/GOBO-0.03-0/blib/lib/GOBO/Graph.pm line 55
GOBO::Graph::BEGIN at /tmp/loop_over_bdir-26149-sbOAJC/GOBO-0.03-0/blib/lib/GOBO/Synonym.pm line 0
eval {...} at /tmp/loop_over_bdir-26149-sbOAJC/GOBO-0.03-0/blib/lib/GOBO/Synonym.pm line 0
require GOBO/Graph.pm at t/logical_definition_test.t line 4
main::BEGIN at /tmp/loop_over_bdir-26149-sbOAJC/GOBO-0.03-0/blib/lib/GOBO/Synonym.pm line 0
eval {...} at /tmp/loop_over_bdir-26149-sbOAJC/GOBO-0.03-0/blib/lib/GOBO/Synonym.pm line 0
Compilation failed in require at /tmp/loop_over_bdir-26149-sbOAJC/GOBO-0.03-0/blib/lib/GOBO/Labeled.pm line 23.
BEGIN failed--compilation aborted at /tmp/loop_over_bdir-26149-sbOAJC/GOBO-0.03-0/blib/lib/GOBO/Labeled.pm line 23.
Compilation failed in require at /home/sand/src/perl/repoperls/installed-perls/host/k93msid/v5.22.1/89ad/lib/site_perl/5.22.1/Module/Runtime.pm line 317.
Compilation failed in require at /home/sand/src/perl/repoperls/installed-perls/host/k93msid/v5.22.1/89ad/lib/site_perl/5.22.1/Module/Runtime.pm line 317.
Compilation failed in require at /tmp/loop_over_bdir-26149-sbOAJC/GOBO-0.03-0/blib/lib/GOBO/Annotation.pm line 5.
BEGIN failed--compilation aborted at /tmp/loop_over_bdir-26149-sbOAJC/GOBO-0.03-0/blib/lib/GOBO/Annotation.pm line 5.
Compilation failed in require at /tmp/loop_over_bdir-26149-sbOAJC/GOBO-0.03-0/blib/lib/GOBO/Graph.pm line 55.
BEGIN failed--compilation aborted at /tmp/loop_over_bdir-26149-sbOAJC/GOBO-0.03-0/blib/lib/GOBO/Graph.pm line 55.
Compilation failed in require at t/logical_definition_test.t line 4.
BEGIN failed--compilation aborted at t/logical_definition_test.t line 4.
t/logical_definition_test.t ..
Dubious, test returned 255 (wstat 65280, 0xff00)
No subtests run
You cannot coerce an attribute (source) unless its type (GOBO::Node) has a coercion at /home/sand/src/perl/repoperls/installed-perls/host/k93msid/v5.22.1/89ad/lib/site_perl/5.22.1/x86_64-linux/Moose/Exporter.pm line 419
Moose::with('GOBO::Attributed') called at /tmp/loop_over_bdir-26149-sbOAJC/GOBO-0.03-0/blib/lib/GOBO/Synonym.pm line 17
require GOBO/Synonym.pm at /tmp/loop_over_bdir-26149-sbOAJC/GOBO-0.03-0/blib/lib/GOBO/Labeled.pm line 23
GOBO::Labeled::BEGIN at /tmp/loop_over_bdir-26149-sbOAJC/GOBO-0.03-0/blib/lib/GOBO/Synonym.pm line 0
eval {...} at /tmp/loop_over_bdir-26149-sbOAJC/GOBO-0.03-0/blib/lib/GOBO/Synonym.pm line 0
require GOBO/Labeled.pm at /home/sand/src/perl/repoperls/installed-perls/host/k93msid/v5.22.1/89ad/lib/site_perl/5.22.1/Module/Runtime.pm line 317
Module::Runtime::require_module('GOBO::Labeled') called at /home/sand/src/perl/repoperls/installed-perls/host/k93msid/v5.22.1/89ad/lib/site_perl/5.22.1/Module/Runtime.pm line 381
eval {...} at /home/sand/src/perl/repoperls/installed-perls/host/k93msid/v5.22.1/89ad/lib/site_perl/5.22.1/Module/Runtime.pm line 381
Module::Runtime::use_package_optimistically('GOBO::Labeled') called at /home/sand/src/perl/repoperls/installed-perls/host/k93msid/v5.22.1/89ad/lib/site_perl/5.22.1/x86_64-linux/Moose/Util.pm line 352
Moose::Util::_load_user_class('GOBO::Labeled', undef) called at /home/sand/src/perl/repoperls/installed-perls/host/k93msid/v5.22.1/89ad/lib/site_perl/5.22.1/x86_64-linux/Moose/Util.pm line 147
Moose::Util::_apply_all_roles('Moose::Meta::Class=HASH(0x5605a7ec16b8)', undef, 'GOBO::Labeled') called at /home/sand/src/perl/repoperls/installed-perls/host/k93msid/v5.22.1/89ad/lib/site_perl/5.22.1/x86_64-linux/Moose/Util.pm line 114
Moose::Util::apply_all_roles('Moose::Meta::Class=HASH(0x5605a7ec16b8)', 'GOBO::Labeled') called at /home/sand/src/perl/repoperls/installed-perls/host/k93msid/v5.22.1/89ad/lib/site_perl/5.22.1/x86_64-linux/Moose.pm line 57
Moose::with('Moose::Meta::Class=HASH(0x5605a7ec16b8)', 'GOBO::Labeled') called at /home/sand/src/perl/repoperls/installed-perls/host/k93msid/v5.22.1/89ad/lib/site_perl/5.22.1/x86_64-linux/Moose/Exporter.pm line 419
Moose::with('GOBO::Labeled') called at /tmp/loop_over_bdir-26149-sbOAJC/GOBO-0.03-0/blib/lib/GOBO/Node.pm line 6
require GOBO/Node.pm at /home/sand/src/perl/repoperls/installed-perls/host/k93msid/v5.22.1/89ad/lib/site_perl/5.22.1/Module/Runtime.pm line 317
Module::Runtime::require_module('GOBO::Node') called at /home/sand/src/perl/repoperls/installed-perls/host/k93msid/v5.22.1/89ad/lib/site_perl/5.22.1/Module/Runtime.pm line 381
eval {...} at /home/sand/src/perl/repoperls/installed-perls/host/k93msid/v5.22.1/89ad/lib/site_perl/5.22.1/Module/Runtime.pm line 381
Module::Runtime::use_package_optimistically('GOBO::Node') called at /home/sand/src/perl/repoperls/installed-perls/host/k93msid/v5.22.1/89ad/lib/site_perl/5.22.1/x86_64-linux/Moose/Util.pm line 352
Moose::Util::_load_user_class('GOBO::Node', undef) called at /home/sand/src/perl/repoperls/installed-perls/host/k93msid/v5.22.1/89ad/lib/site_perl/5.22.1/x86_64-linux/Moose/Meta/Class.pm line 569
Moose::Meta::Class::superclasses(undef, 'GOBO::Node') called at /home/sand/src/perl/repoperls/installed-perls/host/k93msid/v5.22.1/89ad/lib/site_perl/5.22.1/x86_64-linux/Moose.pm line 53
Moose::extends('Moose::Meta::Class=HASH(0x5605a7d52f70)', 'GOBO::Node') called at /home/sand/src/perl/repoperls/installed-perls/host/k93msid/v5.22.1/89ad/lib/site_perl/5.22.1/x86_64-linux/Moose/Exporter.pm line 419
Moose::extends('GOBO::Node') called at /tmp/loop_over_bdir-26149-sbOAJC/GOBO-0.03-0/blib/lib/GOBO/Evidence.pm line 4
require GOBO/Evidence.pm at /tmp/loop_over_bdir-26149-sbOAJC/GOBO-0.03-0/blib/lib/GOBO/Annotation.pm line 5
GOBO::Annotation::BEGIN at /tmp/loop_over_bdir-26149-sbOAJC/GOBO-0.03-0/blib/lib/GOBO/Synonym.pm line 0
eval {...} at /tmp/loop_over_bdir-26149-sbOAJC/GOBO-0.03-0/blib/lib/GOBO/Synonym.pm line 0
require GOBO/Annotation.pm at /tmp/loop_over_bdir-26149-sbOAJC/GOBO-0.03-0/blib/lib/GOBO/Graph.pm line 55
GOBO::Graph::BEGIN at /tmp/loop_over_bdir-26149-sbOAJC/GOBO-0.03-0/blib/lib/GOBO/Synonym.pm line 0
eval {...} at /tmp/loop_over_bdir-26149-sbOAJC/GOBO-0.03-0/blib/lib/GOBO/Synonym.pm line 0
require GOBO/Graph.pm at t/node_removal.t line 8
main::BEGIN at /tmp/loop_over_bdir-26149-sbOAJC/GOBO-0.03-0/blib/lib/GOBO/Synonym.pm line 0
eval {...} at /tmp/loop_over_bdir-26149-sbOAJC/GOBO-0.03-0/blib/lib/GOBO/Synonym.pm line 0
Compilation failed in require at /tmp/loop_over_bdir-26149-sbOAJC/GOBO-0.03-0/blib/lib/GOBO/Labeled.pm line 23.
BEGIN failed--compilation aborted at /tmp/loop_over_bdir-26149-sbOAJC/GOBO-0.03-0/blib/lib/GOBO/Labeled.pm line 23.
Compilation failed in require at /home/sand/src/perl/repoperls/installed-perls/host/k93msid/v5.22.1/89ad/lib/site_perl/5.22.1/Module/Runtime.pm line 317.
Compilation failed in require at /home/sand/src/perl/repoperls/installed-perls/host/k93msid/v5.22.1/89ad/lib/site_perl/5.22.1/Module/Runtime.pm line 317.
Compilation failed in require at /tmp/loop_over_bdir-26149-sbOAJC/GOBO-0.03-0/blib/lib/GOBO/Annotation.pm line 5.
BEGIN failed--compilation aborted at /tmp/loop_over_bdir-26149-sbOAJC/GOBO-0.03-0/blib/lib/GOBO/Annotation.pm line 5.
Compilation failed in require at /tmp/loop_over_bdir-26149-sbOAJC/GOBO-0.03-0/blib/lib/GOBO/Graph.pm line 55.
BEGIN failed--compilation aborted at /tmp/loop_over_bdir-26149-sbOAJC/GOBO-0.03-0/blib/lib/GOBO/Graph.pm line 55.
Compilation failed in require at t/node_removal.t line 8.
BEGIN failed--compilation aborted at t/node_removal.t line 8.
t/node_removal.t .............
Dubious, test returned 255 (wstat 65280, 0xff00)
No subtests run
You cannot coerce an attribute (provenance) unless its type (GOBO::Node) has a coercion at /home/sand/src/perl/repoperls/installed-perls/host/k93msid/v5.22.1/89ad/lib/site_perl/5.22.1/x86_64-linux/Moose/Exporter.pm line 419
Moose::with('GOBO::Attributed') called at /tmp/loop_over_bdir-26149-sbOAJC/GOBO-0.03-0/blib/lib/GOBO/Synonym.pm line 17
require GOBO/Synonym.pm at /tmp/loop_over_bdir-26149-sbOAJC/GOBO-0.03-0/blib/lib/GOBO/Labeled.pm line 23
GOBO::Labeled::BEGIN at /tmp/loop_over_bdir-26149-sbOAJC/GOBO-0.03-0/blib/lib/GOBO/Synonym.pm line 0
eval {...} at /tmp/loop_over_bdir-26149-sbOAJC/GOBO-0.03-0/blib/lib/GOBO/Synonym.pm line 0
require GOBO/Labeled.pm at /home/sand/src/perl/repoperls/installed-perls/host/k93msid/v5.22.1/89ad/lib/site_perl/5.22.1/Module/Runtime.pm line 317
Module::Runtime::require_module('GOBO::Labeled') called at /home/sand/src/perl/repoperls/installed-perls/host/k93msid/v5.22.1/89ad/lib/site_perl/5.22.1/Module/Runtime.pm line 381
eval {...} at /home/sand/src/perl/repoperls/installed-perls/host/k93msid/v5.22.1/89ad/lib/site_perl/5.22.1/Module/Runtime.pm line 381
Module::Runtime::use_package_optimistically('GOBO::Labeled') called at /home/sand/src/perl/repoperls/installed-perls/host/k93msid/v5.22.1/89ad/lib/site_perl/5.22.1/x86_64-linux/Moose/Util.pm line 352
Moose::Util::_load_user_class('GOBO::Labeled', undef) called at /home/sand/src/perl/repoperls/installed-perls/host/k93msid/v5.22.1/89ad/lib/site_perl/5.22.1/x86_64-linux/Moose/Util.pm line 147
Moose::Util::_apply_all_roles('Moose::Meta::Class=HASH(0x55d1e075a750)', undef, 'GOBO::Labeled') called at /home/sand/src/perl/repoperls/installed-perls/host/k93msid/v5.22.1/89ad/lib/site_perl/5.22.1/x86_64-linux/Moose/Util.pm line 114
Moose::Util::apply_all_roles('Moose::Meta::Class=HASH(0x55d1e075a750)', 'GOBO::Labeled') called at /home/sand/src/perl/repoperls/installed-perls/host/k93msid/v5.22.1/89ad/lib/site_perl/5.22.1/x86_64-linux/Moose.pm line 57
Moose::with('Moose::Meta::Class=HASH(0x55d1e075a750)', 'GOBO::Labeled') called at /home/sand/src/perl/repoperls/installed-perls/host/k93msid/v5.22.1/89ad/lib/site_perl/5.22.1/x86_64-linux/Moose/Exporter.pm line 419
Moose::with('GOBO::Labeled') called at /tmp/loop_over_bdir-26149-sbOAJC/GOBO-0.03-0/blib/lib/GOBO/Node.pm line 6
require GOBO/Node.pm at /home/sand/src/perl/repoperls/installed-perls/host/k93msid/v5.22.1/89ad/lib/site_perl/5.22.1/Module/Runtime.pm line 317
Module::Runtime::require_module('GOBO::Node') called at /home/sand/src/perl/repoperls/installed-perls/host/k93msid/v5.22.1/89ad/lib/site_perl/5.22.1/Module/Runtime.pm line 381
eval {...} at /home/sand/src/perl/repoperls/installed-perls/host/k93msid/v5.22.1/89ad/lib/site_perl/5.22.1/Module/Runtime.pm line 381
Module::Runtime::use_package_optimistically('GOBO::Node') called at /home/sand/src/perl/repoperls/installed-perls/host/k93msid/v5.22.1/89ad/lib/site_perl/5.22.1/x86_64-linux/Moose/Util.pm line 352
Moose::Util::_load_user_class('GOBO::Node', undef) called at /home/sand/src/perl/repoperls/installed-perls/host/k93msid/v5.22.1/89ad/lib/site_perl/5.22.1/x86_64-linux/Moose/Meta/Class.pm line 569
Moose::Meta::Class::superclasses(undef, 'GOBO::Node') called at /home/sand/src/perl/repoperls/installed-perls/host/k93msid/v5.22.1/89ad/lib/site_perl/5.22.1/x86_64-linux/Moose.pm line 53
Moose::extends('Moose::Meta::Class=HASH(0x55d1dfa1f9f8)', 'GOBO::Node') called at /home/sand/src/perl/repoperls/installed-perls/host/k93msid/v5.22.1/89ad/lib/site_perl/5.22.1/x86_64-linux/Moose/Exporter.pm line 419
Moose::extends('GOBO::Node') called at /tmp/loop_over_bdir-26149-sbOAJC/GOBO-0.03-0/blib/lib/GOBO/Evidence.pm line 4
require GOBO/Evidence.pm at /tmp/loop_over_bdir-26149-sbOAJC/GOBO-0.03-0/blib/lib/GOBO/Annotation.pm line 5
GOBO::Annotation::BEGIN at /tmp/loop_over_bdir-26149-sbOAJC/GOBO-0.03-0/blib/lib/GOBO/Synonym.pm line 0
eval {...} at /tmp/loop_over_bdir-26149-sbOAJC/GOBO-0.03-0/blib/lib/GOBO/Synonym.pm line 0
require GOBO/Annotation.pm at /tmp/loop_over_bdir-26149-sbOAJC/GOBO-0.03-0/blib/lib/GOBO/Graph.pm line 55
GOBO::Graph::BEGIN at /tmp/loop_over_bdir-26149-sbOAJC/GOBO-0.03-0/blib/lib/GOBO/Synonym.pm line 0
eval {...} at /tmp/loop_over_bdir-26149-sbOAJC/GOBO-0.03-0/blib/lib/GOBO/Synonym.pm line 0
require GOBO/Graph.pm at t/oboparsertest.t line 6
main::BEGIN at /tmp/loop_over_bdir-26149-sbOAJC/GOBO-0.03-0/blib/lib/GOBO/Synonym.pm line 0
eval {...} at /tmp/loop_over_bdir-26149-sbOAJC/GOBO-0.03-0/blib/lib/GOBO/Synonym.pm line 0
Compilation failed in require at /tmp/loop_over_bdir-26149-sbOAJC/GOBO-0.03-0/blib/lib/GOBO/Labeled.pm line 23.
BEGIN failed--compilation aborted at /tmp/loop_over_bdir-26149-sbOAJC/GOBO-0.03-0/blib/lib/GOBO/Labeled.pm line 23.
Compilation failed in require at /home/sand/src/perl/repoperls/installed-perls/host/k93msid/v5.22.1/89ad/lib/site_perl/5.22.1/Module/Runtime.pm line 317.
Compilation failed in require at /home/sand/src/perl/repoperls/installed-perls/host/k93msid/v5.22.1/89ad/lib/site_perl/5.22.1/Module/Runtime.pm line 317.
Compilation failed in require at /tmp/loop_over_bdir-26149-sbOAJC/GOBO-0.03-0/blib/lib/GOBO/Annotation.pm line 5.
BEGIN failed--compilation aborted at /tmp/loop_over_bdir-26149-sbOAJC/GOBO-0.03-0/blib/lib/GOBO/Annotation.pm line 5.
Compilation failed in require at /tmp/loop_over_bdir-26149-sbOAJC/GOBO-0.03-0/blib/lib/GOBO/Graph.pm line 55.
BEGIN failed--compilation aborted at /tmp/loop_over_bdir-26149-sbOAJC/GOBO-0.03-0/blib/lib/GOBO/Graph.pm line 55.
Compilation failed in require at t/oboparsertest.t line 6.
BEGIN failed--compilation aborted at t/oboparsertest.t line 6.
t/oboparsertest.t ............
Dubious, test returned 255 (wstat 65280, 0xff00)
No subtests run
Subroutine main::ok redefined at /home/sand/src/perl/repoperls/installed-perls/host/k93msid/v5.22.1/89ad/lib/5.22.1/Exporter.pm line 66.
at t/parsetest.t line 6.
Prototype mismatch: sub main::ok ($;$$) vs ($;$) at /home/sand/src/perl/repoperls/installed-perls/host/k93msid/v5.22.1/89ad/lib/5.22.1/Exporter.pm line 66.
at t/parsetest.t line 6.
Subroutine main::skip redefined at /home/sand/src/perl/repoperls/installed-perls/host/k93msid/v5.22.1/89ad/lib/5.22.1/Exporter.pm line 66.
at t/parsetest.t line 6.
Prototype mismatch: sub main::skip ($;$$$) vs none at /home/sand/src/perl/repoperls/installed-perls/host/k93msid/v5.22.1/89ad/lib/5.22.1/Exporter.pm line 66.
at t/parsetest.t line 6.
Subroutine main::plan redefined at /home/sand/src/perl/repoperls/installed-perls/host/k93msid/v5.22.1/89ad/lib/5.22.1/Exporter.pm line 66.
at t/parsetest.t line 6.
You cannot coerce an attribute (source) unless its type (GOBO::Node) has a coercion at /home/sand/src/perl/repoperls/installed-perls/host/k93msid/v5.22.1/89ad/lib/site_perl/5.22.1/x86_64-linux/Moose/Exporter.pm line 419
Moose::with('GOBO::Attributed') called at /tmp/loop_over_bdir-26149-sbOAJC/GOBO-0.03-0/blib/lib/GOBO/Synonym.pm line 17
require GOBO/Synonym.pm at /tmp/loop_over_bdir-26149-sbOAJC/GOBO-0.03-0/blib/lib/GOBO/Labeled.pm line 23
GOBO::Labeled::BEGIN at /tmp/loop_over_bdir-26149-sbOAJC/GOBO-0.03-0/blib/lib/GOBO/Synonym.pm line 0
eval {...} at /tmp/loop_over_bdir-26149-sbOAJC/GOBO-0.03-0/blib/lib/GOBO/Synonym.pm line 0
require GOBO/Labeled.pm at /home/sand/src/perl/repoperls/installed-perls/host/k93msid/v5.22.1/89ad/lib/site_perl/5.22.1/Module/Runtime.pm line 317
Module::Runtime::require_module('GOBO::Labeled') called at /home/sand/src/perl/repoperls/installed-perls/host/k93msid/v5.22.1/89ad/lib/site_perl/5.22.1/Module/Runtime.pm line 381
eval {...} at /home/sand/src/perl/repoperls/installed-perls/host/k93msid/v5.22.1/89ad/lib/site_perl/5.22.1/Module/Runtime.pm line 381
Module::Runtime::use_package_optimistically('GOBO::Labeled') called at /home/sand/src/perl/repoperls/installed-perls/host/k93msid/v5.22.1/89ad/lib/site_perl/5.22.1/x86_64-linux/Moose/Util.pm line 352
Moose::Util::_load_user_class('GOBO::Labeled', undef) called at /home/sand/src/perl/repoperls/installed-perls/host/k93msid/v5.22.1/89ad/lib/site_perl/5.22.1/x86_64-linux/Moose/Util.pm line 147
Moose::Util::_apply_all_roles('Moose::Meta::Class=HASH(0x55618ecbb828)', undef, 'GOBO::Labeled') called at /home/sand/src/perl/repoperls/installed-perls/host/k93msid/v5.22.1/89ad/lib/site_perl/5.22.1/x86_64-linux/Moose/Util.pm line 114
Moose::Util::apply_all_roles('Moose::Meta::Class=HASH(0x55618ecbb828)', 'GOBO::Labeled') called at /home/sand/src/perl/repoperls/installed-perls/host/k93msid/v5.22.1/89ad/lib/site_perl/5.22.1/x86_64-linux/Moose.pm line 57
Moose::with('Moose::Meta::Class=HASH(0x55618ecbb828)', 'GOBO::Labeled') called at /home/sand/src/perl/repoperls/installed-perls/host/k93msid/v5.22.1/89ad/lib/site_perl/5.22.1/x86_64-linux/Moose/Exporter.pm line 419
Moose::with('GOBO::Labeled') called at /tmp/loop_over_bdir-26149-sbOAJC/GOBO-0.03-0/blib/lib/GOBO/Node.pm line 6
require GOBO/Node.pm at /tmp/loop_over_bdir-26149-sbOAJC/GOBO-0.03-0/blib/lib/GOBO/Parsers/GAFParser.pm line 7
GOBO::Parsers::GAFParser::BEGIN at /tmp/loop_over_bdir-26149-sbOAJC/GOBO-0.03-0/blib/lib/GOBO/Synonym.pm line 0
eval {...} at /tmp/loop_over_bdir-26149-sbOAJC/GOBO-0.03-0/blib/lib/GOBO/Synonym.pm line 0
require GOBO/Parsers/GAFParser.pm at t/parsetest.t line 10
main::BEGIN at /tmp/loop_over_bdir-26149-sbOAJC/GOBO-0.03-0/blib/lib/GOBO/Synonym.pm line 0
eval {...} at /tmp/loop_over_bdir-26149-sbOAJC/GOBO-0.03-0/blib/lib/GOBO/Synonym.pm line 0
Compilation failed in require at /tmp/loop_over_bdir-26149-sbOAJC/GOBO-0.03-0/blib/lib/GOBO/Labeled.pm line 23.
BEGIN failed--compilation aborted at /tmp/loop_over_bdir-26149-sbOAJC/GOBO-0.03-0/blib/lib/GOBO/Labeled.pm line 23.
Compilation failed in require at /home/sand/src/perl/repoperls/installed-perls/host/k93msid/v5.22.1/89ad/lib/site_perl/5.22.1/Module/Runtime.pm line 317.
Compilation failed in require at /tmp/loop_over_bdir-26149-sbOAJC/GOBO-0.03-0/blib/lib/GOBO/Parsers/GAFParser.pm line 7.
BEGIN failed--compilation aborted at /tmp/loop_over_bdir-26149-sbOAJC/GOBO-0.03-0/blib/lib/GOBO/Parsers/GAFParser.pm line 7.
Compilation failed in require at t/parsetest.t line 10.
BEGIN failed--compilation aborted at t/parsetest.t line 10.
t/parsetest.t ................ skipped: (no reason given)
You cannot coerce an attribute (provenance) unless its type (GOBO::Node) has a coercion at /home/sand/src/perl/repoperls/installed-perls/host/k93msid/v5.22.1/89ad/lib/site_perl/5.22.1/x86_64-linux/Moose/Exporter.pm line 419
Moose::with('GOBO::Attributed') called at /tmp/loop_over_bdir-26149-sbOAJC/GOBO-0.03-0/blib/lib/GOBO/Synonym.pm line 17
require GOBO/Synonym.pm at /tmp/loop_over_bdir-26149-sbOAJC/GOBO-0.03-0/blib/lib/GOBO/Labeled.pm line 23
GOBO::Labeled::BEGIN at /tmp/loop_over_bdir-26149-sbOAJC/GOBO-0.03-0/blib/lib/GOBO/Synonym.pm line 0
eval {...} at /tmp/loop_over_bdir-26149-sbOAJC/GOBO-0.03-0/blib/lib/GOBO/Synonym.pm line 0
require GOBO/Labeled.pm at /home/sand/src/perl/repoperls/installed-perls/host/k93msid/v5.22.1/89ad/lib/site_perl/5.22.1/Module/Runtime.pm line 317
Module::Runtime::require_module('GOBO::Labeled') called at /home/sand/src/perl/repoperls/installed-perls/host/k93msid/v5.22.1/89ad/lib/site_perl/5.22.1/Module/Runtime.pm line 381
eval {...} at /home/sand/src/perl/repoperls/installed-perls/host/k93msid/v5.22.1/89ad/lib/site_perl/5.22.1/Module/Runtime.pm line 381
Module::Runtime::use_package_optimistically('GOBO::Labeled') called at /home/sand/src/perl/repoperls/installed-perls/host/k93msid/v5.22.1/89ad/lib/site_perl/5.22.1/x86_64-linux/Moose/Util.pm line 352
Moose::Util::_load_user_class('GOBO::Labeled', undef) called at /home/sand/src/perl/repoperls/installed-perls/host/k93msid/v5.22.1/89ad/lib/site_perl/5.22.1/x86_64-linux/Moose/Util.pm line 147
Moose::Util::_apply_all_roles('Moose::Meta::Class=HASH(0x55b9876052f8)', undef, 'GOBO::Labeled') called at /home/sand/src/perl/repoperls/installed-perls/host/k93msid/v5.22.1/89ad/lib/site_perl/5.22.1/x86_64-linux/Moose/Util.pm line 114
Moose::Util::apply_all_roles('Moose::Meta::Class=HASH(0x55b9876052f8)', 'GOBO::Labeled') called at /home/sand/src/perl/repoperls/installed-perls/host/k93msid/v5.22.1/89ad/lib/site_perl/5.22.1/x86_64-linux/Moose.pm line 57
Moose::with('Moose::Meta::Class=HASH(0x55b9876052f8)', 'GOBO::Labeled') called at /home/sand/src/perl/repoperls/installed-perls/host/k93msid/v5.22.1/89ad/lib/site_perl/5.22.1/x86_64-linux/Moose/Exporter.pm line 419
Moose::with('GOBO::Labeled') called at /tmp/loop_over_bdir-26149-sbOAJC/GOBO-0.03-0/blib/lib/GOBO/Node.pm line 6
require GOBO/Node.pm at /home/sand/src/perl/repoperls/installed-perls/host/k93msid/v5.22.1/89ad/lib/site_perl/5.22.1/Module/Runtime.pm line 317
Module::Runtime::require_module('GOBO::Node') called at /home/sand/src/perl/repoperls/installed-perls/host/k93msid/v5.22.1/89ad/lib/site_perl/5.22.1/Module/Runtime.pm line 381
eval {...} at /home/sand/src/perl/repoperls/installed-perls/host/k93msid/v5.22.1/89ad/lib/site_perl/5.22.1/Module/Runtime.pm line 381
Module::Runtime::use_package_optimistically('GOBO::Node') called at /home/sand/src/perl/repoperls/installed-perls/host/k93msid/v5.22.1/89ad/lib/site_perl/5.22.1/x86_64-linux/Moose/Util.pm line 352
Moose::Util::_load_user_class('GOBO::Node', undef) called at /home/sand/src/perl/repoperls/installed-perls/host/k93msid/v5.22.1/89ad/lib/site_perl/5.22.1/x86_64-linux/Moose/Meta/Class.pm line 569
Moose::Meta::Class::superclasses(undef, 'GOBO::Node') called at /home/sand/src/perl/repoperls/installed-perls/host/k93msid/v5.22.1/89ad/lib/site_perl/5.22.1/x86_64-linux/Moose.pm line 53
Moose::extends('Moose::Meta::Class=HASH(0x55b9875f3630)', 'GOBO::Node') called at /home/sand/src/perl/repoperls/installed-perls/host/k93msid/v5.22.1/89ad/lib/site_perl/5.22.1/x86_64-linux/Moose/Exporter.pm line 419
Moose::extends('GOBO::Node') called at /tmp/loop_over_bdir-26149-sbOAJC/GOBO-0.03-0/blib/lib/GOBO/Evidence.pm line 4
require GOBO/Evidence.pm at /tmp/loop_over_bdir-26149-sbOAJC/GOBO-0.03-0/blib/lib/GOBO/Annotation.pm line 5
GOBO::Annotation::BEGIN at /tmp/loop_over_bdir-26149-sbOAJC/GOBO-0.03-0/blib/lib/GOBO/Synonym.pm line 0
eval {...} at /tmp/loop_over_bdir-26149-sbOAJC/GOBO-0.03-0/blib/lib/GOBO/Synonym.pm line 0
require GOBO/Annotation.pm at /tmp/loop_over_bdir-26149-sbOAJC/GOBO-0.03-0/blib/lib/GOBO/Graph.pm line 55
GOBO::Graph::BEGIN at /tmp/loop_over_bdir-26149-sbOAJC/GOBO-0.03-0/blib/lib/GOBO/Synonym.pm line 0
eval {...} at /tmp/loop_over_bdir-26149-sbOAJC/GOBO-0.03-0/blib/lib/GOBO/Synonym.pm line 0
require GOBO/Graph.pm at t/relation_test.t line 3
main::BEGIN at /tmp/loop_over_bdir-26149-sbOAJC/GOBO-0.03-0/blib/lib/GOBO/Synonym.pm line 0
eval {...} at /tmp/loop_over_bdir-26149-sbOAJC/GOBO-0.03-0/blib/lib/GOBO/Synonym.pm line 0
Compilation failed in require at /tmp/loop_over_bdir-26149-sbOAJC/GOBO-0.03-0/blib/lib/GOBO/Labeled.pm line 23.
BEGIN failed--compilation aborted at /tmp/loop_over_bdir-26149-sbOAJC/GOBO-0.03-0/blib/lib/GOBO/Labeled.pm line 23.
Compilation failed in require at /home/sand/src/perl/repoperls/installed-perls/host/k93msid/v5.22.1/89ad/lib/site_perl/5.22.1/Module/Runtime.pm line 317.
Compilation failed in require at /home/sand/src/perl/repoperls/installed-perls/host/k93msid/v5.22.1/89ad/lib/site_perl/5.22.1/Module/Runtime.pm line 317.
Compilation failed in require at /tmp/loop_over_bdir-26149-sbOAJC/GOBO-0.03-0/blib/lib/GOBO/Annotation.pm line 5.
BEGIN failed--compilation aborted at /tmp/loop_over_bdir-26149-sbOAJC/GOBO-0.03-0/blib/lib/GOBO/Annotation.pm line 5.
Compilation failed in require at /tmp/loop_over_bdir-26149-sbOAJC/GOBO-0.03-0/blib/lib/GOBO/Graph.pm line 55.
BEGIN failed--compilation aborted at /tmp/loop_over_bdir-26149-sbOAJC/GOBO-0.03-0/blib/lib/GOBO/Graph.pm line 55.
Compilation failed in require at t/relation_test.t line 3.
BEGIN failed--compilation aborted at t/relation_test.t line 3.
# Looks like your test exited with 255 before it could output anything.
t/relation_test.t ............
Dubious, test returned 255 (wstat 65280, 0xff00)
Failed 29/29 subtests
You cannot coerce an attribute (provenance) unless its type (GOBO::Node) has a coercion at /home/sand/src/perl/repoperls/installed-perls/host/k93msid/v5.22.1/89ad/lib/site_perl/5.22.1/x86_64-linux/Moose/Exporter.pm line 419
Moose::with('GOBO::Attributed') called at /tmp/loop_over_bdir-26149-sbOAJC/GOBO-0.03-0/blib/lib/GOBO/Synonym.pm line 17
require GOBO/Synonym.pm at /tmp/loop_over_bdir-26149-sbOAJC/GOBO-0.03-0/blib/lib/GOBO/Labeled.pm line 23
GOBO::Labeled::BEGIN at /tmp/loop_over_bdir-26149-sbOAJC/GOBO-0.03-0/blib/lib/GOBO/Synonym.pm line 0
eval {...} at /tmp/loop_over_bdir-26149-sbOAJC/GOBO-0.03-0/blib/lib/GOBO/Synonym.pm line 0
require GOBO/Labeled.pm at /home/sand/src/perl/repoperls/installed-perls/host/k93msid/v5.22.1/89ad/lib/site_perl/5.22.1/Module/Runtime.pm line 317
Module::Runtime::require_module('GOBO::Labeled') called at /home/sand/src/perl/repoperls/installed-perls/host/k93msid/v5.22.1/89ad/lib/site_perl/5.22.1/Module/Runtime.pm line 381
eval {...} at /home/sand/src/perl/repoperls/installed-perls/host/k93msid/v5.22.1/89ad/lib/site_perl/5.22.1/Module/Runtime.pm line 381
Module::Runtime::use_package_optimistically('GOBO::Labeled') called at /home/sand/src/perl/repoperls/installed-perls/host/k93msid/v5.22.1/89ad/lib/site_perl/5.22.1/x86_64-linux/Moose/Util.pm line 352
Moose::Util::_load_user_class('GOBO::Labeled', undef) called at /home/sand/src/perl/repoperls/installed-perls/host/k93msid/v5.22.1/89ad/lib/site_perl/5.22.1/x86_64-linux/Moose/Util.pm line 147
Moose::Util::_apply_all_roles('Moose::Meta::Class=HASH(0x5561905815a8)', undef, 'GOBO::Labeled') called at /home/sand/src/perl/repoperls/installed-perls/host/k93msid/v5.22.1/89ad/lib/site_perl/5.22.1/x86_64-linux/Moose/Util.pm line 114
Moose::Util::apply_all_roles('Moose::Meta::Class=HASH(0x5561905815a8)', 'GOBO::Labeled') called at /home/sand/src/perl/repoperls/installed-perls/host/k93msid/v5.22.1/89ad/lib/site_perl/5.22.1/x86_64-linux/Moose.pm line 57
Moose::with('Moose::Meta::Class=HASH(0x5561905815a8)', 'GOBO::Labeled') called at /home/sand/src/perl/repoperls/installed-perls/host/k93msid/v5.22.1/89ad/lib/site_perl/5.22.1/x86_64-linux/Moose/Exporter.pm line 419
Moose::with('GOBO::Labeled') called at /tmp/loop_over_bdir-26149-sbOAJC/GOBO-0.03-0/blib/lib/GOBO/Node.pm line 6
require GOBO/Node.pm at /home/sand/src/perl/repoperls/installed-perls/host/k93msid/v5.22.1/89ad/lib/site_perl/5.22.1/Module/Runtime.pm line 317
Module::Runtime::require_module('GOBO::Node') called at /home/sand/src/perl/repoperls/installed-perls/host/k93msid/v5.22.1/89ad/lib/site_perl/5.22.1/Module/Runtime.pm line 381
eval {...} at /home/sand/src/perl/repoperls/installed-perls/host/k93msid/v5.22.1/89ad/lib/site_perl/5.22.1/Module/Runtime.pm line 381
Module::Runtime::use_package_optimistically('GOBO::Node') called at /home/sand/src/perl/repoperls/installed-perls/host/k93msid/v5.22.1/89ad/lib/site_perl/5.22.1/x86_64-linux/Moose/Util.pm line 352
Moose::Util::_load_user_class('GOBO::Node', undef) called at /home/sand/src/perl/repoperls/installed-perls/host/k93msid/v5.22.1/89ad/lib/site_perl/5.22.1/x86_64-linux/Moose/Meta/Class.pm line 569
Moose::Meta::Class::superclasses(undef, 'GOBO::Node') called at /home/sand/src/perl/repoperls/installed-perls/host/k93msid/v5.22.1/89ad/lib/site_perl/5.22.1/x86_64-linux/Moose.pm line 53
Moose::extends('Moose::Meta::Class=HASH(0x55619056bab0)', 'GOBO::Node') called at /home/sand/src/perl/repoperls/installed-perls/host/k93msid/v5.22.1/89ad/lib/site_perl/5.22.1/x86_64-linux/Moose/Exporter.pm line 419
Moose::extends('GOBO::Node') called at /tmp/loop_over_bdir-26149-sbOAJC/GOBO-0.03-0/blib/lib/GOBO/Evidence.pm line 4
require GOBO/Evidence.pm at /tmp/loop_over_bdir-26149-sbOAJC/GOBO-0.03-0/blib/lib/GOBO/Annotation.pm line 5
GOBO::Annotation::BEGIN at /tmp/loop_over_bdir-26149-sbOAJC/GOBO-0.03-0/blib/lib/GOBO/Synonym.pm line 0
eval {...} at /tmp/loop_over_bdir-26149-sbOAJC/GOBO-0.03-0/blib/lib/GOBO/Synonym.pm line 0
require GOBO/Annotation.pm at /tmp/loop_over_bdir-26149-sbOAJC/GOBO-0.03-0/blib/lib/GOBO/Graph.pm line 55
GOBO::Graph::BEGIN at /tmp/loop_over_bdir-26149-sbOAJC/GOBO-0.03-0/blib/lib/GOBO/Synonym.pm line 0
eval {...} at /tmp/loop_over_bdir-26149-sbOAJC/GOBO-0.03-0/blib/lib/GOBO/Synonym.pm line 0
require GOBO/Graph.pm at t/roundtrip.t line 6
main::BEGIN at /tmp/loop_over_bdir-26149-sbOAJC/GOBO-0.03-0/blib/lib/GOBO/Synonym.pm line 0
eval {...} at /tmp/loop_over_bdir-26149-sbOAJC/GOBO-0.03-0/blib/lib/GOBO/Synonym.pm line 0
Compilation failed in require at /tmp/loop_over_bdir-26149-sbOAJC/GOBO-0.03-0/blib/lib/GOBO/Labeled.pm line 23.
BEGIN failed--compilation aborted at /tmp/loop_over_bdir-26149-sbOAJC/GOBO-0.03-0/blib/lib/GOBO/Labeled.pm line 23.
Compilation failed in require at /home/sand/src/perl/repoperls/installed-perls/host/k93msid/v5.22.1/89ad/lib/site_perl/5.22.1/Module/Runtime.pm line 317.
Compilation failed in require at /home/sand/src/perl/repoperls/installed-perls/host/k93msid/v5.22.1/89ad/lib/site_perl/5.22.1/Module/Runtime.pm line 317.
Compilation failed in require at /tmp/loop_over_bdir-26149-sbOAJC/GOBO-0.03-0/blib/lib/GOBO/Annotation.pm line 5.
BEGIN failed--compilation aborted at /tmp/loop_over_bdir-26149-sbOAJC/GOBO-0.03-0/blib/lib/GOBO/Annotation.pm line 5.
Compilation failed in require at /tmp/loop_over_bdir-26149-sbOAJC/GOBO-0.03-0/blib/lib/GOBO/Graph.pm line 55.
BEGIN failed--compilation aborted at /tmp/loop_over_bdir-26149-sbOAJC/GOBO-0.03-0/blib/lib/GOBO/Graph.pm line 55.
Compilation failed in require at t/roundtrip.t line 6.
BEGIN failed--compilation aborted at t/roundtrip.t line 6.
t/roundtrip.t ................
Dubious, test returned 255 (wstat 65280, 0xff00)
No subtests run
You cannot coerce an attribute (provenance) unless its type (GOBO::Node) has a coercion at /home/sand/src/perl/repoperls/installed-perls/host/k93msid/v5.22.1/89ad/lib/site_perl/5.22.1/x86_64-linux/Moose/Exporter.pm line 419
Moose::with('GOBO::Attributed') called at /tmp/loop_over_bdir-26149-sbOAJC/GOBO-0.03-0/blib/lib/GOBO/Synonym.pm line 17
require GOBO/Synonym.pm at /tmp/loop_over_bdir-26149-sbOAJC/GOBO-0.03-0/blib/lib/GOBO/Labeled.pm line 23
GOBO::Labeled::BEGIN at /tmp/loop_over_bdir-26149-sbOAJC/GOBO-0.03-0/blib/lib/GOBO/Synonym.pm line 0
eval {...} at /tmp/loop_over_bdir-26149-sbOAJC/GOBO-0.03-0/blib/lib/GOBO/Synonym.pm line 0
require GOBO/Labeled.pm at /home/sand/src/perl/repoperls/installed-perls/host/k93msid/v5.22.1/89ad/lib/site_perl/5.22.1/Module/Runtime.pm line 317
Module::Runtime::require_module('GOBO::Labeled') called at /home/sand/src/perl/repoperls/installed-perls/host/k93msid/v5.22.1/89ad/lib/site_perl/5.22.1/Module/Runtime.pm line 381
eval {...} at /home/sand/src/perl/repoperls/installed-perls/host/k93msid/v5.22.1/89ad/lib/site_perl/5.22.1/Module/Runtime.pm line 381
Module::Runtime::use_package_optimistically('GOBO::Labeled') called at /home/sand/src/perl/repoperls/installed-perls/host/k93msid/v5.22.1/89ad/lib/site_perl/5.22.1/x86_64-linux/Moose/Util.pm line 352
Moose::Util::_load_user_class('GOBO::Labeled', undef) called at /home/sand/src/perl/repoperls/installed-perls/host/k93msid/v5.22.1/89ad/lib/site_perl/5.22.1/x86_64-linux/Moose/Util.pm line 147
Moose::Util::_apply_all_roles('Moose::Meta::Class=HASH(0x56149f6e03e0)', undef, 'GOBO::Labeled') called at /home/sand/src/perl/repoperls/installed-perls/host/k93msid/v5.22.1/89ad/lib/site_perl/5.22.1/x86_64-linux/Moose/Util.pm line 114
Moose::Util::apply_all_roles('Moose::Meta::Class=HASH(0x56149f6e03e0)', 'GOBO::Labeled') called at /home/sand/src/perl/repoperls/installed-perls/host/k93msid/v5.22.1/89ad/lib/site_perl/5.22.1/x86_64-linux/Moose.pm line 57
Moose::with('Moose::Meta::Class=HASH(0x56149f6e03e0)', 'GOBO::Labeled') called at /home/sand/src/perl/repoperls/installed-perls/host/k93msid/v5.22.1/89ad/lib/site_perl/5.22.1/x86_64-linux/Moose/Exporter.pm line 419
Moose::with('GOBO::Labeled') called at /tmp/loop_over_bdir-26149-sbOAJC/GOBO-0.03-0/blib/lib/GOBO/Node.pm line 6
require GOBO/Node.pm at /home/sand/src/perl/repoperls/installed-perls/host/k93msid/v5.22.1/89ad/lib/site_perl/5.22.1/Module/Runtime.pm line 317
Module::Runtime::require_module('GOBO::Node') called at /home/sand/src/perl/repoperls/installed-perls/host/k93msid/v5.22.1/89ad/lib/site_perl/5.22.1/Module/Runtime.pm line 381
eval {...} at /home/sand/src/perl/repoperls/installed-perls/host/k93msid/v5.22.1/89ad/lib/site_perl/5.22.1/Module/Runtime.pm line 381
Module::Runtime::use_package_optimistically('GOBO::Node') called at /home/sand/src/perl/repoperls/installed-perls/host/k93msid/v5.22.1/89ad/lib/site_perl/5.22.1/x86_64-linux/Moose/Util.pm line 352
Moose::Util::_load_user_class('GOBO::Node', undef) called at /home/sand/src/perl/repoperls/installed-perls/host/k93msid/v5.22.1/89ad/lib/site_perl/5.22.1/x86_64-linux/Moose/Meta/Class.pm line 569
Moose::Meta::Class::superclasses(undef, 'GOBO::Node') called at /home/sand/src/perl/repoperls/installed-perls/host/k93msid/v5.22.1/89ad/lib/site_perl/5.22.1/x86_64-linux/Moose.pm line 53
Moose::extends('Moose::Meta::Class=HASH(0x56149f6cede0)', 'GOBO::Node') called at /home/sand/src/perl/repoperls/installed-perls/host/k93msid/v5.22.1/89ad/lib/site_perl/5.22.1/x86_64-linux/Moose/Exporter.pm line 419
Moose::extends('GOBO::Node') called at /tmp/loop_over_bdir-26149-sbOAJC/GOBO-0.03-0/blib/lib/GOBO/Evidence.pm line 4
require GOBO/Evidence.pm at /tmp/loop_over_bdir-26149-sbOAJC/GOBO-0.03-0/blib/lib/GOBO/Annotation.pm line 5
GOBO::Annotation::BEGIN at /tmp/loop_over_bdir-26149-sbOAJC/GOBO-0.03-0/blib/lib/GOBO/Synonym.pm line 0
eval {...} at /tmp/loop_over_bdir-26149-sbOAJC/GOBO-0.03-0/blib/lib/GOBO/Synonym.pm line 0
require GOBO/Annotation.pm at /tmp/loop_over_bdir-26149-sbOAJC/GOBO-0.03-0/blib/lib/GOBO/Graph.pm line 55
GOBO::Graph::BEGIN at /tmp/loop_over_bdir-26149-sbOAJC/GOBO-0.03-0/blib/lib/GOBO/Synonym.pm line 0
eval {...} at /tmp/loop_over_bdir-26149-sbOAJC/GOBO-0.03-0/blib/lib/GOBO/Synonym.pm line 0
require GOBO/Graph.pm at /tmp/loop_over_bdir-26149-sbOAJC/GOBO-0.03-0/blib/lib/GOBO/Parsers/OBOParser.pm line 7
GOBO::Parsers::OBOParser::BEGIN at /tmp/loop_over_bdir-26149-sbOAJC/GOBO-0.03-0/blib/lib/GOBO/Synonym.pm line 0
eval {...} at /tmp/loop_over_bdir-26149-sbOAJC/GOBO-0.03-0/blib/lib/GOBO/Synonym.pm line 0
require GOBO/Parsers/OBOParser.pm at t/slimmer_test.t line 9
main::BEGIN at /tmp/loop_over_bdir-26149-sbOAJC/GOBO-0.03-0/blib/lib/GOBO/Synonym.pm line 0
eval {...} at /tmp/loop_over_bdir-26149-sbOAJC/GOBO-0.03-0/blib/lib/GOBO/Synonym.pm line 0
Compilation failed in require at /tmp/loop_over_bdir-26149-sbOAJC/GOBO-0.03-0/blib/lib/GOBO/Labeled.pm line 23.
BEGIN failed--compilation aborted at /tmp/loop_over_bdir-26149-sbOAJC/GOBO-0.03-0/blib/lib/GOBO/Labeled.pm line 23.
Compilation failed in require at /home/sand/src/perl/repoperls/installed-perls/host/k93msid/v5.22.1/89ad/lib/site_perl/5.22.1/Module/Runtime.pm line 317.
Compilation failed in require at /home/sand/src/perl/repoperls/installed-perls/host/k93msid/v5.22.1/89ad/lib/site_perl/5.22.1/Module/Runtime.pm line 317.
Compilation failed in require at /tmp/loop_over_bdir-26149-sbOAJC/GOBO-0.03-0/blib/lib/GOBO/Annotation.pm line 5.
BEGIN failed--compilation aborted at /tmp/loop_over_bdir-26149-sbOAJC/GOBO-0.03-0/blib/lib/GOBO/Annotation.pm line 5.
Compilation failed in require at /tmp/loop_over_bdir-26149-sbOAJC/GOBO-0.03-0/blib/lib/GOBO/Graph.pm line 55.
BEGIN failed--compilation aborted at /tmp/loop_over_bdir-26149-sbOAJC/GOBO-0.03-0/blib/lib/GOBO/Graph.pm line 55.
Compilation failed in require at /tmp/loop_over_bdir-26149-sbOAJC/GOBO-0.03-0/blib/lib/GOBO/Parsers/OBOParser.pm line 7.
BEGIN failed--compilation aborted at /tmp/loop_over_bdir-26149-sbOAJC/GOBO-0.03-0/blib/lib/GOBO/Parsers/OBOParser.pm line 7.
Compilation failed in require at t/slimmer_test.t line 9.
BEGIN failed--compilation aborted at t/slimmer_test.t line 9.
t/slimmer_test.t .............
Dubious, test returned 255 (wstat 65280, 0xff00)
No subtests run
You cannot coerce an attribute (source) unless its type (GOBO::Node) has a coercion at /home/sand/src/perl/repoperls/installed-perls/host/k93msid/v5.22.1/89ad/lib/site_perl/5.22.1/x86_64-linux/Moose/Exporter.pm line 419
Moose::with('GOBO::Attributed') called at /tmp/loop_over_bdir-26149-sbOAJC/GOBO-0.03-0/blib/lib/GOBO/Synonym.pm line 17
require GOBO/Synonym.pm at /tmp/loop_over_bdir-26149-sbOAJC/GOBO-0.03-0/blib/lib/GOBO/Labeled.pm line 23
GOBO::Labeled::BEGIN at /tmp/loop_over_bdir-26149-sbOAJC/GOBO-0.03-0/blib/lib/GOBO/Synonym.pm line 0
eval {...} at /tmp/loop_over_bdir-26149-sbOAJC/GOBO-0.03-0/blib/lib/GOBO/Synonym.pm line 0
require GOBO/Labeled.pm at /home/sand/src/perl/repoperls/installed-perls/host/k93msid/v5.22.1/89ad/lib/site_perl/5.22.1/Module/Runtime.pm line 317
Module::Runtime::require_module('GOBO::Labeled') called at /home/sand/src/perl/repoperls/installed-perls/host/k93msid/v5.22.1/89ad/lib/site_perl/5.22.1/Module/Runtime.pm line 381
eval {...} at /home/sand/src/perl/repoperls/installed-perls/host/k93msid/v5.22.1/89ad/lib/site_perl/5.22.1/Module/Runtime.pm line 381
Module::Runtime::use_package_optimistically('GOBO::Labeled') called at /home/sand/src/perl/repoperls/installed-perls/host/k93msid/v5.22.1/89ad/lib/site_perl/5.22.1/x86_64-linux/Moose/Util.pm line 352
Moose::Util::_load_user_class('GOBO::Labeled', undef) called at /home/sand/src/perl/repoperls/installed-perls/host/k93msid/v5.22.1/89ad/lib/site_perl/5.22.1/x86_64-linux/Moose/Util.pm line 147
Moose::Util::_apply_all_roles('Moose::Meta::Class=HASH(0x55bd121d2718)', undef, 'GOBO::Labeled') called at /home/sand/src/perl/repoperls/installed-perls/host/k93msid/v5.22.1/89ad/lib/site_perl/5.22.1/x86_64-linux/Moose/Util.pm line 114
Moose::Util::apply_all_roles('Moose::Meta::Class=HASH(0x55bd121d2718)', 'GOBO::Labeled') called at /home/sand/src/perl/repoperls/installed-perls/host/k93msid/v5.22.1/89ad/lib/site_perl/5.22.1/x86_64-linux/Moose.pm line 57
Moose::with('Moose::Meta::Class=HASH(0x55bd121d2718)', 'GOBO::Labeled') called at /home/sand/src/perl/repoperls/installed-perls/host/k93msid/v5.22.1/89ad/lib/site_perl/5.22.1/x86_64-linux/Moose/Exporter.pm line 419
Moose::with('GOBO::Labeled') called at /tmp/loop_over_bdir-26149-sbOAJC/GOBO-0.03-0/blib/lib/GOBO/Node.pm line 6
require GOBO/Node.pm at /home/sand/src/perl/repoperls/installed-perls/host/k93msid/v5.22.1/89ad/lib/site_perl/5.22.1/Module/Runtime.pm line 317
Module::Runtime::require_module('GOBO::Node') called at /home/sand/src/perl/repoperls/installed-perls/host/k93msid/v5.22.1/89ad/lib/site_perl/5.22.1/Module/Runtime.pm line 381
eval {...} at /home/sand/src/perl/repoperls/installed-perls/host/k93msid/v5.22.1/89ad/lib/site_perl/5.22.1/Module/Runtime.pm line 381
Module::Runtime::use_package_optimistically('GOBO::Node') called at /home/sand/src/perl/repoperls/installed-perls/host/k93msid/v5.22.1/89ad/lib/site_perl/5.22.1/x86_64-linux/Moose/Util.pm line 352
Moose::Util::_load_user_class('GOBO::Node', undef) called at /home/sand/src/perl/repoperls/installed-perls/host/k93msid/v5.22.1/89ad/lib/site_perl/5.22.1/x86_64-linux/Moose/Meta/Class.pm line 569
Moose::Meta::Class::superclasses(undef, 'GOBO::Node') called at /home/sand/src/perl/repoperls/installed-perls/host/k93msid/v5.22.1/89ad/lib/site_perl/5.22.1/x86_64-linux/Moose.pm line 53
Moose::extends('Moose::Meta::Class=HASH(0x55bd121bd168)', 'GOBO::Node') called at /home/sand/src/perl/repoperls/installed-perls/host/k93msid/v5.22.1/89ad/lib/site_perl/5.22.1/x86_64-linux/Moose/Exporter.pm line 419
Moose::extends('GOBO::Node') called at /tmp/loop_over_bdir-26149-sbOAJC/GOBO-0.03-0/blib/lib/GOBO/Evidence.pm line 4
require GOBO/Evidence.pm at /tmp/loop_over_bdir-26149-sbOAJC/GOBO-0.03-0/blib/lib/GOBO/Annotation.pm line 5
GOBO::Annotation::BEGIN at /tmp/loop_over_bdir-26149-sbOAJC/GOBO-0.03-0/blib/lib/GOBO/Synonym.pm line 0
eval {...} at /tmp/loop_over_bdir-26149-sbOAJC/GOBO-0.03-0/blib/lib/GOBO/Synonym.pm line 0
require GOBO/Annotation.pm at /tmp/loop_over_bdir-26149-sbOAJC/GOBO-0.03-0/blib/lib/GOBO/Graph.pm line 55
GOBO::Graph::BEGIN at /tmp/loop_over_bdir-26149-sbOAJC/GOBO-0.03-0/blib/lib/GOBO/Synonym.pm line 0
eval {...} at /tmp/loop_over_bdir-26149-sbOAJC/GOBO-0.03-0/blib/lib/GOBO/Synonym.pm line 0
require GOBO/Graph.pm at t/union_inference_test.t line 4
main::BEGIN at /tmp/loop_over_bdir-26149-sbOAJC/GOBO-0.03-0/blib/lib/GOBO/Synonym.pm line 0
eval {...} at /tmp/loop_over_bdir-26149-sbOAJC/GOBO-0.03-0/blib/lib/GOBO/Synonym.pm line 0
Compilation failed in require at /tmp/loop_over_bdir-26149-sbOAJC/GOBO-0.03-0/blib/lib/GOBO/Labeled.pm line 23.
BEGIN failed--compilation aborted at /tmp/loop_over_bdir-26149-sbOAJC/GOBO-0.03-0/blib/lib/GOBO/Labeled.pm line 23.
Compilation failed in require at /home/sand/src/perl/repoperls/installed-perls/host/k93msid/v5.22.1/89ad/lib/site_perl/5.22.1/Module/Runtime.pm line 317.
Compilation failed in require at /home/sand/src/perl/repoperls/installed-perls/host/k93msid/v5.22.1/89ad/lib/site_perl/5.22.1/Module/Runtime.pm line 317.
Compilation failed in require at /tmp/loop_over_bdir-26149-sbOAJC/GOBO-0.03-0/blib/lib/GOBO/Annotation.pm line 5.
BEGIN failed--compilation aborted at /tmp/loop_over_bdir-26149-sbOAJC/GOBO-0.03-0/blib/lib/GOBO/Annotation.pm line 5.
Compilation failed in require at /tmp/loop_over_bdir-26149-sbOAJC/GOBO-0.03-0/blib/lib/GOBO/Graph.pm line 55.
BEGIN failed--compilation aborted at /tmp/loop_over_bdir-26149-sbOAJC/GOBO-0.03-0/blib/lib/GOBO/Graph.pm line 55.
Compilation failed in require at t/union_inference_test.t line 4.
BEGIN failed--compilation aborted at t/union_inference_test.t line 4.
t/union_inference_test.t .....
Dubious, test returned 255 (wstat 65280, 0xff00)
No subtests run
Test Summary Report
-------------------
t/analysis_test.t (Wstat: 65280 Tests: 0 Failed: 0)
Non-zero exit status: 255
Parse errors: No plan found in TAP output
t/classexpr.t (Wstat: 65280 Tests: 0 Failed: 0)
Non-zero exit status: 255
Parse errors: No plan found in TAP output
t/dbconnect.t (Wstat: 65280 Tests: 0 Failed: 0)
Non-zero exit status: 255
Parse errors: No plan found in TAP output
t/gaf_inference_test.t (Wstat: 65280 Tests: 0 Failed: 0)
Non-zero exit status: 255
Parse errors: No plan found in TAP output
t/gaftest.t (Wstat: 65280 Tests: 0 Failed: 0)
Non-zero exit status: 255
Parse errors: No plan found in TAP output
t/gaftest_chunked.t (Wstat: 65280 Tests: 0 Failed: 0)
Non-zero exit status: 255
Parse errors: No plan found in TAP output
t/gaftest_chunked_gzipped.t (Wstat: 65280 Tests: 0 Failed: 0)
Non-zero exit status: 255
Parse errors: No plan found in TAP output
t/graph_creation.t (Wstat: 65280 Tests: 0 Failed: 0)
Non-zero exit status: 255
Parse errors: No plan found in TAP output
t/inference_engine_test.t (Wstat: 65280 Tests: 0 Failed: 0)
Non-zero exit status: 255
Parse errors: No plan found in TAP output
t/logical_definition_test.t (Wstat: 65280 Tests: 0 Failed: 0)
Non-zero exit status: 255
Parse errors: No plan found in TAP output
t/node_removal.t (Wstat: 65280 Tests: 0 Failed: 0)
Non-zero exit status: 255
Parse errors: No plan found in TAP output
t/oboparsertest.t (Wstat: 65280 Tests: 0 Failed: 0)
Non-zero exit status: 255
Parse errors: No plan found in TAP output
t/parsetest.t (Wstat: 65280 Tests: 0 Failed: 0)
Non-zero exit status: 255
t/relation_test.t (Wstat: 65280 Tests: 0 Failed: 0)
Non-zero exit status: 255
Parse errors: Bad plan. You planned 29 tests but ran 0.
t/roundtrip.t (Wstat: 65280 Tests: 0 Failed: 0)
Non-zero exit status: 255
Parse errors: No plan found in TAP output
t/slimmer_test.t (Wstat: 65280 Tests: 0 Failed: 0)
Non-zero exit status: 255
Parse errors: No plan found in TAP output
t/union_inference_test.t (Wstat: 65280 Tests: 0 Failed: 0)
Non-zero exit status: 255
Parse errors: No plan found in TAP output
Files=17, Tests=0, 11 wallclock secs ( 0.04 usr 0.08 sys + 6.69 cusr 0.82 csys = 7.63 CPU)
Result: FAIL
Failed 17/17 test programs. 0/0 subtests failed.
Makefile:1191: recipe for target 'test_dynamic' failed
make: *** [test_dynamic] Error 255
------------------------------
PREREQUISITES
------------------------------
Prerequisite modules loaded:
requires:
Module Need Have
------------------------- ---- -------
DateTime::Format::ISO8601 0 0.08
List::MoreUtils 0 0.419
Moose 0.81 2.2006
Test::Deep 0 1.126
build_requires:
Module Need Have
------------------------- ---- -------
ExtUtils::MakeMaker 0 7.31_01
configure_requires:
Module Need Have
------------------------- ---- -------
ExtUtils::MakeMaker 0 7.31_01
------------------------------
ENVIRONMENT AND OTHER CONTEXT
------------------------------
Environment variables:
AUTOMATED_TESTING = 1
LANG = en_US.UTF-8
PATH = /home/sand/bin:/usr/local/bin:/usr/bin:/bin:/usr/games:/usr/local/perl/bin:/usr/X11/bin:/sbin:/usr/sbin
PERL5LIB =
PERL5OPT =
PERL5_CPANPLUS_IS_RUNNING = 26152
PERL5_CPAN_IS_RUNNING = 26152
PERL_CANARY_STABILITY_NOPROMPT = 1
PERL_MM_USE_DEFAULT = 1
PERL_USE_UNSAFE_INC = 1
SHELL = /usr/bin/zsh
TERM = screen
Perl special variables (and OS-specific diagnostics, for MSWin32):
$^X = /home/sand/src/perl/repoperls/installed-perls/host/k93msid/v5.22.1/89ad/bin/perl
$UID/$EUID = 1005 / 1005
$GID = 1005 1005
$EGID = 1005 1005
Perl module toolchain versions installed:
Module Have
------------------- --------
CPAN 2.18
CPAN::Meta 2.150010
Cwd 3.62
ExtUtils::CBuilder 0.280226
ExtUtils::Command 7.31_01
ExtUtils::Install 2.14
ExtUtils::MakeMaker 7.31_01
ExtUtils::Manifest 1.70
ExtUtils::ParseXS 3.35
File::Spec 3.62
JSON 2.94
JSON::PP 2.92
Module::Build 0.4224
Module::Signature 0.81
Parse::CPAN::Meta 1.4422
Test::Harness 3.40_01
Test::More 1.302091
YAML 1.23
YAML::Syck 1.29
version 0.9918
--
Summary of my perl5 (revision 5 version 22 subversion 1) configuration:
Derived from: 0ab152a1d10861997fe3e1b985cc92f142f4cec7
Platform:
osname=linux, osvers=4.9.0-2-amd64, archname=x86_64-linux
uname='linux k93msid 4.9.0-2-amd64 #1 smp debian 4.9.18-1 (2017-03-30) x86_64 gnulinux '
config_args='-Dprefix=/home/sand/src/perl/repoperls/installed-perls/host/k93msid/v5.22.1/89ad -Dmyhostname=k93msid -Dinstallusrbinperl=n -Uversiononly -Dusedevel -des -Ui_db -Dlibswanted=cl pthread socket inet nsl gdbm dbm malloc dl ld sun m crypt sec util c cposix posix ucb BSD gdbm_compat -Uuseithreads -Uuselongdouble -DDEBUGGING=-g'
hint=recommended, useposix=true, d_sigaction=define
useithreads=undef, usemultiplicity=undef
use64bitint=define, use64bitall=define, uselongdouble=undef
usemymalloc=n, bincompat5005=undef
Compiler:
cc='cc', ccflags ='-fwrapv -fno-strict-aliasing -pipe -fstack-protector-strong -I/usr/local/include -D_LARGEFILE_SOURCE -D_FILE_OFFSET_BITS=64',
optimize='-O2 -g',
cppflags='-fwrapv -fno-strict-aliasing -pipe -fstack-protector-strong -I/usr/local/include'
ccversion='', gccversion='6.3.0 20170406', gccosandvers=''
intsize=4, longsize=8, ptrsize=8, doublesize=8, byteorder=12345678, doublekind=3
d_longlong=define, longlongsize=8, d_longdbl=define, longdblsize=16, longdblkind=3
ivtype='long', ivsize=8, nvtype='double', nvsize=8, Off_t='off_t', lseeksize=8
alignbytes=8, prototype=define
Linker and Libraries:
ld='cc', ldflags =' -fstack-protector-strong -L/usr/local/lib'
libpth=/usr/local/lib /usr/lib/gcc/x86_64-linux-gnu/6/include-fixed /usr/include/x86_64-linux-gnu /usr/lib /lib/x86_64-linux-gnu /lib/../lib /usr/lib/x86_64-linux-gnu /usr/lib/../lib /lib
libs=-lpthread -lnsl -ldl -lm -lcrypt -lutil -lc
perllibs=-lpthread -lnsl -ldl -lm -lcrypt -lutil -lc
libc=libc-2.24.so, so=so, useshrplib=false, libperl=libperl.a
gnulibc_version='2.24'
Dynamic Linking:
dlsrc=dl_dlopen.xs, dlext=so, d_dlsymun=undef, ccdlflags='-Wl,-E'
cccdlflags='-fPIC', lddlflags='-shared -O2 -g -L/usr/local/lib -fstack-protector-strong'
Characteristics of this binary (from libperl):
Compile-time options: HAS_TIMES PERLIO_LAYERS PERL_DONT_CREATE_GVSV
PERL_HASH_FUNC_ONE_AT_A_TIME_HARD PERL_MALLOC_WRAP
PERL_NEW_COPY_ON_WRITE PERL_PRESERVE_IVUV
PERL_USE_DEVEL USE_64_BIT_ALL USE_64_BIT_INT
USE_LARGE_FILES USE_LOCALE USE_LOCALE_COLLATE
USE_LOCALE_CTYPE USE_LOCALE_NUMERIC USE_LOCALE_TIME
USE_PERLIO USE_PERL_ATOF
Locally applied patches:
uncommitted-changes
Built under linux
Compiled at Apr 17 2017 04:06:22
%ENV:
PERL5LIB=""
PERL5OPT=""
PERL5_CPANPLUS_IS_RUNNING="26152"
PERL5_CPAN_IS_RUNNING="26152"
PERL_CANARY_STABILITY_NOPROMPT="1"
PERL_MM_USE_DEFAULT="1"
PERL_USE_UNSAFE_INC="1"
@INC:
/home/sand/src/perl/repoperls/installed-perls/host/k93msid/v5.22.1/89ad/lib/site_perl/5.22.1/x86_64-linux
/home/sand/src/perl/repoperls/installed-perls/host/k93msid/v5.22.1/89ad/lib/site_perl/5.22.1
/home/sand/src/perl/repoperls/installed-perls/host/k93msid/v5.22.1/89ad/lib/5.22.1/x86_64-linux
/home/sand/src/perl/repoperls/installed-perls/host/k93msid/v5.22.1/89ad/lib/5.22.1
.