App-GitHooks-Plugin-ForceRegularUpdate vv1.0.5 Perl 5 v5.27.8 x86_64-linux
- Status
- Fail
- From
- Slaven Rezić (SREZIC)
- Dist
-
App-GitHooks-Plugin-ForceRegularUpdate vv1.0.5
- Platform
- Perl 5 v5.27.8 x86_64-linux
- Date
- 2018-01-21 14:24:52
- ID
- d87daaa6-feb6-11e7-9d0c-feba83bfd83b
This distribution has been tested as part of the CPAN Testers
project, supporting the Perl programming language. See
http://wiki.cpantesters.org/ for more information or email
questions to cpan-testers-discuss@perl.org
--
Dear Guillaume Aubert,
This is a computer-generated report for App-GitHooks-Plugin-ForceRegularUpdate-v1.0.5
on perl 5.27.8, created by CPAN-Reporter-1.2018.
Thank you for uploading your work to CPAN. However, there was a problem
testing your distribution.
If you think this report is invalid, please consult the CPAN Testers Wiki
for suggestions on how to avoid getting FAIL reports for missing library
or binary dependencies, unsupported operating systems, and so on:
http://wiki.cpantesters.org/wiki/CPANAuthorNotes
Sections of this report:
* Tester comments
* Program output
* Prerequisites
* Environment and other context
------------------------------
TESTER COMMENTS
------------------------------
Additional comments from tester:
none provided
------------------------------
PROGRAM OUTPUT
------------------------------
Output from './Build test':
# Testing App::GitHooks::Plugin::ForceRegularUpdate 1.0.5, Perl 5.027008, /opt/perl-5.27.8/bin/perl5.27.8
t/00-load.t ......... ok
# git version 2.11.0
# Using git version 2.11.0.
t/01-git_version.t .. ok
# Failed test 'The output matches expected results.'
# at t/10-run.t line 118.
# 'Unescaped left brace in regex is deprecated here (and will be fatal in Perl 5.32), passed through in regex; marked by <-- HERE in m/
# (% # leading '%'
# (-)? # left-align, rather than right
# (\d*)? # (optional) minimum field width
# (?:\.(\d*))? # (optional) maximum field width
# ({ <-- HERE .*?})? # (optional) stuff inside
# (\S) # actual format character
# )/ at /opt/perl-5.27.8/lib/site_perl/5.27.8/String/Format.pm line 77.
# x It appears that you haven't performed ./update_libs on this machine for a long time. Please do that and try to commit again.
# (1/2) .last_update.txt
# (2/2) test.pl at t/10-run.t line 108.
# '
# doesn't match '(?^:^x\ It\ appears\ that\ you\ haven\'t\ performed\ \.\/update_libs\ on\ this\ machine\ for\ a\ long\ time\.\ Please\ do\ that\ and\ try\ to\ commit\ again\.)'
# Looks like you failed 1 test of 5.
# Failed test 'Commit after an old update.'
# at t/10-run.t line 122.
# Failed test 'The output matches expected results.'
# at t/10-run.t line 118.
# 'Unescaped left brace in regex is deprecated here (and will be fatal in Perl 5.32), passed through in regex; marked by <-- HERE in m/
# (% # leading '%'
# (-)? # left-align, rather than right
# (\d*)? # (optional) minimum field width
# (?:\.(\d*))? # (optional) maximum field width
# ({ <-- HERE .*?})? # (optional) stuff inside
# (\S) # actual format character
# )/ at /opt/perl-5.27.8/lib/site_perl/5.27.8/String/Format.pm line 77.
# x It appears that you have never performed ./update_libs on this machine - please do that before committing.
# (1/2) .last_update.txt
# (2/2) test.pl at t/10-run.t line 108.
# '
# doesn't match '(?^:^x\ It\ appears\ that\ you\ have\ never\ performed\ \.\/update_libs\ on\ this\ machine\ \-\ please\ do\ that\ before\ committing\.)'
# Looks like you failed 1 test of 5.
# Failed test 'Commit in development.'
# at t/10-run.t line 122.
# Looks like you failed 2 tests of 4.
t/10-run.t ..........
Dubious, test returned 2 (wstat 512, 0x200)
Failed 2/4 subtests
Test Summary Report
-------------------
t/10-run.t (Wstat: 512 Tests: 4 Failed: 2)
Failed tests: 2, 4
Non-zero exit status: 2
Files=3, Tests=7, 3 wallclock secs ( 0.02 usr 0.02 sys + 1.68 cusr 1.37 csys = 3.09 CPU)
Result: FAIL
Failed 1/3 test programs. 2/7 subtests failed.
------------------------------
PREREQUISITES
------------------------------
Prerequisite modules loaded:
requires:
Module Need Have
------------------- ----- --------
App::GitHooks 0 1.9.0
Carp 0 1.45
File::Slurp 0 9999.19
perl 5.01 5.027008
build_requires:
Module Need Have
------------------- ----- --------
Capture::Tiny 0 0.46
Git::Repository 0 1.321
Test::Exception 0 0.43
Test::FailWarnings 0 0.008
Test::More 0.94 1.302120
Test::Requires::Git 1.005 1.008
configure_requires:
Module Need Have
------------------- ----- --------
Module::Build 0 0.4224
------------------------------
ENVIRONMENT AND OTHER CONTEXT
------------------------------
Environment variables:
LANG = C
LC_ALL = de_DE.UTF-8
PATH = /usr/local/bin:/usr/bin:/bin:/usr/local/sbin:/usr/sbin:/sbin:/home/cpansand/bin/linux-gnu:/home/cpansand/bin/sh:/home/cpansand/bin:/usr/games:/home/cpansand/devel:/home/eserte/src/srezic-misc/scripts
PERL5LIB =
PERL5OPT =
PERL5_CPANPLUS_IS_RUNNING = 24226
PERL5_CPAN_IS_RUNNING = 24226
PERL5_CPAN_IS_RUNNING_IN_RECURSION = 30624,24226
PERLDOC = -MPod::Perldoc::ToTextOverstrike
PERL_BATCH = yes
PERL_CANARY_STABILITY_NOPROMPT = 1
PERL_CPAN_REPORTER_CONFIG = /var/tmp/cpansmoker-1023/2018012109/cpanreporter_000_config.ini
PERL_EXTUTILS_AUTOINSTALL = --defaultdeps
PERL_PARALLEL_SMOKER = yes
PERL_USE_UNSAFE_INC = 1
SHELL = /usr/bin/zsh
TERM = screen
TMPDIR = /var/tmp/cpansmoker-1023/2018012109
Perl special variables (and OS-specific diagnostics, for MSWin32):
$^X = /opt/perl-5.27.8/bin/perl5.27.8
$UID/$EUID = 1023 / 1023
$GID = 1023 1023
$EGID = 1023 1023
Perl module toolchain versions installed:
Module Have
------------------- --------
CPAN 2.16
CPAN::Meta 2.150010
Cwd 3.72
ExtUtils::CBuilder 0.280230
ExtUtils::Command 7.30
ExtUtils::Install 2.14
ExtUtils::MakeMaker 7.30
ExtUtils::Manifest 1.70
ExtUtils::ParseXS 3.35
File::Spec 3.72
JSON 2.97001
JSON::PP 2.97001
Module::Build 0.4224
Module::Signature 0.81
Parse::CPAN::Meta 2.150010
Test::Harness 3.39
Test::More 1.302120
YAML 1.24
YAML::Syck 1.30
version 0.9918
--
Summary of my perl5 (revision 5 version 27 subversion 8) configuration:
Platform:
osname=linux
osvers=4.9.0-3-amd64
archname=x86_64-linux
uname='linux debian9 4.9.0-3-amd64 #1 smp debian 4.9.30-2+deb9u5 (2017-09-19) x86_64 gnulinux '
config_args='-ds -e -Dprefix=/opt/perl-5.27.8 -Dusedevel -Dusemallocwrap=no -Dcf_email=srezic@cpan.org'
hint=recommended
useposix=true
d_sigaction=define
useithreads=undef
usemultiplicity=undef
use64bitint=define
use64bitall=define
uselongdouble=undef
usemymalloc=n
default_inc_excludes_dot=define
bincompat5005=undef
Compiler:
cc='cc'
ccflags ='-fwrapv -fno-strict-aliasing -pipe -fstack-protector-strong -I/usr/local/include -D_LARGEFILE_SOURCE -D_FILE_OFFSET_BITS=64 -D_FORTIFY_SOURCE=2'
optimize='-O2'
cppflags='-fwrapv -fno-strict-aliasing -pipe -fstack-protector-strong -I/usr/local/include'
ccversion=''
gccversion='6.3.0 20170516'
gccosandvers=''
intsize=4
longsize=8
ptrsize=8
doublesize=8
byteorder=12345678
doublekind=3
d_longlong=define
longlongsize=8
d_longdbl=define
longdblsize=16
longdblkind=3
ivtype='long'
ivsize=8
nvtype='double'
nvsize=8
Off_t='off_t'
lseeksize=8
alignbytes=8
prototype=define
Linker and Libraries:
ld='cc'
ldflags =' -fstack-protector-strong -L/usr/local/lib'
libpth=/usr/local/lib /usr/lib/gcc/x86_64-linux-gnu/6/include-fixed /usr/include/x86_64-linux-gnu /usr/lib /lib/x86_64-linux-gnu /lib/../lib /usr/lib/x86_64-linux-gnu /usr/lib/../lib /lib
libs=-lpthread -lnsl -lgdbm -ldb -ldl -lm -lcrypt -lutil -lc -lgdbm_compat
perllibs=-lpthread -lnsl -ldl -lm -lcrypt -lutil -lc
libc=libc-2.24.so
so=so
useshrplib=false
libperl=libperl.a
gnulibc_version='2.24'
Dynamic Linking:
dlsrc=dl_dlopen.xs
dlext=so
d_dlsymun=undef
ccdlflags='-Wl,-E'
cccdlflags='-fPIC'
lddlflags='-shared -O2 -L/usr/local/lib -fstack-protector-strong'
Characteristics of this binary (from libperl):
Compile-time options:
HAS_TIMES
PERLIO_LAYERS
PERL_COPY_ON_WRITE
PERL_DONT_CREATE_GVSV
PERL_OP_PARENT
PERL_PRESERVE_IVUV
PERL_USE_DEVEL
USE_64_BIT_ALL
USE_64_BIT_INT
USE_LARGE_FILES
USE_LOCALE
USE_LOCALE_COLLATE
USE_LOCALE_CTYPE
USE_LOCALE_NUMERIC
USE_LOCALE_TIME
USE_PERLIO
USE_PERL_ATOF
Built under linux
Compiled at Jan 20 2018 08:22:29
%ENV:
PERL5LIB=""
PERL5OPT=""
PERL5_CPANPLUS_IS_RUNNING="24226"
PERL5_CPAN_IS_RUNNING="24226"
PERL5_CPAN_IS_RUNNING_IN_RECURSION="30624,24226"
PERLDOC="-MPod::Perldoc::ToTextOverstrike"
PERL_BATCH="yes"
PERL_CANARY_STABILITY_NOPROMPT="1"
PERL_CPAN_REPORTER_CONFIG="/var/tmp/cpansmoker-1023/2018012109/cpanreporter_000_config.ini"
PERL_EXTUTILS_AUTOINSTALL="--defaultdeps"
PERL_PARALLEL_SMOKER="yes"
PERL_USE_UNSAFE_INC="1"
@INC:
/opt/perl-5.27.8/lib/site_perl/5.27.8/x86_64-linux
/opt/perl-5.27.8/lib/site_perl/5.27.8
/opt/perl-5.27.8/lib/5.27.8/x86_64-linux
/opt/perl-5.27.8/lib/5.27.8
.