Report for Froody-42.041_2

Back
From: metabase:user:30ae4450-2aae-11df-837a-5e0a49663a4f
Subject: FAIL Froody-42.041_2 v5.16.3 
Date: 2014-07-31T22:31:08Z

This distribution has been tested as part of the CPAN Testers
project, supporting the Perl programming language.  See
http://wiki.cpantesters.org/ for more information or email
questions to cpan-testers-discuss@perl.org


--
Dear Fotango Ltd,

This is a computer-generated report for Froody-42.041_2
on perl 5.16.3, created by CPAN-Reporter-1.2010_01.

Thank you for uploading your work to CPAN.  However, there was a problem
testing your distribution.

If you think this report is invalid, please consult the CPAN Testers Wiki
for suggestions on how to avoid getting FAIL reports for missing library
or binary dependencies, unsupported operating systems, and so on:

http://wiki.cpantesters.org/wiki/CPANAuthorNotes

Sections of this report:

    * Tester comments
    * Program output
    * Prerequisites
    * Environment and other context

------------------------------
TESTER COMMENTS
------------------------------

Additional comments from tester:

this report is from an automated smoke testing program
and was not reviewed by a human for accuracy

------------------------------
PROGRAM OUTPUT
------------------------------

Output from 'C:\strawberry163\perl\bin\perl.exe ./Build test':

main::path_to_pkg() called too early to check prototype at t/000compile.t line 15.
t/000compile.t ......... 
Dubious, test returned 5 (wstat 1280, 0x500)
Failed 24/54 subtests 
t/001pragmas.t ......... ok

#   Failed test 'lib/Froody/Renderer/json.pm has POD'
#   at t/003pod.t line 65.
# Looks like you failed 1 test of 160.
t/003pod.t ............. 
Dubious, test returned 1 (wstat 256, 0x100)
Failed 1/160 subtests 
	(less 8 skipped subtests: 151 okay)
t/004uselib.t .......... ok
unknown key 'blah' defined within a terse structure at 'range' for structure 'testproject.object.extra'. at C:\strawberry163\cpan\build\Froody-42.041_2-Wd7yXc\blib\lib/Froody/Walker.pm line 94.
t/api.t ................ ok
t/config.t ............. ok
t/copy.t ............... ok
t/dispatch.t ........... ok
t/err_isa.t ............ ok
t/error.t .............. ok
t/froodydoc_pod_js.t ... skipped: froodydoc.js needs JavaScript::Standalone
t/froodydoc_wiky_js.t .. skipped: froodydoc.js needs JavaScript::Standalone
froody.xml.invalid - Invalid xml passed: Can't call method "parse_string" on unblessed reference at C:\strawberry163\cpan\build\Froody-42.041_2-Wd7yXc\blib\lib/Froody/API/XML.pm line 79, <DATA> line 16.

Stack trace:
  Invalid xml passed: Can't call method "parse_string" on unblessed reference at C:\strawberry163\cpan\build\Froody-42.041_2-Wd7yXc\blib\lib/Froody/API/XML.pm line 79, <DATA> line 16.
   at C:\strawberry163\cpan\build\Froody-42.041_2-Wd7yXc\blib\lib/Froody/API/XML.pm line 80, <DATA> line 16.
  	Froody::API::XML::load_spec('Froody::API::Reflection', '<spec>\x{a}<methods>\x{a}  <method name="froody.reflection.getMethodI...') called at C:\strawberry163\cpan\build\Froody-42.041_2-Wd7yXc\blib\lib/Froody/API/XML.pm line 62
  	Froody::API::XML::load('Froody::API::Reflection') called at C:\strawberry163\cpan\build\Froody-42.041_2-Wd7yXc\blib\lib/Froody/Repository.pm line 271
  	Froody::Repository::register_api('Froody::Repository=HASH(0x1c6bccc)', 'Froody::API::Reflection', 'Froody::Reflection=HASH(0x1c6bfdc)', 'froody.reflection.*') called at C:\strawberry163\cpan\build\Froody-42.041_2-Wd7yXc\blib\lib/Froody/Repository.pm line 253
  	Froody::Repository::register_implementation('Froody::Repository=HASH(0x1c6bccc)', 'Froody::Reflection') called at C:\strawberry163\cpan\build\Froody-42.041_2-Wd7yXc\blib\lib/Froody/Repository.pm line 70
  	Froody::Repository::init('Froody::Repository=HASH(0x1c6bccc)') called at C:\strawberry163\cpan\build\Froody-42.041_2-Wd7yXc\blib\lib/Froody/Base.pm line 49
  	Froody::Base::new('Froody::Repository') called at C:\strawberry163\cpan\build\Froody-42.041_2-Wd7yXc\blib\lib/Froody/Dispatch.pm line 165
  	Froody::Dispatch::config('Froody::Dispatch', 'HASH(0x1c6b9dc)') called at C:\strawberry163\cpan\build\Froody-42.041_2-Wd7yXc\blib\lib/Froody/Server/Standalone.pm line 94
  	Froody::Server::Standalone::config('Froody::Server::Standalone=HASH(0x1c6b97c)', 'HASH(0x1c6b9dc)') called at C:\strawberry163\cpan\build\Froody-42.041_2-Wd7yXc\blib\lib/Froody/Server/Test.pm line 54
  	Froody::Server::Test::start('Froody::Server::Test', 'DTest::Test') called at t/high-level.t line 22
froody.invoke.remote - Bad response from remote server - 500 Can't connect to localhost:30000 (10061)
Stack trace:
  Bad response from remote server - 500 Can't connect to localhost:30000 (10061) at C:\strawberry163\cpan\build\Froody-42.041_2-Wd7yXc\blib\lib/Froody/Invoker/Remote.pm line 61.
  	Froody::Invoker::Remote::invoke('Froody::Invoker::Remote=HASH(0x15c1454)', 'Froody::Method=HASH(0x15c0ea4)', 'HASH(0x1a70ec4)', 'HASH(0x19e71e4)') called at C:\strawberry163\cpan\build\Froody-42.041_2-Wd7yXc\blib\lib/Froody/Dispatch.pm line 323
  	Froody::Dispatch::call_via() called at C:\strawberry163\cpan\build\Froody-42.041_2-Wd7yXc\blib\lib/Froody/Dispatch.pm line 363
  	Froody::Dispatch::load_specification('Froody::Dispatch=HASH(0x15ba77c)', 'http://localhost:30000') called at C:\strawberry163\cpan\build\Froody-42.041_2-Wd7yXc\blib\lib/Froody/Dispatch.pm line 345
  	Froody::Dispatch::add_endpoint('Froody::Dispatch=HASH(0x15ba77c)', 'http://localhost:30000') called at C:\strawberry163\cpan\build\Froody-42.041_2-Wd7yXc\blib\lib/Froody/Server/Test.pm line 92
  	Froody::Server::Test::client('Froody::Server::Test') called at t/high-level.t line 23
# Looks like you planned 50 tests but ran 1.
t/high-level.t ......... 
Dubious, test returned 255 (wstat 65280, 0xff00)
Failed 49/50 subtests 
unknown key 'ignored' defined within a terse structure at 'just' for structure 'wibble.frobniz.validate'. at C:\strawberry163\cpan\build\Froody-42.041_2-Wd7yXc\blib\lib/Froody/Walker.pm line 94.
t/implementation.t ..... ok
t/inv_rem.t ............ ok
t/method.t ............. ok
t/method_basic.t ....... ok
froody.xml.invalid - Invalid xml passed: Can't call method "parse_string" on unblessed reference at C:\strawberry163\cpan\build\Froody-42.041_2-Wd7yXc\blib\lib/Froody/API/XML.pm line 79.

Stack trace:
  Invalid xml passed: Can't call method "parse_string" on unblessed reference at C:\strawberry163\cpan\build\Froody-42.041_2-Wd7yXc\blib\lib/Froody/API/XML.pm line 79.
   at C:\strawberry163\cpan\build\Froody-42.041_2-Wd7yXc\blib\lib/Froody/API/XML.pm line 80.
  	Froody::API::XML::load_spec('Froody::API::Reflection', '<spec>\x{a}<methods>\x{a}  <method name="froody.reflection.getMethodI...') called at C:\strawberry163\cpan\build\Froody-42.041_2-Wd7yXc\blib\lib/Froody/API/XML.pm line 62
  	Froody::API::XML::load('Froody::API::Reflection') called at C:\strawberry163\cpan\build\Froody-42.041_2-Wd7yXc\blib\lib/Froody/Repository.pm line 271
  	Froody::Repository::register_api('Froody::Repository=HASH(0x23d1adc)', 'Froody::API::Reflection', 'Froody::Reflection=HASH(0x23d1b6c)', 'froody.reflection.*') called at C:\strawberry163\cpan\build\Froody-42.041_2-Wd7yXc\blib\lib/Froody/Repository.pm line 253
  	Froody::Repository::register_implementation('Froody::Repository=HASH(0x23d1adc)', 'Froody::Reflection') called at C:\strawberry163\cpan\build\Froody-42.041_2-Wd7yXc\blib\lib/Froody/Repository.pm line 70
  	Froody::Repository::init('Froody::Repository=HASH(0x23d1adc)') called at C:\strawberry163\cpan\build\Froody-42.041_2-Wd7yXc\blib\lib/Froody/Base.pm line 49
  	Froody::Base::new('Froody::Repository') called at C:\strawberry163\cpan\build\Froody-42.041_2-Wd7yXc\blib\lib/Froody/Dispatch.pm line 165
  	Froody::Dispatch::config('Froody::Dispatch', 'HASH(0x23d1a0c)') called at C:\strawberry163\cpan\build\Froody-42.041_2-Wd7yXc\blib\lib/Froody/Server/Standalone.pm line 94
  	Froody::Server::Standalone::config('Froody::Server::Standalone=HASH(0x23d19ac)', 'HASH(0x23d1a0c)') called at C:\strawberry163\cpan\build\Froody-42.041_2-Wd7yXc\blib\lib/Froody/Server/Test.pm line 54
  	Froody::Server::Test::start('Froody::Server::Test', 'Testproject::Object') called at C:\strawberry163\cpan\build\Froody-42.041_2-Wd7yXc\blib\lib/Froody/Server/Test.pm line 87
  	Froody::Server::Test::client('Froody::Server::Test', 'Testproject::Object') called at t/multipart.t line 21
froody.invoke.remote - Bad response from remote server - 500 Can't connect to localhost:30000 (10061)
Stack trace:
  Bad response from remote server - 500 Can't connect to localhost:30000 (10061) at C:\strawberry163\cpan\build\Froody-42.041_2-Wd7yXc\blib\lib/Froody/Invoker/Remote.pm line 61.
  	Froody::Invoker::Remote::invoke('Froody::Invoker::Remote=HASH(0x1a9495c)', 'Froody::Method=HASH(0x20caaa4)', 'HASH(0x1aa869c)', 'HASH(0x1aa8cfc)') called at C:\strawberry163\cpan\build\Froody-42.041_2-Wd7yXc\blib\lib/Froody/Dispatch.pm line 323
  	Froody::Dispatch::call_via() called at C:\strawberry163\cpan\build\Froody-42.041_2-Wd7yXc\blib\lib/Froody/Dispatch.pm line 363
  	Froody::Dispatch::load_specification('Froody::Dispatch=HASH(0x1aa844c)', 'http://localhost:30000') called at C:\strawberry163\cpan\build\Froody-42.041_2-Wd7yXc\blib\lib/Froody/Dispatch.pm line 345
  	Froody::Dispatch::add_endpoint('Froody::Dispatch=HASH(0x1aa844c)', 'http://localhost:30000') called at C:\strawberry163\cpan\build\Froody-42.041_2-Wd7yXc\blib\lib/Froody/Server/Test.pm line 92
  	Froody::Server::Test::client('Froody::Server::Test', 'Testproject::Object') called at t/multipart.t line 21
# No tests run!
t/multipart.t .......... 
Dubious, test returned 255 (wstat 65280, 0xff00)
Failed 8/8 subtests 
t/pluggable.t .......... ok
t/reflection.t ......... ok
t/reflection2.t ........ ok
t/repos.t .............. ok
t/rsp_basic.t .......... ok
t/rsp_convert.t ........ ok
t/rsp_err.t ............ ok
t/rsp_evil_edges.t ..... 
Failed 1/4 subtests 
error : string is not in UTF-8
encoding error : output conversion failed due to conv error, bytes 0xE9 0x6F 0x6E 0x3D
I/O error : encoder error
t/rsp_perlds.t ......... ok
t/rsp_terse.t .......... ok
t/rsp_xml.t ............ ok
t/structure.t .......... ok
bad element 'evil' in node 'top' (not in spec) at C:\strawberry163\cpan\build\Froody-42.041_2-Wd7yXc\blib\lib/Froody/Walker.pm line 94.
bad attr 'foo' in node 'top' (not in spec) at C:\strawberry163\cpan\build\Froody-42.041_2-Wd7yXc\blib\lib/Froody/Walker.pm line 94.
unknown key 'foo' defined within a terse structure at 'top' for structure '<unknown>'. at C:\strawberry163\cpan\build\Froody-42.041_2-Wd7yXc\blib\lib/Froody/Walker.pm line 94.
t/walker.t ............. ok
t/xml.t ................ ok

Test Summary Report
-------------------
t/000compile.t       (Wstat: 1280 Tests: 30 Failed: 0)
  Non-zero exit status: 5
  Parse errors: Bad plan.  You planned 54 tests but ran 30.
t/003pod.t           (Wstat: 256 Tests: 160 Failed: 1)
  Failed test:  89
  Non-zero exit status: 1
t/high-level.t       (Wstat: 65280 Tests: 1 Failed: 0)
  Non-zero exit status: 255
  Parse errors: Bad plan.  You planned 50 tests but ran 1.
t/multipart.t        (Wstat: 65280 Tests: 0 Failed: 0)
  Non-zero exit status: 255
  Parse errors: Bad plan.  You planned 8 tests but ran 0.
t/rsp_evil_edges.t   (Wstat: 0 Tests: 4 Failed: 1)
  Failed test:  2
Files=32, Tests=793, 38 wallclock secs ( 0.06 usr +  0.41 sys =  0.47 CPU)
Result: FAIL
Failed 5/32 test programs. 2/793 subtests failed.

------------------------------
PREREQUISITES
------------------------------

Prerequisite modules loaded:

requires:

    Module                         Need  Have    
    ------------------------------ ----- --------
    Class::Accessor::Chained::Fast 0     0       
    Class::Data::Inheritable       0     0.08    
    Email::Valid                   0     1.192   
    Error                          0.15  0.17022 
    File::Spec                     0     3.40    
    HTTP::Date                     0     6.02    
    HTTP::Request::Common          0     6.04    
    HTTP::Server::Simple           0     0.44    
    JSON::XS                       0     2.33    
    List::MoreUtils                0     0.33    
    LWP::Simple                    0     6.00    
    LWP::UserAgent                 0     6.05    
    Module::Pluggable              0     5.1     
    Params::Validate               0     1.07    
    perl                           5.008 5.016003
    Template                       0     2.25    
    UNIVERSAL::require             0     0.16    
    URI                            0     1.60    
    XML::LibXML                    0     2.0014  
    YAML::Syck                     0     1.24    

build_requires:

    Module                         Need  Have    
    ------------------------------ ----- --------
    Test::Differences              0     0.61    
    Test::Exception                0     0.32    
    Test::More                     0     1.001002
    Test::XML                      0     0.08    


------------------------------
ENVIRONMENT AND OTHER CONTEXT
------------------------------

Environment variables:

    AUTOMATED_TESTING = 1
    COMSPEC = C:\WINDOWS\system32\cmd.exe
    NUMBER_OF_PROCESSORS = 1
    PATH = C:\Program Files\Far Manager\;C:\WINDOWS\system32;C:\WINDOWS;C:\WINDOWS\System32\Wbem;C:\strawberry163\c\bin;C:\strawberry163\perl\site\bin;C:\strawberry163\perl\bin
    PERL5LIB = C:\strawberry163\cpan\build\Test-XML-0.08-1aELlE/blib/arch;C:\strawberry163\cpan\build\Test-XML-0.08-1aELlE/blib/lib;C:\strawberry163\cpan\build\XML-SemanticDiff-1.0004-JVLkq5/blib/arch;C:\strawberry163\cpan\build\XML-SemanticDiff-1.0004-JVLkq5/blib/lib
    PERL5OPT = 
    PERL5_CPANPLUS_IS_RUNNING = 3460
    PERL5_CPAN_IS_RUNNING = 3460
    PERL5_CPAN_IS_RUNNING_IN_RECURSION = 672,3460
    PERL_CR_SMOKER_CURRENT = Froody-42.041_2
    PERL_EXTUTILS_AUTOINSTALL = --defaultdeps
    PERL_MM_USE_DEFAULT = 1
    PROCESSOR_IDENTIFIER = x86 Family 16 Model 5 Stepping 3, AuthenticAMD
    TEMP = C:\DOCUME~1\c\LOCALS~1\Temp
    TERM = dumb

Perl special variables (and OS-specific diagnostics, for MSWin32):

    $^X = C:\strawberry163\perl\bin\perl.exe
    $UID/$EUID = 0 / 0
    $GID = 0
    $EGID = 0
    Win32::GetOSName = WinXP/.Net
    Win32::GetOSVersion = Service Pack 3, 5, 1, 2600, 2, 3, 0, 256, 1
    Win32::FsType = NTFS
    Win32::IsAdminUser = 1

Perl module toolchain versions installed:

    Module              Have    
    ------------------- --------
    CPAN                2.00    
    CPAN::Meta          2.140640
    Cwd                 3.40    
    ExtUtils::CBuilder  0.280206
    ExtUtils::Command   1.17    
    ExtUtils::Install   1.58    
    ExtUtils::MakeMaker 6.64    
    ExtUtils::Manifest  1.61    
    ExtUtils::ParseXS   3.24    
    File::Spec          3.40    
    JSON                2.90    
    JSON::PP            2.27203 
    Module::Build       0.4205  
    Module::Signature   0.70    
    Parse::CPAN::Meta   1.4414  
    Test::Harness       3.30    
    Test::More          1.001002
    YAML                0.90    
    YAML::Syck          1.24    
    version             0.9902  


--

Summary of my perl5 (revision 5 version 16 subversion 3) configuration:
   
  Platform:
    osname=MSWin32, osvers=4.0, archname=MSWin32-x86-multi-thread
    uname='Win32 strawberry-perl 5.16.3.1 #1 Tue Mar 12 13:55:20 2013 i386'
    config_args='undef'
    hint=recommended, useposix=true, d_sigaction=undef
    useithreads=define, usemultiplicity=define
    useperlio=define, d_sfio=undef, uselargefiles=define, usesocks=undef
    use64bitint=undef, use64bitall=undef, uselongdouble=undef
    usemymalloc=n, bincompat5005=undef
  Compiler:
    cc='gcc', ccflags =' -s -O2 -DWIN32  -DPERL_TEXTMODE_SCRIPTS -DPERL_IMPLICIT_CONTEXT -DPERL_IMPLICIT_SYS -fno-strict-aliasing -mms-bitfields',
    optimize='-s -O2',
    cppflags='-DWIN32'
    ccversion='', gccversion='4.6.3', gccosandvers=''
    intsize=4, longsize=4, ptrsize=4, doublesize=8, byteorder=1234
    d_longlong=undef, longlongsize=8, d_longdbl=define, longdblsize=12
    ivtype='long', ivsize=4, nvtype='double', nvsize=8, Off_t='long long', lseeksize=8
    alignbytes=8, prototype=define
  Linker and Libraries:
    ld='g++', ldflags ='-s -L"C:\strawberry163\perl\lib\CORE" -L"C:\strawberry163\c\lib"'
    libpth=C:\strawberry163\c\lib C:\strawberry163\c\i686-w64-mingw32\lib
    libs=-lmoldname -lkernel32 -luser32 -lgdi32 -lwinspool -lcomdlg32 -ladvapi32 -lshell32 -lole32 -loleaut32 -lnetapi32 -luuid -lws2_32 -lmpr -lwinmm -lversion -lodbc32 -lodbccp32 -lcomctl32
    perllibs=-lmoldname -lkernel32 -luser32 -lgdi32 -lwinspool -lcomdlg32 -ladvapi32 -lshell32 -lole32 -loleaut32 -lnetapi32 -luuid -lws2_32 -lmpr -lwinmm -lversion -lodbc32 -lodbccp32 -lcomctl32
    libc=, so=dll, useshrplib=true, libperl=libperl516.a
    gnulibc_version=''
  Dynamic Linking:
    dlsrc=dl_win32.xs, dlext=dll, d_dlsymun=undef, ccdlflags=' '
    cccdlflags=' ', lddlflags='-mdll -s -L"C:\strawberry163\perl\lib\CORE" -L"C:\strawberry163\c\lib"'


Characteristics of this binary (from libperl): 
  Compile-time options: HAS_TIMES HAVE_INTERP_INTERN MULTIPLICITY
                        PERLIO_LAYERS PERL_DONT_CREATE_GVSV
                        PERL_IMPLICIT_CONTEXT PERL_IMPLICIT_SYS
                        PERL_MALLOC_WRAP PERL_PRESERVE_IVUV PL_OP_SLAB_ALLOC
                        USE_ITHREADS USE_LARGE_FILES USE_LOCALE
                        USE_LOCALE_COLLATE USE_LOCALE_CTYPE
                        USE_LOCALE_NUMERIC USE_PERLIO USE_PERL_ATOF
  Built under MSWin32
  Compiled at Mar 12 2013 14:01:07
  %ENV:
    PERL5LIB="C:\strawberry163\cpan\build\Test-XML-0.08-1aELlE/blib/arch;C:\strawberry163\cpan\build\Test-XML-0.08-1aELlE/blib/lib;C:\strawberry163\cpan\build\XML-SemanticDiff-1.0004-JVLkq5/blib/arch;C:\strawberry163\cpan\build\XML-SemanticDiff-1.0004-JVLkq5/blib/lib"
    PERL5_CPANPLUS_IS_RUNNING="3460"
    PERL5_CPAN_IS_RUNNING="3460"
    PERL5_CPAN_IS_RUNNING_IN_RECURSION="672,3460"
    PERL_CR_SMOKER_CURRENT="Froody-42.041_2"
    PERL_EXTUTILS_AUTOINSTALL="--defaultdeps"
    PERL_MM_USE_DEFAULT="1"
  @INC:
    C:\strawberry163\cpan\build\Test-XML-0.08-1aELlE/blib/arch
    C:\strawberry163\cpan\build\Test-XML-0.08-1aELlE/blib/lib
    C:\strawberry163\cpan\build\XML-SemanticDiff-1.0004-JVLkq5/blib/arch
    C:\strawberry163\cpan\build\XML-SemanticDiff-1.0004-JVLkq5/blib/lib
    C:/strawberry163/perl/site/lib
    C:/strawberry163/perl/vendor/lib
    C:/strawberry163/perl/lib
    .