Cache-FastMmap v1.57 Perl 5 v5.37.8 x86_64-dragonfly-thread-multi

Status
Fail
From
Carlos Guevara
Dist
Cache-FastMmap v1.57
Platform
Perl 5 v5.37.8 x86_64-dragonfly-thread-multi
Date
2022-12-30 12:16:53
ID
d83e70a2-883b-11ed-975e-15dafaae82a7
This distribution has been tested as part of the CPAN Testers
project, supporting the Perl programming language.  See
http://wiki.cpantesters.org/ for more information or email
questions to cpan-testers-discuss@perl.org


--
Dear Rob Mueller,

This is a computer-generated report for Cache-FastMmap-1.57
on perl 5.37.8, created by CPAN-Reporter-1.2018.

Thank you for uploading your work to CPAN.  However, there was a problem
testing your distribution.

If you think this report is invalid, please consult the CPAN Testers Wiki
for suggestions on how to avoid getting FAIL reports for missing library
or binary dependencies, unsupported operating systems, and so on:

http://wiki.cpantesters.org/wiki/CPANAuthorNotes

Sections of this report:

    * Tester comments
    * Program output
    * Prerequisites
    * Environment and other context

------------------------------
TESTER COMMENTS
------------------------------

Additional comments from tester:

this report is from an automated smoke testing program
and was not reviewed by a human for accuracy

------------------------------
PROGRAM OUTPUT
------------------------------

Output from '/usr/bin/make test':

"/home/cpan/bin/perl-blead/bin/perl5.37.8" -MExtUtils::Command::MM -e 'cp_nonempty' -- FastMmap.bs blib/arch/auto/Cache/FastMmap/FastMmap.bs 644
PERL_DL_NONLAZY=1 "/home/cpan/bin/perl-blead/bin/perl5.37.8" "-MExtUtils::Command::MM" "-MTest::Harness" "-e" "undef *Test::Harness::Switches; test_harness(0, 'blib/lib', 'blib/arch')" t/*.t
t/1.t ... ok
t/10.t .. ok
t/11.t .. ok
t/12.t .. ok
t/13.t .. ok
t/14.t .. ok
t/15.t .. ok
t/16.t .. ok
t/17.t .. ok

#   Failed test 'More fd's than caches: 0 > 20'
#   at t/18.t line 45.
# Looks like you failed 1 test of 2.
t/18.t .. 
Dubious, test returned 1 (wstat 256, 0x100)
Failed 1/2 subtests 
t/19.t .. skipped: No JSON/Sereal, no json/sereal storage tests
t/2.t ... ok
t/20.t .. ok
sh: findmnt: not found
t/21.t .. skipped: Large file tests need tmpfs with at least 8G
t/22.t .. ok
t/23.t .. ok
t/3.t ... ok
t/4.t ... ok
t/5.t ... ok
t/6.t ... ok
t/7.t ... ok
t/8.t ... ok
t/9.t ... ok

Test Summary Report
-------------------
t/18.t (Wstat: 256 (exited 1) Tests: 2 Failed: 1)
  Failed test:  1
  Non-zero exit status: 1
Files=23, Tests=587, 59 wallclock secs ( 0.08 usr  0.06 sys + 27.88 cusr  9.41 csys = 37.43 CPU)
Result: FAIL
Failed 1/23 test programs. 1/587 subtests failed.
*** Error code 255

Stop.
make: stopped in /home/cpan/.cpan/build/Cache-FastMmap-1.57-0

------------------------------
PREREQUISITES
------------------------------

Prerequisite modules loaded:

requires:

    Module              Need Have 
    ------------------- ---- -----
    Storable            0    3.28 
    Test::Deep          0    1.130

build_requires:

    Module              Need Have 
    ------------------- ---- -----
    ExtUtils::MakeMaker 0    7.66 

configure_requires:

    Module              Need Have 
    ------------------- ---- -----
    ExtUtils::MakeMaker 0    7.66 


------------------------------
ENVIRONMENT AND OTHER CONTEXT
------------------------------

Environment variables:

    AUTOMATED_TESTING = 1
    DATE_MANIP_TEST_DM5 = 1
    LC_ALL = C
    NONINTERACTIVE_TESTING = 1
    NO_NETWORK_TESTING = 1
    PATH = /home/cpan/bin/perl-blead/bin:/home/cpan/bin:/sbin:/bin:/usr/sbin:/usr/bin:/usr/games:/usr/local/sbin:/usr/local/bin:/usr/pkg/sbin:/usr/pkg/bin:/home/cpan/bin
    PERL5LIB = 
    PERL5OPT = 
    PERL5_CPANPLUS_IS_RUNNING = 378355
    PERL5_CPAN_IS_RUNNING = 378355
    PERL_MM_USE_DEFAULT = 1
    PERL_USE_UNSAFE_INC = 1
    PERL_VERSION = blead
    SHELL = /usr/local/bin/bash
    TERM = screen
    TMPDIR = /home/cpan/tmp

Perl special variables (and OS-specific diagnostics, for MSWin32):

    $^X = /home/cpan/bin/perl-blead/bin/perl5.37.8
    $UID/$EUID = 1002 / 1002
    $GID = 1002 1002
    $EGID = 1002 1002

Perl module toolchain versions installed:

    Module              Have    
    ------------------- --------
    CPAN                2.34    
    CPAN::Meta          2.150010
    Cwd                 3.88    
    ExtUtils::CBuilder  0.280238
    ExtUtils::Command   7.66    
    ExtUtils::Install   2.22    
    ExtUtils::MakeMaker 7.66    
    ExtUtils::Manifest  1.73    
    ExtUtils::ParseXS   3.49    
    File::Spec          3.88    
    JSON                4.10    
    JSON::PP            4.13    
    Module::Build       0.4232  
    Module::Signature   n/a     
    Parse::CPAN::Meta   2.150010
    Test::Harness       3.44    
    Test::More          1.302191
    YAML                n/a     
    YAML::Syck          n/a     
    version             0.9929  


--

Summary of my perl5 (revision 5 version 37 subversion 8) configuration:
  Commit id: bffe71c76e8ed4603916cff0efda55d0fec14dcd
  Platform:
    osname=dragonfly
    osvers=6.2-release
    archname=x86_64-dragonfly-thread-multi
    uname='dragonfly cjg-dragonfly6 6.2-release dragonfly v6.2.2-release #2: thu jun 9 22:53:25 edt 2022 root@www.shiningsilence.com:usrobjhomejustinrelease6_2sysx86_64_generic x86_64 '
    config_args='-des -Dprefix=~/bin/perl-blead -Dscriptdir=~/bin/perl-blead/bin -Dusedevel -Duse64bitall -Duseithreads'
    hint=recommended
    useposix=true
    d_sigaction=define
    useithreads=define
    usemultiplicity=define
    use64bitint=define
    use64bitall=define
    uselongdouble=undef
    usemymalloc=n
    default_inc_excludes_dot=define
  Compiler:
    cc='cc'
    ccflags ='-DHAS_FPSETMASK -DHAS_FLOATINGPOINT_H -fwrapv -fno-strict-aliasing -pipe -fstack-protector-strong -I/usr/local/include -D_FORTIFY_SOURCE=2'
    optimize='-O2'
    cppflags='-DHAS_FPSETMASK -DHAS_FLOATINGPOINT_H -fwrapv -fno-strict-aliasing -pipe -fstack-protector-strong -I/usr/local/include'
    ccversion=''
    gccversion='8.3 [DragonFly] Release/2019-02-22'
    gccosandvers=''
    intsize=4
    longsize=8
    ptrsize=8
    doublesize=8
    byteorder=12345678
    doublekind=3
    d_longlong=define
    longlongsize=8
    d_longdbl=define
    longdblsize=16
    longdblkind=3
    ivtype='long'
    ivsize=8
    nvtype='double'
    nvsize=8
    Off_t='off_t'
    lseeksize=8
    alignbytes=8
    prototype=define
  Linker and Libraries:
    ld='cc'
    ldflags ='-pthread -Wl,-E  -fstack-protector-strong -L/usr/local/lib'
    libpth=/usr/lib /usr/local/lib
    libs=-lpthread -ldl -lm -lcrypt -lutil -lc
    perllibs=-lpthread -ldl -lm -lcrypt -lutil -lc
    libc=
    so=so
    useshrplib=false
    libperl=libperl.a
    gnulibc_version=''
  Dynamic Linking:
    dlsrc=dl_dlopen.xs
    dlext=so
    d_dlsymun=undef
    ccdlflags=' '
    cccdlflags='-DPIC -fPIC'
    lddlflags='-shared  -L/usr/local/lib -fstack-protector-strong'


Characteristics of this binary (from libperl): 
  Compile-time options:
    HAS_TIMES
    MULTIPLICITY
    PERLIO_LAYERS
    PERL_COPY_ON_WRITE
    PERL_DONT_CREATE_GVSV
    PERL_HASH_FUNC_SIPHASH13
    PERL_HASH_USE_SBOX32
    PERL_MALLOC_WRAP
    PERL_OP_PARENT
    PERL_PRESERVE_IVUV
    PERL_USE_DEVEL
    PERL_USE_SAFE_PUTENV
    USE_64_BIT_ALL
    USE_64_BIT_INT
    USE_ITHREADS
    USE_LARGE_FILES
    USE_LOCALE
    USE_LOCALE_COLLATE
    USE_LOCALE_CTYPE
    USE_LOCALE_NUMERIC
    USE_LOCALE_TIME
    USE_PERLIO
    USE_PERL_ATOF
    USE_REENTRANT_API
    USE_THREAD_SAFE_LOCALE
  Built under dragonfly
  Compiled at Dec 30 2022 00:01:23
  %ENV:
    PERL5LIB=""
    PERL5OPT=""
    PERL5_CPANPLUS_IS_RUNNING="378355"
    PERL5_CPAN_IS_RUNNING="378355"
    PERL_MM_USE_DEFAULT="1"
    PERL_USE_UNSAFE_INC="1"
    PERL_VERSION="blead"
  @INC:
    /home/cpan/bin/perl-blead/lib/site_perl/5.37.8/x86_64-dragonfly-thread-multi
    /home/cpan/bin/perl-blead/lib/site_perl/5.37.8
    /home/cpan/bin/perl-blead/lib/5.37.8/x86_64-dragonfly-thread-multi
    /home/cpan/bin/perl-blead/lib/5.37.8
    .