Report for HTTP-Engine-0.03005

Back
From: metabase:user:320bfe00-2aae-11df-837a-5e0a49663a4f
Subject: FAIL HTTP-Engine-0.03005 v5.17.5 GNU/Linux
Date: 2012-09-20T23:42:30Z

This distribution has been tested as part of the CPAN Testers
project, supporting the Perl programming language.  See
http://wiki.cpantesters.org/ for more information or email
questions to cpan-testers-discuss@perl.org


--
Dear Kazuhiro Osawa,

This is a computer-generated report for HTTP-Engine-0.03005
on perl 5.17.5, created by CPAN-Reporter-1.2006.

Thank you for uploading your work to CPAN.  However, there was a problem
testing your distribution.

If you think this report is invalid, please consult the CPAN Testers Wiki
for suggestions on how to avoid getting FAIL reports for missing library
or binary dependencies, unsupported operating systems, and so on:

http://wiki.cpantesters.org/wiki/CPANAuthorNotes

Sections of this report:

    * Tester comments
    * Program output
    * Prerequisites
    * Environment and other context

------------------------------
TESTER COMMENTS
------------------------------

Additional comments from tester:

this report is from an automated smoke testing program
and was not reviewed by a human for accuracy

------------------------------
PROGRAM OUTPUT
------------------------------

Output from '/usr/bin/make test':

PERL_DL_NONLAZY=1 /tmp/basesmoker-reloperl-AgDM/bin/perl "-MExtUtils::Command::MM" "-e" "test_harness(0, 'inc', 'blib/lib', 'blib/arch')" t/*.t t/*/*.t
# Soft dependency versions:
#  Any::Moose 0.18
#  Mouse 1.02
#  MooseX::Types is not available
t/00_compile.t ........................................ ok
t/010_core/builder_options-upload_tmp.t ............... ok
t/010_core/interface-require.t ........................ ok
t/010_core/interface.t ................................ ok
t/010_core/load_requestbuilder_cgi.t .................. ok
t/010_core/request-absolute_uri.t ..................... ok
t/010_core/request-as_http_request.t .................. ok
t/010_core/request-as_string.t ........................ ok
t/010_core/request-body.t ............................. ok
t/010_core/request-content.t .......................... ok
t/010_core/request-cookie.t ........................... ok
t/010_core/request-hostname.t ......................... ok
t/010_core/request-many_upload.t ...................... ok
t/010_core/request-parameters.t ....................... ok
t/010_core/request-params.t ........................... ok
t/010_core/request-parse.t ............................ ok
t/010_core/request-proxy_request.t .................... ok
t/010_core/request-raw_body.t ......................... ok
t/010_core/request-readbody.t ......................... ok
t/010_core/request-secure.t ........................... ok
t/010_core/request-upload.t ........................... ok
t/010_core/request-uri.t .............................. ok
t/010_core/request.t .................................. ok
t/010_core/request_builder-noenv.t .................... ok
t/010_core/request_processor-catch_error.t ............ ok
t/010_core/request_processor-make_request.t ........... ok
t/010_core/request_processor-response_error.t ......... ok
t/010_core/request_upload-basename.t .................. ok
t/010_core/response-code.t ............................ ok
t/010_core/response-coerce_headers.t .................. ok
t/010_core/response-content_length.t .................. ok
t/010_core/response-cookie.t .......................... ok
t/010_core/response-new.t ............................. ok
t/010_core/response-set_http_response.t ............... ok
t/010_core/response-status.t .......................... ok
t/010_core/response.t ................................. ok
t/010_core/response_finalizer.t ....................... ok
t/010_core/response_writer.t .......................... ok
t/010_core/responsewriter-broken_io.t ................. ok
t/010_core/responsewriter-with_io.t ................... ok
t/020_interface/cgi.t ................................. ok
t/020_interface/lighty-fcgi.t ......................... skipped: set TEST_LIGHTTPD to enable this test
t/020_interface/modperl_wildcard_hostname.t ........... skipped: this test requires mod_perl 2
=== 18075 === !!! Stopped child process (PID 18076) reaped when POE::Kernel->run() is ready to return.
=== 18075 === !!! Stopped child process (PID 18077) reaped when POE::Kernel->run() is ready to return.
=== 18075 === !!! Stopped child process (PID 18078) reaped when POE::Kernel->run() is ready to return.
=== 18075 === !!! Stopped child process (PID 18079) reaped when POE::Kernel->run() is ready to return.
=== 18075 === !!! Stopped child process (PID 18080) reaped when POE::Kernel->run() is ready to return.
=== 18075 === !!! Stopped child process (PID 18081) reaped when POE::Kernel->run() is ready to return.
=== 18075 === !!! Stopped child process (PID 18082) reaped when POE::Kernel->run() is ready to return.
=== 18075 === !!! Stopped child process (PID 18083) reaped when POE::Kernel->run() is ready to return.
=== 18075 === !!! Be sure to use sig_child() to reap child processes.
=== 18075 === !!! In extreme cases, failure to reap child processes has
=== 18075 === !!! resulted in a slow 'fork bomb' that has halted systems.
t/020_interface/poe-proxy.t ........................... ok
=== 18084 === !!! Stopped child process (PID 18085) reaped when POE::Kernel->run() is ready to return.
=== 18084 === !!! Stopped child process (PID 18086) reaped when POE::Kernel->run() is ready to return.
=== 18084 === !!! Stopped child process (PID 18087) reaped when POE::Kernel->run() is ready to return.
=== 18084 === !!! Stopped child process (PID 18088) reaped when POE::Kernel->run() is ready to return.
=== 18084 === !!! Stopped child process (PID 18089) reaped when POE::Kernel->run() is ready to return.
=== 18084 === !!! Stopped child process (PID 18090) reaped when POE::Kernel->run() is ready to return.
=== 18084 === !!! Stopped child process (PID 18092) reaped when POE::Kernel->run() is ready to return.
=== 18084 === !!! Stopped child process (PID 18093) reaped when POE::Kernel->run() is ready to return.
=== 18084 === !!! Be sure to use sig_child() to reap child processes.
=== 18084 === !!! In extreme cases, failure to reap child processes has
=== 18084 === !!! resulted in a slow 'fork bomb' that has halted systems.
t/020_interface/poe-uri.t ............................. ok
=== 18096 === !!! Stopped child process (PID 18097) reaped when POE::Kernel->run() is ready to return.
=== 18096 === !!! Stopped child process (PID 18098) reaped when POE::Kernel->run() is ready to return.
=== 18096 === !!! Stopped child process (PID 18099) reaped when POE::Kernel->run() is ready to return.
=== 18096 === !!! Stopped child process (PID 18100) reaped when POE::Kernel->run() is ready to return.
=== 18096 === !!! Stopped child process (PID 18101) reaped when POE::Kernel->run() is ready to return.
=== 18096 === !!! Stopped child process (PID 18103) reaped when POE::Kernel->run() is ready to return.
=== 18096 === !!! Stopped child process (PID 18104) reaped when POE::Kernel->run() is ready to return.
=== 18096 === !!! At least one child process is still running when POE::Kernel->run() is ready to return.
=== 18096 === !!! Be sure to use sig_child() to reap child processes.
=== 18096 === !!! In extreme cases, failure to reap child processes has
=== 18096 === !!! resulted in a slow 'fork bomb' that has halted systems.
t/020_interface/poe.t ................................. ok
t/020_interface/psgi-with_plack.t ..................... ok
t/020_interface/psgi.t ................................ ok
Bad arg length for Socket::unpack_sockaddr_in, length is 28, should be 16 at /home/src/perl/repoperls/installed-perls/perl/v5.17.4-10-ga310a8f/127e/lib/5.17.5/x86_64-linux-ld/Socket.pm line 824.

#   Failed test at /tmp/loop_over_bdir-O4hjjh/HTTP-Engine-0.03005-ex1IAp/inc/Test/More.pm line 376.
#          got: 'Can't connect to localhost:50572 (Connection refused)
# 
# LWP::Protocol::http::Socket: connect: Connection refused at /home/src/perl/repoperls/installed-perls/perl/v5.17.4-10-ga310a8f/127e/lib/site_perl/5.17.5/LWP/Protocol/http.pm line 51, <DATA> line 11.
# '
#     expected: 'ok'
# Looks like you failed 1 test of 1.
t/020_interface/server_simple-net_server_configure.t .. 
Dubious, test returned 1 (wstat 256, 0x100)
Failed 1/1 subtests 
t/020_interface/server_simple-not-send-header-bug.t ... ok
t/020_interface/server_simple-print_banner.t .......... ok
t/020_interface/server_simple.t ....................... ok
t/020_interface/standalone-keep_alive.t ............... skipped: Interface::Standalone will be removed
t/020_interface/standalone-restart.t .................. skipped: Interface::Standalone will be removed
t/020_interface/streaming_response.t .................. ok
t/020_interface/test-validation.t ..................... ok
t/020_interface/test-warn_at_utf8.t ................... ok
t/020_interface/test.t ................................ ok
t/020_interface/test_response-with_io.t ............... ok
t/020_interface/test_upload.t ......................... ok
t/030_daemonize/connection_info.t ..................... ok
t/030_daemonize/headers.t ............................. ok
t/030_daemonize/proxy_path.t .......................... ok
t/030_daemonize/raw_body.t ............................ ok
t/030_daemonize/request_independence.t ................ ok
t/030_daemonize/responsewriter_io.t ................... ok
t/030_daemonize/upload-methods.t ...................... ok
t/030_daemonize/upload.t .............................. ok
t/030_daemonize/uri.t ................................. ok
t/030_daemonize/utf8flagged-uri.t ..................... ok
t/040_minimal/001_simple.t ............................ ok
t/050_tests/request.t ................................. ok

Test Summary Report
-------------------
t/020_interface/server_simple-net_server_configure.t (Wstat: 256 Tests: 1 Failed: 1)
  Failed test:  1
  Non-zero exit status: 1
Files=72, Tests=691, 16 wallclock secs ( 0.26 usr  0.05 sys + 10.78 cusr  1.78 csys = 12.87 CPU)
Result: FAIL
Failed 1/72 test programs. 1/691 subtests failed.
make: *** [test_dynamic] Error 255

------------------------------
PREREQUISITES
------------------------------

Prerequisite modules loaded:

requires:

    Module               Need   Have    
    -------------------- ------ --------
    Any::Moose           0.13   0.18    
    CGI::Simple::Cookie  1.103  1.113   
    File::Copy           0      2.24    
    File::Spec::Unix     3.2701 3.39_03 
    Filter::Util::Call   0      1.45    
    HTTP::Body           1.05   1.15    
    HTTP::Headers::Fast  0.11   0.16    
    HTTP::Server::Simple 0.35   0.44    
    Mouse                0.62   1.02    
    MouseX::Types        0.05   0.06    
    perl                 5.008  5.017005
    Scalar::Util         1.19   1.25    
    URI                  1.36   1.60    

build_requires:

    Module               Need   Have    
    -------------------- ------ --------
    ExtUtils::MakeMaker  6.42   6.63_02 
    File::Temp           0.20   0.22    
    HTTP::Request::AsCGI 0      1.2     
    IO::File             1.14   1.16    
    IO::Scalar           0      2.110   
    IO::Socket           1.3    1.35    
    IO::Socket::INET     0      1.33    
    Test::More           0      0.98    
    Test::SharedFork     0.11   0.20    
    Test::TCP            0.16   1.17    
    YAML                 0      0.84    

configure_requires:

    Module               Need   Have    
    -------------------- ------ --------
    ExtUtils::MakeMaker  6.42   6.63_02 


------------------------------
ENVIRONMENT AND OTHER CONTEXT
------------------------------

Environment variables:

    AUTOMATED_TESTING = 1
    LANG = en_US.UTF-8
    LANGUAGE = en_US:en
    PATH = /home/sand/bin:/usr/local/bin:/usr/bin:/bin:/usr/bin/X11:/usr/games:/usr/local/perl/bin:/usr/X11/bin:/sbin:/usr/sbin
    PERL5LIB = /tmp/loop_over_bdir-O4hjjh/Mail-SpamAssassin-2.43-xhinvZ/blib/arch:/tmp/loop_over_bdir-O4hjjh/Mail-SpamAssassin-2.43-xhinvZ/blib/lib
    PERL5OPT = 
    PERL5_CPANPLUS_IS_RUNNING = 3003
    PERL5_CPAN_IS_RUNNING = 3003
    PERL_MM_USE_DEFAULT = 1
    SHELL = /usr/bin/zsh
    TERM = screen

Perl special variables (and OS-specific diagnostics, for MSWin32):

    $^X = /tmp/basesmoker-reloperl-AgDM/bin/perl
    $UID/$EUID = 1005 / 1005
    $GID = 1005 1005
    $EGID = 1005 1005

Perl module toolchain versions installed:

    Module              Have    
    ------------------- --------
    CPAN                1.9800  
    CPAN::Meta          2.120921
    Cwd                 3.39_02 
    ExtUtils::CBuilder  0.280208
    ExtUtils::Command   1.17    
    ExtUtils::Install   1.58    
    ExtUtils::MakeMaker 6.63_02 
    ExtUtils::Manifest  1.61    
    ExtUtils::ParseXS   3.18    
    File::Spec          3.39_02 
    JSON                2.53    
    JSON::PP            2.27200 
    Module::Build       0.4003  
    Module::Signature   n/a     
    Parse::CPAN::Meta   1.4404  
    Test::Harness       3.25_01 
    Test::More          0.98    
    YAML                0.84    
    YAML::Syck          1.20    
    version             0.9901  


--

Summary of my perl5 (revision 5 version 17 subversion 5) configuration:
  Commit id: a310a8f2bf41061e1bf6feadf7d6758f96b481c5
  Platform:
    osname=linux, osvers=3.2.0-3-amd64, archname=x86_64-linux-ld
    uname='linux k83 3.2.0-3-amd64 #1 smp mon jul 23 02:45:17 utc 2012 x86_64 gnulinux '
    config_args='-Dprefix=/home/src/perl/repoperls/installed-perls/perl/v5.17.4-10-ga310a8f/127e -Dmyhostname=k83 -Dinstallusrbinperl=n -Uversiononly -Dusedevel -des -Ui_db -Uuseithreads -Duselongdouble -DDEBUGGING=-g'
    hint=recommended, useposix=true, d_sigaction=define
    useithreads=undef, usemultiplicity=undef
    useperlio=define, d_sfio=undef, uselargefiles=define, usesocks=undef
    use64bitint=define, use64bitall=define, uselongdouble=define
    usemymalloc=n, bincompat5005=undef
  Compiler:
    cc='cc', ccflags ='-fno-strict-aliasing -pipe -fstack-protector -I/usr/local/include -D_LARGEFILE_SOURCE -D_FILE_OFFSET_BITS=64',
    optimize='-O2 -g',
    cppflags='-fno-strict-aliasing -pipe -fstack-protector -I/usr/local/include'
    ccversion='', gccversion='4.7.1', gccosandvers=''
    intsize=4, longsize=8, ptrsize=8, doublesize=8, byteorder=12345678
    d_longlong=define, longlongsize=8, d_longdbl=define, longdblsize=16
    ivtype='long', ivsize=8, nvtype='long double', nvsize=16, Off_t='off_t', lseeksize=8
    alignbytes=16, prototype=define
  Linker and Libraries:
    ld='cc', ldflags =' -fstack-protector -L/usr/local/lib'
    libpth=/usr/local/lib /lib/x86_64-linux-gnu /lib/../lib /usr/lib/x86_64-linux-gnu /usr/lib/../lib /lib /usr/lib
    libs=-lnsl -ldb -ldl -lm -lcrypt -lutil -lc
    perllibs=-lnsl -ldl -lm -lcrypt -lutil -lc
    libc=, so=so, useshrplib=false, libperl=libperl.a
    gnulibc_version='2.13'
  Dynamic Linking:
    dlsrc=dl_dlopen.xs, dlext=so, d_dlsymun=undef, ccdlflags='-Wl,-E'
    cccdlflags='-fPIC', lddlflags='-shared -O2 -g -L/usr/local/lib -fstack-protector'


Characteristics of this binary (from libperl): 
  Compile-time options: HAS_TIMES PERLIO_LAYERS PERL_DONT_CREATE_GVSV
                        PERL_MALLOC_WRAP PERL_PRESERVE_IVUV PERL_USE_DEVEL
                        USE_64_BIT_ALL USE_64_BIT_INT USE_LARGE_FILES
                        USE_LOCALE USE_LOCALE_COLLATE USE_LOCALE_CTYPE
                        USE_LOCALE_NUMERIC USE_LONG_DOUBLE USE_PERLIO
                        USE_PERL_ATOF
  Built under linux
  Compiled at Sep 20 2012 15:48:28
  %ENV:
    PERL5LIB="/tmp/loop_over_bdir-O4hjjh/Mail-SpamAssassin-2.43-xhinvZ/blib/arch:/tmp/loop_over_bdir-O4hjjh/Mail-SpamAssassin-2.43-xhinvZ/blib/lib"
    PERL5OPT=""
    PERL5_CPANPLUS_IS_RUNNING="3003"
    PERL5_CPAN_IS_RUNNING="3003"
    PERL_MM_USE_DEFAULT="1"
  @INC:
    /tmp/loop_over_bdir-O4hjjh/Mail-SpamAssassin-2.43-xhinvZ/blib/arch
    /tmp/loop_over_bdir-O4hjjh/Mail-SpamAssassin-2.43-xhinvZ/blib/lib
    /home/src/perl/repoperls/installed-perls/perl/v5.17.4-10-ga310a8f/127e/lib/site_perl/5.17.5/x86_64-linux-ld
    /home/src/perl/repoperls/installed-perls/perl/v5.17.4-10-ga310a8f/127e/lib/site_perl/5.17.5
    /home/src/perl/repoperls/installed-perls/perl/v5.17.4-10-ga310a8f/127e/lib/5.17.5/x86_64-linux-ld
    /home/src/perl/repoperls/installed-perls/perl/v5.17.4-10-ga310a8f/127e/lib/5.17.5
    .