FFI-Platypus-Lang-Rust v0.17 Perl 5 v5.41.4 x86_64-linux-ld

Status
Fail
From
Andreas J. König (ANDK)
Dist
FFI-Platypus-Lang-Rust v0.17
Platform
Perl 5 v5.41.4 x86_64-linux-ld
Date
2024-10-11 14:19:35
ID
d7c3f682-87db-11ef-a1f2-99b7992a2ecc
This distribution has been tested as part of the CPAN Testers
project, supporting the Perl programming language.  See
http://wiki.cpantesters.org/ for more information or email
questions to cpan-testers-discuss@perl.org


--
Dear Graham Ollis,

This is a computer-generated report for FFI-Platypus-Lang-Rust-0.17
on perl 5.41.4, created by CPAN-Reporter-1.2020.

Thank you for uploading your work to CPAN.  However, there was a problem
testing your distribution.

If you think this report is invalid, please consult the CPAN Testers Wiki
for suggestions on how to avoid getting FAIL reports for missing library
or binary dependencies, unsupported operating systems, and so on:

http://wiki.cpantesters.org/wiki/CPANAuthorNotes

Sections of this report:

    * Tester comments
    * Program output
    * Prerequisites
    * Environment and other context

------------------------------
TESTER COMMENTS
------------------------------

Additional comments from tester:

this report is from an automated smoke testing program
and was not reviewed by a human for accuracy

------------------------------
PROGRAM OUTPUT
------------------------------

Output from '/usr/bin/make test':

PERL_DL_NONLAZY=1 "/tmp/basesmoker-reloperl-hby_/bin/perl" "-MExtUtils::Command::MM" "-MTest::Harness" "-e" "undef *Test::Harness::Switches; test_harness(0, 'blib/lib', 'blib/arch')" t/*.t
# 
# 
# 
# HARNESS_ACTIVE=1
# HARNESS_VERSION=3.50
# LANG=en_US.UTF-8
# LC_ADDRESS=de_DE.UTF-8
# LC_IDENTIFICATION=de_DE.UTF-8
# LC_MEASUREMENT=de_DE.UTF-8
# LC_MONETARY=de_DE.UTF-8
# LC_NAME=de_DE.UTF-8
# LC_NUMERIC=de_DE.UTF-8
# LC_PAPER=de_DE.UTF-8
# LC_TELEPHONE=de_DE.UTF-8
# LC_TIME=de_DE.UTF-8
# PERL="/tmp/basesmoker-reloperl-hby_/bin/perl"
# PERL5LIB=/tmp/loop_over_bdir-3329043-FNZxoi/FFI-Platypus-Lang-Rust-0.17-0/blib/lib:/tmp/loop_over_bdir-3329043-FNZxoi/FFI-Platypus-Lang-Rust-0.17-0/blib/arch:/tmp/loop_over_bdir-3329043-FNZxoi/RDF-NLP-SPARQLQuery-0.1-0/blib/arch:/tmp/loop_over_bdir-3329043-FNZxoi/RDF-NLP-SPARQLQuery-0.1-0/blib/lib:/tmp/loop_over_bdir-3329043-FNZxoi/App-oo_modulino_zsh_completion_helper-0.04-0/blib/arch:/tmp/loop_over_bdir-3329043-FNZxoi/App-oo_modulino_zsh_completion_helper-0.04-0/blib/lib:/tmp/loop_over_bdir-3329043-FNZxoi/RDF-NLP-SPARQLQuery-0.1-0/blib/arch:/tmp/loop_over_bdir-3329043-FNZxoi/RDF-NLP-SPARQLQuery-0.1-0/blib/lib:/tmp/loop_over_bdir-3329043-FNZxoi/App-oo_modulino_zsh_completion_helper-0.04-0/blib/arch:/tmp/loop_over_bdir-3329043-FNZxoi/App-oo_modulino_zsh_completion_helper-0.04-0/blib/lib
# PERL5OPT=
# PERL5_CPANPLUS_IS_RUNNING=3329051
# PERL5_CPAN_IS_RUNNING=3329051
# PERL_CANARY_STABILITY_NOPROMPT=1
# PERL_DL_NONLAZY=1
# PERL_MM_USE_DEFAULT=1
# PERL_USE_UNSAFE_INC=1
# SHELL=/usr/bin/zsh
# 
# 
# 
# PERL5LIB path
# /tmp/loop_over_bdir-3329043-FNZxoi/FFI-Platypus-Lang-Rust-0.17-0/blib/lib
# /tmp/loop_over_bdir-3329043-FNZxoi/FFI-Platypus-Lang-Rust-0.17-0/blib/arch
# /tmp/loop_over_bdir-3329043-FNZxoi/RDF-NLP-SPARQLQuery-0.1-0/blib/arch
# /tmp/loop_over_bdir-3329043-FNZxoi/RDF-NLP-SPARQLQuery-0.1-0/blib/lib
# /tmp/loop_over_bdir-3329043-FNZxoi/App-oo_modulino_zsh_completion_helper-0.04-0/blib/arch
# /tmp/loop_over_bdir-3329043-FNZxoi/App-oo_modulino_zsh_completion_helper-0.04-0/blib/lib
# /tmp/loop_over_bdir-3329043-FNZxoi/RDF-NLP-SPARQLQuery-0.1-0/blib/arch
# /tmp/loop_over_bdir-3329043-FNZxoi/RDF-NLP-SPARQLQuery-0.1-0/blib/lib
# /tmp/loop_over_bdir-3329043-FNZxoi/App-oo_modulino_zsh_completion_helper-0.04-0/blib/arch
# /tmp/loop_over_bdir-3329043-FNZxoi/App-oo_modulino_zsh_completion_helper-0.04-0/blib/lib
# 
# 
# 
# perl                   5.041004 linux x86_64-linux-ld
# Alien::Rust            0.03
# Capture::Tiny          0.48
# Env::ShellWords        0.02
# ExtUtils::MakeMaker    7.70
# FFI::Build::File::Base 2.09
# FFI::Build::MM         2.09
# FFI::CheckLib          0.31
# FFI::Platypus          2.09
# File::Which            1.27
# File::chdir            0.1011
# Path::Tiny             0.146
# Test2::V0              1.302204
# Test::Script           1.29
# 
# 
# 
t/00_diag.t ................. ok
t/02_types.t ................ ok
        # Failed test '/home/sand/src/perl/repoperls/installed-perls/host/k93jammy/v5.41.4/5674/lib/site_perl/5.41.4/x86_64-linux-ld/auto/share/dist/Alien-Rust/bin/rustc add.rs'
        # at t/example.t line 40.
        # +/home/sand/src/perl/repoperls/installed-perls/host/k93jammy/v5.41.4/5674/lib/site_perl/5.41.4/x86_64-linux-ld/auto/share/dist/Alien-Rust/bin/rustc add.rserror: rustup could not choose a version of rustc to run, because one wasn't specified explicitly, and no default is configured.
        # help: run 'rustup default stable' to download the latest stable release of Rust and set it as your default toolchain.
        # Failed test '/home/sand/src/perl/repoperls/installed-perls/host/k93jammy/v5.41.4/5674/lib/site_perl/5.41.4/x86_64-linux-ld/auto/share/dist/Alien-Rust/bin/rustc callback.rs'
        # at t/example.t line 40.
        # +/home/sand/src/perl/repoperls/installed-perls/host/k93jammy/v5.41.4/5674/lib/site_perl/5.41.4/x86_64-linux-ld/auto/share/dist/Alien-Rust/bin/rustc callback.rserror: rustup could not choose a version of rustc to run, because one wasn't specified explicitly, and no default is configured.
        # help: run 'rustup default stable' to download the latest stable release of Rust and set it as your default toolchain.
        # Failed test '/home/sand/src/perl/repoperls/installed-perls/host/k93jammy/v5.41.4/5674/lib/site_perl/5.41.4/x86_64-linux-ld/auto/share/dist/Alien-Rust/bin/rustc panic.rs'
        # at t/example.t line 40.
        # +/home/sand/src/perl/repoperls/installed-perls/host/k93jammy/v5.41.4/5674/lib/site_perl/5.41.4/x86_64-linux-ld/auto/share/dist/Alien-Rust/bin/rustc panic.rserror: rustup could not choose a version of rustc to run, because one wasn't specified explicitly, and no default is configured.
        # help: run 'rustup default stable' to download the latest stable release of Rust and set it as your default toolchain.
        # Failed test '/home/sand/src/perl/repoperls/installed-perls/host/k93jammy/v5.41.4/5674/lib/site_perl/5.41.4/x86_64-linux-ld/auto/share/dist/Alien-Rust/bin/rustc slice.rs'
        # at t/example.t line 40.
        # +/home/sand/src/perl/repoperls/installed-perls/host/k93jammy/v5.41.4/5674/lib/site_perl/5.41.4/x86_64-linux-ld/auto/share/dist/Alien-Rust/bin/rustc slice.rserror: rustup could not choose a version of rustc to run, because one wasn't specified explicitly, and no default is configured.
        # help: run 'rustup default stable' to download the latest stable release of Rust and set it as your default toolchain.
        # Failed test '/home/sand/src/perl/repoperls/installed-perls/host/k93jammy/v5.41.4/5674/lib/site_perl/5.41.4/x86_64-linux-ld/auto/share/dist/Alien-Rust/bin/rustc tuple.rs'
        # at t/example.t line 40.
        # +/home/sand/src/perl/repoperls/installed-perls/host/k93jammy/v5.41.4/5674/lib/site_perl/5.41.4/x86_64-linux-ld/auto/share/dist/Alien-Rust/bin/rustc tuple.rserror: rustup could not choose a version of rustc to run, because one wasn't specified explicitly, and no default is configured.
        # help: run 'rustup default stable' to download the latest stable release of Rust and set it as your default toolchain.
    # Failed test 'compile rust'
    # at t/example.t line 45.
            # Failed test 'Script add.pl runs'
            # at t/example.t line 60.
            # 255 - library not found: add at ./add.pl line 10.
        # Failed test 'add.pl'
        # at t/example.t line 65.
            # Failed test 'Script callback.pl runs'
            # at t/example.t line 60.
            # 255 - library not found: callback at ./callback.pl line 10.
        # Failed test 'callback.pl'
        # at t/example.t line 65.
            # Failed test 'Script panic.pl runs'
            # at t/example.t line 60.
            # 255 - library not found: panic at ./panic.pl line 10.
        # Failed test 'panic.pl'
        # at t/example.t line 65.
            # Failed test 'Script slice.pl runs'
            # at t/example.t line 60.
            # 255 - library not found: slice at ./slice.pl line 10.
        # Failed test 'slice.pl'
        # at t/example.t line 65.
            # Failed test 'Script tuple.pl runs'
            # at t/example.t line 60.
            # 255 - library not found: tuple at ./tuple.pl line 10.
        # Failed test 'tuple.pl'
        # at t/example.t line 65.
    # Failed test 'perl ffi scripts'
    # at t/example.t line 66.

# Failed test 'examples'
# at t/example.t line 69.
        # Failed test '/home/sand/src/perl/repoperls/installed-perls/host/k93jammy/v5.41.4/5674/lib/site_perl/5.41.4/x86_64-linux-ld/auto/share/dist/Alien-Rust/bin/rustc points.rs'
        # at t/example.t line 40.
        # +/home/sand/src/perl/repoperls/installed-perls/host/k93jammy/v5.41.4/5674/lib/site_perl/5.41.4/x86_64-linux-ld/auto/share/dist/Alien-Rust/bin/rustc points.rserror: rustup could not choose a version of rustc to run, because one wasn't specified explicitly, and no default is configured.
        # help: run 'rustup default stable' to download the latest stable release of Rust and set it as your default toolchain.
    # Failed test 'compile rust'
    # at t/example.t line 45.
            # Failed test 'Script points.pl runs'
            # at t/example.t line 60.
            # 255 - library not found: points at ./points.pl line 11.
        # Failed test 'points.pl'
        # at t/example.t line 65.
    # Failed test 'perl ffi scripts'
    # at t/example.t line 66.

# Failed test 'examples/old'
# at t/example.t line 69.
        # Failed test '/home/sand/src/perl/repoperls/installed-perls/host/k93jammy/v5.41.4/5674/lib/site_perl/5.41.4/x86_64-linux-ld/auto/share/dist/Alien-Rust/bin/rustc argument.rs'
        # at t/example.t line 40.
        # +/home/sand/src/perl/repoperls/installed-perls/host/k93jammy/v5.41.4/5674/lib/site_perl/5.41.4/x86_64-linux-ld/auto/share/dist/Alien-Rust/bin/rustc argument.rserror: rustup could not choose a version of rustc to run, because one wasn't specified explicitly, and no default is configured.
        # help: run 'rustup default stable' to download the latest stable release of Rust and set it as your default toolchain.
    # Failed test 'compile rust'
    # at t/example.t line 45.
            # Failed test 'Script argument.pl runs'
            # at t/example.t line 60.
            # 255 - library not found: argument at ./argument.pl line 10.
        # Failed test 'argument.pl'
        # at t/example.t line 65.
    # Failed test 'perl ffi scripts'
    # at t/example.t line 66.

# Failed test 'examples/string'
# at t/example.t line 69.
        # Failed test '/home/sand/src/perl/repoperls/installed-perls/host/k93jammy/v5.41.4/5674/lib/site_perl/5.41.4/x86_64-linux-ld/auto/share/dist/Alien-Rust/bin/rustc keep.rs'
        # at t/example.t line 40.
        # +/home/sand/src/perl/repoperls/installed-perls/host/k93jammy/v5.41.4/5674/lib/site_perl/5.41.4/x86_64-linux-ld/auto/share/dist/Alien-Rust/bin/rustc keep.rserror: rustup could not choose a version of rustc to run, because one wasn't specified explicitly, and no default is configured.
        # help: run 'rustup default stable' to download the latest stable release of Rust and set it as your default toolchain.
        # Failed test '/home/sand/src/perl/repoperls/installed-perls/host/k93jammy/v5.41.4/5674/lib/site_perl/5.41.4/x86_64-linux-ld/auto/share/dist/Alien-Rust/bin/rustc return.rs'
        # at t/example.t line 40.
        # +/home/sand/src/perl/repoperls/installed-perls/host/k93jammy/v5.41.4/5674/lib/site_perl/5.41.4/x86_64-linux-ld/auto/share/dist/Alien-Rust/bin/rustc return.rserror: rustup could not choose a version of rustc to run, because one wasn't specified explicitly, and no default is configured.
        # help: run 'rustup default stable' to download the latest stable release of Rust and set it as your default toolchain.
        # Failed test '/home/sand/src/perl/repoperls/installed-perls/host/k93jammy/v5.41.4/5674/lib/site_perl/5.41.4/x86_64-linux-ld/auto/share/dist/Alien-Rust/bin/rustc static.rs'
        # at t/example.t line 40.
        # +/home/sand/src/perl/repoperls/installed-perls/host/k93jammy/v5.41.4/5674/lib/site_perl/5.41.4/x86_64-linux-ld/auto/share/dist/Alien-Rust/bin/rustc static.rserror: rustup could not choose a version of rustc to run, because one wasn't specified explicitly, and no default is configured.
        # help: run 'rustup default stable' to download the latest stable release of Rust and set it as your default toolchain.
    # Failed test 'compile rust'
    # at t/example.t line 45.
            # Failed test 'Script keep.pl runs'
            # at t/example.t line 60.
            # 255 - library not found: keep at ./keep.pl line 10.
        # Failed test 'keep.pl'
        # at t/example.t line 65.
            # Failed test 'Script return.pl runs'
            # at t/example.t line 60.
            # 255 - library not found: return at ./return.pl line 10.
        # Failed test 'return.pl'
        # at t/example.t line 65.
            # Failed test 'Script static.pl runs'
            # at t/example.t line 60.
            # 255 - library not found: static at ./static.pl line 11.
        # Failed test 'static.pl'
        # at t/example.t line 65.
    # Failed test 'perl ffi scripts'
    # at t/example.t line 66.

# Failed test 'examples/string/return'
# at t/example.t line 69.
t/example.t ................. 
Dubious, test returned 4 (wstat 1024, 0x400)
Failed 4/4 subtests 
    # Failed test 'run> make'
    # at t/example__person.t line 14.
    # +-----+----+-------+
    # | GOT | OP | CHECK |
    # +-----+----+-------+
    # | 512 | eq | 0     |
    # +-----+----+-------+
    (If this table is too small, you can use the TABLE_TERM_SIZE=### env var to set a larger size, detected size is '74')

    # Failed test 'run> make test'
    # at t/example__person.t line 14.
    # +-----+----+-------+
    # | GOT | OP | CHECK |
    # +-----+----+-------+
    # | 512 | eq | 0     |
    # +-----+----+-------+
    (If this table is too small, you can use the TABLE_TERM_SIZE=### env var to set a larger size, detected size is '74')


# Failed test 'build and test'
# at t/example__person.t line 28.
t/example__person.t ......... 
Dubious, test returned 1 (wstat 256, 0x100)
Failed 1/1 subtests 
t/ffi_build_file_cargo.t .... ok
t/ffi_platypus_lang_rust.t .. ok

Test Summary Report
-------------------
t/example.t               (Wstat: 1024 (exited 4) Tests: 4 Failed: 4)
  Failed tests:  1-4
  Non-zero exit status: 4
t/example__person.t       (Wstat: 256 (exited 1) Tests: 1 Failed: 1)
  Failed test:  1
  Non-zero exit status: 1
Files=6, Tests=10,  3 wallclock secs ( 0.03 usr  0.01 sys +  2.32 cusr  0.63 csys =  2.99 CPU)
Result: FAIL
Failed 2/6 test programs. 5/10 subtests failed.
make: *** [Makefile:888: test_dynamic] Error 255

------------------------------
PREREQUISITES
------------------------------

Prerequisite modules loaded:

requires:

    Module                 Need     Have    
    ---------------------- -------- --------
    Alien::Rust            0.03     0.03    
    base                   0        2.27    
    Env::ShellWords        0        0.02    
    FFI::Build::File::Base 1.00     2.09    
    FFI::CheckLib          0.11     0.31    
    FFI::Platypus          0        2.09    
    File::chdir            0        0.1011  
    File::Which            0        1.27    
    Path::Tiny             0        0.146   
    perl                   5.008001 5.041004

build_requires:

    Module                 Need     Have    
    ---------------------- -------- --------
    Capture::Tiny          0        0.48    
    ExtUtils::MakeMaker    0        7.70    
    Test2::V0              0.000121 1.302204
    Test::Script           0        1.29    

configure_requires:

    Module                 Need     Have    
    ---------------------- -------- --------
    ExtUtils::MakeMaker    6.64     7.70    
    FFI::Build::MM         1.00     2.09    
    FFI::CheckLib          0.11     0.31    
    File::chdir            0        0.1011  
    File::Which            0        1.27    
    Path::Tiny             0        0.146   
    perl                   5.008001 5.041004


------------------------------
ENVIRONMENT AND OTHER CONTEXT
------------------------------

Environment variables:

    AUTOMATED_TESTING = 1
    LANG = en_US.UTF-8
    LC_ADDRESS = de_DE.UTF-8
    LC_IDENTIFICATION = de_DE.UTF-8
    LC_MEASUREMENT = de_DE.UTF-8
    LC_MONETARY = de_DE.UTF-8
    LC_NAME = de_DE.UTF-8
    LC_NUMERIC = de_DE.UTF-8
    LC_PAPER = de_DE.UTF-8
    LC_TELEPHONE = de_DE.UTF-8
    LC_TIME = de_DE.UTF-8
    PATH = /home/sand/bin:/usr/local/bin:/usr/local/sbin:/usr/sbin:/usr/bin:/sbin:/bin:/usr/games:/usr/local/games:/snap/bin:/usr/local/perl/bin:/usr/X11/bin
    PERL = /tmp/basesmoker-reloperl-hby_/bin/perl
    PERL5LIB = /tmp/loop_over_bdir-3329043-FNZxoi/RDF-NLP-SPARQLQuery-0.1-0/blib/arch:/tmp/loop_over_bdir-3329043-FNZxoi/RDF-NLP-SPARQLQuery-0.1-0/blib/lib:/tmp/loop_over_bdir-3329043-FNZxoi/App-oo_modulino_zsh_completion_helper-0.04-0/blib/arch:/tmp/loop_over_bdir-3329043-FNZxoi/App-oo_modulino_zsh_completion_helper-0.04-0/blib/lib
    PERL5OPT = 
    PERL5_CPANPLUS_IS_RUNNING = 3329051
    PERL5_CPAN_IS_RUNNING = 3329051
    PERL_CANARY_STABILITY_NOPROMPT = 1
    PERL_MM_USE_DEFAULT = 1
    PERL_USE_UNSAFE_INC = 1
    SHELL = /usr/bin/zsh
    TERM = screen

Perl special variables (and OS-specific diagnostics, for MSWin32):

    $^X = /tmp/basesmoker-reloperl-hby_/bin/perl
    $UID/$EUID = 1005 / 1005
    $GID = 1005 1005
    $EGID = 1005 1005

Perl module toolchain versions installed:

    Module              Have    
    ------------------- --------
    CPAN                2.37    
    CPAN::Meta          2.150010
    Cwd                 3.92    
    ExtUtils::CBuilder  0.280240
    ExtUtils::Command   7.70    
    ExtUtils::Install   2.22    
    ExtUtils::MakeMaker 7.70    
    ExtUtils::Manifest  1.75    
    ExtUtils::ParseXS   3.54    
    File::Spec          3.93    
    JSON                4.10    
    JSON::PP            4.16    
    Module::Build       0.4234  
    Module::Signature   0.89    
    Parse::CPAN::Meta   2.150010
    Test2               1.302204
    Test::Harness       3.50    
    Test::More          1.302204
    YAML                1.31    
    YAML::Syck          1.34    
    version             0.9933  


--

Summary of my perl5 (revision 5 version 41 subversion 4) configuration:
  Commit id: 87deea969a7552a96b077acb5708d74c65099c51
  Platform:
    osname=linux
    osvers=6.8.0-40-generic
    archname=x86_64-linux-ld
    uname='linux k93jammy 6.8.0-40-generic #40~22.04.3-ubuntu smp preempt_dynamic tue jul 30 17:30:19 utc 2 x86_64 x86_64 x86_64 gnulinux '
    config_args='-Dprefix=/home/sand/src/perl/repoperls/installed-perls/host/k93jammy/v5.41.4/5674 -Dmyhostname=k93jammy -Dinstallusrbinperl=n -Uversiononly -Dusedevel -des -Ui_db -Dlibswanted=cl pthread socket inet nsl gdbm dbm malloc dl ld sun m crypt sec util c cposix posix ucb BSD gdbm_compat -Uuseithreads -Duselongdouble -DEBUGGING=-g'
    hint=recommended
    useposix=true
    d_sigaction=define
    useithreads=undef
    usemultiplicity=undef
    use64bitint=define
    use64bitall=define
    uselongdouble=define
    usemymalloc=n
    default_inc_excludes_dot=define
  Compiler:
    cc='cc'
    ccflags ='-fwrapv -fno-strict-aliasing -pipe -fstack-protector-strong -I/usr/local/include -D_LARGEFILE_SOURCE -D_FILE_OFFSET_BITS=64'
    optimize='-O2 -g'
    cppflags='-fwrapv -fno-strict-aliasing -pipe -fstack-protector-strong -I/usr/local/include'
    ccversion=''
    gccversion='11.4.0'
    gccosandvers=''
    intsize=4
    longsize=8
    ptrsize=8
    doublesize=8
    byteorder=12345678
    doublekind=3
    d_longlong=define
    longlongsize=8
    d_longdbl=define
    longdblsize=16
    longdblkind=3
    ivtype='long'
    ivsize=8
    nvtype='long double'
    nvsize=16
    Off_t='off_t'
    lseeksize=8
    alignbytes=16
    prototype=define
  Linker and Libraries:
    ld='cc'
    ldflags =' -fstack-protector-strong -L/usr/local/lib'
    libpth=/usr/local/lib /usr/lib/x86_64-linux-gnu /usr/lib /usr/lib64
    libs=-lpthread -lnsl -ldl -lm -lcrypt -lutil -lc
    perllibs=-lpthread -lnsl -ldl -lm -lcrypt -lutil -lc
    libc=/lib/x86_64-linux-gnu/libc.so.6
    so=so
    useshrplib=false
    libperl=libperl.a
    gnulibc_version='2.35'
  Dynamic Linking:
    dlsrc=dl_dlopen.xs
    dlext=so
    d_dlsymun=undef
    ccdlflags='-Wl,-E'
    cccdlflags='-fPIC'
    lddlflags='-shared -O2 -g -L/usr/local/lib -fstack-protector-strong'


Characteristics of this binary (from libperl): 
  Compile-time options:
    HAS_LONG_DOUBLE
    HAS_STRTOLD
    HAS_TIMES
    PERLIO_LAYERS
    PERL_COPY_ON_WRITE
    PERL_DONT_CREATE_GVSV
    PERL_HASH_FUNC_SIPHASH13
    PERL_HASH_USE_SBOX32
    PERL_MALLOC_WRAP
    PERL_OP_PARENT
    PERL_PRESERVE_IVUV
    PERL_USE_DEVEL
    PERL_USE_SAFE_PUTENV
    USE_64_BIT_ALL
    USE_64_BIT_INT
    USE_LARGE_FILES
    USE_LOCALE
    USE_LOCALE_COLLATE
    USE_LOCALE_CTYPE
    USE_LOCALE_NUMERIC
    USE_LOCALE_TIME
    USE_LONG_DOUBLE
    USE_PERLIO
    USE_PERL_ATOF
  Built under linux
  Compiled at Sep 21 2024 07:13:55
  %ENV:
    PERL="/tmp/basesmoker-reloperl-hby_/bin/perl"
    PERL5LIB="/tmp/loop_over_bdir-3329043-FNZxoi/RDF-NLP-SPARQLQuery-0.1-0/blib/arch:/tmp/loop_over_bdir-3329043-FNZxoi/RDF-NLP-SPARQLQuery-0.1-0/blib/lib:/tmp/loop_over_bdir-3329043-FNZxoi/App-oo_modulino_zsh_completion_helper-0.04-0/blib/arch:/tmp/loop_over_bdir-3329043-FNZxoi/App-oo_modulino_zsh_completion_helper-0.04-0/blib/lib"
    PERL5OPT=""
    PERL5_CPANPLUS_IS_RUNNING="3329051"
    PERL5_CPAN_IS_RUNNING="3329051"
    PERL_CANARY_STABILITY_NOPROMPT="1"
    PERL_MM_USE_DEFAULT="1"
    PERL_USE_UNSAFE_INC="1"
  @INC:
    /tmp/loop_over_bdir-3329043-FNZxoi/RDF-NLP-SPARQLQuery-0.1-0/blib/arch
    /tmp/loop_over_bdir-3329043-FNZxoi/RDF-NLP-SPARQLQuery-0.1-0/blib/lib
    /tmp/loop_over_bdir-3329043-FNZxoi/App-oo_modulino_zsh_completion_helper-0.04-0/blib/arch
    /tmp/loop_over_bdir-3329043-FNZxoi/App-oo_modulino_zsh_completion_helper-0.04-0/blib/lib
    /home/sand/src/perl/repoperls/installed-perls/host/k93jammy/v5.41.4/5674/lib/site_perl/5.41.4/x86_64-linux-ld
    /home/sand/src/perl/repoperls/installed-perls/host/k93jammy/v5.41.4/5674/lib/site_perl/5.41.4
    /home/sand/src/perl/repoperls/installed-perls/host/k93jammy/v5.41.4/5674/lib/5.41.4/x86_64-linux-ld
    /home/sand/src/perl/repoperls/installed-perls/host/k93jammy/v5.41.4/5674/lib/5.41.4
    .