UR-Object-Command-Crud v0.01 Perl 5 v5.10.1 amd64-freebsd

Status
Fail
From
Slaven Rezić (SREZIC)
Dist
UR-Object-Command-Crud v0.01
Platform
Perl 5 v5.10.1 amd64-freebsd
Date
2017-09-23 11:39:21
ID
d7b76e5c-a053-11e7-8943-c3914e012ed5
This distribution has been tested as part of the CPAN Testers
project, supporting the Perl programming language.  See
http://wiki.cpantesters.org/ for more information or email
questions to cpan-testers-discuss@perl.org


--
Dear Edward Belter,

This is a computer-generated report for UR-Object-Command-Crud-0.01
on perl 5.10.1, created by CPAN-Reporter-1.2018.

Thank you for uploading your work to CPAN.  However, there was a problem
testing your distribution.

If you think this report is invalid, please consult the CPAN Testers Wiki
for suggestions on how to avoid getting FAIL reports for missing library
or binary dependencies, unsupported operating systems, and so on:

http://wiki.cpantesters.org/wiki/CPANAuthorNotes

Sections of this report:

    * Tester comments
    * Program output
    * Prerequisites
    * Environment and other context

------------------------------
TESTER COMMENTS
------------------------------

Additional comments from tester:

none provided

------------------------------
PROGRAM OUTPUT
------------------------------

Output from './Build test':

t/TestCrudClasses.t ..................................... ok

    #   Failed test 'fails w/ invalid change'
    #   at t/UR-Object-Command-Copy.t line 46.
    # expecting: Regexp ((?-xism:Invalid change))
    # found: Can't locate object method "fatal_message" via package "Test::Muppet::Command::Copy" (perhaps you forgot to load "Test::Muppet::Command::Copy"?) at /usr/home/eserte/.cpan/build/2017092300/UR-Object-Command-Crud-0.01-4/blib/lib/UR/Object/Command/Copy.pm line 63.
    # 	UR::Object::Command::Copy::execute() called at /usr/perl5.10.1/lib/site_perl/5.10.1/Command/Common.pm line 82
    # 	eval {...} called at /usr/perl5.10.1/lib/site_perl/5.10.1/Command/Common.pm line 82
    # 	Command::Common::execute() called at t/UR-Object-Command-Copy.t line 46
    # 	Test::Exception::throws_ok() called at t/UR-Object-Command-Copy.t line 46
    # 	main::__ANON__() called at /usr/perl5.10.1/lib/5.10.1/Test/Builder.pm line 326
    # 	eval {...} called at /usr/perl5.10.1/lib/5.10.1/Test/Builder.pm line 326
    # 	Test::Builder::subtest() called at /usr/perl5.10.1/lib/5.10.1/Test/More.pm line 807
    # 	Test::More::subtest() called at t/UR-Object-Command-Copy.t line 54

    #   Failed test 'fails w/ invalid property'
    #   at t/UR-Object-Command-Copy.t line 47.
    # expecting: Regexp ((?-xism:Invalid property))
    # found: Can't locate object method "fatal_message" via package "Test::Muppet::Command::Copy" (perhaps you forgot to load "Test::Muppet::Command::Copy"?) at /usr/home/eserte/.cpan/build/2017092300/UR-Object-Command-Crud-0.01-4/blib/lib/UR/Object/Command/Copy.pm line 63.
    # 	UR::Object::Command::Copy::execute() called at /usr/perl5.10.1/lib/site_perl/5.10.1/Command/Common.pm line 82
    # 	eval {...} called at /usr/perl5.10.1/lib/site_perl/5.10.1/Command/Common.pm line 82
    # 	Command::Common::execute() called at t/UR-Object-Command-Copy.t line 47
    # 	Test::Exception::throws_ok() called at t/UR-Object-Command-Copy.t line 47
    # 	main::__ANON__() called at /usr/perl5.10.1/lib/5.10.1/Test/Builder.pm line 326
    # 	eval {...} called at /usr/perl5.10.1/lib/5.10.1/Test/Builder.pm line 326
    # 	Test::Builder::subtest() called at /usr/perl5.10.1/lib/5.10.1/Test/More.pm line 807
    # 	Test::More::subtest() called at t/UR-Object-Command-Copy.t line 54
ERROR: Invalid data for save!
ERROR: Test::Muppet identified by ernie jr (1BECB9009FF611E785B4A53B7C1C1FF1) has problems on
INVALID: property 'title': The value invalid is not in the list of valid values for title.  Valid values are: mr, sir, mrs, ms, miss, dr
    Current state:
$VAR1 = bless( {
                 '__get_serial' => 1989,
                 '_change_count' => 3,
                 'job_id' => '1BE452609FF611E7A0DCA7D03BE578B5',
                 'name' => 'ernie jr',
                 'id' => '1BECB9009FF611E785B4A53B7C1C1FF1',
                 'title' => 'invalid'
               }, 'Test::Muppet' );
ERROR: Test::Muppet identified by ernie jr (1BECB9009FF611E785B4A53B7C1C1FF1) has problems on
INVALID: property 'title': The value invalid is not in the list of valid values for title.  Valid values are: mr, sir, mrs, ms, miss, dr
    Current state:
$VAR1 = bless( {
                 '__get_serial' => 1989,
                 '_change_count' => 3,
                 'job_id' => '1BE452609FF611E7A0DCA7D03BE578B5',
                 'name' => 'ernie jr',
                 'id' => '1BECB9009FF611E785B4A53B7C1C1FF1',
                 'title' => 'invalid'
               }, 'Test::Muppet' );
ERROR: Test::Muppet identified by ernie jr (1BECB9009FF611E785B4A53B7C1C1FF1) has problems on
INVALID: property 'title': The value invalid is not in the list of valid values for title.  Valid values are: mr, sir, mrs, ms, miss, dr
    Current state:
$VAR1 = bless( {
                 '__get_serial' => 1989,
                 '_change_count' => 3,
                 'job_id' => '1BE452609FF611E7A0DCA7D03BE578B5',
                 'name' => 'ernie jr',
                 'id' => '1BECB9009FF611E785B4A53B7C1C1FF1',
                 'title' => 'invalid'
               }, 'Test::Muppet' );

    #   Failed test 'fails w/ invalid title'
    #   at t/UR-Object-Command-Copy.t line 48.
    # expecting: Regexp ((?-xism:Failed to commit))
    # found: Can't locate object method "fatal_message" via package "Test::Muppet::Command::Copy" (perhaps you forgot to load "Test::Muppet::Command::Copy"?) at /usr/home/eserte/.cpan/build/2017092300/UR-Object-Command-Crud-0.01-4/blib/lib/UR/Object/Command/Copy.pm line 63.
    # 	UR::Object::Command::Copy::execute() called at /usr/perl5.10.1/lib/site_perl/5.10.1/Command/Common.pm line 82
    # 	eval {...} called at /usr/perl5.10.1/lib/site_perl/5.10.1/Command/Common.pm line 82
    # 	Command::Common::execute() called at t/UR-Object-Command-Copy.t line 48
    # 	Test::Exception::throws_ok() called at t/UR-Object-Command-Copy.t line 48
    # 	main::__ANON__() called at /usr/perl5.10.1/lib/5.10.1/Test/Builder.pm line 326
    # 	eval {...} called at /usr/perl5.10.1/lib/5.10.1/Test/Builder.pm line 326
    # 	Test::Builder::subtest() called at /usr/perl5.10.1/lib/5.10.1/Test/More.pm line 807
    # 	Test::More::subtest() called at t/UR-Object-Command-Copy.t line 54
    # Looks like you failed 3 tests of 5.

#   Failed test 'fails'
#   at t/UR-Object-Command-Copy.t line 54.
NEW	Test::Muppet	ernie sr (1BEEFBD49FF611E79A979A0DF4309AC4)
# Looks like you failed 1 test of 3.
t/UR-Object-Command-Copy.t .............................. 
Dubious, test returned 1 (wstat 256, 0x100)
Failed 1/3 subtests 
ERROR: Property 'name': No value specified for required property
ERROR: Please see 'test muppet create --help' for more information.
Params:
---
best_friend: 1C5093269FF611E79A0C8B0342264748
friends:
  - 1C50B0729FF611E79351F6D624B2668F
job: 1C50D4F89FF611E7B92A8C7145306D7B
name: ernie
title: mr
New	Test::Muppet	ernie (1C5677DC9FF611E78411AF2E6BAE8F37)
t/UR-Object-Command-Create.t ............................ ok
t/UR-Object-Command-Create_exclude.t .................... ok

    #   Failed test 'fails w/o target_class'
    #   at t/UR-Object-Command-Crud.t line 33.
    # expecting: Regexp ((?-xism:No target_class given))
    # found: Can't locate object method "fatal_message" via package "UR::Object::Command::Crud" (perhaps you forgot to load "UR::Object::Command::Crud"?) at /usr/home/eserte/.cpan/build/2017092300/UR-Object-Command-Crud-0.01-4/blib/lib/UR/Object/Command/Crud.pm line 74.
    # 	UR::Object::Command::Crud::create_command_subclasses() called at t/UR-Object-Command-Crud.t line 33
    # 	Test::Exception::throws_ok() called at t/UR-Object-Command-Crud.t line 33
    # 	main::__ANON__() called at /usr/perl5.10.1/lib/5.10.1/Test/Builder.pm line 326
    # 	eval {...} called at /usr/perl5.10.1/lib/5.10.1/Test/Builder.pm line 326
    # 	Test::Builder::subtest() called at /usr/perl5.10.1/lib/5.10.1/Test/More.pm line 807
    # 	Test::More::subtest() called at t/UR-Object-Command-Crud.t line 49
    # Looks like you failed 1 test of 8.

#   Failed test 'create_command_subclasses'
#   at t/UR-Object-Command-Crud.t line 49.
# Looks like you failed 1 test of 4.
t/UR-Object-Command-Crud.t .............................. 
Dubious, test returned 1 (wstat 256, 0x100)
Failed 1/4 subtests 
t/UR-Object-Command-CrudUtil.t .......................... ok
t/UR-Object-Command-Crud_uniq_names_and_sub_commands.t .. ok

    #   Failed test 'execute generated 1 message'
    #   at t/UR-Object-Command-Delete.t line 58.
    #          got: '0'
    #     expected: '1'

    #   Failed test 'Delete message'
    #   at t/UR-Object-Command-Delete.t line 59.
    #                   undef
    #     doesn't match '(?-xism:DELETE\s+Test::Muppet\s\w+)'
    # Looks like you failed 2 tests of 5.

#   Failed test 'delete'
#   at t/UR-Object-Command-Delete.t line 68.
# Looks like you failed 1 test of 3.
t/UR-Object-Command-Delete.t ............................ 
Dubious, test returned 1 (wstat 256, 0x100)
Failed 1/3 subtests 

    #   Failed test 'fails with invlaid show config'
    #   at t/UR-Object-Command-List.t line 45.
    # expecting: Regexp ((?-xism:Invalid config for LIST `show`))
    # found: Can't locate object method "fatal_message" via package "UR::Object::Command::Crud" (perhaps you forgot to load "UR::Object::Command::Crud"?) at /usr/home/eserte/.cpan/build/2017092300/UR-Object-Command-Crud-0.01-4/blib/lib/UR/Object/Command/Crud.pm line 179.
    # 	UR::Object::Command::Crud::_build_list_command() called at /usr/home/eserte/.cpan/build/2017092300/UR-Object-Command-Crud-0.01-4/blib/lib/UR/Object/Command/Crud.pm line 90
    # 	UR::Object::Command::Crud::create_command_subclasses() called at t/UR-Object-Command-List.t line 44
    # 	Test::Exception::throws_ok() called at t/UR-Object-Command-List.t line 45
    # 	main::__ANON__() called at /usr/perl5.10.1/lib/5.10.1/Test/Builder.pm line 326
    # 	eval {...} called at /usr/perl5.10.1/lib/5.10.1/Test/Builder.pm line 326
    # 	Test::Builder::subtest() called at /usr/perl5.10.1/lib/5.10.1/Test/More.pm line 807
    # 	Test::More::subtest() called at t/UR-Object-Command-List.t line 66

    #   Failed test 'fails with invlaid order_by config'
    #   at t/UR-Object-Command-List.t line 53.
    # expecting: Regexp ((?-xism:Invalid config for LIST `order_by`))
    # found: Can't locate object method "fatal_message" via package "UR::Object::Command::Crud" (perhaps you forgot to load "UR::Object::Command::Crud"?) at /usr/home/eserte/.cpan/build/2017092300/UR-Object-Command-Crud-0.01-4/blib/lib/UR/Object/Command/Crud.pm line 185.
    # 	UR::Object::Command::Crud::_build_list_command() called at /usr/home/eserte/.cpan/build/2017092300/UR-Object-Command-Crud-0.01-4/blib/lib/UR/Object/Command/Crud.pm line 90
    # 	UR::Object::Command::Crud::create_command_subclasses() called at t/UR-Object-Command-List.t line 52
    # 	Test::Exception::throws_ok() called at t/UR-Object-Command-List.t line 53
    # 	main::__ANON__() called at /usr/perl5.10.1/lib/5.10.1/Test/Builder.pm line 326
    # 	eval {...} called at /usr/perl5.10.1/lib/5.10.1/Test/Builder.pm line 326
    # 	Test::Builder::subtest() called at /usr/perl5.10.1/lib/5.10.1/Test/More.pm line 807
    # 	Test::More::subtest() called at t/UR-Object-Command-List.t line 66

    #   Failed test 'fails with invlaid config key'
    #   at t/UR-Object-Command-List.t line 61.
    # expecting: Regexp ((?-xism:Unknown config for LIST))
    # found: Can't locate object method "fatal_message" via package "UR::Object::Command::Crud" (perhaps you forgot to load "UR::Object::Command::Crud"?) at /usr/home/eserte/.cpan/build/2017092300/UR-Object-Command-Crud-0.01-4/blib/lib/UR/Object/Command/Crud.pm line 189.
    # 	UR::Object::Command::Crud::_build_list_command() called at /usr/home/eserte/.cpan/build/2017092300/UR-Object-Command-Crud-0.01-4/blib/lib/UR/Object/Command/Crud.pm line 90
    # 	UR::Object::Command::Crud::create_command_subclasses() called at t/UR-Object-Command-List.t line 60
    # 	Test::Exception::throws_ok() called at t/UR-Object-Command-List.t line 61
    # 	main::__ANON__() called at /usr/perl5.10.1/lib/5.10.1/Test/Builder.pm line 326
    # 	eval {...} called at /usr/perl5.10.1/lib/5.10.1/Test/Builder.pm line 326
    # 	Test::Builder::subtest() called at /usr/perl5.10.1/lib/5.10.1/Test/More.pm line 807
    # 	Test::More::subtest() called at t/UR-Object-Command-List.t line 66
    # Looks like you failed 3 tests of 3.

#   Failed test 'command config'
#   at t/UR-Object-Command-List.t line 66.
# Looks like you failed 1 test of 3.
t/UR-Object-Command-List.t .............................. 
Dubious, test returned 1 (wstat 256, 0x100)
Failed 1/3 subtests 

    #   Failed test 'No status messages'
    #   at t/UR-Object-Command-Update.t line 83.
    #          got: undef
    #     expected: '0'

    #   Failed test 'No status messages'
    #   at t/UR-Object-Command-Update.t line 97.
    #          got: undef
    #     expected: '0'
    # Looks like you failed 2 tests of 19.

#   Failed test 'update name'
#   at t/UR-Object-Command-Update.t line 112.

    #   Failed test 'Got 0 status messages'
    #   at t/UR-Object-Command-Update.t line 129.
    #          got: undef
    #     expected: '0'

    #   Failed test 'Got 0 status messages'
    #   at t/UR-Object-Command-Update.t line 136.
    #          got: undef
    #     expected: '0'

    #   Failed test 'Got 0 status messages'
    #   at t/UR-Object-Command-Update.t line 149.
    #          got: undef
    #     expected: '0'
    # Looks like you failed 3 tests of 20.

#   Failed test 'update title'
#   at t/UR-Object-Command-Update.t line 163.
# Looks like you failed 2 tests of 7.
t/UR-Object-Command-Update.t ............................ 
Dubious, test returned 2 (wstat 512, 0x200)
Failed 2/7 subtests 

    #   Failed test 'Got 0 status messages'
    #   at t/UR-Object-Command-UpdateIsMany.t line 117.
    #          got: undef
    #     expected: '0'
    # Looks like you failed 1 test of 20.

#   Failed test 'remove friend'
#   at t/UR-Object-Command-UpdateIsMany.t line 144.
# Looks like you failed 1 test of 3.
t/UR-Object-Command-UpdateIsMany.t ...................... 
Dubious, test returned 1 (wstat 256, 0x100)
Failed 1/3 subtests 
t/UR-Object-Command-UpdateTree.t ........................ ok
t/UR-Object-Command-Update_exclude.t .................... ok

Test Summary Report
-------------------
t/UR-Object-Command-Copy.t                            (Wstat: 256 Tests: 3 Failed: 1)
  Failed test:  2
  Non-zero exit status: 1
t/UR-Object-Command-Crud.t                            (Wstat: 256 Tests: 4 Failed: 1)
  Failed test:  2
  Non-zero exit status: 1
t/UR-Object-Command-Delete.t                          (Wstat: 256 Tests: 3 Failed: 1)
  Failed test:  3
  Non-zero exit status: 1
t/UR-Object-Command-List.t                            (Wstat: 256 Tests: 3 Failed: 1)
  Failed test:  2
  Non-zero exit status: 1
t/UR-Object-Command-Update.t                          (Wstat: 512 Tests: 7 Failed: 2)
  Failed tests:  3-4
  Non-zero exit status: 2
t/UR-Object-Command-UpdateIsMany.t                    (Wstat: 256 Tests: 3 Failed: 1)
  Failed test:  3
  Non-zero exit status: 1
Files=13, Tests=35,  9 wallclock secs ( 0.02 usr  0.17 sys +  7.23 cusr  0.84 csys =  8.26 CPU)
Result: FAIL
Failed 6/13 test programs. 7/35 subtests failed.

------------------------------
PREREQUISITES
------------------------------

Prerequisite modules loaded:

requires:

    Module              Need Have    
    ------------------- ---- --------
    Lingua::EN::Inflect 0    1.899   
    List::MoreUtils     0    0.425   
    Sub::Install        0    0.928   
    UR                  0    0.44    
    YAML                0    1.23    

build_requires:

    Module              Need Have    
    ------------------- ---- --------
    Module::Build       0    0.4224  
    Path::Class         0    0.37    
    Scope::Guard        0    0.21    
    Test::More          0    1.302096

configure_requires:

    Module              Need Have    
    ------------------- ---- --------
    Module::Build       0.42 0.4224  


------------------------------
ENVIRONMENT AND OTHER CONTEXT
------------------------------

Environment variables:

    LC_ALL = de_DE.ISO8859-1
    PATH = /usr/local/bin:/usr/bin:/bin:/usr/local/sbin:/usr/sbin:/sbin:/home/cpansand/bin/freebsd9.3:/home/cpansand/bin/sh:/home/cpansand/bin:/usr/games:/home/cpansand/devel:/usr/home/eserte/src/srezic-misc/scripts
    PERL5LIB = 
    PERL5OPT = 
    PERL5_CPANPLUS_IS_RUNNING = 6181
    PERL5_CPAN_IS_RUNNING = 6181
    PERL5_CPAN_IS_RUNNING_IN_RECURSION = 6138,6181
    PERLDOC = -MPod::Perldoc::ToTextOverstrike
    PERL_BATCH = yes
    PERL_CANARY_STABILITY_NOPROMPT = 1
    PERL_CPAN_REPORTER_CONFIG = /var/tmp/cpansmoker-1023/2017092300/cpanreporter_000_config.ini
    PERL_EXTUTILS_AUTOINSTALL = --defaultdeps
    SHELL = /usr/local/bin/zsh
    TERM = screen
    TMPDIR = /var/tmp/cpansmoker-1023/2017092300

Perl special variables (and OS-specific diagnostics, for MSWin32):

    $^X = /usr/perl5.10.1/bin/perl
    $UID/$EUID = 1023 / 1023
    $GID = 1023 1023
    $EGID = 1023 1023

Perl module toolchain versions installed:

    Module              Have    
    ------------------- --------
    CPAN                2.16    
    CPAN::Meta          2.150010
    Cwd                 3.62    
    ExtUtils::CBuilder  0.280226
    ExtUtils::Command   7.24    
    ExtUtils::Install   2.12    
    ExtUtils::MakeMaker 7.24    
    ExtUtils::Manifest  1.70    
    ExtUtils::ParseXS   3.35    
    File::Spec          3.62    
    JSON                2.94    
    JSON::PP            2.94    
    Module::Build       0.4224  
    Module::Signature   0.79    
    Parse::CPAN::Meta   2.150010
    Test::Harness       3.39    
    Test::More          1.302096
    YAML                1.23    
    YAML::Syck          1.30    
    version             0.9918  


--

Summary of my perl5 (revision 5 version 10 subversion 1) configuration:
   
  Platform:
    osname=freebsd, osvers=9.2-release-p4, archname=amd64-freebsd
    uname='freebsd cvrsnica-freebsd-92 9.2-release-p4 freebsd 9.2-release-p4 #0: tue apr 8 18:08:22 utc 2014 root@amd64-builder.daemonology.net:usrobjusrsrcsysgeneric amd64 '
    config_args='-ds -e -Dprefix=/usr/perl5.10.1'
    hint=recommended, useposix=true, d_sigaction=define
    useithreads=undef, usemultiplicity=undef
    useperlio=define, d_sfio=undef, uselargefiles=define, usesocks=undef
    use64bitint=define, use64bitall=define, uselongdouble=undef
    usemymalloc=n, bincompat5005=undef
  Compiler:
    cc='cc', ccflags ='-DHAS_FPSETMASK -DHAS_FLOATINGPOINT_H -fno-strict-aliasing -pipe -fstack-protector -I/usr/local/include',
    optimize='-O',
    cppflags='-DHAS_FPSETMASK -DHAS_FLOATINGPOINT_H -fno-strict-aliasing -pipe -fstack-protector -I/usr/local/include'
    ccversion='', gccversion='4.2.1 20070831 patched [FreeBSD]', gccosandvers=''
    intsize=4, longsize=8, ptrsize=8, doublesize=8, byteorder=12345678
    d_longlong=define, longlongsize=8, d_longdbl=define, longdblsize=16
    ivtype='long', ivsize=8, nvtype='double', nvsize=8, Off_t='off_t', lseeksize=8
    alignbytes=8, prototype=define
  Linker and Libraries:
    ld='cc', ldflags ='-Wl,-E  -fstack-protector -L/usr/local/lib'
    libpth=/usr/lib /usr/local/lib
    libs=-lgdbm -lm -lcrypt -lutil -lc
    perllibs=-lm -lcrypt -lutil -lc
    libc=, so=so, useshrplib=false, libperl=libperl.a
    gnulibc_version=''
  Dynamic Linking:
    dlsrc=dl_dlopen.xs, dlext=so, d_dlsymun=undef, ccdlflags=' '
    cccdlflags='-DPIC -fPIC', lddlflags='-shared  -L/usr/local/lib -fstack-protector'


Characteristics of this binary (from libperl): 
  Compile-time options: PERL_DONT_CREATE_GVSV PERL_MALLOC_WRAP USE_64_BIT_ALL
                        USE_64_BIT_INT USE_LARGE_FILES USE_PERLIO
  Built under freebsd
  Compiled at May 15 2014 23:30:26
  %ENV:
    PERL5LIB=""
    PERL5OPT=""
    PERL5_CPANPLUS_IS_RUNNING="6181"
    PERL5_CPAN_IS_RUNNING="6181"
    PERL5_CPAN_IS_RUNNING_IN_RECURSION="6138,6181"
    PERLDOC="-MPod::Perldoc::ToTextOverstrike"
    PERL_BATCH="yes"
    PERL_CANARY_STABILITY_NOPROMPT="1"
    PERL_CPAN_REPORTER_CONFIG="/var/tmp/cpansmoker-1023/2017092300/cpanreporter_000_config.ini"
    PERL_EXTUTILS_AUTOINSTALL="--defaultdeps"
  @INC:
    /usr/perl5.10.1/lib/5.10.1/amd64-freebsd
    /usr/perl5.10.1/lib/5.10.1
    /usr/perl5.10.1/lib/site_perl/5.10.1/amd64-freebsd
    /usr/perl5.10.1/lib/site_perl/5.10.1
    .