Report for DBD-Redbase-0.22

Back
From: metabase:user:e3434da8-b236-11df-85ca-0247c6d74bde
Subject: FAIL DBD-Redbase-0.22 v5.13.7 GNU/Linux
Date: 2011-01-01T16:54:48Z

This distribution has been tested as part of the CPAN Testers
project, supporting the Perl programming language.  See
http://wiki.cpantesters.org/ for more information or email
questions to cpan-testers-discuss@perl.org


--
Dear Ilya Verlinsky,

This is a computer-generated report for DBD-Redbase-0.22
on perl 5.13.7, created by CPAN-Reporter-1.1803.

Thank you for uploading your work to CPAN.  However, there was a problem
testing your distribution.

If you think this report is invalid, please consult the CPAN Testers Wiki
for suggestions on how to avoid getting FAIL reports for missing library
or binary dependencies, unsupported operating systems, and so on:

http://wiki.cpantesters.org/wiki/CPANAuthorNotes

Sections of this report:

    * Tester comments
    * Program output
    * Prerequisites
    * Environment and other context

------------------------------
TESTER COMMENTS
------------------------------

Additional comments from tester:

this report is from an automated smoke testing program
and was not reviewed by a human for accuracy

------------------------------
PROGRAM OUTPUT
------------------------------

Output from '/usr/bin/make test':

PERL_DL_NONLAZY=1 /home/tester/vers/perl-5.13.7/bin/perl5.13.7 "-MExtUtils::Command::MM" "-e" "test_harness(0, 'blib/lib', 'blib/arch')" t/*.t
t/00base.t ......... ok
t/10dsnlist.t ...... 
Dubious, test returned 10 (wstat 2560, 0xa00)
Failed 3/3 subtests 
t/20createdrop.t ... 
Dubious, test returned 10 (wstat 2560, 0xa00)
Failed 5/5 subtests 
t/30insertfetch.t .. 
Dubious, test returned 10 (wstat 2560, 0xa00)
Failed 17/17 subtests 
t/40bindparam.t .... 
Dubious, test returned 10 (wstat 2560, 0xa00)
Failed 28/28 subtests 
t/40listfields.t ... 
Dubious, test returned 10 (wstat 2560, 0xa00)
Failed 13/13 subtests 
t/40nulls.t ........ 
Dubious, test returned 10 (wstat 2560, 0xa00)
Failed 11/11 subtests 
t/40numrows.t ...... 
Dubious, test returned 10 (wstat 2560, 0xa00)
Failed 25/25 subtests 
t/50chopblanks.t ... 
Dubious, test returned 10 (wstat 2560, 0xa00)
Failed 35/35 subtests 
t/50commit.t ....... 
Dubious, test returned 255 (wstat 65280, 0xff00)
Failed 30/30 subtests 

Test Summary Report
-------------------
t/10dsnlist.t    (Wstat: 2560 Tests: 1 Failed: 1)
  Failed test:  1
  Non-zero exit status: 10
  Parse errors: Bad plan.  You planned 3 tests but ran 1.
t/20createdrop.t (Wstat: 2560 Tests: 1 Failed: 1)
  Failed test:  1
  Non-zero exit status: 10
  Parse errors: Bad plan.  You planned 5 tests but ran 1.
t/30insertfetch.t (Wstat: 2560 Tests: 1 Failed: 1)
  Failed test:  1
  Non-zero exit status: 10
  Parse errors: Bad plan.  You planned 17 tests but ran 1.
t/40bindparam.t  (Wstat: 2560 Tests: 1 Failed: 1)
  Failed test:  1
  Non-zero exit status: 10
  Parse errors: Bad plan.  You planned 28 tests but ran 1.
t/40listfields.t (Wstat: 2560 Tests: 1 Failed: 1)
  Failed test:  1
  Non-zero exit status: 10
  Parse errors: Bad plan.  You planned 13 tests but ran 1.
t/40nulls.t      (Wstat: 2560 Tests: 1 Failed: 1)
  Failed test:  1
  Non-zero exit status: 10
  Parse errors: Bad plan.  You planned 11 tests but ran 1.
t/40numrows.t    (Wstat: 2560 Tests: 1 Failed: 1)
  Failed test:  1
  Non-zero exit status: 10
  Parse errors: Bad plan.  You planned 25 tests but ran 1.
t/50chopblanks.t (Wstat: 2560 Tests: 1 Failed: 1)
  Failed test:  1
  Non-zero exit status: 10
  Parse errors: Bad plan.  You planned 35 tests but ran 1.
t/50commit.t     (Wstat: 65280 Tests: 1 Failed: 1)
  Failed test:  1
  Non-zero exit status: 255
  Parse errors: Bad plan.  You planned 30 tests but ran 1.
Files=10, Tests=14,  2 wallclock secs ( 0.05 usr  0.02 sys +  1.03 cusr  0.19 csys =  1.29 CPU)
Result: FAIL
Failed 9/10 test programs. 9/14 subtests failed.
make: *** [test_dynamic] Error 255

------------------------------
PREREQUISITES
------------------------------

Prerequisite modules loaded:

requires:

    Module                Need Have   
    --------------------- ---- -------
    Bit::Vector           6.1  7.1    
    Bit::Vector::Overload 6.1  7.1    
    Unicode::String       2.06 2.09   

build_requires:

    Module                Need Have   
    --------------------- ---- -------
    ExtUtils::MakeMaker   0    6.57_05


------------------------------
ENVIRONMENT AND OTHER CONTEXT
------------------------------

Environment variables:

    AUTOMATED_TESTING = 1
    LANG = en_US.utf8
    LC_COLLATE = C
    PATH = /home/tester/perl5/perlbrew/bin:/home/tester/perl5/perlbrew/perls/current/bin:/home/tester/perl5/perlbrew/bin:/home/tester/perl5/perlbrew/perls/current/bin:/usr/lib64/qt-3.3/bin:/usr/lib64/ccache:/usr/local/bin:/bin:/usr/bin:/usr/local/sbin:/usr/sbin:/sbin:/home/tester/bin
    PERL5LIB = /home/tester/cpan/perl-5.13.7/.cpan/build/Unicode-String-2.09-TrrDip/blib/arch:/home/tester/cpan/perl-5.13.7/.cpan/build/Unicode-String-2.09-TrrDip/blib/lib:/home/tester/cpan/perl-5.13.7/.cpan/build/Bit-Vector-7.1-ayvMgN/blib/arch:/home/tester/cpan/perl-5.13.7/.cpan/build/Bit-Vector-7.1-ayvMgN/blib/lib:/home/tester/cpan/perl-5.13.7/.cpan/build/Carp-Clan-6.04-ezDQ24/blib/arch:/home/tester/cpan/perl-5.13.7/.cpan/build/Carp-Clan-6.04-ezDQ24/blib/lib
    PERL5OPT = 
    PERL5_CPANPLUS_IS_RUNNING = 10577
    PERL5_CPAN_IS_RUNNING = 10577
    PERL5_MINISMOKEBOX = 0.40
    PERL_EXTUTILS_AUTOINSTALL = --defaultdeps
    PERL_MM_USE_DEFAULT = 1
    SHELL = /bin/bash
    TERM = screen

Perl special variables (and OS-specific diagnostics, for MSWin32):

    $^X = /home/tester/vers/perl-5.13.7/bin/perl5.13.7
    $UID/$EUID = 501 / 501
    $GID = 501 501
    $EGID = 501 501

Perl module toolchain versions installed:

    Module              Have   
    ------------------- -------
    CPAN                1.94_62
    Cwd                 3.34   
    ExtUtils::CBuilder  0.2801 
    ExtUtils::Command   1.16   
    ExtUtils::Install   1.55   
    ExtUtils::MakeMaker 6.57_05
    ExtUtils::Manifest  1.58   
    ExtUtils::ParseXS   2.2207 
    File::Spec          3.33   
    Module::Build       0.3607 
    Module::Signature   n/a    
    Test::Harness       3.22   
    Test::More          0.97_01
    YAML                n/a    
    YAML::Syck          1.17   
    version             0.86   


--

Summary of my perl5 (revision 5 version 13 subversion 7) configuration:
   
  Platform:
    osname=linux, osvers=2.6.35.6-48.fc14.x86_64, archname=x86_64-linux-thread-multi
    uname='linux firenze.localhost 2.6.35.6-48.fc14.x86_64 #1 smp fri oct 22 15:36:08 utc 2010 x86_64 x86_64 x86_64 gnulinux '
    config_args='-des -Dprefix=/home/tester/vers/perl-5.13.7 -Dusethreads -Duse64bitint -Dusedevel'
    hint=recommended, useposix=true, d_sigaction=define
    useithreads=define, usemultiplicity=define
    useperlio=define, d_sfio=undef, uselargefiles=define, usesocks=undef
    use64bitint=define, use64bitall=define, uselongdouble=undef
    usemymalloc=n, bincompat5005=undef
  Compiler:
    cc='cc', ccflags ='-D_REENTRANT -D_GNU_SOURCE -fno-strict-aliasing -pipe -fstack-protector -I/usr/local/include -D_LARGEFILE_SOURCE -D_FILE_OFFSET_BITS=64',
    optimize='-O2',
    cppflags='-D_REENTRANT -D_GNU_SOURCE -fno-strict-aliasing -pipe -fstack-protector -I/usr/local/include'
    ccversion='', gccversion='4.5.1 20100924 (Red Hat 4.5.1-4)', gccosandvers=''
    intsize=4, longsize=8, ptrsize=8, doublesize=8, byteorder=12345678
    d_longlong=define, longlongsize=8, d_longdbl=define, longdblsize=16
    ivtype='long', ivsize=8, nvtype='double', nvsize=8, Off_t='off_t', lseeksize=8
    alignbytes=8, prototype=define
  Linker and Libraries:
    ld='cc', ldflags =' -fstack-protector -L/usr/local/lib'
    libpth=/usr/local/lib /lib /usr/lib /lib64 /usr/lib64 /usr/local/lib64
    libs=-lnsl -lgdbm -ldb -ldl -lm -lcrypt -lutil -lpthread -lc -lgdbm_compat
    perllibs=-lnsl -ldl -lm -lcrypt -lutil -lpthread -lc
    libc=, so=so, useshrplib=false, libperl=libperl.a
    gnulibc_version='2.12.90'
  Dynamic Linking:
    dlsrc=dl_dlopen.xs, dlext=so, d_dlsymun=undef, ccdlflags='-Wl,-E'
    cccdlflags='-fPIC', lddlflags='-shared -O2 -L/usr/local/lib -fstack-protector'


Characteristics of this binary (from libperl): 
  Compile-time options: MULTIPLICITY PERL_DONT_CREATE_GVSV
                        PERL_IMPLICIT_CONTEXT PERL_MALLOC_WRAP PERL_USE_DEVEL
                        USE_64_BIT_ALL USE_64_BIT_INT USE_ITHREADS
                        USE_LARGE_FILES USE_PERLIO USE_PERL_ATOF
                        USE_REENTRANT_API
  Built under linux
  Compiled at Dec  2 2010 22:32:54
  %ENV:
    PERL5LIB="/home/tester/cpan/perl-5.13.7/.cpan/build/Unicode-String-2.09-TrrDip/blib/arch:/home/tester/cpan/perl-5.13.7/.cpan/build/Unicode-String-2.09-TrrDip/blib/lib:/home/tester/cpan/perl-5.13.7/.cpan/build/Bit-Vector-7.1-ayvMgN/blib/arch:/home/tester/cpan/perl-5.13.7/.cpan/build/Bit-Vector-7.1-ayvMgN/blib/lib:/home/tester/cpan/perl-5.13.7/.cpan/build/Carp-Clan-6.04-ezDQ24/blib/arch:/home/tester/cpan/perl-5.13.7/.cpan/build/Carp-Clan-6.04-ezDQ24/blib/lib"
    PERL5OPT=""
    PERL5_CPANPLUS_IS_RUNNING="10577"
    PERL5_CPAN_IS_RUNNING="10577"
    PERL5_MINISMOKEBOX="0.40"
    PERL_EXTUTILS_AUTOINSTALL="--defaultdeps"
    PERL_MM_USE_DEFAULT="1"
  @INC:
    /home/tester/cpan/perl-5.13.7/.cpan/build/Unicode-String-2.09-TrrDip/blib/arch
    /home/tester/cpan/perl-5.13.7/.cpan/build/Unicode-String-2.09-TrrDip/blib/lib
    /home/tester/cpan/perl-5.13.7/.cpan/build/Bit-Vector-7.1-ayvMgN/blib/arch
    /home/tester/cpan/perl-5.13.7/.cpan/build/Bit-Vector-7.1-ayvMgN/blib/lib
    /home/tester/cpan/perl-5.13.7/.cpan/build/Carp-Clan-6.04-ezDQ24/blib/arch
    /home/tester/cpan/perl-5.13.7/.cpan/build/Carp-Clan-6.04-ezDQ24/blib/lib
    /home/tester/vers/perl-5.13.7/lib/site_perl/5.13.7/x86_64-linux-thread-multi
    /home/tester/vers/perl-5.13.7/lib/site_perl/5.13.7
    /home/tester/vers/perl-5.13.7/lib/5.13.7/x86_64-linux-thread-multi
    /home/tester/vers/perl-5.13.7/lib/5.13.7
    .