Perl-Repository-APC v2.002001 Perl 5 v5.35.10 x86_64-linux-thread-multi
- Status
- Fail
- From
- Andreas J. König (ANDK)
- Dist
-
Perl-Repository-APC v2.002001
- Platform
- Perl 5 v5.35.10 x86_64-linux-thread-multi
- Date
- 2022-03-21 05:57:51
- ID
- d79dfa5e-a8db-11ec-973e-e287cc2d017f
This distribution has been tested as part of the CPAN Testers
project, supporting the Perl programming language. See
http://wiki.cpantesters.org/ for more information or email
questions to cpan-testers-discuss@perl.org
--
Dear Andreas J. Koenig,
This is a computer-generated report for Perl-Repository-APC-2.002001
on perl 5.35.10, created by CPAN-Reporter-1.2018.
Thank you for uploading your work to CPAN. However, there was a problem
testing your distribution.
If you think this report is invalid, please consult the CPAN Testers Wiki
for suggestions on how to avoid getting FAIL reports for missing library
or binary dependencies, unsupported operating systems, and so on:
http://wiki.cpantesters.org/wiki/CPANAuthorNotes
Sections of this report:
* Tester comments
* Program output
* Prerequisites
* Environment and other context
------------------------------
TESTER COMMENTS
------------------------------
Additional comments from tester:
this report is from an automated smoke testing program
and was not reviewed by a human for accuracy
------------------------------
PROGRAM OUTPUT
------------------------------
Output from '/usr/bin/make test':
PERL_DL_NONLAZY=1 "/tmp/basesmoker-reloperl-uKX0/bin/perl" "-MExtUtils::Command::MM" "-MTest::Harness" "-e" "undef *Test::Harness::Switches; test_harness(0, 'blib/lib', 'blib/arch')" t/*.t
Old SIGNATURE detected. Please inform the module author to regenerate SIGNATURE using Module::Signature version 0.82 or newer.
WARNING: This key is not certified with a trusted signature!
Primary key fingerprint: 50A0 ED26 8AA2 95BD 2CA0 411E EC80 39F0 A317 C15D
Not in MANIFEST: blib/arch/.exists
Not in MANIFEST: blib/arch/auto/Perl/Repository/APC/.exists
Not in MANIFEST: blib/bin/.exists
Not in MANIFEST: blib/lib/auto/Perl/Repository/APC/.exists
Not in MANIFEST: blib/lib/Perl/Repository/.exists
Not in MANIFEST: blib/lib/Perl/Repository/APC.pm
Not in MANIFEST: blib/lib/Perl/Repository/APC/BAP.pm
Not in MANIFEST: blib/lib/Perl/Repository/APC2SVN.pm
Not in MANIFEST: blib/man1/.exists
Not in MANIFEST: blib/man1/apc2svn.1
Not in MANIFEST: blib/man1/binsearchaperl.1
Not in MANIFEST: blib/man1/buildaperl.1
Not in MANIFEST: blib/man1/patchaperlup.1
Not in MANIFEST: blib/man1/perlpatch2svn.1
Not in MANIFEST: blib/man3/.exists
Not in MANIFEST: blib/man3/Perl::Repository::APC.3
Not in MANIFEST: blib/man3/Perl::Repository::APC2SVN.3
Not in MANIFEST: blib/man3/Perl::Repository::APC::BAP.3
Not in MANIFEST: blib/script/.exists
Not in MANIFEST: blib/script/apc-overview
Not in MANIFEST: blib/script/apc2svn
Not in MANIFEST: blib/script/binsearchaperl
Not in MANIFEST: blib/script/buildaperl
Not in MANIFEST: blib/script/patchaperlup
Not in MANIFEST: blib/script/perlpatch2svn
Not in MANIFEST: Makefile
Not in MANIFEST: MYMETA.json
Not in MANIFEST: MYMETA.yml
Not in MANIFEST: pm_to_blib
==> MISMATCHED content between MANIFEST and distribution files! <==
t/00-signature.t ..
Failed 1/1 subtests
Skipping tests! If you want to run the tests against your copy
of APC, please set environment variable $PERL_REPOSITORY_APC_REPO to
the path to your APC
t/apc.t ........... ok
t/bap.t ........... skipped: no repository found
t/pod.t ........... ok
t/podcover.t ...... ok
scripts/buildaperl syntax OK
scripts/binsearchaperl syntax OK
scripts/apc-overview syntax OK
scripts/patchaperlup syntax OK
t/scripts.t ....... ok
t/svn.t ........... skipped: svn deprecated
#
# tlds[10]cur[1]uniq[2]fils[100]spcused[2]saved[0]
# tlds[10]cur[2]uniq[2]fils[200]spcused[2]saved[0]
# tlds[10]cur[2]uniq[2]fils[300]spcused[2]saved[0]
# tlds[10]cur[2]uniq[2]fils[400]spcused[2]saved[0]
# tlds[10]cur[2]uniq[2]fils[500]spcused[2]saved[0]
# tlds[10]cur[2]uniq[2]fils[600]spcused[2]saved[0]
# tlds[10]cur[2]uniq[2]fils[700]spcused[2]saved[0]
# tlds[10]cur[2]uniq[2]fils[800]spcused[2]saved[0]
# tlds[10]cur[2]uniq[2]fils[900]spcused[2]saved[0]
# tlds[10]cur[2]uniq[2]fils[1_000]spcused[2]saved[0]
# tlds[10]cur[2]uniq[2]fils[1_100]spcused[2]saved[0]
# tlds[10]cur[2]uniq[2]fils[1_200]spcused[2]saved[0]
# tlds[10]cur[3]uniq[2]fils[1_300]spcused[2]saved[0]
# tlds[10]cur[4]uniq[2]fils[1_400]spcused[2]saved[0]
# tlds[10]cur[5]uniq[2]fils[1_500]spcused[2]saved[0]
# tlds[10]cur[5]uniq[2]fils[1_600]spcused[2]saved[0]
# tlds[10]cur[5]uniq[2]fils[1_700]spcused[2]saved[0]
# tlds[10]cur[5]uniq[2]fils[1_800]spcused[2]saved[0]
# tlds[10]cur[5]uniq[2]fils[1_900]spcused[2]saved[0]
# tlds[10]cur[5]uniq[2]fils[2_000]spcused[2]saved[0]
# tlds[10]cur[5]uniq[2]fils[2_100]spcused[2]saved[0]
# tlds[10]cur[5]uniq[2]fils[2_200]spcused[2]saved[0]
# tlds[10]cur[5]uniq[2]fils[2_300]spcused[2]saved[0]
# tlds[10]cur[5]uniq[2]fils[2_400]spcused[2]saved[0]
# tlds[10]cur[5]uniq[2]fils[2_500]spcused[2]saved[0]
# tlds[10]cur[6]uniq[2]fils[2_600]spcused[2]saved[0]
# tlds[10]cur[7]uniq[2]fils[2_700]spcused[2]saved[0]
# tlds[10]cur[7]uniq[2]fils[2_800]spcused[2]saved[0]
# tlds[10]cur[7]uniq[2]fils[2_900]spcused[2]saved[0]
# tlds[10]cur[7]uniq[2]fils[3_000]spcused[2]saved[0]
# tlds[10]cur[7]uniq[2]fils[3_100]spcused[2]saved[0]
# tlds[10]cur[7]uniq[2]fils[3_200]spcused[2]saved[0]
# tlds[10]cur[7]uniq[2]fils[3_300]spcused[2]saved[0]
# tlds[10]cur[7]uniq[2]fils[3_400]spcused[2]saved[0]
# tlds[10]cur[7]uniq[2]fils[3_500]spcused[2]saved[0]
# tlds[10]cur[7]uniq[2]fils[3_600]spcused[2]saved[0]
# tlds[10]cur[7]uniq[2]fils[3_700]spcused[2]saved[0]Cannot read "tmp/0/BAD\cJNL3" (Permission denied); Skipping. at eg/trimtrees.pl line 165.
# Cannot rename "tmp/0/BAD\cJNL1" to "./trimtrees1-FtYIbENN" (Permission denied); Skipping. at eg/trimtrees.pl line 55.
# Cannot rename "tmp/0/BAD\cJNL0" to "./trimtrees1-BhW0Mew4" (Permission denied); Skipping. at eg/trimtrees.pl line 55.
#
# tlds[10]cur[9]uniq[3]fils[3_800]spcused[58]saved[0]
# tlds[10]cur[10]uniq[3]fils[3_900]spcused[58]saved[0]
# tlds[10]cur[10]uniq[3]fils[4_000]spcused[58]saved[0]
# tlds[10]cur[10]uniq[3]fils[4_100]spcused[58]saved[0]
# tlds[10]cur[10]uniq[3]fils[4_100]spcused[58]saved[0]
# DONE
#
t/trimtrees.t ..... ok
Test Summary Report
-------------------
t/00-signature.t (Wstat: 0 Tests: 1 Failed: 1)
Failed test: 1
Files=8, Tests=57, 7 wallclock secs ( 0.02 usr 0.07 sys + 3.12 cusr 1.81 csys = 5.02 CPU)
Result: FAIL
Failed 1/8 test programs. 1/57 subtests failed.
Makefile:932: recipe for target 'test_dynamic' failed
make: *** [test_dynamic] Error 255
------------------------------
PREREQUISITES
------------------------------
Prerequisite modules loaded:
requires:
Module Need Have
------------------- ---- ----------
Digest::MD5 0 2.58
ExtUtils::Manifest 1.50 1.73
File::Spec 0 3.84
List::Util 0 1.62
Module::CoreList 2.13 5.20220320
Test::More 0 1.302190
version 0.74 0.9929
build_requires:
Module Need Have
------------------- ---- ----------
ExtUtils::MakeMaker 0 7.64
configure_requires:
Module Need Have
------------------- ---- ----------
ExtUtils::MakeMaker 0 7.64
------------------------------
ENVIRONMENT AND OTHER CONTEXT
------------------------------
Environment variables:
AUTOMATED_TESTING = 1
LANG = en_US.utf8
PATH = /home/sand/bin:/usr/local/bin:/usr/local/sbin:/usr/sbin:/usr/bin:/sbin:/bin:/usr/games:/usr/local/games:/snap/bin:/usr/local/perl/bin:/usr/X11/bin
PERL = /tmp/basesmoker-reloperl-uKX0/bin/perl
PERL5LIB =
PERL5OPT =
PERL5_CPANPLUS_IS_RUNNING = 4848
PERL5_CPAN_IS_RUNNING = 4848
PERL_CANARY_STABILITY_NOPROMPT = 1
PERL_MM_USE_DEFAULT = 1
PERL_USE_UNSAFE_INC = 1
SHELL = /usr/bin/zsh
TERM = screen
Perl special variables (and OS-specific diagnostics, for MSWin32):
$^X = /tmp/basesmoker-reloperl-uKX0/bin/perl
$UID/$EUID = 1005 / 1005
$GID = 1005 1005
$EGID = 1005 1005
Perl module toolchain versions installed:
Module Have
------------------- --------
CPAN 2.33
CPAN::Meta 2.150010
Cwd 3.84
ExtUtils::CBuilder 0.280236
ExtUtils::Command 7.64
ExtUtils::Install 2.20
ExtUtils::MakeMaker 7.64
ExtUtils::Manifest 1.73
ExtUtils::ParseXS 3.45
File::Spec 3.84
JSON 4.05
JSON::PP 4.07
Module::Build 0.4231
Module::Signature 0.88
Parse::CPAN::Meta 2.150010
Test::Harness 3.43
Test::More 1.302190
YAML 1.30
YAML::Syck 1.34
version 0.9929
--
Summary of my perl5 (revision 5 version 35 subversion 10) configuration:
Commit id: a1655185e6f80da0d630b3c2d8df5f32364b0e35
Platform:
osname=linux
osvers=4.15.0-169-generic
archname=x86_64-linux-thread-multi
uname='linux k93bionic 4.15.0-169-generic #177-ubuntu smp thu feb 3 10:50:38 utc 2022 x86_64 x86_64 x86_64 gnulinux '
config_args='-Dprefix=/home/sand/src/perl/repoperls/installed-perls/host/k93bionic/v5.35.10/7ee9 -Dmyhostname=k93bionic -Dinstallusrbinperl=n -Uversiononly -Dusedevel -des -Ui_db -Dlibswanted=cl pthread socket inet nsl gdbm dbm malloc dl ld sun m crypt sec util c cposix posix ucb BSD gdbm_compat -Duseithreads -Uuselongdouble -DEBUGGING=-g'
hint=recommended
useposix=true
d_sigaction=define
useithreads=define
usemultiplicity=define
use64bitint=define
use64bitall=define
uselongdouble=undef
usemymalloc=n
default_inc_excludes_dot=define
Compiler:
cc='cc'
ccflags ='-D_REENTRANT -D_GNU_SOURCE -fwrapv -fno-strict-aliasing -pipe -fstack-protector-strong -I/usr/local/include -D_LARGEFILE_SOURCE -D_FILE_OFFSET_BITS=64'
optimize='-O2 -g'
cppflags='-D_REENTRANT -D_GNU_SOURCE -fwrapv -fno-strict-aliasing -pipe -fstack-protector-strong -I/usr/local/include'
ccversion=''
gccversion='7.5.0'
gccosandvers=''
intsize=4
longsize=8
ptrsize=8
doublesize=8
byteorder=12345678
doublekind=3
d_longlong=define
longlongsize=8
d_longdbl=define
longdblsize=16
longdblkind=3
ivtype='long'
ivsize=8
nvtype='double'
nvsize=8
Off_t='off_t'
lseeksize=8
alignbytes=8
prototype=define
Linker and Libraries:
ld='cc'
ldflags =' -fstack-protector-strong -L/usr/local/lib'
libpth=/usr/local/lib /usr/lib/x86_64-linux-gnu /usr/lib /lib/x86_64-linux-gnu /lib
libs=-lpthread -lnsl -ldl -lm -lcrypt -lutil -lc
perllibs=-lpthread -lnsl -ldl -lm -lcrypt -lutil -lc
libc=libc-2.27.so
so=so
useshrplib=false
libperl=libperl.a
gnulibc_version='2.27'
Dynamic Linking:
dlsrc=dl_dlopen.xs
dlext=so
d_dlsymun=undef
ccdlflags='-Wl,-E'
cccdlflags='-fPIC'
lddlflags='-shared -O2 -g -L/usr/local/lib -fstack-protector-strong'
Characteristics of this binary (from libperl):
Compile-time options:
HAS_TIMES
MULTIPLICITY
PERLIO_LAYERS
PERL_COPY_ON_WRITE
PERL_DONT_CREATE_GVSV
PERL_MALLOC_WRAP
PERL_OP_PARENT
PERL_PRESERVE_IVUV
PERL_USE_DEVEL
USE_64_BIT_ALL
USE_64_BIT_INT
USE_ITHREADS
USE_LARGE_FILES
USE_LOCALE
USE_LOCALE_COLLATE
USE_LOCALE_CTYPE
USE_LOCALE_NUMERIC
USE_LOCALE_TIME
USE_PERLIO
USE_PERL_ATOF
USE_REENTRANT_API
USE_THREAD_SAFE_LOCALE
Built under linux
Compiled at Mar 20 2022 19:07:17
%ENV:
PERL="/tmp/basesmoker-reloperl-uKX0/bin/perl"
PERL5LIB=""
PERL5OPT=""
PERL5_CPANPLUS_IS_RUNNING="4848"
PERL5_CPAN_IS_RUNNING="4848"
PERL_CANARY_STABILITY_NOPROMPT="1"
PERL_MM_USE_DEFAULT="1"
PERL_USE_UNSAFE_INC="1"
@INC:
/home/sand/src/perl/repoperls/installed-perls/host/k93bionic/v5.35.10/7ee9/lib/site_perl/5.35.10/x86_64-linux-thread-multi
/home/sand/src/perl/repoperls/installed-perls/host/k93bionic/v5.35.10/7ee9/lib/site_perl/5.35.10
/home/sand/src/perl/repoperls/installed-perls/host/k93bionic/v5.35.10/7ee9/lib/5.35.10/x86_64-linux-thread-multi
/home/sand/src/perl/repoperls/installed-perls/host/k93bionic/v5.35.10/7ee9/lib/5.35.10
.