Back
From: metabase:user:313dc9fe-2aae-11df-837a-5e0a49663a4f
Subject: FAIL WebService-RTMAgent-0.5_1 v5.8.9 GNU/Linux
Date: 2010-10-15T13:19:29Z
This distribution has been tested as part of the CPAN Testers
project, supporting the Perl programming language. See
http://wiki.cpantesters.org/ for more information or email
questions to cpan-testers-discuss@perl.org
--
Dear Yves Rutschle,
This is a computer-generated report for WebService-RTMAgent-0.5_1
on perl 5.8.9, created by CPAN-Reporter-1.1711.
Thank you for uploading your work to CPAN. However, there was a problem
testing your distribution.
If you think this report is invalid, please consult the CPAN Testers Wiki
for suggestions on how to avoid getting FAIL reports for missing library
or binary dependencies, unsupported operating systems, and so on:
http://wiki.cpantesters.org/wiki/CPANAuthorNotes
Sections of this report:
* Tester comments
* Program output
* Prerequisites
* Environment and other context
------------------------------
TESTER COMMENTS
------------------------------
Additional comments from tester:
this report is from an automated smoke testing program
and was not reviewed by a human for accuracy
------------------------------
PROGRAM OUTPUT
------------------------------
Output from '/usr/bin/make test':
PERL_DL_NONLAZY=1 /home/perl589/perl/bin/perl "-MExtUtils::Command::MM" "-e" "test_harness(0, 'blib/lib', 'blib/arch')" t/*.t
# Testing WebService::RTMAgent 0.5_1, Perl 5.008009, /home/perl589/perl/bin/perl
t/00-load.t ....... ok
frobbed -- getting token
frobbed -- getting token
token token
t/auth.t .......... ok
t/boilerplate.t ... ok
Unable to recognise encoding of this document at /home/perl589/.cpan/build/XML-SAX-0.96-V8lDts/blib/lib/XML/SAX/PurePerl/EncodingDetect.pm line 100.
# Failed test 'Don't start if config file isn't XML (API key not defined at t/init.t line 60
# )'
# at t/init.t line 62.
# Looks like you failed 1 test of 4.
t/init.t ..........
Dubious, test returned 1 (wstat 256, 0x100)
Failed 1/4 subtests
t/pod-coverage.t .. ok
t/pod.t ........... ok
request:
POST http://www.rememberthemilk.com/services/rest/
Content-Type: application/x-www-form-urlencoded
method=rtm.tasks.add&nam=adding&api_key=key&auth_token=10438&timeline=114114&api_sig=3340edd30a22e9b2c67ff206283d0b67
response:
HTTP/1.1 200 OK
Connection: keep-alive
Date: Mon, 24 Dec 2007 11:49:10 GMT
Server: nginx/RTM
Vary: Accept-Encoding
Content-Type: text/xml; charset="utf-8"
Client-Date: Mon, 24 Dec 2007 11:50:39 GMT
Client-Peer: 75.126.232.204:80
Client-Response-Num: 1
Client-Transfer-Encoding: chunked
Keep-Alive: timeout=300
<?xml version="1.0" encoding="UTF-8"?>
<rsp stat="fail"><err code="4000" msg="Task name provided is invalid."/></rsp>
t/requests.t ...... ok
t/undo.t .......... ok
Test Summary Report
-------------------
t/boilerplate.t (Wstat: 0 Tests: 3 Failed: 0)
TODO passed: 1-3
t/init.t (Wstat: 256 Tests: 4 Failed: 1)
Failed test: 4
Non-zero exit status: 1
Files=8, Tests=36, 2 wallclock secs ( 0.08 usr 0.01 sys + 1.30 cusr 0.20 csys = 1.59 CPU)
Result: FAIL
Failed 1/8 test programs. 1/36 subtests failed.
make: *** [test_dynamic] Error 255
------------------------------
PREREQUISITES
------------------------------
Prerequisite modules loaded:
requires:
Module Need Have
-------------- ---- -----
Digest::MD5 0 2.39
LWP::UserAgent 0 5.835
Test::More 0 0.94
XML::SAX 0 0.96
XML::Simple 0 2.18
------------------------------
ENVIRONMENT AND OTHER CONTEXT
------------------------------
Environment variables:
AUTOMATED_TESTING = 1
LANG = en_US.UTF-8
PATH = /usr/local/sbin:/usr/local/bin:/usr/sbin:/usr/bin:/sbin:/bin:/usr/games
PERL5LIB = /home/perl589/.cpan/build/XML-Simple-2.18-7OrONI/blib/arch:/home/perl589/.cpan/build/XML-Simple-2.18-7OrONI/blib/lib:/home/perl589/.cpan/build/XML-SAX-0.96-V8lDts/blib/arch:/home/perl589/.cpan/build/XML-SAX-0.96-V8lDts/blib/lib:/home/perl589/.cpan/build/XML-NamespaceSupport-1.11-1zrATx/blib/arch:/home/perl589/.cpan/build/XML-NamespaceSupport-1.11-1zrATx/blib/lib
PERL5OPT =
PERL5_CPANPLUS_IS_RUNNING = 28392
PERL5_CPAN_IS_RUNNING = 28392
PERL5_CPAN_IS_RUNNING_IN_RECURSION = 29169,28392
PERL_CR_SMOKER_CURRENT = WebService-RTMAgent-0.5_1
PERL_EXTUTILS_AUTOINSTALL = --defaultdeps
PERL_MM_USE_DEFAULT = 1
SHELL = /bin/bash
TERM = xterm
Perl special variables (and OS-specific diagnostics, for MSWin32):
$^X = /home/perl589/perl/bin/perl
$UID/$EUID = 1001 / 1001
$GID = 1001 1001
$EGID = 1001 1001
Perl module toolchain versions installed:
Module Have
------------------- ------
CPAN 1.9402
Cwd 3.31
ExtUtils::CBuilder 0.2703
ExtUtils::Command 1.16
ExtUtils::Install 1.54
ExtUtils::MakeMaker 6.56
ExtUtils::Manifest 1.58
ExtUtils::ParseXS 2.2205
File::Spec 3.31
Module::Build 0.3607
Module::Signature n/a
Test::Harness 3.21
Test::More 0.94
YAML 0.71
YAML::Syck 1.09
version 0.82
--
Summary of my perl5 (revision 5 version 8 subversion 9) configuration:
Platform:
osname=linux, osvers=2.6.31-20-generic, archname=i686-linux-thread-multi
uname='linux st47-laptop 2.6.31-20-generic #57-ubuntu smp mon feb 8 09:05:19 utc 2010 i686 gnulinux '
config_args=''
hint=recommended, useposix=true, d_sigaction=define
usethreads=define use5005threads=undef useithreads=define usemultiplicity=define
useperlio=define d_sfio=undef uselargefiles=define usesocks=undef
use64bitint=undef use64bitall=undef uselongdouble=undef
usemymalloc=n, bincompat5005=undef
Compiler:
cc='cc', ccflags ='-D_REENTRANT -D_GNU_SOURCE -DTHREADS_HAVE_PIDS -fno-strict-aliasing -pipe -I/usr/local/include -D_LARGEFILE_SOURCE -D_FILE_OFFSET_BITS=64',
optimize='-O2',
cppflags='-D_REENTRANT -D_GNU_SOURCE -DTHREADS_HAVE_PIDS -fno-strict-aliasing -pipe -I/usr/local/include'
ccversion='', gccversion='4.4.1', gccosandvers=''
intsize=4, longsize=4, ptrsize=4, doublesize=8, byteorder=1234
d_longlong=define, longlongsize=8, d_longdbl=define, longdblsize=12
ivtype='long', ivsize=4, nvtype='double', nvsize=8, Off_t='off_t', lseeksize=8
alignbytes=4, prototype=define
Linker and Libraries:
ld='cc', ldflags =' -L/usr/local/lib'
libpth=/usr/local/lib /lib /usr/lib
libs=-lnsl -ldl -lm -lcrypt -lutil -lpthread -lc
perllibs=-lnsl -ldl -lm -lcrypt -lutil -lpthread -lc
libc=/lib/libc-2.10.1.so, so=so, useshrplib=false, libperl=libperl.a
gnulibc_version='2.10.1'
Dynamic Linking:
dlsrc=dl_dlopen.xs, dlext=so, d_dlsymun=undef, ccdlflags='-Wl,-E'
cccdlflags='-fPIC', lddlflags='-shared -O2 -L/usr/local/lib'
Characteristics of this binary (from libperl):
Compile-time options: MULTIPLICITY PERL_IMPLICIT_CONTEXT PERL_MALLOC_WRAP
THREADS_HAVE_PIDS USE_FAST_STDIO USE_ITHREADS
USE_LARGE_FILES USE_PERLIO USE_REENTRANT_API
Built under linux
Compiled at Mar 11 2010 22:22:38
%ENV:
PERL5LIB="/home/perl589/.cpan/build/XML-Simple-2.18-7OrONI/blib/arch:/home/perl589/.cpan/build/XML-Simple-2.18-7OrONI/blib/lib:/home/perl589/.cpan/build/XML-SAX-0.96-V8lDts/blib/arch:/home/perl589/.cpan/build/XML-SAX-0.96-V8lDts/blib/lib:/home/perl589/.cpan/build/XML-NamespaceSupport-1.11-1zrATx/blib/arch:/home/perl589/.cpan/build/XML-NamespaceSupport-1.11-1zrATx/blib/lib"
PERL5OPT=""
PERL5_CPANPLUS_IS_RUNNING="28392"
PERL5_CPAN_IS_RUNNING="28392"
PERL5_CPAN_IS_RUNNING_IN_RECURSION="29169,28392"
PERL_CR_SMOKER_CURRENT="WebService-RTMAgent-0.5_1"
PERL_EXTUTILS_AUTOINSTALL="--defaultdeps"
PERL_MM_USE_DEFAULT="1"
@INC:
/home/perl589/.cpan/build/XML-Simple-2.18-7OrONI/blib/arch
/home/perl589/.cpan/build/XML-Simple-2.18-7OrONI/blib/lib
/home/perl589/.cpan/build/XML-SAX-0.96-V8lDts/blib/arch
/home/perl589/.cpan/build/XML-SAX-0.96-V8lDts/blib/lib
/home/perl589/.cpan/build/XML-NamespaceSupport-1.11-1zrATx/blib/arch
/home/perl589/.cpan/build/XML-NamespaceSupport-1.11-1zrATx/blib/lib
/home/perl589/perl/lib/5.8.9/i686-linux-thread-multi
/home/perl589/perl/lib/5.8.9
/home/perl589/perl/lib/site_perl/5.8.9/i686-linux-thread-multi
/home/perl589/perl/lib/site_perl/5.8.9
.