Set-Object v1.36 Perl 5 v5.10.0 i386-freebsd-thread-multi
- Status
- Fail
- From
- Chris Williams (BINGOS)
- Dist
-
Set-Object v1.36
- Platform
- Perl 5 v5.10.0 i386-freebsd-thread-multi
- Date
- 2017-11-11 09:08:11
- ID
- d7639dd0-c6bf-11e7-abde-b912e8d69c8f
This distribution has been tested as part of the CPAN Testers
project, supporting the Perl programming language. See
http://wiki.cpantesters.org/ for more information or email
questions to cpan-testers-discuss@perl.org
--
Dear RURBAN,
This is a computer-generated error report created automatically by
CPANPLUS, version 0.9170. Testers personal comments may appear
at the end of this report.
Thank you for uploading your work to CPAN. However, it appears that
there were some problems testing your distribution.
TEST RESULTS:
Below is the error stack from stage 'make test':
"/usr/home/cpan/pit/thr/perl-5.10.0/bin/perl" -MExtUtils::Command::MM -e 'cp_nonempty' -- Object.bs blib/arch/auto/Set/Object/Object.bs 644
PERL_DL_NONLAZY=1 "/usr/home/cpan/pit/thr/perl-5.10.0/bin/perl" "-MExtUtils::Command::MM" "-MTest::Harness" "-e" "undef *Test::Harness::Switches; test_harness(0, 'blib/lib', 'blib/arch')" t/ingy/arrayref.t t/misc/kwalitee.t t/misc/leaks.t t/misc/leaktrace.t t/misc/manifest.t t/misc/meta.t t/misc/more_leaks.t t/misc/perl_minimum_version.t t/misc/pod.t t/misc/pod_coverage.t t/misc/segfault.t t/misc/threads.t t/misc/undef.t t/object/abuse.t t/object/clear.t t/object/difference.t t/object/equal.t t/object/flags.t t/object/includes.t t/object/insert.t t/object/intersection.t t/object/magic.t t/object/members.t t/object/properties.t t/object/refcount.t t/object/remove.t t/object/set_subclass.t t/object/storable.t t/object/subsuper.t t/object/symmetric_difference.t t/object/union.t t/object/weakref.t t/scalar/basic.t t/scalar/basic_overload.t t/scalar/boolean.t t/scalar/clear.t t/scalar/compare.t t/scalar/custom_display.t t/scalar/difference.t t/scalar/each.t t/scalar/has.t t/scalar/intersection.t t/scalar/member.t t/scalar/misc.t t/scalar/set_set.t t/scalar/storable.t t/scalar/symmdiff.t t/scalar/union.t t/scalar/unique.t
t/ingy/arrayref.t ................ ok
t/misc/kwalitee.t ................ skipped: This test is only run for the module author
t/misc/leaks.t ................... ok
t/misc/leaktrace.t ............... skipped: require Test::LeakTrace
t/misc/manifest.t ................ skipped: Author tests not required for installation
t/misc/meta.t .................... skipped: This test is only run for the module author
t/misc/more_leaks.t .............. skipped: Test::LeakTrace missing
t/misc/perl_minimum_version.t .... skipped: Author tests not required for installation
t/misc/pod.t ..................... skipped: Test::Pod 1.00 required for testing POD
t/misc/pod_coverage.t ............ skipped: Test::Pod::Coverage required for testing POD coverage
t/misc/segfault.t ................ ok
Attempt to free non-existent shared string '3', Perl interpreter: 0x2880e400 at t/misc/threads.t line 44.
Attempt to free non-existent shared string '4', Perl interpreter: 0x2880eb00 at t/misc/threads.t line 51.
Attempt to free non-existent shared string '5', Perl interpreter: 0x2880eb00 at t/misc/threads.t line 51.
Attempt to free non-existent shared string '6', Perl interpreter: 0x2880eb00 at t/misc/threads.t line 51.
Attempt to free non-existent shared string '7', Perl interpreter: 0x2880eb00 at t/misc/threads.t line 51.
Attempt to free non-existent shared string '8', Perl interpreter: 0x2880eb00 at t/misc/threads.t line 51.
Attempt to free non-existent shared string '9', Perl interpreter: 0x2880eb00 at t/misc/threads.t line 51.
Scalars leaked: -1
Attempt to free unreferenced scalar: SV 0x28c3df90, Perl interpreter: 0x2880eb00 during global destruction.
Out of memory!
# Looks like your test exited with 1 just after 1.
t/misc/threads.t .................
Failed 1/2 subtests
t/misc/undef.t ................... ok
t/object/abuse.t ................. ok
t/object/clear.t ................. ok
t/object/difference.t ............ ok
t/object/equal.t ................. ok
t/object/flags.t ................. ok
t/object/includes.t .............. ok
t/object/insert.t ................ ok
t/object/intersection.t .......... ok
t/object/magic.t ................. ok
t/object/members.t ............... ok
t/object/properties.t ............ ok
t/object/refcount.t .............. ok
t/object/remove.t ................ ok
t/object/set_subclass.t .......... ok
t/object/storable.t .............. ok
t/object/subsuper.t .............. ok
t/object/symmetric_difference.t .. ok
t/object/union.t ................. ok
t/object/weakref.t ............... ok
t/scalar/basic.t ................. ok
t/scalar/basic_overload.t ........ ok
t/scalar/boolean.t ............... ok
t/scalar/clear.t ................. ok
t/scalar/compare.t ............... ok
t/scalar/custom_display.t ........ ok
t/scalar/difference.t ............ ok
t/scalar/each.t .................. skipped: TO-DO
t/scalar/has.t ................... ok
t/scalar/intersection.t .......... ok
t/scalar/member.t ................ ok
t/scalar/misc.t .................. ok
t/scalar/set_set.t ............... ok
t/scalar/storable.t .............. ok
t/scalar/symmdiff.t .............. ok
t/scalar/union.t ................. ok
t/scalar/unique.t ................ ok
Test Summary Report
-------------------
t/misc/threads.t (Wstat: 139 Tests: 1 Failed: 0)
Non-zero wait status: 139
Parse errors: Bad plan. You planned 2 tests but ran 1.
Files=49, Tests=452, 18 wallclock secs ( 0.13 usr 0.10 sys + 2.38 cusr 0.48 csys = 3.09 CPU)
Result: FAIL
Failed 1/49 test programs. 0/452 subtests failed.
*** Error code 255
Stop.
make: stopped in /usr/home/cpan/pit/thr/conf/perl-5.10.0/.cpanplus/5.10.0/build/RKUdniMMkH/Set-Object-1.36
PREREQUISITES:
Here is a list of prerequisites you specified and versions we
managed to load:
Module Name Have Want
ExtUtils::MakeMaker 7.30 0
Scalar::Util 1.19 0
Test::More 1.302096 0
Perl module toolchain versions installed:
Module Name Have
CPANPLUS 0.9170
CPANPLUS::Dist::Build 0.88
Cwd 3.62
ExtUtils::CBuilder 0.280226
ExtUtils::Command 7.30
ExtUtils::Install 2.14
ExtUtils::MakeMaker 7.30
ExtUtils::Manifest 1.70
ExtUtils::ParseXS 3.35
File::Spec 3.62
Module::Build 0.4224
Pod::Parser 1.35
Pod::Simple 3.32
Test2 1.302096
Test::Harness 3.39
Test::More 1.302096
version 0.9918
******************************** NOTE ********************************
The comments above are created mechanically, possibly without manual
checking by the sender. As there are many people performing automatic
tests on each upload to CPAN, it is likely that you will receive
identical messages about the same problem.
If you believe that the message is mistaken, please reply to the first
one with correction and/or additional informations, and do not take
it personally. We appreciate your patience. :)
**********************************************************************
Additional comments:
This report was machine-generated by CPANPLUS::Dist::YACSmoke 1.02.
Powered by minismokebox version 0.68
------------------------------
ENVIRONMENT AND OTHER CONTEXT
------------------------------
Environment variables:
AUTOMATED_TESTING = 1
NONINTERACTIVE_TESTING = 1
PATH = /sbin:/bin:/usr/sbin:/usr/bin:/usr/games:/usr/local/sbin:/usr/local/bin:/home/cpan/bin
PERL5LIB = :/usr/home/cpan/pit/thr/conf/perl-5.10.0/.cpanplus/5.10.0/build/RKUdniMMkH/Set-Object-1.36/blib/lib:/usr/home/cpan/pit/thr/conf/perl-5.10.0/.cpanplus/5.10.0/build/RKUdniMMkH/Set-Object-1.36/blib/arch
PERL5_CPANPLUS_IS_RUNNING = 91586
PERL5_CPANPLUS_IS_VERSION = 0.9170
PERL5_MINISMOKEBOX = 0.68
PERL5_YACSMOKE_BASE = /usr/home/cpan/pit/thr/conf/perl-5.10.0
PERL_EXTUTILS_AUTOINSTALL = --defaultdeps
PERL_MM_USE_DEFAULT = 1
SHELL = /usr/local/bin/bash
TERM = screen
Perl special variables (and OS-specific diagnostics, for MSWin32):
Perl: $^X = /usr/home/cpan/pit/thr/perl-5.10.0/bin/perl
UID: $< = 1002
EUID: $> = 1002
GID: $( = 1002 1002
EGID: $) = 1002 1002
-------------------------------
--
Summary of my perl5 (revision 5 version 10 subversion 0) configuration:
Platform:
osname=freebsd, osvers=10.3-release-p2, archname=i386-freebsd-thread-multi
uname='freebsd froggle 10.3-release-p2 freebsd 10.3-release-p2 #0: wed may 4 14:06:02 utc 2016 root@amd64-builder.daemonology.net:usrobjusrsrcsysgeneric i386 '
config_args='-des -Dprefix=/usr/home/cpan/pit/thr/perl-5.10.0 -Dusethreads'
hint=recommended, useposix=true, d_sigaction=define
useithreads=define, usemultiplicity=define
useperlio=define, d_sfio=undef, uselargefiles=define, usesocks=undef
use64bitint=undef, use64bitall=undef, uselongdouble=undef
usemymalloc=n, bincompat5005=undef
Compiler:
cc='cc', ccflags ='-DHAS_FPSETMASK -DHAS_FLOATINGPOINT_H -fno-strict-aliasing -pipe -I/usr/local/include',
optimize='-O',
cppflags='-DHAS_FPSETMASK -DHAS_FLOATINGPOINT_H -fno-strict-aliasing -pipe -I/usr/local/include'
ccversion='', gccversion='4.2.1 Compatible FreeBSD Clang 3.4.1 (tags/RELEASE_34/dot1-final 208032)', gccosandvers=''
intsize=4, longsize=4, ptrsize=4, doublesize=8, byteorder=1234
d_longlong=define, longlongsize=8, d_longdbl=define, longdblsize=12
ivtype='long', ivsize=4, nvtype='double', nvsize=8, Off_t='off_t', lseeksize=8
alignbytes=4, prototype=define
Linker and Libraries:
ld='cc', ldflags ='-pthread -Wl,-E -L/usr/local/lib'
libpth=/usr/lib /usr/local/lib
libs=-lgdbm -lm -lcrypt -lutil
perllibs=-lm -lcrypt -lutil
libc=, so=so, useshrplib=false, libperl=libperl.a
gnulibc_version=''
Dynamic Linking:
dlsrc=dl_dlopen.xs, dlext=so, d_dlsymun=undef, ccdlflags=' '
cccdlflags='-DPIC -fPIC', lddlflags='-shared -L/usr/local/lib'
Characteristics of this binary (from libperl):
Compile-time options: MULTIPLICITY PERL_DONT_CREATE_GVSV
PERL_IMPLICIT_CONTEXT PERL_MALLOC_WRAP USE_ITHREADS
USE_LARGE_FILES USE_PERLIO USE_REENTRANT_API
Locally applied patches:
Devel::PatchPerl 1.42
Built under freebsd
Compiled at May 8 2016 03:00:22
%ENV:
PERL5LIB=":/usr/home/cpan/pit/thr/conf/perl-5.10.0/.cpanplus/5.10.0/build/RKUdniMMkH/Set-Object-1.36/blib/lib:/usr/home/cpan/pit/thr/conf/perl-5.10.0/.cpanplus/5.10.0/build/RKUdniMMkH/Set-Object-1.36/blib/arch"
PERL5_CPANPLUS_IS_RUNNING="91586"
PERL5_CPANPLUS_IS_VERSION="0.9170"
PERL5_MINISMOKEBOX="0.68"
PERL5_YACSMOKE_BASE="/usr/home/cpan/pit/thr/conf/perl-5.10.0"
PERL_EXTUTILS_AUTOINSTALL="--defaultdeps"
PERL_MM_USE_DEFAULT="1"
@INC:
/usr/home/cpan/pit/thr/conf/perl-5.10.0/.cpanplus/5.10.0/build/RKUdniMMkH/Set-Object-1.36/blib/lib
/usr/home/cpan/pit/thr/conf/perl-5.10.0/.cpanplus/5.10.0/build/RKUdniMMkH/Set-Object-1.36/blib/arch
/usr/home/cpan/pit/thr/perl-5.10.0/lib/5.10.0/i386-freebsd-thread-multi
/usr/home/cpan/pit/thr/perl-5.10.0/lib/5.10.0
/usr/home/cpan/pit/thr/perl-5.10.0/lib/site_perl/5.10.0/i386-freebsd-thread-multi
/usr/home/cpan/pit/thr/perl-5.10.0/lib/site_perl/5.10.0
.