Report for GeneDesign-Basic-3

Back
From: metabase:user:d2c9f356-b46f-11df-9a90-20a83c0b7757
Subject: FAIL GeneDesign-Basic-3 v5.14.2 SunOS/Solaris
Date: 2011-11-29T10:06:43Z

This distribution has been tested as part of the CPAN Testers
project, supporting the Perl programming language.  See
http://wiki.cpantesters.org/ for more information or email
questions to cpan-testers-discuss@perl.org


--
Dear Sarah Richardson,

This is a computer-generated report for GeneDesign-Basic-3
on perl 5.14.2, created by CPAN-Reporter-1.2002.

Thank you for uploading your work to CPAN.  However, there was a problem
testing your distribution.

If you think this report is invalid, please consult the CPAN Testers Wiki
for suggestions on how to avoid getting FAIL reports for missing library
or binary dependencies, unsupported operating systems, and so on:

http://wiki.cpantesters.org/wiki/CPANAuthorNotes

Sections of this report:

    * Tester comments
    * Program output
    * Prerequisites
    * Environment and other context

------------------------------
TESTER COMMENTS
------------------------------

Additional comments from tester:

this report is from an automated smoke testing program
and was not reviewed by a human for accuracy

------------------------------
PROGRAM OUTPUT
------------------------------

Output from './Build test':

Illegal octal digit '9' ignored at /export/home/cpant2/.cpan/build/GeneDesign-Basic-3-CHTMTn/blib/lib/GeneDesign/HTML.pm line 491.
Illegal octal digit '9' ignored at /export/home/cpant2/.cpan/build/GeneDesign-Basic-3-CHTMTn/blib/lib/GeneDesign/HTML.pm line 533.
# Testing GeneDesign::Basic 3, Perl 5.014002, /export/home/cpant2/perl5/bin/perl5.14.2
t/00-load.t ....... ok
t/manifest.t ...... skipped: Author tests not required for installation
Illegal octal digit '9' ignored at /export/home/cpant2/.cpan/build/GeneDesign-Basic-3-CHTMTn/blib/lib/GeneDesign/HTML.pm line 491.
Illegal octal digit '9' ignored at /export/home/cpant2/.cpan/build/GeneDesign-Basic-3-CHTMTn/blib/lib/GeneDesign/HTML.pm line 533.

#   Failed test 'Pod coverage on GeneDesign::SufTree'
#   at /export/home/cpant2/perl5/lib/site_perl/5.14.2/Test/Pod/Coverage.pm line 126.
# Coverage for GeneDesign::SufTree is 75.0%, with 1 naked subroutine:
# 	root

#   Failed test 'Pod coverage on GeneDesign::Codons'
#   at /export/home/cpant2/perl5/lib/site_perl/5.14.2/Test/Pod/Coverage.pm line 126.
# Coverage for GeneDesign::Codons is 90.9%, with 2 naked subroutines:
# 	combine
# 	sitver
# Looks like you failed 2 tests of 6.
t/pod-coverage.t .. 
Dubious, test returned 2 (wstat 512, 0x200)
Failed 2/6 subtests 
t/pod.t ........... ok

Test Summary Report
-------------------
t/pod-coverage.t (Wstat: 512 Tests: 6 Failed: 2)
  Failed tests:  5-6
  Non-zero exit status: 2
Files=4, Tests=18,  2 wallclock secs ( 0.06 usr  0.05 sys +  0.47 cusr  0.14 csys =  0.72 CPU)
Result: FAIL
Failed 1/4 test programs. 2/18 subtests failed.

------------------------------
PREREQUISITES
------------------------------

Prerequisite modules loaded:

requires:

    Module        Need      Have     
    ------------- --------- ---------
    List::Util    0         1.23     
    perl          5.006     5.014002 
    Perl6::Slurp  0.03      0.03     
    Text::Wrap    2009.0305 2009.0305

build_requires:

    Module        Need      Have     
    ------------- --------- ---------
    Test::More    0         0.98     

configure_requires:

    Module        Need      Have     
    ------------- --------- ---------
    Module::Build 0.38      0.3800   


------------------------------
ENVIRONMENT AND OTHER CONTEXT
------------------------------

Environment variables:

    AUTOMATED_TESTING = 1
    LANG = C
    LD_LIBRARY_PATH = /usr/local/lib:
    PATH = /export/home/cpant2/perl5/bin:/usr/local/bin:/usr/bin
    PERL5LIB = /export/home/cpant2/.cpan/build/Data-Stag-0.11-m3rPgF/blib/arch:/export/home/cpant2/.cpan/build/Data-Stag-0.11-m3rPgF/blib/lib:/export/home/cpant2/.cpan/build/Perl6-Slurp-0.03-EGbqyv/blib/arch:/export/home/cpant2/.cpan/build/Perl6-Slurp-0.03-EGbqyv/blib/lib:/export/home/cpant2/.cpan/build/Perl6-Export-0.07-jC2Kpq/blib/arch:/export/home/cpant2/.cpan/build/Perl6-Export-0.07-jC2Kpq/blib/lib
    PERL5OPT = 
    PERL5_CPANPLUS_IS_RUNNING = 8709
    PERL5_CPAN_IS_RUNNING = 8709
    PERL5_CPAN_IS_RUNNING_IN_RECURSION = 17540,8709
    PERL_CR_SMOKER_CURRENT = BioStudio-Basic-1.00
    PERL_EXTUTILS_AUTOINSTALL = --defaultdeps
    PERL_MM_USE_DEFAULT = 1
    SHELL = /usr/bin/bash
    TERM = xterm

Perl special variables (and OS-specific diagnostics, for MSWin32):

    $^X = /export/home/cpant2/perl5/bin/perl5.14.2
    $UID/$EUID = 101 / 101
    $GID = 1 1
    $EGID = 1 1

Perl module toolchain versions installed:

    Module              Have    
    ------------------- --------
    CPAN                1.9800  
    CPAN::Meta          2.112621
    Cwd                 3.36    
    ExtUtils::CBuilder  0.280203
    ExtUtils::Command   1.17    
    ExtUtils::Install   1.56    
    ExtUtils::MakeMaker 6.62    
    ExtUtils::Manifest  1.60    
    ExtUtils::ParseXS   3.05    
    File::Spec          3.33    
    JSON                2.53    
    JSON::PP            2.27200 
    Module::Build       0.3800  
    Module::Signature   n/a     
    Parse::CPAN::Meta   1.4401  
    Test::Harness       3.23    
    Test::More          0.98    
    YAML                0.77    
    YAML::Syck          1.19    
    version             0.95    


--

Summary of my perl5 (revision 5 version 14 subversion 2) configuration:
   
  Platform:
    osname=solaris, osvers=2.10, archname=i86pc-solaris-64int
    uname='sunos vmrz0046 5.10 generic_141445-09 i86pc i386 i86pc solaris '
    config_args='-Dcc=gcc -Dprefix=~/perl5 -Duse64bitint -Dusedevel -d'
    hint=recommended, useposix=true, d_sigaction=define
    useithreads=undef, usemultiplicity=undef
    useperlio=define, d_sfio=undef, uselargefiles=define, usesocks=undef
    use64bitint=define, use64bitall=undef, uselongdouble=undef
    usemymalloc=n, bincompat5005=undef
  Compiler:
    cc='gcc', ccflags ='-DPTR_IS_LONG -fno-strict-aliasing -pipe -I/usr/local/include -D_LARGEFILE_SOURCE -D_FILE_OFFSET_BITS=64 -DPERL_USE_SAFE_PUTENV',
    optimize='-O',
    cppflags='-DPTR_IS_LONG -fno-strict-aliasing -pipe -I/usr/local/include'
    ccversion='', gccversion='3.4.6', gccosandvers='solaris2.10'
    intsize=4, longsize=4, ptrsize=4, doublesize=8, byteorder=12345678
    d_longlong=define, longlongsize=8, d_longdbl=define, longdblsize=12
    ivtype='long long', ivsize=8, nvtype='double', nvsize=8, Off_t='off_t', lseeksize=8
    alignbytes=4, prototype=define
  Linker and Libraries:
    ld='gcc', ldflags =' -L/usr/local/lib '
    libpth=/usr/local/lib /usr/lib /usr/ccs/lib
    libs=-lsocket -lnsl -lgdbm -ldl -lm -lc
    perllibs=-lsocket -lnsl -ldl -lm -lc
    libc=/lib/libc.so, so=so, useshrplib=false, libperl=libperl.a
    gnulibc_version=''
  Dynamic Linking:
    dlsrc=dl_dlopen.xs, dlext=so, d_dlsymun=undef, ccdlflags=' '
    cccdlflags='-fPIC', lddlflags='-G -L/usr/local/lib'


Characteristics of this binary (from libperl): 
  Compile-time options: PERL_DONT_CREATE_GVSV PERL_MALLOC_WRAP
                        PERL_PRESERVE_IVUV PERL_USE_DEVEL
                        PERL_USE_SAFE_PUTENV USE_64_BIT_INT USE_LARGE_FILES
                        USE_PERLIO USE_PERL_ATOF
  Built under solaris
  Compiled at Sep 30 2011 11:41:59
  %ENV:
    PERL5LIB="/export/home/cpant2/.cpan/build/Data-Stag-0.11-m3rPgF/blib/arch:/export/home/cpant2/.cpan/build/Data-Stag-0.11-m3rPgF/blib/lib:/export/home/cpant2/.cpan/build/Perl6-Slurp-0.03-EGbqyv/blib/arch:/export/home/cpant2/.cpan/build/Perl6-Slurp-0.03-EGbqyv/blib/lib:/export/home/cpant2/.cpan/build/Perl6-Export-0.07-jC2Kpq/blib/arch:/export/home/cpant2/.cpan/build/Perl6-Export-0.07-jC2Kpq/blib/lib"
    PERL5OPT=""
    PERL5_CPANPLUS_IS_RUNNING="8709"
    PERL5_CPAN_IS_RUNNING="8709"
    PERL5_CPAN_IS_RUNNING_IN_RECURSION="17540,8709"
    PERL_CR_SMOKER_CURRENT="BioStudio-Basic-1.00"
    PERL_EXTUTILS_AUTOINSTALL="--defaultdeps"
    PERL_MM_USE_DEFAULT="1"
  @INC:
    /export/home/cpant2/.cpan/build/Data-Stag-0.11-m3rPgF/blib/arch
    /export/home/cpant2/.cpan/build/Data-Stag-0.11-m3rPgF/blib/lib
    /export/home/cpant2/.cpan/build/Perl6-Slurp-0.03-EGbqyv/blib/arch
    /export/home/cpant2/.cpan/build/Perl6-Slurp-0.03-EGbqyv/blib/lib
    /export/home/cpant2/.cpan/build/Perl6-Export-0.07-jC2Kpq/blib/arch
    /export/home/cpant2/.cpan/build/Perl6-Export-0.07-jC2Kpq/blib/lib
    /export/home/cpant2/perl5/lib/site_perl/5.14.2/i86pc-solaris-64int
    /export/home/cpant2/perl5/lib/site_perl/5.14.2
    /export/home/cpant2/perl5/lib/5.14.2/i86pc-solaris-64int
    /export/home/cpant2/perl5/lib/5.14.2
    /export/home/cpant2/perl5/lib/site_perl
    .