Back
From: metabase:user:30f0bd62-2aae-11df-837a-5e0a49663a4f
Subject: FAIL AcePerl-1.92 v5.12.4 NetBSD
Date: 2011-07-10T03:58:16Z
This distribution has been tested as part of the CPAN Testers
project, supporting the Perl programming language. See
http://wiki.cpantesters.org/ for more information or email
questions to cpan-testers-discuss@perl.org
--
Dear Lincoln D. Stein,
This is a computer-generated report for AcePerl-1.92
on perl 5.12.4, created by CPAN-Reporter-1.1902.
Thank you for uploading your work to CPAN. However, there was a problem
testing your distribution.
If you think this report is invalid, please consult the CPAN Testers Wiki
for suggestions on how to avoid getting FAIL reports for missing library
or binary dependencies, unsupported operating systems, and so on:
http://wiki.cpantesters.org/wiki/CPANAuthorNotes
Sections of this report:
* Tester comments
* Program output
* Prerequisites
* Environment and other context
------------------------------
TESTER COMMENTS
------------------------------
Additional comments from tester:
this report is from an automated smoke testing program
and was not reviewed by a human for accuracy
------------------------------
PROGRAM OUTPUT
------------------------------
Output from '/usr/bin/make test':
PERL_DL_NONLAZY=1 /home/sts/cpansmoke/perl-5.12.4/bin/perl "-MExtUtils::Command::MM" "-e" "test_harness(0, 'blib/lib', 'blib/arch')" t/*.t
Waiting for remote acedb regression database to start up. This may take a few minutes.
Couldn't establish connection to database. Aborting tests.
t/basic.t .....
Dubious, test returned 60 (wstat 15360, 0x3c00)
Failed 9/10 subtests
Couldn't establish connection to database. Aborting tests.
t/object.t ....
Dubious, test returned 60 (wstat 15360, 0x3c00)
Failed 35/36 subtests
Couldn't establish connection to database. Aborting tests.
t/sequence.t ..
Dubious, test returned 60 (wstat 15360, 0x3c00)
Failed 53/54 subtests
Couldn't establish connection to database. Aborting tests.
t/update.t ....
Dubious, test returned 60 (wstat 15360, 0x3c00)
Failed 16/17 subtests
Test Summary Report
-------------------
t/basic.t (Wstat: 15360 Tests: 2 Failed: 1)
Failed test: 2
Non-zero exit status: 60
Parse errors: Bad plan. You planned 10 tests but ran 2.
t/object.t (Wstat: 15360 Tests: 2 Failed: 1)
Failed test: 2
Non-zero exit status: 60
Parse errors: Bad plan. You planned 36 tests but ran 2.
t/sequence.t (Wstat: 15360 Tests: 2 Failed: 1)
Failed test: 2
Non-zero exit status: 60
Parse errors: Bad plan. You planned 54 tests but ran 2.
t/update.t (Wstat: 15360 Tests: 2 Failed: 1)
Failed test: 2
Non-zero exit status: 60
Parse errors: Bad plan. You planned 17 tests but ran 2.
Files=4, Tests=8, 300 wallclock secs ( 0.05 usr 0.04 sys + 0.37 cusr 0.12 csys = 0.58 CPU)
Result: FAIL
Failed 4/4 test programs. 4/8 subtests failed.
*** Error code 60
Stop.
make: stopped in /home/sts/cpansmoke/perl-5.12.4/cpan/build/AcePerl-1.92-uKaW6R
------------------------------
PREREQUISITES
------------------------------
Prerequisite modules loaded:
requires:
Module Need Have
------------ ---- ----
Cache::Cache 1.03 1.06
Digest::MD5 2 2.39
------------------------------
ENVIRONMENT AND OTHER CONTEXT
------------------------------
Environment variables:
AUTOMATED_TESTING = 1
PATH = /home/sts/bin:/bin:/sbin:/usr/bin:/usr/sbin:/usr/X11R7/bin:/usr/X11R6/bin:/usr/pkg/bin:/usr/pkg/sbin:/usr/games:/usr/local/bin:/usr/local/sbin
PERL5LIB = /home/sts/cpansmoke/perl-5.12.4/cpan/build/Cache-Cache-1.06-mDml2E/blib/arch:/home/sts/cpansmoke/perl-5.12.4/cpan/build/Cache-Cache-1.06-mDml2E/blib/lib:/home/sts/cpansmoke/perl-5.12.4/cpan/build/Digest-SHA1-2.13-EKReuS/blib/arch:/home/sts/cpansmoke/perl-5.12.4/cpan/build/Digest-SHA1-2.13-EKReuS/blib/lib:/home/sts/cpansmoke/perl-5.12.4/cpan/build/Error-0.17016-YLO9sB/blib/arch:/home/sts/cpansmoke/perl-5.12.4/cpan/build/Error-0.17016-YLO9sB/blib/lib
PERL5OPT =
PERL5_CPANPLUS_IS_RUNNING = 28768
PERL5_CPAN_IS_RUNNING = 28768
PERL5_CPAN_IS_RUNNING_IN_RECURSION = 16877,28768
PERL_CR_SMOKER_CURRENT = AcePerl-1.92
PERL_EXTUTILS_AUTOINSTALL = --defaultdeps
PERL_MM_USE_DEFAULT = 1
SHELL = /bin/sh
TERM = screen
TMPDIR = /home/sts/cpansmoke/tmp
Perl special variables (and OS-specific diagnostics, for MSWin32):
$^X = /home/sts/cpansmoke/perl-5.12.4/bin/perl
$UID/$EUID = 1000 / 1000
$GID = 100 100 0
$EGID = 100 100 0
Perl module toolchain versions installed:
Module Have
------------------- --------
CPAN 1.9600
Cwd 3.33
ExtUtils::CBuilder 0.280202
ExtUtils::Command 1.16
ExtUtils::Install 1.55
ExtUtils::MakeMaker 6.56
ExtUtils::Manifest 1.57
ExtUtils::ParseXS 2.21
File::Spec 3.33
Module::Build 0.3800
Module::Signature n/a
Test::Harness 3.23
Test::More 0.98
YAML 0.73
YAML::Syck n/a
version 0.91
--
Summary of my perl5 (revision 5 version 12 subversion 4) configuration:
Platform:
osname=netbsd, osvers=5.1, archname=i386-netbsd-thread-multi
uname='netbsd cpansmoke2 5.1 netbsd 5.1 (xen3_domu) #0: sun nov 7 14:54:55 utc 2010 builds@b6.netbsd.org:homebuildsabnetbsd-5-1-releasei386201011061943z-objhomebuildsabnetbsd-5-1-releasesrcsysarchi386compilexen3_domu i386 '
config_args='-des -Dusethreads -Dprefix=/home/sts/cpansmoke/perl-5.12.4'
hint=recommended, useposix=true, d_sigaction=define
useithreads=define, usemultiplicity=define
useperlio=define, d_sfio=undef, uselargefiles=define, usesocks=undef
use64bitint=undef, use64bitall=undef, uselongdouble=undef
usemymalloc=y, bincompat5005=undef
Compiler:
cc='cc', ccflags ='-fno-strict-aliasing -pipe -fstack-protector -I/usr/pkg/include',
optimize='-O',
cppflags='-fno-strict-aliasing -pipe -fstack-protector -I/usr/pkg/include'
ccversion='', gccversion='4.1.3 20080704 prerelease (NetBSD nb2 20081120)', gccosandvers=''
intsize=4, longsize=4, ptrsize=4, doublesize=8, byteorder=1234
d_longlong=define, longlongsize=8, d_longdbl=define, longdblsize=12
ivtype='long', ivsize=4, nvtype='double', nvsize=8, Off_t='off_t', lseeksize=8
alignbytes=4, prototype=define
Linker and Libraries:
ld='cc', ldflags =' -Wl,-rpath,/usr/pkg/lib -Wl,-rpath,/usr/local/lib -fstack-protector -L/usr/pkg/lib'
libpth=/usr/pkg/lib /lib /usr/lib
libs=-lm -lcrypt -lutil -lc -lposix -lpthread
perllibs=-lm -lcrypt -lutil -lc -lposix -lpthread
libc=/lib/libc.so, so=so, useshrplib=false, libperl=libperl.a
gnulibc_version=''
Dynamic Linking:
dlsrc=dl_dlopen.xs, dlext=so, d_dlsymun=undef, ccdlflags='-Wl,-E '
cccdlflags='-DPIC -fPIC ', lddlflags='--whole-archive -shared -L/usr/pkg/lib -fstack-protector'
Characteristics of this binary (from libperl):
Compile-time options: MULTIPLICITY MYMALLOC PERL_DONT_CREATE_GVSV
PERL_IMPLICIT_CONTEXT USE_ITHREADS USE_LARGE_FILES
USE_PERLIO USE_PERL_ATOF USE_REENTRANT_API
Built under netbsd
Compiled at Jun 24 2011 21:23:41
%ENV:
PERL5LIB="/home/sts/cpansmoke/perl-5.12.4/cpan/build/Cache-Cache-1.06-mDml2E/blib/arch:/home/sts/cpansmoke/perl-5.12.4/cpan/build/Cache-Cache-1.06-mDml2E/blib/lib:/home/sts/cpansmoke/perl-5.12.4/cpan/build/Digest-SHA1-2.13-EKReuS/blib/arch:/home/sts/cpansmoke/perl-5.12.4/cpan/build/Digest-SHA1-2.13-EKReuS/blib/lib:/home/sts/cpansmoke/perl-5.12.4/cpan/build/Error-0.17016-YLO9sB/blib/arch:/home/sts/cpansmoke/perl-5.12.4/cpan/build/Error-0.17016-YLO9sB/blib/lib"
PERL5OPT=""
PERL5_CPANPLUS_IS_RUNNING="28768"
PERL5_CPAN_IS_RUNNING="28768"
PERL5_CPAN_IS_RUNNING_IN_RECURSION="16877,28768"
PERL_CR_SMOKER_CURRENT="AcePerl-1.92"
PERL_EXTUTILS_AUTOINSTALL="--defaultdeps"
PERL_MM_USE_DEFAULT="1"
@INC:
/home/sts/cpansmoke/perl-5.12.4/cpan/build/Cache-Cache-1.06-mDml2E/blib/arch
/home/sts/cpansmoke/perl-5.12.4/cpan/build/Cache-Cache-1.06-mDml2E/blib/lib
/home/sts/cpansmoke/perl-5.12.4/cpan/build/Digest-SHA1-2.13-EKReuS/blib/arch
/home/sts/cpansmoke/perl-5.12.4/cpan/build/Digest-SHA1-2.13-EKReuS/blib/lib
/home/sts/cpansmoke/perl-5.12.4/cpan/build/Error-0.17016-YLO9sB/blib/arch
/home/sts/cpansmoke/perl-5.12.4/cpan/build/Error-0.17016-YLO9sB/blib/lib
/home/sts/cpansmoke/perl-5.12.4/lib/site_perl/5.12.4/i386-netbsd-thread-multi
/home/sts/cpansmoke/perl-5.12.4/lib/site_perl/5.12.4
/home/sts/cpansmoke/perl-5.12.4/lib/5.12.4/i386-netbsd-thread-multi
/home/sts/cpansmoke/perl-5.12.4/lib/5.12.4
.