Data-Transform v1.00 Perl 5 v5.34.1 x86_64-linux
        
            - Status
 
            - Na
 
            - From
 
            - Slaven Rezić
 
            - Dist
 
            - 
                Data-Transform v1.00
            
 
            - Platform
 
            - Perl 5 v5.34.1 x86_64-linux
 
            - Date
 
            - 2024-02-19 16:42:15
 
            - ID
 
            - d6dc35e4-cf45-11ee-8365-fae46d8775ea
 
        
        This distribution has been tested as part of the CPAN Testers
project, supporting the Perl programming language.  See
http://wiki.cpantesters.org/ for more information or email
questions to cpan-testers-discuss@perl.org
--
Dear Mark Tyrrell,
This is a computer-generated report for Data-Transform-1.00
on perl 5.34.1, created by CPAN-Reporter-1.2019.
Thank you for uploading your work to CPAN.  While attempting to build or test
this distribution, the distribution signaled that support is not available
either for this operating system or this version of Perl.  Nevertheless, any
diagnostic output produced is provided below for reference.  If this is not
what you expect, you may wish to consult the CPAN Testers Wiki:
http://wiki.cpantesters.org/wiki/CPANAuthorNotes
Sections of this report:
    * Tester comments
    * Program output
    * Prerequisites
    * Environment and other context
------------------------------
TESTER COMMENTS
------------------------------
Additional comments from tester:
none provided
------------------------------
PROGRAM OUTPUT
------------------------------
Output from '/usr/bin/make test':
PERL_DL_NONLAZY=1 "/opt/perl-5.34.1/bin/perl" "-MExtUtils::Command::MM" "-MTest::Harness" "-e" "undef *Test::Harness::Switches; test_harness(0, 'blib/lib', 'blib/arch')" t/*.t
# 
# Versions for all modules listed in MYMETA.json (including optional ones):
# 
# === Configure Requires ===
# 
#     Module              Want Have
#     ------------------- ---- ----
#     ExtUtils::MakeMaker  any 7.70
# 
# === Build Requires ===
# 
#     Module              Want Have
#     ------------------- ---- ----
#     ExtUtils::MakeMaker  any 7.70
# 
# === Test Requires ===
# 
#     Module                                   Want     Have
#     ------------------------------------ -------- --------
#     DBIx::Class                               any 0.082843
#     DBIx::Class::InflateColumn::Time       v0.0.1    0.0.1
#     DBIx::Class::Relationship::Predicate     0.07     0.07
#     DateTime                                  any     1.65
#     DateTime::Duration                        any     1.65
#     ExtUtils::MakeMaker                       any     7.70
#     File::Spec                                any     3.80
#     JSON::Validator                        v5.1.4     5.14
#     Test2::Suite                         0.000155 0.000159
#     Test::More                                any 1.302196
# 
# === Test Recommends ===
# 
#     Module         Want     Have
#     ---------- -------- --------
#     CPAN::Meta 2.120900 2.150010
# 
# === Runtime Requires ===
# 
#     Module                               Want  Have
#     ----------------------------------- ----- -----
#     Data::Compare                        1.29  1.29
#     DateTime::Format::Duration::ISO8601 0.008 0.008
#     Module::Util                         1.09  1.09
#     Object::Pad                         0.802 0.808
#     Readonly                             2.05  2.05
#     String::CamelSnakeKebab              0.06  0.06
# 
t/00-report-prereqs.t .......... ok
t/01-load_module.t ............. ok
t/02-construct.t ............... ok
t/03-hash_key_rewriting.t ...... ok
t/04-concat_position.t ......... ok
t/10-default.t ................. ok
The signatures feature is experimental at t/11-undef.t line 13.
t/11-undef.t ................... ok
t/12-schema.t .................. ok
The signatures feature is experimental at t/14-type.t line 46.
t/14-type.t .................... ok
t/15-value.t ................... ok
t/16-position.t ................ ok
t/17-predicate.t ............... ok
t/21-type-datetime.t ........... ok
t/22-type-datetime-duration.t .. ok
Perl v5.36.0 required--this is only v5.34.1, stopped at /home/cpansand/.cpan/build/2024021916/Data-Transform-1.00-1/t/lib/MyApp/Schema.pm line 2.
BEGIN failed--compilation aborted at /home/cpansand/.cpan/build/2024021916/Data-Transform-1.00-1/t/lib/MyApp/Schema.pm line 2.
Compilation failed in require at t/23-type-dbix.t line 15.
BEGIN failed--compilation aborted at t/23-type-dbix.t line 15.
t/23-type-dbix.t ............... 
Dubious, test returned 255 (wstat 65280, 0xff00)
No subtests run 
Perl v5.36.0 required--this is only v5.34.1, stopped at /home/cpansand/.cpan/build/2024021916/Data-Transform-1.00-1/t/lib/MyApp/Schema.pm line 2.
BEGIN failed--compilation aborted at /home/cpansand/.cpan/build/2024021916/Data-Transform-1.00-1/t/lib/MyApp/Schema.pm line 2.
Compilation failed in require at t/24-type-dbix-recursive.t line 15.
BEGIN failed--compilation aborted at t/24-type-dbix-recursive.t line 15.
t/24-type-dbix-recursive.t ..... 
Dubious, test returned 255 (wstat 65280, 0xff00)
No subtests run 
t/40-tree.t .................... ok
t/41-tree-id.t ................. ok
t/42-tree-compound.t ........... ok
t/43-tree-lowercamel.t ......... ok
t/50-transform.t ............... ok
t/51-transform-predicate.t ..... ok
Test Summary Report
-------------------
t/23-type-dbix.t             (Wstat: 65280 (exited 255) Tests: 0 Failed: 0)
  Non-zero exit status: 255
  Parse errors: No plan found in TAP output
t/24-type-dbix-recursive.t   (Wstat: 65280 (exited 255) Tests: 0 Failed: 0)
  Non-zero exit status: 255
  Parse errors: No plan found in TAP output
Files=22, Tests=121,  4 wallclock secs ( 0.08 usr  0.03 sys +  3.54 cusr  0.51 csys =  4.16 CPU)
Result: FAIL
Failed 2/22 test programs. 0/121 subtests failed.
make: *** [Makefile:945: test_dynamic] Error 255
------------------------------
PREREQUISITES
------------------------------
Prerequisite modules loaded:
requires:
    Module                               Need     Have    
    ------------------------------------ -------- --------
    Data::Compare                        1.29     1.29    
    DateTime::Format::Duration::ISO8601  0.008    0.008   
    Module::Util                         1.09     1.09    
    Object::Pad                          0.802    0.808   
    perl                                 5.026000 5.034001
    Readonly                             2.05     2.05    
    String::CamelSnakeKebab              0.06     0.06    
build_requires:
    Module                               Need     Have    
    ------------------------------------ -------- --------
    DateTime                             0        1.65    
    DateTime::Duration                   0        1.65    
    DBIx::Class                          0        0.082843
    DBIx::Class::InflateColumn::Time     v0.0.1   0.0.1   
    DBIx::Class::Relationship::Predicate 0.07     0.07    
    ExtUtils::MakeMaker                  0        7.70    
    File::Spec                           0        3.80    
    JSON::Validator                      v5.1.4   5.14    
    Test2::Suite                         0.000155 0.000159
    Test::More                           0        1.302196
configure_requires:
    Module                               Need     Have    
    ------------------------------------ -------- --------
    ExtUtils::MakeMaker                  0        7.70    
------------------------------
ENVIRONMENT AND OTHER CONTEXT
------------------------------
Environment variables:
    LANG = en_US.UTF-8
    PATH = /usr/local/bin:/usr/bin:/bin:/usr/local/sbin:/usr/sbin:/sbin:/home/cpansand/bin/linux-gnu:/home/cpansand/bin/sh:/home/cpansand/bin:/usr/games:/home/cpansand/devel:/home/eserte/src/srezic-misc/scripts
    PERL5LIB = /home/cpansand/.local/share/.cpan/build/2024021916/String-CamelSnakeKebab-0.06-1/blib/arch:/home/cpansand/.local/share/.cpan/build/2024021916/String-CamelSnakeKebab-0.06-1/blib/lib:/home/cpansand/.local/share/.cpan/build/2024021916/DBIx-Class-Relationship-Predicate-0.07-1/blib/arch:/home/cpansand/.local/share/.cpan/build/2024021916/DBIx-Class-Relationship-Predicate-0.07-1/blib/lib:/home/cpansand/.local/share/.cpan/build/2024021916/DBIx-Class-InflateColumn-Time-0.0.1-1/blib/arch:/home/cpansand/.local/share/.cpan/build/2024021916/DBIx-Class-InflateColumn-Time-0.0.1-1/blib/lib
    PERL5OPT = 
    PERL5_CPANPLUS_IS_RUNNING = 1839046
    PERL5_CPAN_IS_RUNNING = 1839046
    PERL5_CPAN_IS_RUNNING_IN_RECURSION = 1838501,1839046
    PERLDOC = -MPod::Perldoc::ToTextOverstrike
    PERL_BATCH = yes
    PERL_CANARY_STABILITY_NOPROMPT = 1
    PERL_CPAN_REPORTER_CONFIG = /var/tmp/cpansmoker-1023/2024021916/cpanreporter_000_config.ini
    PERL_EXTUTILS_AUTOINSTALL = --defaultdeps
    PERL_USE_UNSAFE_INC = 1
    SHELL = /usr/bin/zsh
    TERM = screen
    TMPDIR = /var/tmp/cpansmoker-1023/2024021916
Perl special variables (and OS-specific diagnostics, for MSWin32):
    $^X = /opt/perl-5.34.1/bin/perl
    $UID/$EUID = 1023 / 1023
    $GID = 1023 1023
    $EGID = 1023 1023
Perl module toolchain versions installed:
    Module              Have    
    ------------------- --------
    CPAN                2.28    
    CPAN::Meta          2.150010
    Cwd                 3.80    
    ExtUtils::CBuilder  0.280236
    ExtUtils::Command   7.70    
    ExtUtils::Install   2.22    
    ExtUtils::MakeMaker 7.70    
    ExtUtils::Manifest  1.75    
    ExtUtils::ParseXS   3.51    
    File::Spec          3.80    
    JSON                4.10    
    JSON::PP            4.16    
    Module::Build       0.4234  
    Module::Signature   0.88    
    Parse::CPAN::Meta   2.150010
    Test2               1.302196
    Test::Harness       3.48    
    Test::More          1.302196
    YAML                1.31    
    YAML::Syck          1.34    
    version             0.9929  
--
Summary of my perl5 (revision 5 version 34 subversion 1) configuration:
   
  Platform:
    osname=linux
    osvers=5.15.0-56-generic
    archname=x86_64-linux
    uname='linux cloud14.bbbike.org 5.15.0-56-generic #62-ubuntu smp tue nov 22 19:54:14 utc 2022 x86_64 x86_64 x86_64 gnulinux '
    config_args='-ds -e -Dprefix=/opt/perl-5.34.1 -Dcf_email=srezic@cpan.org'
    hint=recommended
    useposix=true
    d_sigaction=define
    useithreads=undef
    usemultiplicity=undef
    use64bitint=define
    use64bitall=define
    uselongdouble=undef
    usemymalloc=n
    default_inc_excludes_dot=define
  Compiler:
    cc='cc'
    ccflags ='-fwrapv -fno-strict-aliasing -pipe -fstack-protector-strong -I/usr/local/include -D_LARGEFILE_SOURCE -D_FILE_OFFSET_BITS=64'
    optimize='-O2'
    cppflags='-fwrapv -fno-strict-aliasing -pipe -fstack-protector-strong -I/usr/local/include'
    ccversion=''
    gccversion='11.3.0'
    gccosandvers=''
    intsize=4
    longsize=8
    ptrsize=8
    doublesize=8
    byteorder=12345678
    doublekind=3
    d_longlong=define
    longlongsize=8
    d_longdbl=define
    longdblsize=16
    longdblkind=3
    ivtype='long'
    ivsize=8
    nvtype='double'
    nvsize=8
    Off_t='off_t'
    lseeksize=8
    alignbytes=8
    prototype=define
  Linker and Libraries:
    ld='cc'
    ldflags =' -fstack-protector-strong -L/usr/local/lib'
    libpth=/usr/local/lib /usr/lib/x86_64-linux-gnu /usr/lib /usr/lib64
    libs=-lpthread -lnsl -lgdbm -ldb -ldl -lm -lcrypt -lutil -lc
    perllibs=-lpthread -lnsl -ldl -lm -lcrypt -lutil -lc
    libc=/lib/x86_64-linux-gnu/libc.so.6
    so=so
    useshrplib=false
    libperl=libperl.a
    gnulibc_version='2.35'
  Dynamic Linking:
    dlsrc=dl_dlopen.xs
    dlext=so
    d_dlsymun=undef
    ccdlflags='-Wl,-E'
    cccdlflags='-fPIC'
    lddlflags='-shared -O2 -L/usr/local/lib -fstack-protector-strong'
Characteristics of this binary (from libperl): 
  Compile-time options:
    HAS_TIMES
    PERLIO_LAYERS
    PERL_COPY_ON_WRITE
    PERL_DONT_CREATE_GVSV
    PERL_MALLOC_WRAP
    PERL_OP_PARENT
    PERL_PRESERVE_IVUV
    USE_64_BIT_ALL
    USE_64_BIT_INT
    USE_LARGE_FILES
    USE_LOCALE
    USE_LOCALE_COLLATE
    USE_LOCALE_CTYPE
    USE_LOCALE_NUMERIC
    USE_LOCALE_TIME
    USE_PERLIO
    USE_PERL_ATOF
  Built under linux
  Compiled at Dec 18 2022 15:21:23
  %ENV:
    PERL5LIB="/home/cpansand/.local/share/.cpan/build/2024021916/String-CamelSnakeKebab-0.06-1/blib/arch:/home/cpansand/.local/share/.cpan/build/2024021916/String-CamelSnakeKebab-0.06-1/blib/lib:/home/cpansand/.local/share/.cpan/build/2024021916/DBIx-Class-Relationship-Predicate-0.07-1/blib/arch:/home/cpansand/.local/share/.cpan/build/2024021916/DBIx-Class-Relationship-Predicate-0.07-1/blib/lib:/home/cpansand/.local/share/.cpan/build/2024021916/DBIx-Class-InflateColumn-Time-0.0.1-1/blib/arch:/home/cpansand/.local/share/.cpan/build/2024021916/DBIx-Class-InflateColumn-Time-0.0.1-1/blib/lib"
    PERL5OPT=""
    PERL5_CPANPLUS_IS_RUNNING="1839046"
    PERL5_CPAN_IS_RUNNING="1839046"
    PERL5_CPAN_IS_RUNNING_IN_RECURSION="1838501,1839046"
    PERLDOC="-MPod::Perldoc::ToTextOverstrike"
    PERL_BATCH="yes"
    PERL_CANARY_STABILITY_NOPROMPT="1"
    PERL_CPAN_REPORTER_CONFIG="/var/tmp/cpansmoker-1023/2024021916/cpanreporter_000_config.ini"
    PERL_EXTUTILS_AUTOINSTALL="--defaultdeps"
    PERL_USE_UNSAFE_INC="1"
  @INC:
    /home/cpansand/.local/share/.cpan/build/2024021916/String-CamelSnakeKebab-0.06-1/blib/arch
    /home/cpansand/.local/share/.cpan/build/2024021916/String-CamelSnakeKebab-0.06-1/blib/lib
    /home/cpansand/.local/share/.cpan/build/2024021916/DBIx-Class-Relationship-Predicate-0.07-1/blib/arch
    /home/cpansand/.local/share/.cpan/build/2024021916/DBIx-Class-Relationship-Predicate-0.07-1/blib/lib
    /home/cpansand/.local/share/.cpan/build/2024021916/DBIx-Class-InflateColumn-Time-0.0.1-1/blib/arch
    /home/cpansand/.local/share/.cpan/build/2024021916/DBIx-Class-InflateColumn-Time-0.0.1-1/blib/lib
    /opt/perl-5.34.1/lib/site_perl/5.34.1/x86_64-linux
    /opt/perl-5.34.1/lib/site_perl/5.34.1
    /opt/perl-5.34.1/lib/5.34.1/x86_64-linux
    /opt/perl-5.34.1/lib/5.34.1
    .