Filesys-POSIX v0.9.19 Perl 5 v5.30.3 sparc64-openbsd

Status
Fail
From
Dist
Filesys-POSIX v0.9.19
Platform
Perl 5 v5.30.3 sparc64-openbsd
Date
2021-01-30 18:27:41
ID
d66c7bfa-6328-11eb-b7c4-bba1f62d8de9
This distribution has been tested as part of the CPAN Testers
project, supporting the Perl programming language.  See
http://wiki.cpantesters.org/ for more information or email
questions to cpan-testers-discuss@perl.org


--
Dear Alexandra Hrefna Maheu,

This is a computer-generated report for Filesys-POSIX-0.9.19
on perl 5.30.3, created by CPAN-Reporter-1.2018.

Thank you for uploading your work to CPAN.  However, there was a problem
testing your distribution.

If you think this report is invalid, please consult the CPAN Testers Wiki
for suggestions on how to avoid getting FAIL reports for missing library
or binary dependencies, unsupported operating systems, and so on:

http://wiki.cpantesters.org/wiki/CPANAuthorNotes

Sections of this report:

    * Tester comments
    * Program output
    * Prerequisites
    * Environment and other context

------------------------------
TESTER COMMENTS
------------------------------

Additional comments from tester:

this report is from an automated smoke testing program
and was not reviewed by a human for accuracy

------------------------------
PROGRAM OUTPUT
------------------------------

Output from '/usr/bin/make test':

PERL_DL_NONLAZY=1 "/usr/bin/perl" -It/lib "-MExtUtils::Command::MM" "-MTest::Harness" "-e" "undef *Test::Harness::Switches; test_harness(0, 'blib/lib', 'blib/arch')" t/*.t
t/001_load.t ........... ok
t/bits.t ............... ok
Invalid argument at /home/smoker/.cpan/build/Filesys-POSIX-0.9.19-0/blib/lib/Filesys/POSIX/Mem/Bucket.pm line 88.
	Filesys::POSIX::Mem::Bucket::open(Filesys::POSIX::Mem::Bucket=HASH(0x31d6905e40), 1024) called at t/bucket.t line 102
# Looks like your test exited with 22 just after 14.
t/bucket.t ............. 
Dubious, test returned 22 (wstat 5632, 0x1600)
Failed 42/56 subtests 
t/directory.t .......... ok
t/error.t .............. ok
t/extensions.t ......... ok
t/false-filename.t ..... ok
t/fd_table.t ........... ok
t/file.t ............... ok
t/find.t ............... ok
t/fs.t ................. ok
t/handle.t ............. ok
t/inode.t .............. ok
t/io.t ................. ok
t/mount.t .............. ok
t/mount_flags.t ........ ok
t/path.t ............... ok
t/real.t ............... ok
t/reducedprivileges.t .. skipped: Privilege droppping tests require root

#   Failed test 'Found the correct number of items archived'
#   at t/rename.t line 57.
#          got: '2'
#     expected: '0'
# Looks like you failed 1 test of 2.
t/rename.t ............. 
Dubious, test returned 1 (wstat 256, 0x100)
Failed 1/2 subtests 
t/snapshot.t ........... ok
t/stat.t ............... ok
t/tar-missing.t ........ ok
Can't open '/tmp/Df07pcZzg_/mapped_dir/file.txt' for reading: 'No such file or directory' at t/tar-race.t line 158
# Looks like your test exited with 255 just after 1.
t/tar-race.t ........... 
Dubious, test returned 255 (wstat 65280, 0xff00)
Failed 8/9 subtests 

#   Failed test 'Found expected item ./bar.file in tar output'
#   at t/tar.t line 178.
# Looks like you failed 1 test of 85.
t/tar.t ................ 
Dubious, test returned 1 (wstat 256, 0x100)
Failed 1/85 subtests 
t/test.t ............... ok
t/umask.t .............. ok
t/userland.t ........... ok
t/vfs.t ................ ok

Test Summary Report
-------------------
t/bucket.t           (Wstat: 5632 Tests: 14 Failed: 0)
  Non-zero exit status: 22
  Parse errors: Bad plan.  You planned 56 tests but ran 14.
t/rename.t           (Wstat: 256 Tests: 2 Failed: 1)
  Failed test:  1
  Non-zero exit status: 1
t/tar-race.t         (Wstat: 65280 Tests: 1 Failed: 0)
  Non-zero exit status: 255
  Parse errors: Bad plan.  You planned 9 tests but ran 1.
t/tar.t              (Wstat: 256 Tests: 85 Failed: 1)
  Failed test:  3
  Non-zero exit status: 1
Files=29, Tests=527, 19 wallclock secs ( 0.46 usr  0.67 sys + 13.69 cusr  4.06 csys = 18.88 CPU)
Result: FAIL
Failed 4/29 test programs. 2/527 subtests failed.
*** Error 255 in /home/smoker/.cpan/build/Filesys-POSIX-0.9.19-0 (Makefile:964 'test_dynamic')

------------------------------
PREREQUISITES
------------------------------

Prerequisite modules loaded:

requires:

    Module           Need  Have    
    ---------------- ----- --------
    Carp             0     1.50    

build_requires:

    Module           Need  Have    
    ---------------- ----- --------
    autodie          0     2.34    
    Test::Builder    0     1.302183
    Test::Deep       0     1.130   
    Test::Exception  0.26  0.43    
    Test::NoWarnings 0.081 1.04    
    Test::Simple     0.44  1.302183
    Try::Tiny        0     0.30    


------------------------------
ENVIRONMENT AND OTHER CONTEXT
------------------------------

Environment variables:

    AUTOMATED_TESTING = 1
    NONINTERACTIVE_TESTING = 1
    PATH = /home/smoker/perl/system/bin:/home/smoker/.plenv/libexec:/home/smoker/.plenv/plugins/perl-build/bin:/home/smoker/.plenv/plugins/plenv-contrib/bin:/home/smoker/.plenv/shims:/home/smoker/.plenv/bin:/home/smoker/bin:/bin:/sbin:/usr/bin:/usr/sbin:/usr/X11R6/bin:/usr/local/bin:/usr/local/sbin:/usr/games
    PERL5LIB = /home/smoker/perl/system/lib/perl5
    PERL5OPT = 
    PERL5_CPANPLUS_IS_RUNNING = 45194
    PERL5_CPAN_IS_RUNNING = 45194
    PERL5_CPAN_IS_RUNNING_IN_RECURSION = 6564,45194
    PERL_CARTON_PATH = /home/afresh1/cpan-smoker-setup/local/system
    PERL_CPAN_REPORTER_CONFIG = /home/smoker/.cpanreporter/config.ini
    PERL_CPAN_REPORTER_DIR = /home/smoker/.cpanreporter/system
    PERL_CR_SMOKER_CURRENT = App-Video-Generator-0.08
    PERL_EXTUTILS_AUTOINSTALL = --defaultdeps
    PERL_LOCAL_LIB_ROOT = /home/smoker/perl/system
    PERL_MB_OPT = --install_base '/home/smoker/perl/system'
    PERL_MM_OPT = INSTALL_BASE=/home/smoker/perl/system
    PERL_MM_USE_DEFAULT = 1
    PERL_USE_UNSAFE_INC = 1
    SHELL = /bin/ksh
    TERM = screen

Perl special variables (and OS-specific diagnostics, for MSWin32):

    $^X = /usr/bin/perl
    $UID/$EUID = 900 / 900
    $GID = 900 900
    $EGID = 900 900

Perl module toolchain versions installed:

    Module              Have    
    ------------------- --------
    CPAN                2.22    
    CPAN::Meta          2.150010
    Cwd                 3.78    
    ExtUtils::CBuilder  0.280235
    ExtUtils::Command   7.58    
    ExtUtils::Install   2.20    
    ExtUtils::MakeMaker 7.58    
    ExtUtils::Manifest  1.73    
    ExtUtils::ParseXS   3.40    
    File::Spec          3.78    
    JSON                4.03    
    JSON::PP            4.06    
    Module::Build       0.4231  
    Module::Signature   0.87    
    Parse::CPAN::Meta   2.150010
    Test::Harness       3.42    
    Test::More          1.302183
    YAML                1.30    
    YAML::Syck          1.34    
    version             0.9928  


--

Summary of my perl5 (revision 5 version 30 subversion 3) configuration:
   
  Platform:
    osname=openbsd
    osvers=6.8
    archname=sparc64-openbsd
    uname='openbsd'
    config_args='-dse -Dopenbsd_distribution=defined -Dmksymlinks'
    hint=recommended
    useposix=true
    d_sigaction=define
    useithreads=undef
    usemultiplicity=undef
    use64bitint=define
    use64bitall=define
    uselongdouble=undef
    usemymalloc=n
    default_inc_excludes_dot=define
    bincompat5005=undef
  Compiler:
    cc='cc'
    ccflags ='-DNO_LOCALE_NUMERIC -DNO_LOCALE_COLLATE -fno-strict-aliasing -fno-delete-null-pointer-checks -pipe -fstack-protector-strong -D_FORTIFY_SOURCE=2 -I/usr/local/include'
    optimize='-O2'
    cppflags='-DBIG_TIME -DNO_LOCALE_NUMERIC -DNO_LOCALE_COLLATE -fno-strict-aliasing -fno-delete-null-pointer-checks -pipe -fstack-protector-strong -I/usr/local/include'
    ccversion=''
    gccversion='4.2.1 20070719 '
    gccosandvers='openbsd6.8'
    intsize=4
    longsize=8
    ptrsize=8
    doublesize=8
    byteorder=87654321
    doublekind=4
    d_longlong=define
    longlongsize=8
    d_longdbl=define
    longdblsize=16
    longdblkind=2
    ivtype='long'
    ivsize=8
    nvtype='double'
    nvsize=8
    Off_t='off_t'
    lseeksize=8
    alignbytes=8
    prototype=define
  Linker and Libraries:
    ld='cc'
    ldflags ='-Wl,-E  -fstack-protector-strong -L/usr/local/lib'
    libpth=/usr/lib /usr/lib
    libs=-lm -lc
    perllibs=-lm -lc
    libc=/usr/lib/libc.so.96.0
    so=so
    useshrplib=true
    libperl=libperl.so.20.0
    gnulibc_version=''
  Dynamic Linking:
    dlsrc=dl_dlopen.xs
    dlext=so
    d_dlsymun=undef
    ccdlflags='-Wl,-R/usr/libdata/perl5/sparc64-openbsd/CORE'
    cccdlflags='-DPIC -fPIC '
    lddlflags='-shared -fPIC  -fstack-protector-strong -L/usr/local/lib'


Characteristics of this binary (from libperl): 
  Compile-time options:
    HAS_TIMES
    PERLIO_LAYERS
    PERL_COPY_ON_WRITE
    PERL_DONT_CREATE_GVSV
    PERL_MALLOC_WRAP
    PERL_OP_PARENT
    PERL_PRESERVE_IVUV
    USE_64_BIT_ALL
    USE_64_BIT_INT
    USE_LARGE_FILES
    USE_LOCALE
    USE_LOCALE_CTYPE
    USE_LOCALE_TIME
    USE_PERLIO
    USE_PERL_ATOF
  Built under openbsd
  %ENV:
    PERL5LIB="/home/smoker/perl/system/lib/perl5"
    PERL5OPT=""
    PERL5_CPANPLUS_IS_RUNNING="45194"
    PERL5_CPAN_IS_RUNNING="45194"
    PERL5_CPAN_IS_RUNNING_IN_RECURSION="6564,45194"
    PERL_CARTON_PATH="/home/afresh1/cpan-smoker-setup/local/system"
    PERL_CPAN_REPORTER_CONFIG="/home/smoker/.cpanreporter/config.ini"
    PERL_CPAN_REPORTER_DIR="/home/smoker/.cpanreporter/system"
    PERL_CR_SMOKER_CURRENT="App-Video-Generator-0.08"
    PERL_EXTUTILS_AUTOINSTALL="--defaultdeps"
    PERL_LOCAL_LIB_ROOT="/home/smoker/perl/system"
    PERL_MB_OPT="--install_base '/home/smoker/perl/system'"
    PERL_MM_OPT="INSTALL_BASE=/home/smoker/perl/system"
    PERL_MM_USE_DEFAULT="1"
    PERL_USE_UNSAFE_INC="1"
  @INC:
    /home/smoker/perl/system/lib/perl5/sparc64-openbsd
    /home/smoker/perl/system/lib/perl5
    /usr/local/libdata/perl5/site_perl/sparc64-openbsd
    /usr/local/libdata/perl5/site_perl
    /usr/libdata/perl5/sparc64-openbsd
    /usr/libdata/perl5
    .