Back
From: metabase:user:314402c4-2aae-11df-837a-5e0a49663a4f
Subject: FAIL Mojolicious-Plugin-HTMLTemplateProRenderer-0.05 v5.16.3 GNU/Linux
Date: 2017-06-25T16:53:39Z
This distribution has been tested as part of the CPAN Testers
project, supporting the Perl programming language. See
http://wiki.cpantesters.org/ for more information or email
questions to cpan-testers-discuss@perl.org
--
Dear Bruni Emiliano,
This is a computer-generated report for Mojolicious-Plugin-HTMLTemplateProRenderer-0.05
on perl 5.16.3, created by CPAN-Reporter-1.2018.
Thank you for uploading your work to CPAN. However, there was a problem
testing your distribution.
If you think this report is invalid, please consult the CPAN Testers Wiki
for suggestions on how to avoid getting FAIL reports for missing library
or binary dependencies, unsupported operating systems, and so on:
http://wiki.cpantesters.org/wiki/CPANAuthorNotes
Sections of this report:
* Tester comments
* Program output
* Prerequisites
* Environment and other context
------------------------------
TESTER COMMENTS
------------------------------
Additional comments from tester:
none provided
------------------------------
PROGRAM OUTPUT
------------------------------
Output from 'make test':
PERL_DL_NONLAZY=1 "/opt/perl-5.16.3/bin/perl" "-MExtUtils::Command::MM" "-MTest::Harness" "-e" "undef *Test::Harness::Switches; test_harness(0, 'blib/lib', 'blib/arch')" t/*.t
# Failed test '200 OK'
# at t/001_load.t line 47.
# got: '500'
# expected: '200'
# Failed test '200 OK'
# at t/001_load.t line 48.
# got: '500'
# expected: '200'
# Failed test '200 OK'
# at t/001_load.t line 49.
# got: '500'
# expected: '200'
# Failed test '200 OK'
# at t/001_load.t line 50.
# got: '500'
# expected: '200'
# Looks like you failed 4 tests of 15.
t/001_load.t ...............
Dubious, test returned 4 (wstat 1024, 0x400)
Failed 4/15 subtests
# Failed test '200 OK'
# at t/002_use_home_template.t line 19.
# got: '500'
# expected: '200'
# Looks like you failed 1 test of 3.
t/002_use_home_template.t ..
Dubious, test returned 1 (wstat 256, 0x100)
Failed 1/3 subtests
# Failed test '200 OK'
# at t/003_extension.t line 30.
# got: '500'
# expected: '200'
# Looks like you failed 1 test of 6.
t/003_extension.t ..........
Dubious, test returned 1 (wstat 256, 0x100)
Failed 1/6 subtests
# Failed test '200 OK'
# at t/004_loop.t line 21.
# got: '500'
# expected: '200'
# Looks like you failed 1 test of 3.
t/004_loop.t ...............
Dubious, test returned 1 (wstat 256, 0x100)
Failed 1/3 subtests
Test Summary Report
-------------------
t/001_load.t (Wstat: 1024 Tests: 15 Failed: 4)
Failed tests: 5, 8, 11, 14
Non-zero exit status: 4
t/002_use_home_template.t (Wstat: 256 Tests: 3 Failed: 1)
Failed test: 2
Non-zero exit status: 1
t/003_extension.t (Wstat: 256 Tests: 6 Failed: 1)
Failed test: 5
Non-zero exit status: 1
t/004_loop.t (Wstat: 256 Tests: 3 Failed: 1)
Failed test: 2
Non-zero exit status: 1
Files=4, Tests=27, 1 wallclock secs ( 0.02 usr 0.02 sys + 1.05 cusr 0.19 csys = 1.28 CPU)
Result: FAIL
Failed 4/4 test programs. 7/27 subtests failed.
make: *** [test_dynamic] Error 1
------------------------------
PREREQUISITES
------------------------------
Prerequisite modules loaded:
requires:
Module Need Have
------------------------------ ----- --------
HTML::Template::Pro 0.10 0.9510
HTML::Template::Pro::Extension 0.11 0.11
Mojolicious 4.0 7.33
perl 5.006 5.016003
Test::Simple 0.44 1.302086
build_requires:
Module Need Have
------------------------------ ----- --------
ExtUtils::MakeMaker 0 7.30
configure_requires:
Module Need Have
------------------------------ ----- --------
ExtUtils::MakeMaker 0 7.30
------------------------------
ENVIRONMENT AND OTHER CONTEXT
------------------------------
Environment variables:
LANG = en_US.UTF-8
PATH = /usr/local/bin:/usr/bin:/bin:/usr/local/sbin:/usr/sbin:/sbin:/home/cpansand/bin/linux-gnu:/home/cpansand/bin/sh:/home/cpansand/bin:/usr/games:/home/cpansand/devel:/home/eserte/src/srezic-misc/scripts
PERL5LIB = /home/cpansand/.cpan/build/2017062506/HTML-Template-Pro-Extension-0.11-b9QZTt/blib/arch:/home/cpansand/.cpan/build/2017062506/HTML-Template-Pro-Extension-0.11-b9QZTt/blib/lib:/home/cpansand/.cpan/build/2017062506/HTML-Template-Pro-0.9510-lM71o0/blib/arch:/home/cpansand/.cpan/build/2017062506/HTML-Template-Pro-0.9510-lM71o0/blib/lib
PERL5OPT =
PERL5_CPANPLUS_IS_RUNNING = 31187
PERL5_CPAN_IS_RUNNING = 31187
PERL5_CPAN_IS_RUNNING_IN_RECURSION = 29911,31187
PERLDOC = -MPod::Perldoc::ToTextOverstrike
PERL_BATCH = yes
PERL_CANARY_STABILITY_NOPROMPT = 1
PERL_CPAN_REPORTER_CONFIG = /var/tmp/cpansmoker-1023/2017062506/cpanreporter_003_config.ini
PERL_EXTUTILS_AUTOINSTALL = --defaultdeps
SHELL = /bin/zsh
TERM = screen
TMPDIR = /var/tmp/cpansmoker-1023/2017062506
Perl special variables (and OS-specific diagnostics, for MSWin32):
$^X = /opt/perl-5.16.3/bin/perl
$UID/$EUID = 1023 / 1023
$GID = 1023 1023
$EGID = 1023 1023
Perl module toolchain versions installed:
Module Have
------------------- --------
CPAN 1.9800
CPAN::Meta 2.150010
Cwd 3.39_02
ExtUtils::CBuilder 0.280206
ExtUtils::Command 7.30
ExtUtils::Install 2.06
ExtUtils::MakeMaker 7.30
ExtUtils::Manifest 1.70
ExtUtils::ParseXS 3.30
File::Spec 3.39_02
JSON 2.94
JSON::PP 2.94
Module::Build 0.4224
Module::Signature n/a
Parse::CPAN::Meta 2.150010
Test::Harness 3.39
Test::More 1.302086
YAML 1.23
YAML::Syck 1.30
version 0.99
--
Summary of my perl5 (revision 5 version 16 subversion 3) configuration:
Platform:
osname=linux, osvers=2.6.32-696.3.1.el6.x86_64, archname=x86_64-linux
uname='linux centos6 2.6.32-696.3.1.el6.x86_64 #1 smp tue may 30 19:52:55 utc 2017 x86_64 x86_64 x86_64 gnulinux '
config_args='-ds -e -Dprefix=/opt/perl-5.16.3 -Dcf_email=srezic@cpan.org'
hint=recommended, useposix=true, d_sigaction=define
useithreads=undef, usemultiplicity=undef
useperlio=define, d_sfio=undef, uselargefiles=define, usesocks=undef
use64bitint=define, use64bitall=define, uselongdouble=undef
usemymalloc=n, bincompat5005=undef
Compiler:
cc='cc', ccflags ='-fno-strict-aliasing -pipe -fstack-protector -I/usr/local/include -D_LARGEFILE_SOURCE -D_FILE_OFFSET_BITS=64',
optimize='-O2',
cppflags='-fno-strict-aliasing -pipe -fstack-protector -I/usr/local/include'
ccversion='', gccversion='4.4.7 20120313 (Red Hat 4.4.7-18)', gccosandvers=''
intsize=4, longsize=8, ptrsize=8, doublesize=8, byteorder=12345678
d_longlong=define, longlongsize=8, d_longdbl=define, longdblsize=16
ivtype='long', ivsize=8, nvtype='double', nvsize=8, Off_t='off_t', lseeksize=8
alignbytes=8, prototype=define
Linker and Libraries:
ld='cc', ldflags =' -fstack-protector -L/usr/local/lib'
libpth=/usr/local/lib /lib/../lib64 /usr/lib/../lib64 /lib /usr/lib /lib64 /usr/lib64 /usr/local/lib64
libs=-lnsl -lgdbm -ldb -ldl -lm -lcrypt -lutil -lc
perllibs=-lnsl -ldl -lm -lcrypt -lutil -lc
libc=, so=so, useshrplib=false, libperl=libperl.a
gnulibc_version='2.12'
Dynamic Linking:
dlsrc=dl_dlopen.xs, dlext=so, d_dlsymun=undef, ccdlflags='-Wl,-E'
cccdlflags='-fPIC', lddlflags='-shared -O2 -L/usr/local/lib -fstack-protector'
Characteristics of this binary (from libperl):
Compile-time options: HAS_TIMES PERLIO_LAYERS PERL_DONT_CREATE_GVSV
PERL_MALLOC_WRAP PERL_PRESERVE_IVUV USE_64_BIT_ALL
USE_64_BIT_INT USE_LARGE_FILES USE_LOCALE
USE_LOCALE_COLLATE USE_LOCALE_CTYPE
USE_LOCALE_NUMERIC USE_PERLIO USE_PERL_ATOF
Built under linux
Compiled at Jun 24 2017 09:37:57
%ENV:
PERL5LIB="/home/cpansand/.cpan/build/2017062506/HTML-Template-Pro-Extension-0.11-b9QZTt/blib/arch:/home/cpansand/.cpan/build/2017062506/HTML-Template-Pro-Extension-0.11-b9QZTt/blib/lib:/home/cpansand/.cpan/build/2017062506/HTML-Template-Pro-0.9510-lM71o0/blib/arch:/home/cpansand/.cpan/build/2017062506/HTML-Template-Pro-0.9510-lM71o0/blib/lib"
PERL5OPT=""
PERL5_CPANPLUS_IS_RUNNING="31187"
PERL5_CPAN_IS_RUNNING="31187"
PERL5_CPAN_IS_RUNNING_IN_RECURSION="29911,31187"
PERLDOC="-MPod::Perldoc::ToTextOverstrike"
PERL_BATCH="yes"
PERL_CANARY_STABILITY_NOPROMPT="1"
PERL_CPAN_REPORTER_CONFIG="/var/tmp/cpansmoker-1023/2017062506/cpanreporter_003_config.ini"
PERL_EXTUTILS_AUTOINSTALL="--defaultdeps"
@INC:
/home/cpansand/.cpan/build/2017062506/HTML-Template-Pro-Extension-0.11-b9QZTt/blib/arch
/home/cpansand/.cpan/build/2017062506/HTML-Template-Pro-Extension-0.11-b9QZTt/blib/lib
/home/cpansand/.cpan/build/2017062506/HTML-Template-Pro-0.9510-lM71o0/blib/arch
/home/cpansand/.cpan/build/2017062506/HTML-Template-Pro-0.9510-lM71o0/blib/lib
/opt/perl-5.16.3/lib/site_perl/5.16.3/x86_64-linux
/opt/perl-5.16.3/lib/site_perl/5.16.3
/opt/perl-5.16.3/lib/5.16.3/x86_64-linux
/opt/perl-5.16.3/lib/5.16.3
.