Report for IPC-LDT-2.03

Back
From: metabase:user:314402c4-2aae-11df-837a-5e0a49663a4f
Subject: FAIL IPC-LDT-2.03 v5.12.4 FreeBSD
Date: 2014-01-14T20:38:34Z

This distribution has been tested as part of the CPAN Testers
project, supporting the Perl programming language.  See
http://wiki.cpantesters.org/ for more information or email
questions to cpan-testers-discuss@perl.org


--
Dear Jochen Stenzel,

This is a computer-generated report for IPC-LDT-2.03
on perl 5.12.4, created by CPAN-Reporter-1.2010.

Thank you for uploading your work to CPAN.  However, there was a problem
testing your distribution.

If you think this report is invalid, please consult the CPAN Testers Wiki
for suggestions on how to avoid getting FAIL reports for missing library
or binary dependencies, unsupported operating systems, and so on:

http://wiki.cpantesters.org/wiki/CPANAuthorNotes

Sections of this report:

    * Tester comments
    * Program output
    * Prerequisites
    * Environment and other context

------------------------------
TESTER COMMENTS
------------------------------

Additional comments from tester:

none provided

------------------------------
PROGRAM OUTPUT
------------------------------

Output from '/usr/bin/make test':

PERL_DL_NONLAZY=1 /usr/local/bin/perl5.12.4 "-MExtUtils::Command::MM" "-MTest::Harness" "-e" "undef *Test::Harness::Switches; test_harness(0, 'blib/lib', 'blib/arch')" t/*.t
Not a HASH reference at /usr/local/src/CPAN/build/IPC-LDT-2.03-97bcTr/blib/lib/IPC/LDT.pm line 498.
t/ascii.t .. 
Dubious, test returned 25 (wstat 6400, 0x1900)
Failed 2/2 subtests 
Not a HASH reference at /usr/local/src/CPAN/build/IPC-LDT-2.03-97bcTr/blib/lib/IPC/LDT.pm line 498.
t/data.t ... 
Dubious, test returned 25 (wstat 6400, 0x1900)
Failed 4/4 subtests 
Not a HASH reference at /usr/local/src/CPAN/build/IPC-LDT-2.03-97bcTr/blib/lib/IPC/LDT.pm line 498.
t/delay.t .. 
Dubious, test returned 25 (wstat 6400, 0x1900)
Failed 1/1 subtests 
Not a HASH reference at /usr/local/src/CPAN/build/IPC-LDT-2.03-97bcTr/blib/lib/IPC/LDT.pm line 498.
t/mixed.t .. 
Dubious, test returned 25 (wstat 6400, 0x1900)
Failed 12/12 subtests 

Test Summary Report
-------------------
t/ascii.t (Wstat: 6400 Tests: 0 Failed: 0)
  Non-zero exit status: 25
  Parse errors: Bad plan.  You planned 2 tests but ran 0.
t/data.t (Wstat: 6400 Tests: 0 Failed: 0)
  Non-zero exit status: 25
  Parse errors: Bad plan.  You planned 4 tests but ran 0.
t/delay.t (Wstat: 6400 Tests: 0 Failed: 0)
  Non-zero exit status: 25
  Parse errors: Bad plan.  You planned 1 tests but ran 0.
t/mixed.t (Wstat: 6400 Tests: 0 Failed: 0)
  Non-zero exit status: 25
  Parse errors: Bad plan.  You planned 12 tests but ran 0.
Files=4, Tests=0,  0 wallclock secs ( 0.02 usr  0.02 sys +  0.24 cusr  0.02 csys =  0.29 CPU)
Result: FAIL
Failed 4/4 test programs. 0/0 subtests failed.
*** [test_dynamic] Error code 25

Stop in /usr/local/src/CPAN/build/IPC-LDT-2.03-97bcTr.

------------------------------
PREREQUISITES
------------------------------

Prerequisite modules loaded:

requires:

    Module              Need Have
    ------------------- ---- ----
    Filter::Util::Call  1    1.08
    Storable            0.6  2.22

build_requires:

    Module              Need Have
    ------------------- ---- ----
    ExtUtils::MakeMaker 0    6.80


------------------------------
ENVIRONMENT AND OTHER CONTEXT
------------------------------

Environment variables:

    DBIC_NO_WARN_BAD_PERL = 1
    LC_ALL = de_DE.ISO8859-1
    PATH = /usr/local/bin:/usr/bin:/bin:/usr/local/sbin:/usr/sbin:/sbin:/home/e/eserte/bin/freebsd9.1:/home/e/eserte/bin/sh:/home/e/eserte/bin:/usr/games:/home/e/eserte/devel:/home/e/eserte/src/srezic-misc/scripts
    PERL5LIB = 
    PERL5OPT = 
    PERL5_CPANPLUS_IS_RUNNING = 30691
    PERL5_CPAN_IS_RUNNING = 30691
    PERL5_CPAN_IS_RUNNING_IN_RECURSION = 29851,30691
    PERLDOC = -MPod::Perldoc::ToTextOverstrike
    PERL_BATCH = yes
    PERL_CPAN_REPORTER_CONFIG = /var/tmp/cpansmoker-1000/Zrec4k5T0x_config.ini
    PERL_EXTUTILS_AUTOINSTALL = --defaultdeps
    PERL_HTML_DISPLAY_CLASS = HTML::Display::Mozilla
    SHELL = /usr/local/bin/zsh
    STDPERL = perl
    TERM = screen
    TMPDIR = /var/tmp/cpansmoker-1000

Perl special variables (and OS-specific diagnostics, for MSWin32):

    $^X = /usr/local/bin/perl5.12.4
    $UID/$EUID = 1000 / 1000
    $GID = 1000 1000 0 5 1023 1024
    $EGID = 1000 1000 0 5 1023 1024

Perl module toolchain versions installed:

    Module              Have    
    ------------------- --------
    CPAN                1.94_56 
    CPAN::Meta          2.120351
    Cwd                 3.40    
    ExtUtils::CBuilder  0.27    
    ExtUtils::Command   1.16    
    ExtUtils::Install   1.55    
    ExtUtils::MakeMaker 6.80    
    ExtUtils::Manifest  1.60    
    ExtUtils::ParseXS   2.21    
    File::Spec          3.40    
    JSON                n/a     
    JSON::PP            2.27200 
    Module::Build       0.4007  
    Module::Signature   n/a     
    Parse::CPAN::Meta   1.4405  
    Test::Harness       3.17    
    Test::More          0.99    
    YAML                0.84    
    YAML::Syck          1.27    
    version             0.88    


--

Summary of my perl5 (revision 5 version 12 subversion 4) configuration:
   
  Platform:
    osname=freebsd, osvers=9.2-release, archname=amd64-freebsd
    uname='freebsd cvrsnica.herceg.de 9.2-release freebsd 9.2-release #0 r255898: thu sep 26 22:50:31 utc 2013 root@bake.isc.freebsd.org:usrobjusrsrcsysgeneric amd64 '
    config_args='-D useshrplib=true -Dprefix=/usr/perl5.12.4 -Dusemymalloc=n -D cc=ccache cc -Dgccansipedantic -de'
    hint=recommended, useposix=true, d_sigaction=define
    useithreads=undef, usemultiplicity=undef
    useperlio=define, d_sfio=undef, uselargefiles=define, usesocks=undef
    use64bitint=define, use64bitall=define, uselongdouble=undef
    usemymalloc=n, bincompat5005=undef
  Compiler:
    cc='ccache cc', ccflags ='-DHAS_FPSETMASK -DHAS_FLOATINGPOINT_H -fno-strict-aliasing -pipe -fstack-protector -I/usr/local/include',
    optimize='-O2 -pipe',
    cppflags='-DHAS_FPSETMASK -DHAS_FLOATINGPOINT_H -fno-strict-aliasing -pipe -fstack-protector -I/usr/local/include'
    ccversion='', gccversion='4.2.1 20070831 patched [FreeBSD]', gccosandvers=''
    intsize=4, longsize=8, ptrsize=8, doublesize=8, byteorder=12345678
    d_longlong=define, longlongsize=8, d_longdbl=define, longdblsize=16
    ivtype='long', ivsize=8, nvtype='double', nvsize=8, Off_t='off_t', lseeksize=8
    alignbytes=8, prototype=define
  Linker and Libraries:
    ld='ccache cc', ldflags ='-Wl,-E  -fstack-protector -L/usr/local/lib'
    libpth=/usr/lib /usr/local/lib
    libs=-lgdbm -lm -lcrypt -lutil -lc
    perllibs=-lm -lcrypt -lutil -lc
    libc=, so=so, useshrplib=true, libperl=libperl.so
    gnulibc_version=''
  Dynamic Linking:
    dlsrc=dl_dlopen.xs, dlext=so, d_dlsymun=undef, ccdlflags='  -Wl,-R/usr/perl5.12.4/lib/5.12.4/amd64-freebsd/CORE'
    cccdlflags='-DPIC -fPIC', lddlflags='-shared  -L/usr/local/lib -fstack-protector'


Characteristics of this binary (from libperl): 
  Compile-time options: PERL_DONT_CREATE_GVSV PERL_MALLOC_WRAP PERL_USE_DEVEL
                        USE_64_BIT_ALL USE_64_BIT_INT USE_LARGE_FILES
                        USE_PERLIO USE_PERL_ATOF
  Built under freebsd
  Compiled at Oct 30 2013 17:01:31
  %ENV:
    PERL5LIB=""
    PERL5OPT=""
    PERL5_CPANPLUS_IS_RUNNING="30691"
    PERL5_CPAN_IS_RUNNING="30691"
    PERL5_CPAN_IS_RUNNING_IN_RECURSION="29851,30691"
    PERLDOC="-MPod::Perldoc::ToTextOverstrike"
    PERL_BATCH="yes"
    PERL_CPAN_REPORTER_CONFIG="/var/tmp/cpansmoker-1000/Zrec4k5T0x_config.ini"
    PERL_EXTUTILS_AUTOINSTALL="--defaultdeps"
    PERL_HTML_DISPLAY_CLASS="HTML::Display::Mozilla"
  @INC:
    /usr/perl5.12.4/lib/site_perl/5.12.4/amd64-freebsd
    /usr/perl5.12.4/lib/site_perl/5.12.4
    /usr/perl5.12.4/lib/5.12.4/amd64-freebsd
    /usr/perl5.12.4/lib/5.12.4
    .