Report for Mojolicious-Plugin-LinkEmbedder-0.2301

Back
From: metabase:user:7298ebcc-b357-11e4-8d18-8eca7e4756b9
Subject: FAIL Mojolicious-Plugin-LinkEmbedder-0.2301 v5.10.1 GNU/Linux
Date: 2015-08-07T13:54:35Z

This distribution has been tested as part of the CPAN Testers
project, supporting the Perl programming language.  See
http://wiki.cpantesters.org/ for more information or email
questions to cpan-testers-discuss@perl.org


--
Dear JHTHORSEN,

This is a computer-generated report for Mojolicious-Plugin-LinkEmbedder-0.2301
on perl 5.10.1, created by App::cpanminus::reporter 0.12 (1.7027).

Thank you for uploading your work to CPAN.  However, there was a problem
testing your distribution.

If you think this report is invalid, please consult the CPAN Testers Wiki
for suggestions on how to avoid getting FAIL reports for missing library
or binary dependencies, unsupported operating systems, and so on:

http://wiki.cpantesters.org/wiki/CPANAuthorNotes

Sections of this report:

    * Tester comments
    * Program output
    * Prerequisites
    * Environment and other context

------------------------------
TESTER COMMENTS
------------------------------

Additional comments from tester:

none provided

------------------------------
PROGRAM OUTPUT
------------------------------

Output from '':

Building and testing Mojolicious-Plugin-LinkEmbedder-0.2301
cp lib/Mojolicious/Plugin/LinkEmbedder/Link/Music.pm blib/lib/Mojolicious/Plugin/LinkEmbedder/Link/Music.pm
cp lib/Mojolicious/Plugin/LinkEmbedder/Link/Game.pm blib/lib/Mojolicious/Plugin/LinkEmbedder/Link/Game.pm
cp lib/Mojolicious/Plugin/LinkEmbedder/Link/Text.pm blib/lib/Mojolicious/Plugin/LinkEmbedder/Link/Text.pm
cp lib/Mojolicious/Plugin/LinkEmbedder/Link.pm blib/lib/Mojolicious/Plugin/LinkEmbedder/Link.pm
cp lib/Mojolicious/Plugin/LinkEmbedder/Link/Text/GistGithub.pm blib/lib/Mojolicious/Plugin/LinkEmbedder/Link/Text/GistGithub.pm
cp lib/Mojolicious/Plugin/LinkEmbedder/Link/Text/Travis.pm blib/lib/Mojolicious/Plugin/LinkEmbedder/Link/Text/Travis.pm
cp lib/Mojolicious/Plugin/LinkEmbedder/Link/Game/_2play.pm blib/lib/Mojolicious/Plugin/LinkEmbedder/Link/Game/_2play.pm
cp lib/Mojolicious/Plugin/LinkEmbedder/Link/Image/Xkcd.pm blib/lib/Mojolicious/Plugin/LinkEmbedder/Link/Image/Xkcd.pm
cp lib/Mojolicious/Plugin/LinkEmbedder/Link/Video/AppearIn.pm blib/lib/Mojolicious/Plugin/LinkEmbedder/Link/Video/AppearIn.pm
cp lib/Mojolicious/Plugin/LinkEmbedder/Link/Text/Ix.pm blib/lib/Mojolicious/Plugin/LinkEmbedder/Link/Text/Ix.pm
cp lib/Mojolicious/Plugin/LinkEmbedder/Link/Text/Twitter.pm blib/lib/Mojolicious/Plugin/LinkEmbedder/Link/Text/Twitter.pm
cp lib/Mojolicious/Plugin/LinkEmbedder/Link/Text/PasteScsysCoUk.pm blib/lib/Mojolicious/Plugin/LinkEmbedder/Link/Text/PasteScsysCoUk.pm
cp lib/Mojolicious/Plugin/LinkEmbedder/Link/Text/Pastie.pm blib/lib/Mojolicious/Plugin/LinkEmbedder/Link/Text/Pastie.pm
cp lib/Mojolicious/Plugin/LinkEmbedder/Link/Image.pm blib/lib/Mojolicious/Plugin/LinkEmbedder/Link/Image.pm
cp lib/Mojolicious/Plugin/LinkEmbedder/Link/Text/Github.pm blib/lib/Mojolicious/Plugin/LinkEmbedder/Link/Text/Github.pm
cp lib/Mojolicious/Plugin/LinkEmbedder/Link/Video.pm blib/lib/Mojolicious/Plugin/LinkEmbedder/Link/Video.pm
cp lib/Mojolicious/Plugin/LinkEmbedder/Link/Text/Pastebin.pm blib/lib/Mojolicious/Plugin/LinkEmbedder/Link/Text/Pastebin.pm
cp lib/Mojolicious/Plugin/LinkEmbedder/Link/Text/Metacpan.pm blib/lib/Mojolicious/Plugin/LinkEmbedder/Link/Text/Metacpan.pm
cp lib/Mojolicious/Plugin/LinkEmbedder/Link/Music/Spotify.pm blib/lib/Mojolicious/Plugin/LinkEmbedder/Link/Music/Spotify.pm
cp lib/Mojolicious/Plugin/LinkEmbedder/Link/Text/HTML.pm blib/lib/Mojolicious/Plugin/LinkEmbedder/Link/Text/HTML.pm
cp lib/Mojolicious/Plugin/LinkEmbedder/Link/Video/Blip.pm blib/lib/Mojolicious/Plugin/LinkEmbedder/Link/Video/Blip.pm
cp lib/Mojolicious/Plugin/LinkEmbedder/Link/Image/Imgur.pm blib/lib/Mojolicious/Plugin/LinkEmbedder/Link/Image/Imgur.pm
cp lib/Mojolicious/Plugin/LinkEmbedder.pm blib/lib/Mojolicious/Plugin/LinkEmbedder.pm
cp lib/Mojolicious/Plugin/LinkEmbedder/Link/Video/Collegehumor.pm blib/lib/Mojolicious/Plugin/LinkEmbedder/Link/Video/Collegehumor.pm
cp lib/Mojolicious/Plugin/LinkEmbedder/Link/Video/Ted.pm blib/lib/Mojolicious/Plugin/LinkEmbedder/Link/Video/Ted.pm
cp lib/Mojolicious/Plugin/LinkEmbedder/Link/Video/Youtube.pm blib/lib/Mojolicious/Plugin/LinkEmbedder/Link/Video/Youtube.pm
cp lib/Mojolicious/Plugin/LinkEmbedder/Link/Video/Vimeo.pm blib/lib/Mojolicious/Plugin/LinkEmbedder/Link/Video/Vimeo.pm
cp lib/Mojolicious/Plugin/LinkEmbedder/Link/Video/Dbtv.pm blib/lib/Mojolicious/Plugin/LinkEmbedder/Link/Video/Dbtv.pm
Manifying 20 pod documents
Manifying 8 pod documents
PERL_DL_NONLAZY=1 "/home/mojolicious/perl5/perlbrew/perls/perl-5.10.1/bin/perl" "-MExtUtils::Command::MM" "-MTest::Harness" "-e" "undef *Test::Harness::Switches; test_harness(0, 'blib/lib', 'blib/arch')" t/*.t
Warning: Use of "shift" without parentheses is ambiguous at /home/mojolicious/mojolib/5.10.1/5.0/lib/perl5/Mojo/Log.pm line 67.
t/00-basic.t ................ ok
Warning: Use of "shift" without parentheses is ambiguous at /home/mojolicious/mojolib/5.10.1/5.0/lib/perl5/Mojo/Log.pm line 67.

#   Failed test '400 Bad Request'
#   at t/fallback.t line 5.
#          got: '500'
#     expected: '400'

#   Failed test 'exact match for JSON Pointer "/code"'
#   at t/fallback.t line 5.
#          got: undef
#     expected: '400'

#   Failed test 'exact match for JSON Pointer "/message"'
#   at t/fallback.t line 5.
#          got: undef
#     expected: 'Invalid input'

#   Failed test '400 Bad Request'
#   at t/fallback.t line 5.
#          got: '500'
#     expected: '400'

#   Failed test 'exact match for JSON Pointer "/code"'
#   at t/fallback.t line 5.
#          got: undef
#     expected: '400'

#   Failed test 'exact match for JSON Pointer "/message"'
#   at t/fallback.t line 5.
#          got: undef
#     expected: 'Invalid input'

#   Failed test '400 Bad Request'
#   at t/fallback.t line 5.
#          got: '500'
#     expected: '400'

#   Failed test 'exact match for JSON Pointer "/code"'
#   at t/fallback.t line 5.
#          got: undef
#     expected: '400'

#   Failed test 'exact match for JSON Pointer "/message"'
#   at t/fallback.t line 5.
#          got: undef
#     expected: 'Invalid input'
# Looks like you failed 9 tests of 15.
t/fallback.t ................ 
Dubious, test returned 9 (wstat 2304, 0x900)
Failed 9/15 subtests 
	(less 3 skipped subtests: 3 okay)
Warning: Use of "shift" without parentheses is ambiguous at /home/mojolicious/mojolib/5.10.1/5.0/lib/perl5/Mojo/Log.pm line 67.
t/image-base.t .............. skipped: TEST_ONLINE=1 need to be set
Warning: Use of "shift" without parentheses is ambiguous at /home/mojolicious/mojolib/5.10.1/5.0/lib/perl5/Mojo/Log.pm line 67.
t/image-imgur.t ............. skipped: TEST_ONLINE=1 need to be set
Warning: Use of "shift" without parentheses is ambiguous at /home/mojolicious/mojolib/5.10.1/5.0/lib/perl5/Mojo/Log.pm line 67.
t/image-xkcd.t .............. skipped: TEST_ONLINE=1 need to be set
t/is.t ...................... ok
Warning: Use of "shift" without parentheses is ambiguous at /home/mojolicious/mojolib/5.10.1/5.0/lib/perl5/Mojo/Log.pm line 67.
t/music-spotify.t ........... skipped: TEST_ONLINE=1 need to be set
Warning: Use of "shift" without parentheses is ambiguous at /home/mojolicious/mojolib/5.10.1/5.0/lib/perl5/Mojo/Log.pm line 67.
t/text-gist-github.t ........ skipped: TEST_ONLINE=1 need to be set
Warning: Use of "shift" without parentheses is ambiguous at /home/mojolicious/mojolib/5.10.1/5.0/lib/perl5/Mojo/Log.pm line 67.
t/text-github.t ............. skipped: TEST_ONLINE=1 need to be set
Warning: Use of "shift" without parentheses is ambiguous at /home/mojolicious/mojolib/5.10.1/5.0/lib/perl5/Mojo/Log.pm line 67.

#   Failed test 'element for selector ".link-embedder.text-html" exists'
#   at t/text-html.t line 12.

#   Failed test 'element for selector ".link-embedder.text-html > .link-embedder-media > img[src="http://timer.thorsen.pm/image/og.png"][alt="Timer"]" exists'
#   at t/text-html.t line 12.

#   Failed test 'exact match for selector ".link-embedder.text-html > h3"'
#   at t/text-html.t line 12.
#          got: ''
#     expected: 'Timer'

#   Failed test 'exact match for selector ".link-embedder.text-html > p"'
#   at t/text-html.t line 12.
#          got: ''
#     expected: 'Time left: 30s'

#   Failed test 'exact match for selector ".link-embedder.text-html > .link-embedder-link > a[href="http://timer.thorsen.pm/1413033441/30"]"'
#   at t/text-html.t line 12.
#          got: ''
#     expected: 'http://timer.thorsen.pm/1413033441/30'

#   Failed test 'exact match for JSON Pointer "/pretty_url"'
#   at t/text-html.t line 19.
#          got: undef
#     expected: 'http://localhost:46973/timer-fb'

#   Failed test 'exact match for JSON Pointer "/url"'
#   at t/text-html.t line 19.
#          got: undef
#     expected: 'http://localhost:46973/timer-fb'

#   Failed test 'exact match for JSON Pointer "/media_id"'
#   at t/text-html.t line 19.
#          got: undef
#     expected: 'http://timer.thorsen.pm/1413033441/30'

#   Failed test 'element for selector ".link-embedder.text-html" exists'
#   at t/text-html.t line 26.

#   Failed test 'element for selector ".link-embedder.text-html > .link-embedder-media > img[src="http://timer.thorsen.pm/image/og.png"][alt="Timer"]" exists'
#   at t/text-html.t line 26.

#   Failed test 'exact match for selector ".link-embedder.text-html > h3"'
#   at t/text-html.t line 26.
#          got: ''
#     expected: 'Timer'

#   Failed test 'exact match for selector ".link-embedder.text-html > p"'
#   at t/text-html.t line 26.
#          got: ''
#     expected: 'Create your personal timer'

#   Failed test 'exact match for selector ".link-embedder.text-html > .link-embedder-link > a[href="http://timer.thorsen.pm/"]"'
#   at t/text-html.t line 26.
#          got: ''
#     expected: 'http://timer.thorsen.pm/'

#   Failed test 'element for selector "a[href="http://localhost:46973/empty"][title="Content-Type: text/html;charset=UTF-8"]" exists'
#   at t/text-html.t line 37.
# Looks like you failed 14 tests of 18.
t/text-html.t ............... 
Dubious, test returned 14 (wstat 3584, 0xe00)
Failed 14/18 subtests 
Warning: Use of "shift" without parentheses is ambiguous at /home/mojolicious/mojolib/5.10.1/5.0/lib/perl5/Mojo/Log.pm line 67.
t/text-ix.t ................. skipped: TEST_ONLINE=1 need to be set
Warning: Use of "shift" without parentheses is ambiguous at /home/mojolicious/mojolib/5.10.1/5.0/lib/perl5/Mojo/Log.pm line 67.
t/text-metacpan.t ........... skipped: TEST_ONLINE=1 need to be set
Warning: Use of "shift" without parentheses is ambiguous at /home/mojolicious/mojolib/5.10.1/5.0/lib/perl5/Mojo/Log.pm line 67.
t/text-paste-scsys-co-uk.t .. skipped: PASTE_SCSYS_ID=470943 need to be set
Warning: Use of "shift" without parentheses is ambiguous at /home/mojolicious/mojolib/5.10.1/5.0/lib/perl5/Mojo/Log.pm line 67.
t/text-pastebin.t ........... skipped: TEST_ONLINE=1 need to be set
Warning: Use of "shift" without parentheses is ambiguous at /home/mojolicious/mojolib/5.10.1/5.0/lib/perl5/Mojo/Log.pm line 67.
t/text-pastie.t ............. skipped: PASTIE_ID=10069272 need to be set
Warning: Use of "shift" without parentheses is ambiguous at /home/mojolicious/mojolib/5.10.1/5.0/lib/perl5/Mojo/Log.pm line 67.
t/text-travis.t ............. skipped: TEST_ONLINE=1 need to be set
Warning: Use of "shift" without parentheses is ambiguous at /home/mojolicious/mojolib/5.10.1/5.0/lib/perl5/Mojo/Log.pm line 67.
t/text-twitter.t ............ skipped: TEST_ONLINE=1 need to be set
Warning: Use of "shift" without parentheses is ambiguous at /home/mojolicious/mojolib/5.10.1/5.0/lib/perl5/Mojo/Log.pm line 67.
t/video-appearin.t .......... skipped: TEST_ONLINE=1 need to be set
Warning: Use of "shift" without parentheses is ambiguous at /home/mojolicious/mojolib/5.10.1/5.0/lib/perl5/Mojo/Log.pm line 67.
t/video-base.t .............. skipped: TEST_ONLINE=1 need to be set
Warning: Use of "shift" without parentheses is ambiguous at /home/mojolicious/mojolib/5.10.1/5.0/lib/perl5/Mojo/Log.pm line 67.
t/video-blip.t .............. skipped: TEST_ONLINE=1 need to be set
Warning: Use of "shift" without parentheses is ambiguous at /home/mojolicious/mojolib/5.10.1/5.0/lib/perl5/Mojo/Log.pm line 67.
t/video-collegehumor.t ...... skipped: TEST_ONLINE=1 need to be set
Warning: Use of "shift" without parentheses is ambiguous at /home/mojolicious/mojolib/5.10.1/5.0/lib/perl5/Mojo/Log.pm line 67.
t/video-dbtv.t .............. skipped: TEST_ONLINE=1 need to be set
Warning: Use of "shift" without parentheses is ambiguous at /home/mojolicious/mojolib/5.10.1/5.0/lib/perl5/Mojo/Log.pm line 67.
t/video-ted.t ............... skipped: TEST_ONLINE=1 need to be set
Warning: Use of "shift" without parentheses is ambiguous at /home/mojolicious/mojolib/5.10.1/5.0/lib/perl5/Mojo/Log.pm line 67.
t/video-vimeo.t ............. skipped: TEST_ONLINE=1 need to be set
Warning: Use of "shift" without parentheses is ambiguous at /home/mojolicious/mojolib/5.10.1/5.0/lib/perl5/Mojo/Log.pm line 67.
t/video-youtube.t ........... skipped: TEST_ONLINE=1 need to be set

Test Summary Report
-------------------
t/fallback.t              (Wstat: 2304 Tests: 15 Failed: 9)
  Failed tests:  2-4, 6-8, 10-12
  Non-zero exit status: 9
t/text-html.t             (Wstat: 3584 Tests: 18 Failed: 14)
  Failed tests:  2-6, 8-10, 12-16, 18
  Non-zero exit status: 14
Files=25, Tests=121,  7 wallclock secs ( 0.07 usr  0.05 sys +  5.70 cusr  0.71 csys =  6.53 CPU)
Result: FAIL

------------------------------
PREREQUISITES
------------------------------

Prerequisite modules loaded:

runtime:

    Module              Need Have    
    ------------------- ---- --------
  ! Mojolicious         5.00 n/a     

build:

    Module              Need Have    
    ------------------- ---- --------
    File::Find          0    1.14    
  ! Module::Find        0    n/a     
    Test::More          0.90 1.001014

configure:

    Module              Need Have    
    ------------------- ---- --------
    ExtUtils::MakeMaker 0    7.04    


------------------------------
ENVIRONMENT AND OTHER CONTEXT
------------------------------

Environment variables:

    PATH = /home/mojolicious/perl5/perlbrew/bin:/home/mojolicious/perl5/perlbrew/perls/perl-5.20.1/bin:/usr/local/bin:/usr/bin:/bin:/usr/local/games:/usr/games:/home/mojolicious/mojolib/5.10.1/5.0/bin
    PERLBREW_BASHRC_VERSION = 0.73
    PERLBREW_HOME = /home/mojolicious/.perlbrew
    PERLBREW_MANPATH = /home/mojolicious/perl5/perlbrew/perls/perl-5.20.1/man
    PERLBREW_PATH = /home/mojolicious/perl5/perlbrew/bin:/home/mojolicious/perl5/perlbrew/perls/perl-5.20.1/bin
    PERLBREW_PERL = perl-5.20.1
    PERLBREW_ROOT = /home/mojolicious/perl5/perlbrew
    PERLBREW_VERSION = 0.73
    SHELL = /bin/bash
    TERM = xterm

Perl special variables (and OS-specific diagnostics, for MSWin32):

    EGID = 1003 1003
    EUID = 1003
    EXECUTABLE_NAME = /home/mojolicious/perl5/perlbrew/perls/perl-5.10.1/bin/perl
    GID = 1003 1003
    UID = 1003

Perl module toolchain versions installed:

    Module              Have    
    ------------------- --------
    CPAN                1.9402  
    CPAN::Meta          2.143240
    Cwd                 3.30    
    ExtUtils::CBuilder  0.280220
    ExtUtils::Command   1.16    
    ExtUtils::Install   1.54    
    ExtUtils::MakeMaker 7.04    
    ExtUtils::Manifest  1.65    
    ExtUtils::ParseXS   3.24    
    File::Spec          3.30    
    JSON                2.90    
    JSON::PP            2.27203 
    Module::Build       0.4211  
    Module::Signature   n/a     
    Parse::CPAN::Meta   1.4414  
    Test::Harness       3.17    
    Test::More          1.001014
    YAML                n/a     
    YAML::Syck          n/a     
    version             0.9912  


--

Summary of my perl5 (revision 5 version 10 subversion 1) configuration:
   
  Platform:
    osname=linux, osvers=3.13.0-042stab094.8, archname=x86_64-linux
    uname='linux lvps92-51-161-142.dedicated.hosteurope.de 3.13.0-042stab094.8 #1 smp tue dec 16 20:36:56 msk 2014 x86_64 x86_64 x86_64 gnulinux '
    config_args='-de -Dprefix=/home/mojolicious/perl5/perlbrew/perls/perl-5.10.1 -Aeval:scriptdir=/home/mojolicious/perl5/perlbrew/perls/perl-5.10.1/bin'
    hint=recommended, useposix=true, d_sigaction=define
    useithreads=undef, usemultiplicity=undef
    useperlio=define, d_sfio=undef, uselargefiles=define, usesocks=undef
    use64bitint=define, use64bitall=define, uselongdouble=undef
    usemymalloc=n, bincompat5005=undef
  Compiler:
    cc='cc', ccflags ='-fno-strict-aliasing -pipe -fstack-protector -I/usr/local/include -D_LARGEFILE_SOURCE -D_FILE_OFFSET_BITS=64',
    optimize='-O2',
    cppflags='-fno-strict-aliasing -pipe -fstack-protector -I/usr/local/include'
    ccversion='', gccversion='4.8.2', gccosandvers=''
    intsize=4, longsize=8, ptrsize=8, doublesize=8, byteorder=12345678
    d_longlong=define, longlongsize=8, d_longdbl=define, longdblsize=16
    ivtype='long', ivsize=8, nvtype='double', nvsize=8, Off_t='off_t', lseeksize=8
    alignbytes=8, prototype=define
  Linker and Libraries:
    ld='cc', ldflags =' -fstack-protector -L/usr/local/lib'
    libpth=/usr/local/lib /lib/x86_64-linux-gnu /lib/../lib /usr/lib/x86_64-linux-gnu /usr/lib/../lib /lib /usr/lib
    libs=-lnsl -ldl -lm -lcrypt -lutil -lc
    perllibs=-lnsl -ldl -lm -lcrypt -lutil -lc
    libc=libc-2.19.so, so=so, useshrplib=false, libperl=libperl.a
    gnulibc_version='2.19'
  Dynamic Linking:
    dlsrc=dl_dlopen.xs, dlext=so, d_dlsymun=undef, ccdlflags='-Wl,-E'
    cccdlflags='-fPIC', lddlflags='-shared -O2 -L/usr/local/lib -fstack-protector'


Characteristics of this binary (from libperl): 
  Compile-time options: PERL_DONT_CREATE_GVSV PERL_MALLOC_WRAP USE_64_BIT_ALL
                        USE_64_BIT_INT USE_LARGE_FILES USE_PERLIO
  Locally applied patches:
	Devel::PatchPerl 1.30
  Built under linux
  Compiled at Mar  5 2015 11:33:38
  %ENV:
    PERLBREW_BASHRC_VERSION="0.73"
    PERLBREW_HOME="/home/mojolicious/.perlbrew"
    PERLBREW_MANPATH="/home/mojolicious/perl5/perlbrew/perls/perl-5.20.1/man"
    PERLBREW_PATH="/home/mojolicious/perl5/perlbrew/bin:/home/mojolicious/perl5/perlbrew/perls/perl-5.20.1/bin"
    PERLBREW_PERL="perl-5.20.1"
    PERLBREW_ROOT="/home/mojolicious/perl5/perlbrew"
    PERLBREW_VERSION="0.73"
  @INC:
    /home/mojolicious/perl5/perlbrew/perls/perl-5.10.1/lib/5.10.1/x86_64-linux
    /home/mojolicious/perl5/perlbrew/perls/perl-5.10.1/lib/5.10.1
    /home/mojolicious/perl5/perlbrew/perls/perl-5.10.1/lib/site_perl/5.10.1/x86_64-linux
    /home/mojolicious/perl5/perlbrew/perls/perl-5.10.1/lib/site_perl/5.10.1
    .