Facebook-Graph v1.1205 Perl 5 v5.18.0 x86_64-linux-thread-multi

Status
Fail
From
Nigel Horne
Dist
Facebook-Graph v1.1205
Platform
Perl 5 v5.18.0 x86_64-linux-thread-multi
Date
2019-01-21 18:46:16
ID
d5827046-1dac-11e9-9a65-e097806f4d34
This distribution has been tested as part of the CPAN Testers
project, supporting the Perl programming language.  See
http://wiki.cpantesters.org/ for more information or email
questions to cpan-testers-discuss@perl.org


--
Dear JT Smith,

This is a computer-generated report for Facebook-Graph-1.1205
on perl 5.18.0, created by CPAN-Reporter-1.2018.

Thank you for uploading your work to CPAN.  However, there was a problem
testing your distribution.

If you think this report is invalid, please consult the CPAN Testers Wiki
for suggestions on how to avoid getting FAIL reports for missing library
or binary dependencies, unsupported operating systems, and so on:

http://wiki.cpantesters.org/wiki/CPANAuthorNotes

Sections of this report:

    * Tester comments
    * Program output
    * Prerequisites
    * Environment and other context

------------------------------
TESTER COMMENTS
------------------------------

Additional comments from tester:

this report is from an automated smoke testing program
and was not reviewed by a human for accuracy

------------------------------
PROGRAM OUTPUT
------------------------------

Output from '/usr/bin/make test':

PERL_DL_NONLAZY=1 "/home/njh/perl5/perlbrew/perls/perl-5.18.0/bin/perl" "-MExtUtils::Command::MM" "-MTest::Harness" "-e" "undef *Test::Harness::Switches; test_harness(0, 'blib/lib', 'blib/arch')" t/*.t
t/02_signed_requests.t .. ok
t/author-pod-syntax.t ... skipped: these tests are for testing by the author

#   Failed test 'default pic'
#   at t/04_picture.t line 14.
#          got: 'https://graph.facebook.com/v3.1/sarahbownds/picture'
#     expected: 'https://graph.facebook.com/v2.8/sarahbownds/picture'

#   Failed test 'small pic'
#   at t/04_picture.t line 15.
#          got: 'https://graph.facebook.com/v3.1/sarahbownds/picture?type=small'
#     expected: 'https://graph.facebook.com/v2.8/sarahbownds/picture?type=small'

#   Failed test 'large pic'
#   at t/04_picture.t line 16.
#          got: 'https://graph.facebook.com/v3.1/sarahbownds/picture?type=large'
#     expected: 'https://graph.facebook.com/v2.8/sarahbownds/picture?type=large'

#   Failed test 'square pic'
#   at t/04_picture.t line 17.
#          got: 'https://graph.facebook.com/v3.1/sarahbownds/picture?type=square'
#     expected: 'https://graph.facebook.com/v2.8/sarahbownds/picture?type=square'
# Looks like you failed 4 tests of 7.
t/04_picture.t .......... 
Dubious, test returned 4 (wstat 1024, 0x400)
Failed 4/7 subtests 
t/05_access_token.t ..... ok

#   Failed test 'get an api version'
#   at t/01_versioned_path.t line 14.
#          got: 'v3.1'
#     expected: 'v2.8'

#   Failed test 'create a versioned api path'
#   at t/01_versioned_path.t line 15.
#          got: 'v3.1/sarahbownds'
#     expected: 'v2.8/sarahbownds'
# Looks like you failed 2 tests of 5.
t/01_versioned_path.t ... 
Dubious, test returned 2 (wstat 512, 0x200)
Failed 2/5 subtests 

Test Summary Report
-------------------
t/04_picture.t        (Wstat: 1024 Tests: 7 Failed: 4)
  Failed tests:  4-7
  Non-zero exit status: 4
t/01_versioned_path.t (Wstat: 512 Tests: 5 Failed: 2)
  Failed tests:  4-5
  Non-zero exit status: 2
Files=5, Tests=19,  0 wallclock secs ( 0.03 usr  0.01 sys +  0.92 cusr  0.10 csys =  1.06 CPU)
Result: FAIL
Failed 2/5 test programs. 6/19 subtests failed.
make: *** [Makefile:962: test_dynamic] Error 2

------------------------------
PREREQUISITES
------------------------------

Prerequisite modules loaded:

requires:

    Module                     Need   Have    
    -------------------------- ------ --------
    DateTime                   0.61   1.43    
    DateTime::Format::Strptime 1.4000 1.74    
    JSON                       2.16   4.00    
    LWP::Protocol::https       6.06   6.07    
    LWP::UserAgent             6.13   6.36    
    MIME::Base64::URLSafe      0.01   0.01    
    Moo                        0      1.003000
    Ouch                       0.0400 0.0500  
    perl                       5.006  5.018000
    Test::More                 0      1.302136
    URI                        1.54   1.60    

build_requires:

    Module                     Need   Have    
    -------------------------- ------ --------
    HTTP::Response             0      6.04    
    Test::Pod                  0      1.52    

configure_requires:

    Module                     Need   Have    
    -------------------------- ------ --------
    ExtUtils::MakeMaker        0      7.34    


------------------------------
ENVIRONMENT AND OTHER CONTEXT
------------------------------

Environment variables:

    AUTOMATED_TESTING = 1
    HARNESS_OPTIONS = j4
    LANG = en_GB.UTF-8
    LANGUAGE = en_GB:en
    PATH = /home/njh/perl5/perlbrew/bin:/home/njh/perl5/perlbrew/perls/perl-5.18.0/bin:/home/njh/src/njh/smoker/bin:/usr/bin:/bin
    PERL5LIB = /home/njh/.cpan/build/MIME-Base64-URLSafe-0.01-2/blib/arch:/home/njh/.cpan/build/MIME-Base64-URLSafe-0.01-2/blib/lib:/home/njh/.cpan/build/LWP-Protocol-https-6.07-1/blib/arch:/home/njh/.cpan/build/LWP-Protocol-https-6.07-1/blib/lib:/home/njh/.cpan/build/Imager-Barcode128-0.0103-51/blib/arch:/home/njh/.cpan/build/Imager-Barcode128-0.0103-51/blib/lib:/home/njh/.cpan/build/Ouch-0.0500-3/blib/arch:/home/njh/.cpan/build/Ouch-0.0500-3/blib/lib
    PERL5OPT = 
    PERL5_CPANPLUS_IS_RUNNING = 16296
    PERL5_CPAN_IS_RUNNING = 16296
    PERLBREW_HOME = /home/njh/.perlbrew
    PERLBREW_MANPATH = /home/njh/perl5/perlbrew/perls/perl-5.18.0/man
    PERLBREW_PATH = /home/njh/perl5/perlbrew/bin:/home/njh/perl5/perlbrew/perls/perl-5.18.0/bin
    PERLBREW_PERL = perl-5.18.0
    PERLBREW_ROOT = /home/njh/perl5/perlbrew
    PERLBREW_SHELLRC_VERSION = 0.82
    PERLBREW_VERSION = 0.82
    SHELL = /bin/sh
    TEMP = /tmp/user/1000
    TMPDIR = /tmp/user/1000/testwrapper.16283

Perl special variables (and OS-specific diagnostics, for MSWin32):

    $^X = /home/njh/perl5/perlbrew/perls/perl-5.18.0/bin/perl
    $UID/$EUID = 1000 / 1000
    $GID = 1000 4 24 25 29 30 44 46 108 112 1000
    $EGID = 1000 4 24 25 29 30 44 46 108 112 1000

Perl module toolchain versions installed:

    Module              Have    
    ------------------- --------
    CPAN                2.16    
    CPAN::Meta          2.150005
    Cwd                 3.74    
    ExtUtils::CBuilder  0.280216
    ExtUtils::Command   7.34    
    ExtUtils::Install   2.06    
    ExtUtils::MakeMaker 7.34    
    ExtUtils::Manifest  1.70    
    ExtUtils::ParseXS   3.30    
    File::Spec          3.74    
    JSON                4.00    
    JSON::PP            2.27400 
    Module::Build       0.4206  
    Module::Signature   0.73    
    Parse::CPAN::Meta   1.4422  
    Test::Harness       3.36    
    Test::More          1.302136
    YAML                1.27    
    YAML::Syck          1.30    
    version             0.9902  


--

Summary of my perl5 (revision 5 version 18 subversion 0) configuration:
   
  Platform:
    osname=linux, osvers=3.2.0-4-amd64, archname=x86_64-linux-thread-multi
    uname='linux nigelhorne.force9.co.uk 3.2.0-4-amd64 #1 smp debian 3.2.32-1 x86_64 gnulinux '
    config_args='-de -Dprefix=/home/njh/perl5/perlbrew/perls/perl-5.18.0 -Duseithreads -Dusemultiplicity -Accflags=-O2 -W -Wformat=2 -Wswitch -Wshadow -Wwrite-strings -Wuninitialized -Wall -pipe -mtune=native -march=native -fomit-frame-pointer -msse2 -msse -mmmx -mfpmath=sse -pedantic -D_FORTIFY_SOURCE=2 -Wpointer-arith -Wstrict-prototypes -fstack-protector -Wstack-protector -Wextra -Wbad-function-cast -Wcast-align -Wcast-qual -Wdisabled-optimization -Wendif-labels -Wfloat-equal -Wformat-nonliteral -Winline -Wmissing-declarations -Wmissing-prototypes -Wnested-externs -Wpointer-arith -Wundef -Wformat-security -ftree-vectorize -fassociative-math -ftree-vectorizer-verbose=2 -Aeval:scriptdir=/home/njh/perl5/perlbrew/perls/perl-5.18.0/bin'
    hint=recommended, useposix=true, d_sigaction=define
    useithreads=define, usemultiplicity=define
    useperlio=define, d_sfio=undef, uselargefiles=define, usesocks=undef
    use64bitint=define, use64bitall=define, uselongdouble=undef
    usemymalloc=n, bincompat5005=undef
  Compiler:
    cc='cc', ccflags ='-D_REENTRANT -D_GNU_SOURCE -O2 -W -Wformat=2 -Wswitch -Wshadow -Wwrite-strings -Wuninitialized -Wall -pipe -mtune=native -march=native -fomit-frame-pointer -msse2 -msse -mmmx -mfpmath=sse -pedantic -D_FORTIFY_SOURCE=2 -Wpointer-arith -Wstrict-prototypes -fstack-protector -Wstack-protector -Wextra -Wbad-function-cast -Wcast-align -Wcast-qual -Wdisabled-optimization -Wendif-labels -Wfloat-equal -Wformat-nonliteral -Winline -Wmissing-declarations -Wmissing-prototypes -Wnested-externs -Wpointer-arith -Wundef -Wformat-security -ftree-vectorize -fassociative-math -ftree-vectorizer-verbose=2 -fno-strict-aliasing -I/usr/local/include -D_LARGEFILE_SOURCE -D_FILE_OFFSET_BITS=64',
    optimize='-O2',
    cppflags='-D_REENTRANT -D_GNU_SOURCE -O2 -W -Wformat=2 -Wswitch -Wshadow -Wwrite-strings -Wuninitialized -Wall -pipe -mtune=native -march=native -fomit-frame-pointer -msse2 -msse -mmmx -mfpmath=sse -pedantic -D_FORTIFY_SOURCE=2 -Wpointer-arith -Wstrict-prototypes -fstack-protector -Wstack-protector -Wextra -Wbad-function-cast -Wcast-align -Wcast-qual -Wdisabled-optimization -Wendif-labels -Wfloat-equal -Wformat-nonliteral -Winline -Wmissing-declarations -Wmissing-prototypes -Wnested-externs -Wpointer-arith -Wundef -Wformat-security -ftree-vectorize -fassociative-math -ftree-vectorizer-verbose=2 -fno-strict-aliasing -I/usr/local/include'
    ccversion='', gccversion='4.7.3', gccosandvers=''
    intsize=4, longsize=8, ptrsize=8, doublesize=8, byteorder=12345678
    d_longlong=define, longlongsize=8, d_longdbl=define, longdblsize=16
    ivtype='long', ivsize=8, nvtype='double', nvsize=8, Off_t='off_t', lseeksize=8
    alignbytes=8, prototype=define
  Linker and Libraries:
    ld='cc', ldflags =' -fstack-protector -L/usr/local/lib'
    libpth=/usr/local/lib /lib/x86_64-linux-gnu /lib/../lib /usr/lib/x86_64-linux-gnu /usr/lib/../lib /lib /usr/lib
    libs=-lnsl -lgdbm -ldb -ldl -lm -lcrypt -lutil -lpthread -lc -lgdbm_compat
    perllibs=-lnsl -ldl -lm -lcrypt -lutil -lpthread -lc
    libc=, so=so, useshrplib=false, libperl=libperl.a
    gnulibc_version='2.17'
  Dynamic Linking:
    dlsrc=dl_dlopen.xs, dlext=so, d_dlsymun=undef, ccdlflags='-Wl,-E'
    cccdlflags='-fPIC', lddlflags='-shared -O2 -L/usr/local/lib -fstack-protector'


Characteristics of this binary (from libperl): 
  Compile-time options: HAS_TIMES MULTIPLICITY PERLIO_LAYERS
                        PERL_DONT_CREATE_GVSV
                        PERL_HASH_FUNC_ONE_AT_A_TIME_HARD
                        PERL_IMPLICIT_CONTEXT PERL_MALLOC_WRAP
                        PERL_PRESERVE_IVUV PERL_SAWAMPERSAND USE_64_BIT_ALL
                        USE_64_BIT_INT USE_ITHREADS USE_LARGE_FILES
                        USE_LOCALE USE_LOCALE_COLLATE USE_LOCALE_CTYPE
                        USE_LOCALE_NUMERIC USE_PERLIO USE_PERL_ATOF
                        USE_REENTRANT_API
  Built under linux
  Compiled at May 20 2013 00:08:47
  %ENV:
    PERL5LIB="/home/njh/.cpan/build/MIME-Base64-URLSafe-0.01-2/blib/arch:/home/njh/.cpan/build/MIME-Base64-URLSafe-0.01-2/blib/lib:/home/njh/.cpan/build/LWP-Protocol-https-6.07-1/blib/arch:/home/njh/.cpan/build/LWP-Protocol-https-6.07-1/blib/lib:/home/njh/.cpan/build/Imager-Barcode128-0.0103-51/blib/arch:/home/njh/.cpan/build/Imager-Barcode128-0.0103-51/blib/lib:/home/njh/.cpan/build/Ouch-0.0500-3/blib/arch:/home/njh/.cpan/build/Ouch-0.0500-3/blib/lib"
    PERL5OPT=""
    PERL5_CPANPLUS_IS_RUNNING="16296"
    PERL5_CPAN_IS_RUNNING="16296"
    PERLBREW_HOME="/home/njh/.perlbrew"
    PERLBREW_MANPATH="/home/njh/perl5/perlbrew/perls/perl-5.18.0/man"
    PERLBREW_PATH="/home/njh/perl5/perlbrew/bin:/home/njh/perl5/perlbrew/perls/perl-5.18.0/bin"
    PERLBREW_PERL="perl-5.18.0"
    PERLBREW_ROOT="/home/njh/perl5/perlbrew"
    PERLBREW_SHELLRC_VERSION="0.82"
    PERLBREW_VERSION="0.82"
  @INC:
    /home/njh/.cpan/build/MIME-Base64-URLSafe-0.01-2/blib/arch
    /home/njh/.cpan/build/MIME-Base64-URLSafe-0.01-2/blib/lib
    /home/njh/.cpan/build/LWP-Protocol-https-6.07-1/blib/arch
    /home/njh/.cpan/build/LWP-Protocol-https-6.07-1/blib/lib
    /home/njh/.cpan/build/Imager-Barcode128-0.0103-51/blib/arch
    /home/njh/.cpan/build/Imager-Barcode128-0.0103-51/blib/lib
    /home/njh/.cpan/build/Ouch-0.0500-3/blib/arch
    /home/njh/.cpan/build/Ouch-0.0500-3/blib/lib
    /home/njh/perl5/perlbrew/perls/perl-5.18.0/lib/site_perl/5.18.0/x86_64-linux-thread-multi
    /home/njh/perl5/perlbrew/perls/perl-5.18.0/lib/site_perl/5.18.0
    /home/njh/perl5/perlbrew/perls/perl-5.18.0/lib/5.18.0/x86_64-linux-thread-multi
    /home/njh/perl5/perlbrew/perls/perl-5.18.0/lib/5.18.0
    .