Back
From: metabase:user:314402c4-2aae-11df-837a-5e0a49663a4f
Subject: FAIL Compress-PPMd-0.11 v5.8.9 GNU/Linux
Date: 2016-05-09T17:59:54Z
This distribution has been tested as part of the CPAN Testers
project, supporting the Perl programming language. See
http://wiki.cpantesters.org/ for more information or email
questions to cpan-testers-discuss@perl.org
--
Dear Salvador Fandino Garcia,
This is a computer-generated report for Compress-PPMd-0.11
on perl 5.8.9, created by CPAN-Reporter-1.2017.
Thank you for uploading your work to CPAN. However, there was a problem
testing your distribution.
If you think this report is invalid, please consult the CPAN Testers Wiki
for suggestions on how to avoid getting FAIL reports for missing library
or binary dependencies, unsupported operating systems, and so on:
http://wiki.cpantesters.org/wiki/CPANAuthorNotes
Sections of this report:
* Tester comments
* Program output
* Prerequisites
* Environment and other context
------------------------------
TESTER COMMENTS
------------------------------
Additional comments from tester:
none provided
------------------------------
PROGRAM OUTPUT
------------------------------
Output from '/usr/bin/make test':
"/bbbike/perl-5.8.9/bin/perl5.8.9" -MExtUtils::Command::MM -e 'cp_nonempty' -- PPMd.bs blib/arch/auto/Compress/PPMd/PPMd.bs 644
PERL_DL_NONLAZY=1 "/bbbike/perl-5.8.9/bin/perl5.8.9" "-MExtUtils::Command::MM" "-MTest::Harness" "-e" "undef *Test::Harness::Switches; test_harness(0, 'blib/lib', 'blib/arch')" t/*.t
t/0_use.t ...... ok
t/1_quijote.t ..
Failed 30/31 subtests
t/2_die.t ......
Failed 1/4 subtests
t/3_rubbish.t .. ok
# Failed test 'POD test for blib/lib/Compress/PPMd.pm'
# at /opt/perl-5.8.9/lib/site_perl/5.8.9/Test/Pod.pm line 187.
# blib/lib/Compress/PPMd.pm (228): Non-ASCII character seen before =encoding in 'FandiƱo'. Assuming CP1252
# Looks like you failed 1 test of 1.
t/4_pods.t .....
Dubious, test returned 1 (wstat 256, 0x100)
Failed 1/1 subtests
Test Summary Report
-------------------
t/1_quijote.t (Wstat: 11 Tests: 1 Failed: 0)
Non-zero wait status: 11
Parse errors: Bad plan. You planned 31 tests but ran 1.
t/2_die.t (Wstat: 11 Tests: 3 Failed: 0)
Non-zero wait status: 11
Parse errors: Bad plan. You planned 4 tests but ran 3.
t/4_pods.t (Wstat: 256 Tests: 1 Failed: 1)
Failed test: 1
Non-zero exit status: 1
Files=5, Tests=34, 0 wallclock secs ( 0.02 usr 0.02 sys + 0.29 cusr 0.02 csys = 0.35 CPU)
Result: FAIL
Failed 3/5 test programs. 1/34 subtests failed.
Makefile:1008: recipe for target 'test_dynamic' failed
make: *** [test_dynamic] Error 1
------------------------------
PREREQUISITES
------------------------------
Prerequisite modules loaded:
requires:
Module Need Have
------------------- ---- --------
ExtUtils::MakeMaker 6.05 7.16
Test::More 0 1.001014
build_requires:
Module Need Have
------------------- ---- --------
ExtUtils::MakeMaker 0 7.16
------------------------------
ENVIRONMENT AND OTHER CONTEXT
------------------------------
Environment variables:
LANG = C
LC_ALL = de_DE.UTF-8
PATH = /usr/local/bin:/usr/bin:/bin:/usr/local/sbin:/usr/sbin:/sbin:/home/cpansand/bin/linux-gnu:/home/cpansand/bin/sh:/home/cpansand/bin:/usr/games:/home/cpansand/devel:/home/eserte/src/srezic-misc/scripts
PERL5LIB =
PERL5OPT =
PERL5_CPANPLUS_IS_RUNNING = 20662
PERL5_CPAN_IS_RUNNING = 20662
PERL5_CPAN_IS_RUNNING_IN_RECURSION = 14798,20662
PERLDOC = -MPod::Perldoc::ToTextOverstrike
PERL_BATCH = yes
PERL_CANARY_STABILITY_NOPROMPT = 1
PERL_CPAN_REPORTER_CONFIG = /run/user/1023/cpansmoker/2016050912/cpanreporter_000_config.ini
PERL_EXTUTILS_AUTOINSTALL = --defaultdeps
PERL_PARALLEL_SMOKER = yes
SHELL = /bin/zsh
TERM = screen
TMPDIR = /run/user/1023/cpansmoker/2016050912
Perl special variables (and OS-specific diagnostics, for MSWin32):
$^X = /bbbike/perl-5.8.9/bin/perl5.8.9
$UID/$EUID = 1023 / 1023
$GID = 1023 1023
$EGID = 1023 1023
Perl module toolchain versions installed:
Module Have
------------------- --------
CPAN 2.10
CPAN::Meta 2.143240
Cwd 3.62
ExtUtils::CBuilder 0.280224
ExtUtils::Command 7.16
ExtUtils::Install 1.54
ExtUtils::MakeMaker 7.16
ExtUtils::Manifest 1.70
ExtUtils::ParseXS 3.30
File::Spec 3.62
JSON 2.90
JSON::PP 2.27203
Module::Build 0.4218
Module::Signature n/a
Parse::CPAN::Meta 1.4414
Test::Harness 3.36
Test::More 1.001014
YAML 1.15
YAML::Syck 1.29
version 0.9916
--
Summary of my perl5 (revision 5 version 8 subversion 9) configuration:
Platform:
osname=linux, osvers=3.16.0-4-amd64, archname=x86_64-linux
uname='linux eserte 3.16.0-4-amd64 #1 smp debian 3.16.7-ckt25-2 (2016-04-08) x86_64 gnulinux '
config_args='-ds -e -Dprefix=/opt/perl-5.8.9 -Dcf_email=srezic@cpan.org'
hint=recommended, useposix=true, d_sigaction=define
usethreads=undef use5005threads=undef useithreads=undef usemultiplicity=undef
useperlio=define d_sfio=undef uselargefiles=define usesocks=undef
use64bitint=define use64bitall=define uselongdouble=undef
usemymalloc=n, bincompat5005=undef
Compiler:
cc='cc', ccflags ='-fno-strict-aliasing -pipe -I/usr/local/include -D_LARGEFILE_SOURCE -D_FILE_OFFSET_BITS=64',
optimize='-O2',
cppflags='-fno-strict-aliasing -pipe -I/usr/local/include'
ccversion='', gccversion='4.9.2', gccosandvers=''
intsize=4, longsize=8, ptrsize=8, doublesize=8, byteorder=12345678
d_longlong=define, longlongsize=8, d_longdbl=define, longdblsize=16
ivtype='long', ivsize=8, nvtype='double', nvsize=8, Off_t='off_t', lseeksize=8
alignbytes=8, prototype=define
Linker and Libraries:
ld='cc', ldflags =' -L/usr/local/lib'
libpth=/usr/local/lib /lib/x86_64-linux-gnu /lib/../lib /usr/lib/x86_64-linux-gnu /usr/lib/../lib /lib /usr/lib
libs=-lnsl -ldl -lm -lcrypt -lutil -lc
perllibs=-lnsl -ldl -lm -lcrypt -lutil -lc
libc=libc-2.19.so, so=so, useshrplib=false, libperl=libperl.a
gnulibc_version='2.19'
Dynamic Linking:
dlsrc=dl_dlopen.xs, dlext=so, d_dlsymun=undef, ccdlflags='-Wl,-E'
cccdlflags='-fPIC', lddlflags='-shared -O2 -L/usr/local/lib'
Characteristics of this binary (from libperl):
Compile-time options: PERL_MALLOC_WRAP USE_64_BIT_ALL USE_64_BIT_INT
USE_FAST_STDIO USE_LARGE_FILES USE_PERLIO
Locally applied patches:
Devel::PatchPerl 1.42
Built under linux
Compiled at May 7 2016 09:05:30
%ENV:
PERL5LIB=""
PERL5OPT=""
PERL5_CPANPLUS_IS_RUNNING="20662"
PERL5_CPAN_IS_RUNNING="20662"
PERL5_CPAN_IS_RUNNING_IN_RECURSION="14798,20662"
PERLDOC="-MPod::Perldoc::ToTextOverstrike"
PERL_BATCH="yes"
PERL_CANARY_STABILITY_NOPROMPT="1"
PERL_CPAN_REPORTER_CONFIG="/run/user/1023/cpansmoker/2016050912/cpanreporter_000_config.ini"
PERL_EXTUTILS_AUTOINSTALL="--defaultdeps"
PERL_PARALLEL_SMOKER="yes"
@INC:
/opt/perl-5.8.9/lib/5.8.9/x86_64-linux
/opt/perl-5.8.9/lib/5.8.9
/opt/perl-5.8.9/lib/site_perl/5.8.9/x86_64-linux
/opt/perl-5.8.9/lib/site_perl/5.8.9
.