Back
From: metabase:user:313dc9fe-2aae-11df-837a-5e0a49663a4f
Subject: FAIL AFS-Command-1.99 v5.10.0 GNU/Linux
Date: 2010-10-19T01:47:29Z
This distribution has been tested as part of the CPAN Testers
project, supporting the Perl programming language. See
http://wiki.cpantesters.org/ for more information or email
questions to cpan-testers-discuss@perl.org
--
Dear Phillip Moore,
This is a computer-generated report for AFS-Command-1.99
on perl 5.10.0, created by CPAN-Reporter-1.1711.
Thank you for uploading your work to CPAN. However, there was a problem
testing your distribution.
If you think this report is invalid, please consult the CPAN Testers Wiki
for suggestions on how to avoid getting FAIL reports for missing library
or binary dependencies, unsupported operating systems, and so on:
http://wiki.cpantesters.org/wiki/CPANAuthorNotes
Sections of this report:
* Tester comments
* Program output
* Prerequisites
* Environment and other context
------------------------------
TESTER COMMENTS
------------------------------
Additional comments from tester:
this report is from an automated smoke testing program
and was not reviewed by a human for accuracy
------------------------------
PROGRAM OUTPUT
------------------------------
Output from '/usr/bin/make test':
PERL_DL_NONLAZY=1 /home/perl5100/perl/bin/perl "-MExtUtils::Command::MM" "-e" "test_harness(0, 'blib/lib', 'blib/arch')" t/*.t
Use of uninitialized value $AFS::Command::Tests::Config{"AFS_COMMAND_DISABLE_TESTS"} in pattern match (m//) at t/00vos_basic.t line 27.
Can't locate Date/Format.pm in @INC (@INC contains: /home/perl5100/.cpan/build/AFS-Command-1.99-45BpGy/blib/lib /home/perl5100/.cpan/build/AFS-Command-1.99-45BpGy/blib/arch /home/perl5100/perl/lib/5.10.0 /home/perl5100/perl/lib/5.10.0 .) at /home/perl5100/.cpan/build/AFS-Command-1.99-45BpGy/blib/lib/AFS/Command/Base.pm line 16.
BEGIN failed--compilation aborted at /home/perl5100/.cpan/build/AFS-Command-1.99-45BpGy/blib/lib/AFS/Command/Base.pm line 16.
Compilation failed in require at /home/perl5100/.cpan/build/AFS-Command-1.99-45BpGy/blib/lib/AFS/Command/VOS.pm line 13.
BEGIN failed--compilation aborted at /home/perl5100/.cpan/build/AFS-Command-1.99-45BpGy/blib/lib/AFS/Command/VOS.pm line 13.
Compilation failed in require at t/00vos_basic.t line 38.
BEGIN failed--compilation aborted at t/00vos_basic.t line 38.
t/00vos_basic.t ........ skipped: (no reason given)
Use of uninitialized value $AFS::Command::Tests::Config{"AFS_COMMAND_DISABLE_TESTS"} in pattern match (m//) at t/01vos_dumprestore.t line 27.
Can't locate Date/Format.pm in @INC (@INC contains: /home/perl5100/.cpan/build/AFS-Command-1.99-45BpGy/blib/lib /home/perl5100/.cpan/build/AFS-Command-1.99-45BpGy/blib/arch /home/perl5100/perl/lib/5.10.0 /home/perl5100/perl/lib/5.10.0 .) at /home/perl5100/.cpan/build/AFS-Command-1.99-45BpGy/blib/lib/AFS/Command/Base.pm line 16.
BEGIN failed--compilation aborted at /home/perl5100/.cpan/build/AFS-Command-1.99-45BpGy/blib/lib/AFS/Command/Base.pm line 16.
Compilation failed in require at /home/perl5100/.cpan/build/AFS-Command-1.99-45BpGy/blib/lib/AFS/Command/VOS.pm line 13.
BEGIN failed--compilation aborted at /home/perl5100/.cpan/build/AFS-Command-1.99-45BpGy/blib/lib/AFS/Command/VOS.pm line 13.
Compilation failed in require at t/01vos_dumprestore.t line 38.
BEGIN failed--compilation aborted at t/01vos_dumprestore.t line 38.
t/01vos_dumprestore.t .. skipped: (no reason given)
Use of uninitialized value $AFS::Command::Tests::Config{"AFS_COMMAND_DISABLE_TESTS"} in pattern match (m//) at t/02vos_volserver.t line 27.
Can't locate Date/Format.pm in @INC (@INC contains: /home/perl5100/.cpan/build/AFS-Command-1.99-45BpGy/blib/lib /home/perl5100/.cpan/build/AFS-Command-1.99-45BpGy/blib/arch /home/perl5100/perl/lib/5.10.0 /home/perl5100/perl/lib/5.10.0 .) at /home/perl5100/.cpan/build/AFS-Command-1.99-45BpGy/blib/lib/AFS/Command/Base.pm line 16.
BEGIN failed--compilation aborted at /home/perl5100/.cpan/build/AFS-Command-1.99-45BpGy/blib/lib/AFS/Command/Base.pm line 16.
Compilation failed in require at /home/perl5100/.cpan/build/AFS-Command-1.99-45BpGy/blib/lib/AFS/Command/VOS.pm line 13.
BEGIN failed--compilation aborted at /home/perl5100/.cpan/build/AFS-Command-1.99-45BpGy/blib/lib/AFS/Command/VOS.pm line 13.
Compilation failed in require at t/02vos_volserver.t line 38.
BEGIN failed--compilation aborted at t/02vos_volserver.t line 38.
t/02vos_volserver.t .... skipped: (no reason given)
Use of uninitialized value $AFS::Command::Tests::Config{"AFS_COMMAND_DISABLE_TESTS"} in pattern match (m//) at t/10bos_basic.t line 26.
Can't locate Date/Format.pm in @INC (@INC contains: /home/perl5100/.cpan/build/AFS-Command-1.99-45BpGy/blib/lib /home/perl5100/.cpan/build/AFS-Command-1.99-45BpGy/blib/arch /home/perl5100/perl/lib/5.10.0 /home/perl5100/perl/lib/5.10.0 .) at /home/perl5100/.cpan/build/AFS-Command-1.99-45BpGy/blib/lib/AFS/Command/Base.pm line 16.
BEGIN failed--compilation aborted at /home/perl5100/.cpan/build/AFS-Command-1.99-45BpGy/blib/lib/AFS/Command/Base.pm line 16.
Compilation failed in require at /home/perl5100/.cpan/build/AFS-Command-1.99-45BpGy/blib/lib/AFS/Command/BOS.pm line 15.
BEGIN failed--compilation aborted at /home/perl5100/.cpan/build/AFS-Command-1.99-45BpGy/blib/lib/AFS/Command/BOS.pm line 15.
Compilation failed in require at t/10bos_basic.t line 37.
BEGIN failed--compilation aborted at t/10bos_basic.t line 37.
t/10bos_basic.t ........ skipped: (no reason given)
Use of uninitialized value $AFS::Command::Tests::Config{"AFS_COMMAND_DISABLE_TESTS"} in pattern match (m//) at t/20fs_basic.t line 26.
Can't locate Date/Format.pm in @INC (@INC contains: /home/perl5100/.cpan/build/AFS-Command-1.99-45BpGy/blib/lib /home/perl5100/.cpan/build/AFS-Command-1.99-45BpGy/blib/arch /home/perl5100/perl/lib/5.10.0 /home/perl5100/perl/lib/5.10.0 .) at /home/perl5100/.cpan/build/AFS-Command-1.99-45BpGy/blib/lib/AFS/Command/Base.pm line 16.
BEGIN failed--compilation aborted at /home/perl5100/.cpan/build/AFS-Command-1.99-45BpGy/blib/lib/AFS/Command/Base.pm line 16.
Compilation failed in require at /home/perl5100/.cpan/build/AFS-Command-1.99-45BpGy/blib/lib/AFS/Command/FS.pm line 15.
BEGIN failed--compilation aborted at /home/perl5100/.cpan/build/AFS-Command-1.99-45BpGy/blib/lib/AFS/Command/FS.pm line 15.
Compilation failed in require at t/20fs_basic.t line 37.
BEGIN failed--compilation aborted at t/20fs_basic.t line 37.
t/20fs_basic.t ......... skipped: (no reason given)
Use of uninitialized value $AFS::Command::Tests::Config{"AFS_COMMAND_DISABLE_TESTS"} in pattern match (m//) at t/30pts_basic.t line 26.
Can't locate Date/Format.pm in @INC (@INC contains: /home/perl5100/.cpan/build/AFS-Command-1.99-45BpGy/blib/lib /home/perl5100/.cpan/build/AFS-Command-1.99-45BpGy/blib/arch /home/perl5100/perl/lib/5.10.0 /home/perl5100/perl/lib/5.10.0 .) at /home/perl5100/.cpan/build/AFS-Command-1.99-45BpGy/blib/lib/AFS/Command/Base.pm line 16.
BEGIN failed--compilation aborted at /home/perl5100/.cpan/build/AFS-Command-1.99-45BpGy/blib/lib/AFS/Command/Base.pm line 16.
Compilation failed in require at /home/perl5100/.cpan/build/AFS-Command-1.99-45BpGy/blib/lib/AFS/Command/PTS.pm line 15.
BEGIN failed--compilation aborted at /home/perl5100/.cpan/build/AFS-Command-1.99-45BpGy/blib/lib/AFS/Command/PTS.pm line 15.
Compilation failed in require at t/30pts_basic.t line 37.
BEGIN failed--compilation aborted at t/30pts_basic.t line 37.
t/30pts_basic.t ........ skipped: (no reason given)
Can't locate Date/Format.pm in @INC (@INC contains: /home/perl5100/.cpan/build/AFS-Command-1.99-45BpGy/blib/lib /home/perl5100/.cpan/build/AFS-Command-1.99-45BpGy/blib/arch /home/perl5100/perl/lib/5.10.0 /home/perl5100/perl/lib/5.10.0 .) at /home/perl5100/.cpan/build/AFS-Command-1.99-45BpGy/blib/lib/AFS/Command/Base.pm line 16.
BEGIN failed--compilation aborted at /home/perl5100/.cpan/build/AFS-Command-1.99-45BpGy/blib/lib/AFS/Command/Base.pm line 16.
Compilation failed in require at /home/perl5100/.cpan/build/AFS-Command-1.99-45BpGy/blib/lib/AFS/Command/PTS.pm line 15.
BEGIN failed--compilation aborted at /home/perl5100/.cpan/build/AFS-Command-1.99-45BpGy/blib/lib/AFS/Command/PTS.pm line 15.
Compilation failed in require at t/40fs_complex.t line 36.
BEGIN failed--compilation aborted at t/40fs_complex.t line 36.
t/40fs_complex.t ....... skipped: (no reason given)
Use of uninitialized value $AFS::Command::Tests::Config{"AFS_COMMAND_DISABLE_TESTS"} in pattern match (m//) at t/99pts_cleanup.t line 26.
Can't locate Date/Format.pm in @INC (@INC contains: /home/perl5100/.cpan/build/AFS-Command-1.99-45BpGy/blib/lib /home/perl5100/.cpan/build/AFS-Command-1.99-45BpGy/blib/arch /home/perl5100/perl/lib/5.10.0 /home/perl5100/perl/lib/5.10.0 .) at /home/perl5100/.cpan/build/AFS-Command-1.99-45BpGy/blib/lib/AFS/Command/Base.pm line 16.
BEGIN failed--compilation aborted at /home/perl5100/.cpan/build/AFS-Command-1.99-45BpGy/blib/lib/AFS/Command/Base.pm line 16.
Compilation failed in require at /home/perl5100/.cpan/build/AFS-Command-1.99-45BpGy/blib/lib/AFS/Command/PTS.pm line 15.
BEGIN failed--compilation aborted at /home/perl5100/.cpan/build/AFS-Command-1.99-45BpGy/blib/lib/AFS/Command/PTS.pm line 15.
Compilation failed in require at t/99pts_cleanup.t line 37.
BEGIN failed--compilation aborted at t/99pts_cleanup.t line 37.
t/99pts_cleanup.t ......
Dubious, test returned 2 (wstat 512, 0x200)
Failed 1/1 subtests
Test Summary Report
-------------------
t/00vos_basic.t (Wstat: 512 Tests: 1 Failed: 1)
Failed test: 1
Non-zero exit status: 2
Parse errors: Bad plan. You planned 0 tests but ran 1.
t/01vos_dumprestore.t (Wstat: 512 Tests: 1 Failed: 1)
Failed test: 1
Non-zero exit status: 2
Parse errors: Bad plan. You planned 0 tests but ran 1.
t/02vos_volserver.t (Wstat: 512 Tests: 1 Failed: 1)
Failed test: 1
Non-zero exit status: 2
Parse errors: Bad plan. You planned 0 tests but ran 1.
t/10bos_basic.t (Wstat: 512 Tests: 1 Failed: 1)
Failed test: 1
Non-zero exit status: 2
Parse errors: Bad plan. You planned 0 tests but ran 1.
t/20fs_basic.t (Wstat: 512 Tests: 1 Failed: 1)
Failed test: 1
Non-zero exit status: 2
Parse errors: Bad plan. You planned 0 tests but ran 1.
t/30pts_basic.t (Wstat: 512 Tests: 1 Failed: 1)
Failed test: 1
Non-zero exit status: 2
Parse errors: Bad plan. You planned 0 tests but ran 1.
t/40fs_complex.t (Wstat: 512 Tests: 1 Failed: 1)
Failed test: 1
Non-zero exit status: 2
Parse errors: Bad plan. You planned 0 tests but ran 1.
t/99pts_cleanup.t (Wstat: 512 Tests: 1 Failed: 1)
Failed test: 1
Non-zero exit status: 2
Files=8, Tests=8, 0 wallclock secs ( 0.05 usr 0.02 sys + 0.25 cusr 0.05 csys = 0.37 CPU)
Result: FAIL
Failed 8/8 test programs. 8/8 subtests failed.
make: *** [test_dynamic] Error 2
------------------------------
PREREQUISITES
------------------------------
Prerequisite modules loaded:
configure_requires:
Module Need Have
------------------- ---- ----
ExtUtils::MakeMaker 0 6.56
------------------------------
ENVIRONMENT AND OTHER CONTEXT
------------------------------
Environment variables:
AUTOMATED_TESTING = 1
LANG = en_US.UTF-8
PATH = /usr/local/sbin:/usr/local/bin:/usr/sbin:/usr/bin:/sbin:/bin:/usr/games
PERL5LIB =
PERL5OPT =
PERL5_CPANPLUS_IS_RUNNING = 28541
PERL5_CPAN_IS_RUNNING = 28541
PERL5_CPAN_IS_RUNNING_IN_RECURSION = 21190,28541
PERL_CR_SMOKER_CURRENT = AFS-Command-1.99
PERL_EXTUTILS_AUTOINSTALL = --defaultdeps
PERL_MM_USE_DEFAULT = 1
SHELL = /bin/bash
TERM = xterm
Perl special variables (and OS-specific diagnostics, for MSWin32):
$^X = /home/perl5100/perl/bin/perl
$UID/$EUID = 1002 / 1002
$GID = 1002 1002
$EGID = 1002 1002
Perl module toolchain versions installed:
Module Have
------------------- ------
CPAN 1.9402
Cwd 3.31
ExtUtils::CBuilder 0.2703
ExtUtils::Command 1.16
ExtUtils::Install 1.54
ExtUtils::MakeMaker 6.56
ExtUtils::Manifest 1.58
ExtUtils::ParseXS 2.2205
File::Spec 3.31
Module::Build 0.3607
Module::Signature n/a
Test::Harness 3.21
Test::More 0.94
YAML 0.71
YAML::Syck 1.09
version 0.82
--
Summary of my perl5 (revision 5 version 10 subversion 0) configuration:
Platform:
osname=linux, osvers=2.6.31-20-generic, archname=i686-linux-thread-multi
uname='linux st47-laptop 2.6.31-20-generic #57-ubuntu smp mon feb 8 09:05:19 utc 2010 i686 gnulinux '
config_args=''
hint=recommended, useposix=true, d_sigaction=define
useithreads=define, usemultiplicity=define
useperlio=define, d_sfio=undef, uselargefiles=define, usesocks=undef
use64bitint=undef, use64bitall=undef, uselongdouble=undef
usemymalloc=n, bincompat5005=undef
Compiler:
cc='cc', ccflags ='-D_REENTRANT -D_GNU_SOURCE -fno-strict-aliasing -pipe -I/usr/local/include -D_LARGEFILE_SOURCE -D_FILE_OFFSET_BITS=64',
optimize='-O2',
cppflags='-D_REENTRANT -D_GNU_SOURCE -fno-strict-aliasing -pipe -I/usr/local/include'
ccversion='', gccversion='4.4.1', gccosandvers=''
intsize=4, longsize=4, ptrsize=4, doublesize=8, byteorder=1234
d_longlong=define, longlongsize=8, d_longdbl=define, longdblsize=12
ivtype='long', ivsize=4, nvtype='double', nvsize=8, Off_t='off_t', lseeksize=8
alignbytes=4, prototype=define
Linker and Libraries:
ld='cc', ldflags =' -L/usr/local/lib'
libpth=/usr/local/lib /lib /usr/lib
libs=-lnsl -ldl -lm -lcrypt -lutil -lpthread -lc
perllibs=-lnsl -ldl -lm -lcrypt -lutil -lpthread -lc
libc=/lib/libc-2.10.1.so, so=so, useshrplib=false, libperl=libperl.a
gnulibc_version='2.10.1'
Dynamic Linking:
dlsrc=dl_dlopen.xs, dlext=so, d_dlsymun=undef, ccdlflags='-Wl,-E'
cccdlflags='-fPIC', lddlflags='-shared -O2 -L/usr/local/lib'
Characteristics of this binary (from libperl):
Compile-time options: MULTIPLICITY PERL_DONT_CREATE_GVSV
PERL_IMPLICIT_CONTEXT PERL_MALLOC_WRAP USE_ITHREADS
USE_LARGE_FILES USE_PERLIO USE_REENTRANT_API
Built under linux
Compiled at Mar 12 2010 10:42:50
%ENV:
PERL5LIB=""
PERL5OPT=""
PERL5_CPANPLUS_IS_RUNNING="28541"
PERL5_CPAN_IS_RUNNING="28541"
PERL5_CPAN_IS_RUNNING_IN_RECURSION="21190,28541"
PERL_CR_SMOKER_CURRENT="AFS-Command-1.99"
PERL_EXTUTILS_AUTOINSTALL="--defaultdeps"
PERL_MM_USE_DEFAULT="1"
@INC:
/home/perl5100/perl/lib/5.10.0
/home/perl5100/perl/lib/5.10.0
.