Report for Regexp-Common-2016052901

Back
From: metabase:user:30f4dfbe-2aae-11df-837a-5e0a49663a4f
Subject: FAIL Regexp-Common-2016052901 v5.8.7 Mac OS X
Date: 2016-06-04T11:23:59Z

This distribution has been tested as part of the CPAN Testers
project, supporting the Perl programming language.  See
http://wiki.cpantesters.org/ for more information or email
questions to cpan-testers-discuss@perl.org


--
Dear Abigail,

This is a computer-generated report for Regexp-Common-2016052901
on perl 5.8.7, created by CPAN-Reporter-1.2017.

Thank you for uploading your work to CPAN.  However, there was a problem
testing your distribution.

If you think this report is invalid, please consult the CPAN Testers Wiki
for suggestions on how to avoid getting FAIL reports for missing library
or binary dependencies, unsupported operating systems, and so on:

http://wiki.cpantesters.org/wiki/CPANAuthorNotes

Sections of this report:

    * Tester comments
    * Program output
    * Prerequisites
    * Environment and other context

------------------------------
TESTER COMMENTS
------------------------------

Additional comments from tester:

this report is from an automated smoke testing program
and was not reviewed by a human for accuracy

------------------------------
PROGRAM OUTPUT
------------------------------

Output from '/sw/bin/make test':

PERL_DL_NONLAZY=1 "/Users/hornenj/perl5/perlbrew/perls/perl-5.8.7/bin/perl" "-MExtUtils::Command::MM" "-MTest::Harness" "-e" "undef *Test::Harness::Switches; test_harness(0, 'blib/lib', 'blib/arch')" t/*.t t/*/*.t
t/comment/delimited.t .................. ok
t/comment/html.t ....................... ok
t/comment/nested.t ..................... ok
t/comment/pascal.t ..................... ok
t/comment/single_line.t ................ ok
t/comment/single_or_multiline.t ........ ok
t/delimited/101_delimited.t ............ skipped: Test::Regexp not found
syntax error at t/delimited/111_bquoted.t line 113, near "["arcs with less/greater than "
Search pattern not terminated at t/delimited/111_bquoted.t line 114.
t/delimited/111_bquoted.t .............. 
Dubious, test returned 255 (wstat 65280, 0xff00)
No subtests run 
t/net/101_ipv4.t ....................... ok
t/net/102_ipv4_strict.t ................ skipped: Test::Regexp not found
t/net/111_ipv6.t ....................... ok
t/net/121_mac.t ........................ ok
t/net/131_domain.t ..................... ok
t/number/101_integer.t ................. skipped: Test::Regexp not found
t/number/111_integer_base.t ............ skipped: Test::Regexp not found
t/number/121_integer_places.t .......... skipped: Test::Regexp not found
t/number/122_integer_places.t .......... skipped: Test::Regexp not found
t/number/123_integer_places.t .......... skipped: Test::Regexp not found
t/number/131_integer_sep.t ............. skipped: Test::Regexp not found
t/number/141_integer_group.t ........... skipped: Test::Regexp not found
t/number/801_roman.t ................... skipped: Test::Regexp not found
t/number/decimal.t ..................... ok
t/number/number.t ...................... ok
t/SEN/usa_ssn.t ........................ ok
t/test___luhn.t ........................ ok
t/test_balanced.t ...................... ok
t/test_bases.t ......................... ok
t/test_bases_sep.t ..................... ok
t/test_comments.t ...................... ok
t/test_curry.t ......................... ok
t/test_i.t ............................. ok
Perl 5.008007 does not support the pattern $RE{delimited}{-delim/}{-keep}.
You need Perl 5.01 or later at t/test_keep.t line 5.
t/test_keep.t .......................... 
Dubious, test returned 22 (wstat 5632, 0x1600)
All 27 subtests passed 
t/test_lingua_palindrome.t ............. ok
Perl 5.008007 does not support the pattern $RE{quoted}.
You need Perl 5.01 or later at t/test_list.t line 77.
t/test_list.t .......................... 
Dubious, test returned 255 (wstat 65280, 0xff00)
All 39 subtests passed 
t/test_no_import.t ..................... ok
t/test_profanity.t ..................... ok
t/test_squares.t ....................... ok
Sequence (?|...) not recognized in regex; marked by <-- HERE in m/(?:(?| <-- HERE (?:\/)(?:[^\\\/]*(?:\\.[^\\\/]*)*)(?:\/)))/ at /Users/hornenj/.cpan/build/Regexp-Common-2016052901-fnY3EL/blib/lib/Regexp/Common.pm line 230.
t/test_sub.t ........................... 
Dubious, test returned 22 (wstat 5632, 0x1600)
All 12 subtests passed 
t/test_sub_named.t ..................... ok
t/test_ws.t ............................ ok
t/URI/any.t ............................ ok
t/URI/fax.t ............................ ok
t/URI/file.t ........................... ok
t/URI/ftp.t ............................ ok
t/URI/gopher.t ......................... ok
t/URI/http.t ........................... ok
t/URI/news.t ........................... ok
t/URI/nntp.t ........................... ok
t/URI/pop.t ............................ ok
t/URI/prospero.t ....................... ok
t/URI/tel.t ............................ ok
t/URI/telnet.t ......................... ok
t/URI/tv.t ............................. ok
t/URI/wais.t ........................... ok
t/zip/australia.t ...................... ok
t/zip/belgium.t ........................ ok
t/zip/denmark.t ........................ ok
t/zip/france.t ......................... ok
t/zip/germany.t ........................ ok
t/zip/greenland.t ...................... ok
t/zip/italy.t .......................... ok
t/zip/netherlands.t .................... ok
t/zip/norway.t ......................... ok
t/zip/spain.t .......................... ok
t/zip/us.t ............................. ok
t/zip/zip.t ............................ ok
t/zzz_author_tests/101_pod.t ........... skipped: AUTHOR test
t/zzz_author_tests/102_pod_coverage.t .. skipped: AUTHOR test
t/zzz_author_tests/120_versions.t ...... skipped: AUTHOR test
t/zzz_author_tests/130_permissions.t ... skipped: AUTHOR test
t/zzz_author_tests/140_git.t ........... skipped: AUTHOR test

Test Summary Report
-------------------
t/delimited/111_bquoted.t            (Wstat: 65280 Tests: 0 Failed: 0)
  Non-zero exit status: 255
  Parse errors: No plan found in TAP output
t/test_keep.t                        (Wstat: 5632 Tests: 27 Failed: 0)
  Non-zero exit status: 22
t/test_list.t                        (Wstat: 65280 Tests: 39 Failed: 0)
  Non-zero exit status: 255
t/test_sub.t                         (Wstat: 5632 Tests: 12 Failed: 0)
  Non-zero exit status: 22
Files=71, Tests=191570,  8 wallclock secs ( 5.34 usr  0.19 sys +  5.27 cusr  0.40 csys = 11.20 CPU)
Result: FAIL
Failed 4/71 test programs. 0/191570 subtests failed.
Makefile:1058: recipe for target 'test_dynamic' failed
make: *** [test_dynamic] Error 255

------------------------------
PREREQUISITES
------------------------------

Prerequisite modules loaded:

requires:

    Module              Need    Have    
    ------------------- ------- --------
    perl                5.00473 5.008007
    strict              0       1.03    
    vars                0       1.01    

build_requires:

    Module              Need    Have    
    ------------------- ------- --------
    ExtUtils::MakeMaker 0       7.10    

configure_requires:

    Module              Need    Have    
    ------------------- ------- --------
    ExtUtils::MakeMaker 0       7.10    
    strict              0       1.03    


------------------------------
ENVIRONMENT AND OTHER CONTEXT
------------------------------

Environment variables:

    AUTOMATED_TESTING = 1
    LANG = en_US.UTF-8
    LC_ALL = POSIX
    NO_NETWORK_TESTING = 1
    PATH = /Users/hornenj/perl5/perlbrew/bin:/Users/hornenj/perl5/perlbrew/perls/perl-5.8.7/bin:/Users/hornenj/perl5/perlbrew/bin:/Users/hornenj/bin:/sw/lib/perl5/ExtUtils:/sw/bin:/am/ncbiapdata/bin:/usr/bin:/bin:/usr/X11R6/bin:/netopt/ncbi_tools/bin:/usr/local/ncbi/blast/bin:/net/traces01.be-md.ncbi.nlm.nih.gov/trace_software/vdb/mac/release/x86_64/bin
    PERL5LIB = 
    PERL5OPT = 
    PERL5_CPANPLUS_IS_RUNNING = 66147
    PERL5_CPAN_IS_RUNNING = 66147
    PERL5_MINISMOKEBOX = 0.58
    PERLBREW_BASHRC_VERSION = 0.75
    PERLBREW_HOME = /Users/hornenj/.perlbrew
    PERLBREW_LIB = 
    PERLBREW_MANPATH = /Users/hornenj/perl5/perlbrew/perls/perl-5.8.7/man
    PERLBREW_PATH = /Users/hornenj/perl5/perlbrew/bin:/Users/hornenj/perl5/perlbrew/perls/perl-5.8.7/bin
    PERLBREW_PERL = perl-5.8.7
    PERLBREW_ROOT = /Users/hornenj/perl5/perlbrew
    PERLBREW_VERSION = 0.75
    PERL_EXTUTILS_AUTOINSTALL = --defaultdeps
    PERL_LOCAL_LIB_ROOT = 
    PERL_MM_USE_DEFAULT = 1
    SHELL = /bin/bash
    TERM = xterm-256color
    TMPDIR = /var/folders/pz/pd7y1qjs6s3cbk170cw50fjc000c61/T/
    ac_cv_path_INTLTOOL_PERL = /usr/bin/perl

Perl special variables (and OS-specific diagnostics, for MSWin32):

    $^X = /Users/hornenj/perl5/perlbrew/perls/perl-5.8.7/bin/perl
    $UID/$EUID = 12481 / 12481
    $GID = 14 241 527 37191 5344 14
    $EGID = 14 241 527 37191 5344 14

Perl module toolchain versions installed:

    Module              Have    
    ------------------- --------
    CPAN                2.10    
    CPAN::Meta          2.150005
    Cwd                 3.62    
    ExtUtils::CBuilder  0.280224
    ExtUtils::Command   7.10    
    ExtUtils::Install   2.04    
    ExtUtils::MakeMaker 7.10    
    ExtUtils::Manifest  1.70    
    ExtUtils::ParseXS   3.30    
    File::Spec          3.62    
    JSON                2.90    
    JSON::PP            2.27300 
    Module::Build       0.4216  
    Module::Signature   0.79    
    Parse::CPAN::Meta   1.4417  
    Test::Harness       3.36    
    Test::More          1.001014
    YAML                n/a     
    YAML::Syck          1.29    
    version             0.9916  


--

Summary of my perl5 (revision 5 version 8 subversion 7) configuration:
  Platform:
    osname=darwin, osvers=12.5.0, archname=darwin-thread-multi-2level
    uname='darwin ncbimac2008.ncbi.nlm.nih.gov 12.5.0 darwin kernel version 12.5.0: sun sep 29 13:33:47 pdt 2013; root:xnu-2050.48.12~1release_x86_64 x86_64 '
    config_args='-de -Dprefix=/Users/hornenj/perl5/perlbrew/perls/perl-5.8.7 -Duseithreads -Dusemultiplicity -Accflags=-O2 -W -Wformat=2 -Wswitch -Wshadow -Wwrite-strings -Wuninitialized -Wall -pipe -mtune=native -march=native -fomit-frame-pointer -msse2 -msse -mmmx -pedantic -D_FORTIFY_SOURCE=2 -Wpointer-arith -Wstrict-prototypes -fstack-protector -Wstack-protector -Wextra -Wbad-function-cast -Wcast-align -Wcast-qual -Wdisabled-optimization -Wendif-labels -Wfloat-equal -Wformat-nonliteral -Winline -Wmissing-declarations -Wmissing-prototypes -Wnested-externs -Wpointer-arith -Wundef -Wformat-security -fassociative-math -Acc=cc -Aeval:scriptdir=/Users/hornenj/perl5/perlbrew/perls/perl-5.8.7/bin'
    hint=recommended, useposix=true, d_sigaction=define
    usethreads=define use5005threads=undef useithreads=define usemultiplicity=define
    useperlio=define d_sfio=undef uselargefiles=define usesocks=undef
    use64bitint=define use64bitall=define uselongdouble=undef
    usemymalloc=n, bincompat5005=undef
  Compiler:
    cc=' cc', ccflags ='-fno-common -DPERL_DARWIN -O2 -W -Wformat=2 -Wswitch -Wshadow -Wwrite-strings -Wuninitialized -Wall -pipe -mtune=native -march=native -fomit-frame-pointer -msse2 -msse -mmmx -pedantic -D_FORTIFY_SOURCE=2 -Wpointer-arith -Wstrict-prototypes -fstack-protector -Wstack-protector -Wextra -Wbad-function-cast -Wcast-align -Wcast-qual -Wdisabled-optimization -Wendif-labels -Wfloat-equal -Wformat-nonliteral -Winline -Wmissing-declarations -Wmissing-prototypes -Wnested-externs -Wpointer-arith -Wundef -Wformat-security -fassociative-math -fno-strict-aliasing -I/usr/local/include',
    optimize='-O3',
    cppflags='-fno-common -DPERL_DARWIN -O2 -W -Wformat=2 -Wswitch -Wshadow -Wwrite-strings -Wuninitialized -Wall -pipe -mtune=native -march=native -fomit-frame-pointer -msse2 -msse -mmmx -pedantic -D_FORTIFY_SOURCE=2 -Wpointer-arith -Wstrict-prototypes -fstack-protector -Wstack-protector -Wextra -Wbad-function-cast -Wcast-align -Wcast-qual -Wdisabled-optimization -Wendif-labels -Wfloat-equal -Wformat-nonliteral -Winline -Wmissing-declarations -Wmissing-prototypes -Wnested-externs -Wpointer-arith -Wundef -Wformat-security -fassociative-math -fno-strict-aliasing -I/usr/local/include'
    ccversion='', gccversion='4.2.1 Compatible Apple LLVM 4.2 (clang-425.0.24)', gccosandvers=''
    intsize=4, longsize=8, ptrsize=8, doublesize=8, byteorder=12345678
    d_longlong=define, longlongsize=8, d_longdbl=define, longdblsize=16
    ivtype='long', ivsize=8, nvtype='double', nvsize=8, Off_t='off_t', lseeksize=8
    alignbytes=8, prototype=define
  Linker and Libraries:
    ld='env MACOSX_DEPLOYMENT_TARGET=10.3 cc', ldflags =' -L/usr/local/lib'
    libpth=/usr/local/lib /usr/lib
    libs=-ldbm -ldl -lm -lutil -lc
    perllibs=-ldl -lm -lutil -lc
    libc=, so=dylib, useshrplib=false, libperl=libperl.a
    gnulibc_version=''
  Dynamic Linking:
    dlsrc=dl_dlopen.xs, dlext=bundle, d_dlsymun=undef, ccdlflags=' '
    cccdlflags=' ', lddlflags=' -bundle -undefined dynamic_lookup -L/usr/local/lib'


Characteristics of this binary (from libperl): 
  Compile-time options: MULTIPLICITY USE_ITHREADS USE_64_BIT_INT
                        USE_64_BIT_ALL USE_LARGE_FILES
                        PERL_IMPLICIT_CONTEXT
  Built under darwin
  Compiled at Sep 17 2014 08:58:08
  %ENV:
    PERL5LIB=""
    PERL5OPT=""
    PERL5_CPANPLUS_IS_RUNNING="66147"
    PERL5_CPAN_IS_RUNNING="66147"
    PERL5_MINISMOKEBOX="0.58"
    PERLBREW_BASHRC_VERSION="0.75"
    PERLBREW_HOME="/Users/hornenj/.perlbrew"
    PERLBREW_LIB=""
    PERLBREW_MANPATH="/Users/hornenj/perl5/perlbrew/perls/perl-5.8.7/man"
    PERLBREW_PATH="/Users/hornenj/perl5/perlbrew/bin:/Users/hornenj/perl5/perlbrew/perls/perl-5.8.7/bin"
    PERLBREW_PERL="perl-5.8.7"
    PERLBREW_ROOT="/Users/hornenj/perl5/perlbrew"
    PERLBREW_VERSION="0.75"
    PERL_EXTUTILS_AUTOINSTALL="--defaultdeps"
    PERL_LOCAL_LIB_ROOT=""
    PERL_MM_USE_DEFAULT="1"
  @INC:
    /Users/hornenj/perl5/perlbrew/perls/perl-5.8.7/lib/5.8.7/darwin-thread-multi-2level
    /Users/hornenj/perl5/perlbrew/perls/perl-5.8.7/lib/5.8.7
    /Users/hornenj/perl5/perlbrew/perls/perl-5.8.7/lib/site_perl/5.8.7/darwin-thread-multi-2level
    /Users/hornenj/perl5/perlbrew/perls/perl-5.8.7/lib/site_perl/5.8.7
    /Users/hornenj/perl5/perlbrew/perls/perl-5.8.7/lib/site_perl
    .