Data-Pipeline v0.02 Perl 5 v5.40.2 RC1 x86_64-linux-thread-multi-ld
- Status
- Fail
- From
- Andreas J. König (ANDK)
- Dist
-
Data-Pipeline v0.02
- Platform
- Perl 5 v5.40.2 RC1 x86_64-linux-thread-multi-ld
- Date
- 2025-04-10 00:00:37
- ID
- d54e3452-159e-11f0-a06e-d0b2e772c83d
This distribution has been tested as part of the CPAN Testers
project, supporting the Perl programming language. See
http://wiki.cpantesters.org/ for more information or email
questions to cpan-testers-discuss@perl.org
--
Dear James G Smith,
This is a computer-generated report for Data-Pipeline-0.02
on perl 5.40.2, created by CPAN-Reporter-1.2020.
Thank you for uploading your work to CPAN. However, there was a problem
testing your distribution.
If you think this report is invalid, please consult the CPAN Testers Wiki
for suggestions on how to avoid getting FAIL reports for missing library
or binary dependencies, unsupported operating systems, and so on:
http://wiki.cpantesters.org/wiki/CPANAuthorNotes
Sections of this report:
* Tester comments
* Program output
* Prerequisites
* Environment and other context
------------------------------
TESTER COMMENTS
------------------------------
Additional comments from tester:
this report is from an automated smoke testing program
and was not reviewed by a human for accuracy
------------------------------
PROGRAM OUTPUT
------------------------------
Output from '/usr/bin/make test':
Skip blib/lib/Data/Pipeline/Iterator.pm (unchanged)
Skip blib/lib/Data/Pipeline/Adapter/RSS.pm (unchanged)
Skip blib/lib/Data/Pipeline.pm (unchanged)
Skip blib/lib/Data/Pipeline/Action/Unique.pm (unchanged)
Skip blib/lib/Data/Pipeline/Action.pm (unchanged)
Skip blib/lib/Data/Pipeline/Adapter/CSV.pm (unchanged)
Skip blib/lib/Data/Pipeline/Action/Truncate.pm (unchanged)
Skip blib/lib/Data/Pipeline/Action/Filter.pm (unchanged)
Skip blib/lib/Data/Pipeline/Action/Identity.pm (unchanged)
Skip blib/lib/Data/Pipeline/Aggregator/Pipeline.pm (unchanged)
Skip blib/lib/Data/Pipeline/Iterator/ArrayOptions.pm (unchanged)
Skip blib/lib/Data/Pipeline/Action/Regex.pm (unchanged)
Skip blib/lib/Data/Pipeline/Adapter/JSON.pm (unchanged)
Skip blib/lib/Data/Pipeline/Adapter/Array.pm (unchanged)
Skip blib/lib/Data/Pipeline/Adapter/SPARQL.pm (unchanged)
Skip blib/lib/Data/Pipeline/Action/Count.pm (unchanged)
Skip blib/lib/Data/Pipeline/Action/Rename.pm (unchanged)
Skip blib/lib/Data/Pipeline/Adapter/UrlBuilder.pm (unchanged)
Skip blib/lib/Data/Pipeline/Aggregator/Union.pm (unchanged)
Skip blib/lib/Data/Pipeline/Adapter.pm (unchanged)
Skip blib/lib/Data/Pipeline/Aggregator.pm (unchanged)
Skip blib/lib/Data/Pipeline/Adapter/FetchPage.pm (unchanged)
Skip blib/lib/Data/Pipeline/Action/ExcludeFields.pm (unchanged)
Skip blib/lib/Data/Pipeline/Iterator/Options.pm (unchanged)
Skip blib/lib/Data/Pipeline/Aggregator/Machine.pm (unchanged)
Skip blib/lib/Data/Pipeline/Action/Tail.pm (unchanged)
Skip blib/lib/Data/Pipeline/Action/ForEach.pm (unchanged)
Skip blib/lib/Data/Pipeline/Adapter/StringBuilder.pm (unchanged)
Skip blib/lib/Data/Pipeline/Action/StringReplace.pm (unchanged)
Skip blib/lib/Data/Pipeline/Iterator/Source.pm (unchanged)
Skip blib/lib/Data/Pipeline/Machine.pm (unchanged)
Skip blib/lib/Data/Pipeline/Iterator/Output.pm (unchanged)
cp lib/Data/Pipeline/Parser.pm blib/lib/Data/Pipeline/Parser.pm
Skip blib/lib/Data/Pipeline/Types.pm (unchanged)
Skip blib/lib/Data/Pipeline/Machine/Surrogate.pm (unchanged)
"/tmp/basesmoker-reloperl-WLyo/bin/perl" "-Iinc" "-Iblib/arch" "-Iinc" "-Iblib/lib" parser.PL parser
143 shift/reduce conflicts and 259 reduce/reduce conflicts
PERL_DL_NONLAZY=1 "/tmp/basesmoker-reloperl-WLyo/bin/perl" "-MExtUtils::Command::MM" "-MTest::Harness" "-e" "undef *Test::Harness::Switches; test_harness(0, 'inc', 'blib/lib', 'blib/arch')" t/*.t
Class::MOP::load_class is deprecated at /home/sand/src/perl/repoperls/installed-perls/host/k93jammy/perl-5.40.2-RC1/322f/lib/site_perl/5.40.2/x86_64-linux-thread-multi-ld/Class/MOP.pm line 69.
Class::MOP::load_class("Data::Pipeline::Aggregator::Machine") called at /tmp/loop_over_bdir-4051747-kghqpl/Data-Pipeline-0.02-0/blib/lib/Data/Pipeline/Machine.pm line 20
Data::Pipeline::Machine::BEGIN() called at /tmp/loop_over_bdir-4051747-kghqpl/Data-Pipeline-0.02-0/blib/lib/Data/Pipeline/Machine.pm line 22
eval {...} called at /tmp/loop_over_bdir-4051747-kghqpl/Data-Pipeline-0.02-0/blib/lib/Data/Pipeline/Machine.pm line 22
require Data/Pipeline/Machine.pm called at /tmp/loop_over_bdir-4051747-kghqpl/Data-Pipeline-0.02-0/blib/lib/Data/Pipeline/Aggregator/Machine.pm line 6
Data::Pipeline::Aggregator::Machine::BEGIN() called at /tmp/loop_over_bdir-4051747-kghqpl/Data-Pipeline-0.02-0/blib/lib/Data/Pipeline/Aggregator/Machine.pm line 6
eval {...} called at /tmp/loop_over_bdir-4051747-kghqpl/Data-Pipeline-0.02-0/blib/lib/Data/Pipeline/Aggregator/Machine.pm line 6
require Data/Pipeline/Aggregator/Machine.pm called at /tmp/loop_over_bdir-4051747-kghqpl/Data-Pipeline-0.02-0/blib/lib/Data/Pipeline/Adapter.pm line 9
Data::Pipeline::Adapter::BEGIN() called at /tmp/loop_over_bdir-4051747-kghqpl/Data-Pipeline-0.02-0/blib/lib/Data/Pipeline/Adapter.pm line 9
eval {...} called at /tmp/loop_over_bdir-4051747-kghqpl/Data-Pipeline-0.02-0/blib/lib/Data/Pipeline/Adapter.pm line 9
require Data/Pipeline/Adapter.pm called at t/00-compile.t line 16
main::BEGIN() called at t/00-compile.t line 16
eval {...} called at t/00-compile.t line 16
eval 'package main;
BEGIN { ${^WARNING_BITS} = $args[-1] if defined $args[-1] }
#line 16 t/00-compile.t
use Data::Pipeline::Adapter @{$args[0]};
1;
' called at /home/sand/src/perl/repoperls/installed-perls/host/k93jammy/perl-5.40.2-RC1/322f/lib/site_perl/5.40.2/Test/More.pm line 1056
Test::More::_eval("package main;\x{a}BEGIN { \${^WARNING_BITS} = \$args[-1] if defined"..., ARRAY(0x5a0e85a8f808), undef) called at /home/sand/src/perl/repoperls/installed-perls/host/k93jammy/perl-5.40.2-RC1/322f/lib/site_perl/5.40.2/Test/More.pm line 1031
Test::More::use_ok("Data::Pipeline::Adapter") called at t/00-compile.t line 16
main::BEGIN() called at t/00-compile.t line 41
eval {...} called at t/00-compile.t line 41
t/00-compile.t ......... ok
t/01-iteratorsource.t .. ok
t/02-iterator.t ........ ok
Class::MOP::load_class is deprecated at /home/sand/src/perl/repoperls/installed-perls/host/k93jammy/perl-5.40.2-RC1/322f/lib/site_perl/5.40.2/x86_64-linux-thread-multi-ld/Class/MOP.pm line 69.
Class::MOP::load_class("Data::Pipeline::Aggregator::Machine") called at /tmp/loop_over_bdir-4051747-kghqpl/Data-Pipeline-0.02-0/blib/lib/Data/Pipeline/Machine.pm line 20
Data::Pipeline::Machine::BEGIN() called at /tmp/loop_over_bdir-4051747-kghqpl/Data-Pipeline-0.02-0/blib/lib/Data/Pipeline/Machine.pm line 22
eval {...} called at /tmp/loop_over_bdir-4051747-kghqpl/Data-Pipeline-0.02-0/blib/lib/Data/Pipeline/Machine.pm line 22
require Data/Pipeline/Machine.pm called at /tmp/loop_over_bdir-4051747-kghqpl/Data-Pipeline-0.02-0/blib/lib/Data/Pipeline/Aggregator/Machine.pm line 6
Data::Pipeline::Aggregator::Machine::BEGIN() called at /tmp/loop_over_bdir-4051747-kghqpl/Data-Pipeline-0.02-0/blib/lib/Data/Pipeline/Aggregator/Machine.pm line 6
eval {...} called at /tmp/loop_over_bdir-4051747-kghqpl/Data-Pipeline-0.02-0/blib/lib/Data/Pipeline/Aggregator/Machine.pm line 6
require Data/Pipeline/Aggregator/Machine.pm called at /tmp/loop_over_bdir-4051747-kghqpl/Data-Pipeline-0.02-0/blib/lib/Data/Pipeline/Adapter.pm line 9
Data::Pipeline::Adapter::BEGIN() called at /tmp/loop_over_bdir-4051747-kghqpl/Data-Pipeline-0.02-0/blib/lib/Data/Pipeline/Adapter.pm line 9
eval {...} called at /tmp/loop_over_bdir-4051747-kghqpl/Data-Pipeline-0.02-0/blib/lib/Data/Pipeline/Adapter.pm line 9
require Data/Pipeline/Adapter.pm called at /home/sand/src/perl/repoperls/installed-perls/host/k93jammy/perl-5.40.2-RC1/322f/lib/site_perl/5.40.2/Module/Runtime.pm line 314
Module::Runtime::require_module("Data::Pipeline::Adapter") called at /home/sand/src/perl/repoperls/installed-perls/host/k93jammy/perl-5.40.2-RC1/322f/lib/site_perl/5.40.2/Module/Runtime.pm line 391
eval {...} called at /home/sand/src/perl/repoperls/installed-perls/host/k93jammy/perl-5.40.2-RC1/322f/lib/site_perl/5.40.2/Module/Runtime.pm line 391
Module::Runtime::use_package_optimistically("Data::Pipeline::Adapter") called at /home/sand/src/perl/repoperls/installed-perls/host/k93jammy/perl-5.40.2-RC1/322f/lib/site_perl/5.40.2/x86_64-linux-thread-multi-ld/Moose/Util.pm line 351
Moose::Util::_load_user_class("Data::Pipeline::Adapter", undef) called at /home/sand/src/perl/repoperls/installed-perls/host/k93jammy/perl-5.40.2-RC1/322f/lib/site_perl/5.40.2/x86_64-linux-thread-multi-ld/Moose/Meta/Class.pm line 569
Moose::Meta::Class::superclasses(undef, "Data::Pipeline::Adapter") called at /home/sand/src/perl/repoperls/installed-perls/host/k93jammy/perl-5.40.2-RC1/322f/lib/site_perl/5.40.2/x86_64-linux-thread-multi-ld/Moose.pm line 53
Moose::extends(Moose::Meta::Class=HASH(0x5dd4a01e3e98), "Data::Pipeline::Adapter") called at /home/sand/src/perl/repoperls/installed-perls/host/k93jammy/perl-5.40.2-RC1/322f/lib/site_perl/5.40.2/x86_64-linux-thread-multi-ld/Moose/Exporter.pm line 418
Moose::extends("Data::Pipeline::Adapter") called at /tmp/loop_over_bdir-4051747-kghqpl/Data-Pipeline-0.02-0/blib/lib/Data/Pipeline/Adapter/Array.pm line 4
require Data/Pipeline/Adapter/Array.pm called at t/03-arraysource.t line 3
main::BEGIN() called at t/03-arraysource.t line 3
eval {...} called at t/03-arraysource.t line 3
Class::MOP::load_class is deprecated at /home/sand/src/perl/repoperls/installed-perls/host/k93jammy/perl-5.40.2-RC1/322f/lib/site_perl/5.40.2/x86_64-linux-thread-multi-ld/Class/MOP.pm line 69.
Class::MOP::load_class("Data::Pipeline::Iterator") called at /tmp/loop_over_bdir-4051747-kghqpl/Data-Pipeline-0.02-0/blib/lib/Data/Pipeline/Types.pm line 123
Data::Pipeline::Types::__ANON__(Data::Pipeline::Iterator::Source=HASH(0x5dd4a1815420)) called at /home/sand/src/perl/repoperls/installed-perls/host/k93jammy/perl-5.40.2-RC1/322f/lib/site_perl/5.40.2/x86_64-linux-thread-multi-ld/Moose/Meta/TypeCoercion.pm line 65
Moose::Meta::TypeCoercion::__ANON__(Data::Pipeline::Iterator::Source=HASH(0x5dd4a1815420)) called at /home/sand/src/perl/repoperls/installed-perls/host/k93jammy/perl-5.40.2-RC1/322f/lib/site_perl/5.40.2/x86_64-linux-thread-multi-ld/Moose/Meta/TypeCoercion.pm line 100
Moose::Meta::TypeCoercion::coerce(Moose::Meta::TypeCoercion=HASH(0x5dd4a08714f0), Data::Pipeline::Iterator::Source=HASH(0x5dd4a1815420)) called at /home/sand/src/perl/repoperls/installed-perls/host/k93jammy/perl-5.40.2-RC1/322f/lib/site_perl/5.40.2/x86_64-linux-thread-multi-ld/Moose/Meta/TypeConstraint.pm line 145
Moose::Meta::TypeConstraint::coerce(Moose::Meta::TypeConstraint=HASH(0x5dd4a1695dd8), Data::Pipeline::Iterator::Source=HASH(0x5dd4a1815420)) called at /home/sand/src/perl/repoperls/installed-perls/host/k93jammy/perl-5.40.2-RC1/322f/lib/site_perl/5.40.2/MooseX/Types.pm line 494
MooseX::Types::__ANON__(Data::Pipeline::Iterator::Source=HASH(0x5dd4a1815420)) called at t/03-arraysource.t line 17
t/03-arraysource.t ..... ok
Class::MOP::load_class is deprecated at /home/sand/src/perl/repoperls/installed-perls/host/k93jammy/perl-5.40.2-RC1/322f/lib/site_perl/5.40.2/x86_64-linux-thread-multi-ld/Class/MOP.pm line 69.
Class::MOP::load_class("Data::Pipeline::Aggregator::Machine") called at /tmp/loop_over_bdir-4051747-kghqpl/Data-Pipeline-0.02-0/blib/lib/Data/Pipeline/Machine.pm line 20
Data::Pipeline::Machine::BEGIN() called at /tmp/loop_over_bdir-4051747-kghqpl/Data-Pipeline-0.02-0/blib/lib/Data/Pipeline/Machine.pm line 22
eval {...} called at /tmp/loop_over_bdir-4051747-kghqpl/Data-Pipeline-0.02-0/blib/lib/Data/Pipeline/Machine.pm line 22
require Data/Pipeline/Machine.pm called at /tmp/loop_over_bdir-4051747-kghqpl/Data-Pipeline-0.02-0/blib/lib/Data/Pipeline/Aggregator/Machine.pm line 6
Data::Pipeline::Aggregator::Machine::BEGIN() called at /tmp/loop_over_bdir-4051747-kghqpl/Data-Pipeline-0.02-0/blib/lib/Data/Pipeline/Aggregator/Machine.pm line 6
eval {...} called at /tmp/loop_over_bdir-4051747-kghqpl/Data-Pipeline-0.02-0/blib/lib/Data/Pipeline/Aggregator/Machine.pm line 6
require Data/Pipeline/Aggregator/Machine.pm called at /tmp/loop_over_bdir-4051747-kghqpl/Data-Pipeline-0.02-0/blib/lib/Data/Pipeline/Adapter.pm line 9
Data::Pipeline::Adapter::BEGIN() called at /tmp/loop_over_bdir-4051747-kghqpl/Data-Pipeline-0.02-0/blib/lib/Data/Pipeline/Adapter.pm line 9
eval {...} called at /tmp/loop_over_bdir-4051747-kghqpl/Data-Pipeline-0.02-0/blib/lib/Data/Pipeline/Adapter.pm line 9
require Data/Pipeline/Adapter.pm called at /home/sand/src/perl/repoperls/installed-perls/host/k93jammy/perl-5.40.2-RC1/322f/lib/site_perl/5.40.2/Module/Runtime.pm line 314
Module::Runtime::require_module("Data::Pipeline::Adapter") called at /home/sand/src/perl/repoperls/installed-perls/host/k93jammy/perl-5.40.2-RC1/322f/lib/site_perl/5.40.2/Module/Runtime.pm line 391
eval {...} called at /home/sand/src/perl/repoperls/installed-perls/host/k93jammy/perl-5.40.2-RC1/322f/lib/site_perl/5.40.2/Module/Runtime.pm line 391
Module::Runtime::use_package_optimistically("Data::Pipeline::Adapter") called at /home/sand/src/perl/repoperls/installed-perls/host/k93jammy/perl-5.40.2-RC1/322f/lib/site_perl/5.40.2/x86_64-linux-thread-multi-ld/Moose/Util.pm line 351
Moose::Util::_load_user_class("Data::Pipeline::Adapter", undef) called at /home/sand/src/perl/repoperls/installed-perls/host/k93jammy/perl-5.40.2-RC1/322f/lib/site_perl/5.40.2/x86_64-linux-thread-multi-ld/Moose/Meta/Class.pm line 569
Moose::Meta::Class::superclasses(undef, "Data::Pipeline::Adapter") called at /home/sand/src/perl/repoperls/installed-perls/host/k93jammy/perl-5.40.2-RC1/322f/lib/site_perl/5.40.2/x86_64-linux-thread-multi-ld/Moose.pm line 53
Moose::extends(Moose::Meta::Class=HASH(0x599cd262dad0), "Data::Pipeline::Adapter") called at /home/sand/src/perl/repoperls/installed-perls/host/k93jammy/perl-5.40.2-RC1/322f/lib/site_perl/5.40.2/x86_64-linux-thread-multi-ld/Moose/Exporter.pm line 418
Moose::extends("Data::Pipeline::Adapter") called at /tmp/loop_over_bdir-4051747-kghqpl/Data-Pipeline-0.02-0/blib/lib/Data/Pipeline/Adapter/Array.pm line 4
require Data/Pipeline/Adapter/Array.pm called at t/04-count.t line 4
main::BEGIN() called at t/04-count.t line 4
eval {...} called at t/04-count.t line 4
t/04-count.t ........... ok
Class::MOP::load_class is deprecated at /home/sand/src/perl/repoperls/installed-perls/host/k93jammy/perl-5.40.2-RC1/322f/lib/site_perl/5.40.2/x86_64-linux-thread-multi-ld/Class/MOP.pm line 69.
Class::MOP::load_class("Data::Pipeline::Aggregator::Machine") called at /tmp/loop_over_bdir-4051747-kghqpl/Data-Pipeline-0.02-0/blib/lib/Data/Pipeline/Machine.pm line 20
Data::Pipeline::Machine::BEGIN() called at /tmp/loop_over_bdir-4051747-kghqpl/Data-Pipeline-0.02-0/blib/lib/Data/Pipeline/Machine.pm line 22
eval {...} called at /tmp/loop_over_bdir-4051747-kghqpl/Data-Pipeline-0.02-0/blib/lib/Data/Pipeline/Machine.pm line 22
require Data/Pipeline/Machine.pm called at /tmp/loop_over_bdir-4051747-kghqpl/Data-Pipeline-0.02-0/blib/lib/Data/Pipeline/Aggregator/Machine.pm line 6
Data::Pipeline::Aggregator::Machine::BEGIN() called at /tmp/loop_over_bdir-4051747-kghqpl/Data-Pipeline-0.02-0/blib/lib/Data/Pipeline/Aggregator/Machine.pm line 6
eval {...} called at /tmp/loop_over_bdir-4051747-kghqpl/Data-Pipeline-0.02-0/blib/lib/Data/Pipeline/Aggregator/Machine.pm line 6
require Data/Pipeline/Aggregator/Machine.pm called at /tmp/loop_over_bdir-4051747-kghqpl/Data-Pipeline-0.02-0/blib/lib/Data/Pipeline/Adapter.pm line 9
Data::Pipeline::Adapter::BEGIN() called at /tmp/loop_over_bdir-4051747-kghqpl/Data-Pipeline-0.02-0/blib/lib/Data/Pipeline/Adapter.pm line 9
eval {...} called at /tmp/loop_over_bdir-4051747-kghqpl/Data-Pipeline-0.02-0/blib/lib/Data/Pipeline/Adapter.pm line 9
require Data/Pipeline/Adapter.pm called at /home/sand/src/perl/repoperls/installed-perls/host/k93jammy/perl-5.40.2-RC1/322f/lib/site_perl/5.40.2/Module/Runtime.pm line 314
Module::Runtime::require_module("Data::Pipeline::Adapter") called at /home/sand/src/perl/repoperls/installed-perls/host/k93jammy/perl-5.40.2-RC1/322f/lib/site_perl/5.40.2/Module/Runtime.pm line 391
eval {...} called at /home/sand/src/perl/repoperls/installed-perls/host/k93jammy/perl-5.40.2-RC1/322f/lib/site_perl/5.40.2/Module/Runtime.pm line 391
Module::Runtime::use_package_optimistically("Data::Pipeline::Adapter") called at /home/sand/src/perl/repoperls/installed-perls/host/k93jammy/perl-5.40.2-RC1/322f/lib/site_perl/5.40.2/x86_64-linux-thread-multi-ld/Moose/Util.pm line 351
Moose::Util::_load_user_class("Data::Pipeline::Adapter", undef) called at /home/sand/src/perl/repoperls/installed-perls/host/k93jammy/perl-5.40.2-RC1/322f/lib/site_perl/5.40.2/x86_64-linux-thread-multi-ld/Moose/Meta/Class.pm line 569
Moose::Meta::Class::superclasses(undef, "Data::Pipeline::Adapter") called at /home/sand/src/perl/repoperls/installed-perls/host/k93jammy/perl-5.40.2-RC1/322f/lib/site_perl/5.40.2/x86_64-linux-thread-multi-ld/Moose.pm line 53
Moose::extends(Moose::Meta::Class=HASH(0x59fda299bfb0), "Data::Pipeline::Adapter") called at /home/sand/src/perl/repoperls/installed-perls/host/k93jammy/perl-5.40.2-RC1/322f/lib/site_perl/5.40.2/x86_64-linux-thread-multi-ld/Moose/Exporter.pm line 418
Moose::extends("Data::Pipeline::Adapter") called at /tmp/loop_over_bdir-4051747-kghqpl/Data-Pipeline-0.02-0/blib/lib/Data/Pipeline/Adapter/Array.pm line 4
require Data/Pipeline/Adapter/Array.pm called at t/05-truncate.t line 4
main::BEGIN() called at t/05-truncate.t line 4
eval {...} called at t/05-truncate.t line 4
t/05-truncate.t ........ ok
Class::MOP::load_class is deprecated at /home/sand/src/perl/repoperls/installed-perls/host/k93jammy/perl-5.40.2-RC1/322f/lib/site_perl/5.40.2/x86_64-linux-thread-multi-ld/Class/MOP.pm line 69.
Class::MOP::load_class("Data::Pipeline::Aggregator::Pipeline") called at /tmp/loop_over_bdir-4051747-kghqpl/Data-Pipeline-0.02-0/blib/lib/Data/Pipeline.pm line 70
eval {...} called at /tmp/loop_over_bdir-4051747-kghqpl/Data-Pipeline-0.02-0/blib/lib/Data/Pipeline.pm line 70
Data::Pipeline::_find_class("Pipeline") called at /tmp/loop_over_bdir-4051747-kghqpl/Data-Pipeline-0.02-0/blib/lib/Data/Pipeline.pm line 23
Data::Pipeline::import("Data::Pipeline", "Pipeline", "Truncate", "Count", "Array") called at t/06-pipeline.t line 4
main::BEGIN() called at t/06-pipeline.t line 4
eval {...} called at t/06-pipeline.t line 4
Class::MOP::load_class is deprecated at /home/sand/src/perl/repoperls/installed-perls/host/k93jammy/perl-5.40.2-RC1/322f/lib/site_perl/5.40.2/x86_64-linux-thread-multi-ld/Class/MOP.pm line 69.
Class::MOP::load_class("Data::Pipeline::Aggregator::Machine") called at /tmp/loop_over_bdir-4051747-kghqpl/Data-Pipeline-0.02-0/blib/lib/Data/Pipeline/Machine.pm line 20
Data::Pipeline::Machine::BEGIN() called at /tmp/loop_over_bdir-4051747-kghqpl/Data-Pipeline-0.02-0/blib/lib/Data/Pipeline/Machine.pm line 22
eval {...} called at /tmp/loop_over_bdir-4051747-kghqpl/Data-Pipeline-0.02-0/blib/lib/Data/Pipeline/Machine.pm line 22
require Data/Pipeline/Machine.pm called at /tmp/loop_over_bdir-4051747-kghqpl/Data-Pipeline-0.02-0/blib/lib/Data/Pipeline/Aggregator/Pipeline.pm line 10
Data::Pipeline::Aggregator::Pipeline::BEGIN() called at /tmp/loop_over_bdir-4051747-kghqpl/Data-Pipeline-0.02-0/blib/lib/Data/Pipeline/Aggregator/Pipeline.pm line 10
eval {...} called at /tmp/loop_over_bdir-4051747-kghqpl/Data-Pipeline-0.02-0/blib/lib/Data/Pipeline/Aggregator/Pipeline.pm line 10
require Data/Pipeline/Aggregator/Pipeline.pm called at /home/sand/src/perl/repoperls/installed-perls/host/k93jammy/perl-5.40.2-RC1/322f/lib/site_perl/5.40.2/Module/Runtime.pm line 314
Module::Runtime::require_module("Data::Pipeline::Aggregator::Pipeline") called at /home/sand/src/perl/repoperls/installed-perls/host/k93jammy/perl-5.40.2-RC1/322f/lib/site_perl/5.40.2/Class/Load.pm line 174
Class::Load::try {...} () called at /home/sand/src/perl/repoperls/installed-perls/host/k93jammy/perl-5.40.2-RC1/322f/lib/site_perl/5.40.2/Try/Tiny.pm line 98
eval {...} called at /home/sand/src/perl/repoperls/installed-perls/host/k93jammy/perl-5.40.2-RC1/322f/lib/site_perl/5.40.2/Try/Tiny.pm line 93
Try::Tiny::try(CODE(0x574bb3feb488), Try::Tiny::Catch=REF(0x574bb3fd6f08)) called at /home/sand/src/perl/repoperls/installed-perls/host/k93jammy/perl-5.40.2-RC1/322f/lib/site_perl/5.40.2/Class/Load.pm line 180
Class::Load::try_load_class("Data::Pipeline::Aggregator::Pipeline", undef) called at /home/sand/src/perl/repoperls/installed-perls/host/k93jammy/perl-5.40.2-RC1/322f/lib/site_perl/5.40.2/Class/Load.pm line 35
Class::Load::load_class("Data::Pipeline::Aggregator::Pipeline") called at /tmp/loop_over_bdir-4051747-kghqpl/Data-Pipeline-0.02-0/blib/lib/Data/Pipeline.pm line 70
eval {...} called at /tmp/loop_over_bdir-4051747-kghqpl/Data-Pipeline-0.02-0/blib/lib/Data/Pipeline.pm line 70
Data::Pipeline::_find_class("Pipeline") called at /tmp/loop_over_bdir-4051747-kghqpl/Data-Pipeline-0.02-0/blib/lib/Data/Pipeline.pm line 23
Data::Pipeline::import("Data::Pipeline", "Pipeline", "Truncate", "Count", "Array") called at t/06-pipeline.t line 4
main::BEGIN() called at t/06-pipeline.t line 4
eval {...} called at t/06-pipeline.t line 4
Unable to find an implementation for Pipeline at t/06-pipeline.t line 4.
BEGIN failed--compilation aborted at t/06-pipeline.t line 4.
# Looks like your test exited with 2 before it could output anything.
t/06-pipeline.t ........
Dubious, test returned 2 (wstat 512, 0x200)
Failed 12/12 subtests
Class::MOP::load_class is deprecated at /home/sand/src/perl/repoperls/installed-perls/host/k93jammy/perl-5.40.2-RC1/322f/lib/site_perl/5.40.2/x86_64-linux-thread-multi-ld/Class/MOP.pm line 69.
Class::MOP::load_class("Data::Pipeline::Aggregator::Pipeline") called at /tmp/loop_over_bdir-4051747-kghqpl/Data-Pipeline-0.02-0/blib/lib/Data/Pipeline.pm line 70
eval {...} called at /tmp/loop_over_bdir-4051747-kghqpl/Data-Pipeline-0.02-0/blib/lib/Data/Pipeline.pm line 70
Data::Pipeline::_find_class("Pipeline") called at /tmp/loop_over_bdir-4051747-kghqpl/Data-Pipeline-0.02-0/blib/lib/Data/Pipeline.pm line 23
Data::Pipeline::import("Data::Pipeline", "Pipeline", "Count", "CSV") called at t/07-csvsource.t line 23
main::BEGIN() called at t/07-csvsource.t line 23
eval {...} called at t/07-csvsource.t line 23
Class::MOP::load_class is deprecated at /home/sand/src/perl/repoperls/installed-perls/host/k93jammy/perl-5.40.2-RC1/322f/lib/site_perl/5.40.2/x86_64-linux-thread-multi-ld/Class/MOP.pm line 69.
Class::MOP::load_class("Data::Pipeline::Aggregator::Machine") called at /tmp/loop_over_bdir-4051747-kghqpl/Data-Pipeline-0.02-0/blib/lib/Data/Pipeline/Machine.pm line 20
Data::Pipeline::Machine::BEGIN() called at /tmp/loop_over_bdir-4051747-kghqpl/Data-Pipeline-0.02-0/blib/lib/Data/Pipeline/Machine.pm line 22
eval {...} called at /tmp/loop_over_bdir-4051747-kghqpl/Data-Pipeline-0.02-0/blib/lib/Data/Pipeline/Machine.pm line 22
require Data/Pipeline/Machine.pm called at /tmp/loop_over_bdir-4051747-kghqpl/Data-Pipeline-0.02-0/blib/lib/Data/Pipeline/Aggregator/Pipeline.pm line 10
Data::Pipeline::Aggregator::Pipeline::BEGIN() called at /tmp/loop_over_bdir-4051747-kghqpl/Data-Pipeline-0.02-0/blib/lib/Data/Pipeline/Aggregator/Pipeline.pm line 10
eval {...} called at /tmp/loop_over_bdir-4051747-kghqpl/Data-Pipeline-0.02-0/blib/lib/Data/Pipeline/Aggregator/Pipeline.pm line 10
require Data/Pipeline/Aggregator/Pipeline.pm called at /home/sand/src/perl/repoperls/installed-perls/host/k93jammy/perl-5.40.2-RC1/322f/lib/site_perl/5.40.2/Module/Runtime.pm line 314
Module::Runtime::require_module("Data::Pipeline::Aggregator::Pipeline") called at /home/sand/src/perl/repoperls/installed-perls/host/k93jammy/perl-5.40.2-RC1/322f/lib/site_perl/5.40.2/Class/Load.pm line 174
Class::Load::try {...} () called at /home/sand/src/perl/repoperls/installed-perls/host/k93jammy/perl-5.40.2-RC1/322f/lib/site_perl/5.40.2/Try/Tiny.pm line 98
eval {...} called at /home/sand/src/perl/repoperls/installed-perls/host/k93jammy/perl-5.40.2-RC1/322f/lib/site_perl/5.40.2/Try/Tiny.pm line 93
Try::Tiny::try(CODE(0x57e4acf62948), Try::Tiny::Catch=REF(0x57e4acf556a0)) called at /home/sand/src/perl/repoperls/installed-perls/host/k93jammy/perl-5.40.2-RC1/322f/lib/site_perl/5.40.2/Class/Load.pm line 180
Class::Load::try_load_class("Data::Pipeline::Aggregator::Pipeline", undef) called at /home/sand/src/perl/repoperls/installed-perls/host/k93jammy/perl-5.40.2-RC1/322f/lib/site_perl/5.40.2/Class/Load.pm line 35
Class::Load::load_class("Data::Pipeline::Aggregator::Pipeline") called at /tmp/loop_over_bdir-4051747-kghqpl/Data-Pipeline-0.02-0/blib/lib/Data/Pipeline.pm line 70
eval {...} called at /tmp/loop_over_bdir-4051747-kghqpl/Data-Pipeline-0.02-0/blib/lib/Data/Pipeline.pm line 70
Data::Pipeline::_find_class("Pipeline") called at /tmp/loop_over_bdir-4051747-kghqpl/Data-Pipeline-0.02-0/blib/lib/Data/Pipeline.pm line 23
Data::Pipeline::import("Data::Pipeline", "Pipeline", "Count", "CSV") called at t/07-csvsource.t line 23
main::BEGIN() called at t/07-csvsource.t line 23
eval {...} called at t/07-csvsource.t line 23
Unable to find an implementation for Pipeline at t/07-csvsource.t line 23.
BEGIN failed--compilation aborted at t/07-csvsource.t line 23.
t/07-csvsource.t .......
Dubious, test returned 2 (wstat 512, 0x200)
No subtests run
Class::MOP::load_class is deprecated at /home/sand/src/perl/repoperls/installed-perls/host/k93jammy/perl-5.40.2-RC1/322f/lib/site_perl/5.40.2/x86_64-linux-thread-multi-ld/Class/MOP.pm line 69.
Class::MOP::load_class("Data::Pipeline::Adapter::Array") called at /tmp/loop_over_bdir-4051747-kghqpl/Data-Pipeline-0.02-0/blib/lib/Data/Pipeline/Types.pm line 78
Data::Pipeline::Types::__ANON__(ARRAY(0x5e164fa946a0)) called at /home/sand/src/perl/repoperls/installed-perls/host/k93jammy/perl-5.40.2-RC1/322f/lib/site_perl/5.40.2/x86_64-linux-thread-multi-ld/Moose/Meta/TypeCoercion.pm line 65
Moose::Meta::TypeCoercion::__ANON__(ARRAY(0x5e164fa946a0)) called at /home/sand/src/perl/repoperls/installed-perls/host/k93jammy/perl-5.40.2-RC1/322f/lib/site_perl/5.40.2/x86_64-linux-thread-multi-ld/Moose/Meta/TypeCoercion.pm line 100
Moose::Meta::TypeCoercion::coerce(Moose::Meta::TypeCoercion=HASH(0x5e164faadaa8), ARRAY(0x5e164fa946a0)) called at /home/sand/src/perl/repoperls/installed-perls/host/k93jammy/perl-5.40.2-RC1/322f/lib/site_perl/5.40.2/x86_64-linux-thread-multi-ld/Moose/Meta/TypeConstraint.pm line 145
Moose::Meta::TypeConstraint::coerce(Moose::Meta::TypeConstraint=HASH(0x5e16504f0fc0), ARRAY(0x5e164fa946a0)) called at /home/sand/src/perl/repoperls/installed-perls/host/k93jammy/perl-5.40.2-RC1/322f/lib/site_perl/5.40.2/MooseX/Types.pm line 494
MooseX::Types::__ANON__(ARRAY(0x5e164fa946a0)) called at t/08-types.t line 28
Class::MOP::load_class is deprecated at /home/sand/src/perl/repoperls/installed-perls/host/k93jammy/perl-5.40.2-RC1/322f/lib/site_perl/5.40.2/x86_64-linux-thread-multi-ld/Class/MOP.pm line 69.
Class::MOP::load_class("Data::Pipeline::Aggregator::Machine") called at /tmp/loop_over_bdir-4051747-kghqpl/Data-Pipeline-0.02-0/blib/lib/Data/Pipeline/Machine.pm line 20
Data::Pipeline::Machine::BEGIN() called at /tmp/loop_over_bdir-4051747-kghqpl/Data-Pipeline-0.02-0/blib/lib/Data/Pipeline/Machine.pm line 22
eval {...} called at /tmp/loop_over_bdir-4051747-kghqpl/Data-Pipeline-0.02-0/blib/lib/Data/Pipeline/Machine.pm line 22
require Data/Pipeline/Machine.pm called at /tmp/loop_over_bdir-4051747-kghqpl/Data-Pipeline-0.02-0/blib/lib/Data/Pipeline/Aggregator/Machine.pm line 6
Data::Pipeline::Aggregator::Machine::BEGIN() called at /tmp/loop_over_bdir-4051747-kghqpl/Data-Pipeline-0.02-0/blib/lib/Data/Pipeline/Aggregator/Machine.pm line 6
eval {...} called at /tmp/loop_over_bdir-4051747-kghqpl/Data-Pipeline-0.02-0/blib/lib/Data/Pipeline/Aggregator/Machine.pm line 6
require Data/Pipeline/Aggregator/Machine.pm called at /tmp/loop_over_bdir-4051747-kghqpl/Data-Pipeline-0.02-0/blib/lib/Data/Pipeline/Adapter.pm line 9
Data::Pipeline::Adapter::BEGIN() called at /tmp/loop_over_bdir-4051747-kghqpl/Data-Pipeline-0.02-0/blib/lib/Data/Pipeline/Adapter.pm line 9
eval {...} called at /tmp/loop_over_bdir-4051747-kghqpl/Data-Pipeline-0.02-0/blib/lib/Data/Pipeline/Adapter.pm line 9
require Data/Pipeline/Adapter.pm called at /home/sand/src/perl/repoperls/installed-perls/host/k93jammy/perl-5.40.2-RC1/322f/lib/site_perl/5.40.2/Module/Runtime.pm line 314
Module::Runtime::require_module("Data::Pipeline::Adapter") called at /home/sand/src/perl/repoperls/installed-perls/host/k93jammy/perl-5.40.2-RC1/322f/lib/site_perl/5.40.2/Module/Runtime.pm line 391
eval {...} called at /home/sand/src/perl/repoperls/installed-perls/host/k93jammy/perl-5.40.2-RC1/322f/lib/site_perl/5.40.2/Module/Runtime.pm line 391
Module::Runtime::use_package_optimistically("Data::Pipeline::Adapter") called at /home/sand/src/perl/repoperls/installed-perls/host/k93jammy/perl-5.40.2-RC1/322f/lib/site_perl/5.40.2/x86_64-linux-thread-multi-ld/Moose/Util.pm line 351
Moose::Util::_load_user_class("Data::Pipeline::Adapter", undef) called at /home/sand/src/perl/repoperls/installed-perls/host/k93jammy/perl-5.40.2-RC1/322f/lib/site_perl/5.40.2/x86_64-linux-thread-multi-ld/Moose/Meta/Class.pm line 569
Moose::Meta::Class::superclasses(undef, "Data::Pipeline::Adapter") called at /home/sand/src/perl/repoperls/installed-perls/host/k93jammy/perl-5.40.2-RC1/322f/lib/site_perl/5.40.2/x86_64-linux-thread-multi-ld/Moose.pm line 53
Moose::extends(Moose::Meta::Class=HASH(0x5e1650f86838), "Data::Pipeline::Adapter") called at /home/sand/src/perl/repoperls/installed-perls/host/k93jammy/perl-5.40.2-RC1/322f/lib/site_perl/5.40.2/x86_64-linux-thread-multi-ld/Moose/Exporter.pm line 418
Moose::extends("Data::Pipeline::Adapter") called at /tmp/loop_over_bdir-4051747-kghqpl/Data-Pipeline-0.02-0/blib/lib/Data/Pipeline/Adapter/Array.pm line 4
require Data/Pipeline/Adapter/Array.pm called at /home/sand/src/perl/repoperls/installed-perls/host/k93jammy/perl-5.40.2-RC1/322f/lib/site_perl/5.40.2/Module/Runtime.pm line 314
Module::Runtime::require_module("Data::Pipeline::Adapter::Array") called at /home/sand/src/perl/repoperls/installed-perls/host/k93jammy/perl-5.40.2-RC1/322f/lib/site_perl/5.40.2/Class/Load.pm line 174
Class::Load::try {...} () called at /home/sand/src/perl/repoperls/installed-perls/host/k93jammy/perl-5.40.2-RC1/322f/lib/site_perl/5.40.2/Try/Tiny.pm line 98
eval {...} called at /home/sand/src/perl/repoperls/installed-perls/host/k93jammy/perl-5.40.2-RC1/322f/lib/site_perl/5.40.2/Try/Tiny.pm line 93
Try::Tiny::try(CODE(0x5e1650f43880), Try::Tiny::Catch=REF(0x5e1650f6e478)) called at /home/sand/src/perl/repoperls/installed-perls/host/k93jammy/perl-5.40.2-RC1/322f/lib/site_perl/5.40.2/Class/Load.pm line 180
Class::Load::try_load_class("Data::Pipeline::Adapter::Array", undef) called at /home/sand/src/perl/repoperls/installed-perls/host/k93jammy/perl-5.40.2-RC1/322f/lib/site_perl/5.40.2/Class/Load.pm line 35
Class::Load::load_class("Data::Pipeline::Adapter::Array") called at /tmp/loop_over_bdir-4051747-kghqpl/Data-Pipeline-0.02-0/blib/lib/Data/Pipeline/Types.pm line 78
Data::Pipeline::Types::__ANON__(ARRAY(0x5e164fa946a0)) called at /home/sand/src/perl/repoperls/installed-perls/host/k93jammy/perl-5.40.2-RC1/322f/lib/site_perl/5.40.2/x86_64-linux-thread-multi-ld/Moose/Meta/TypeCoercion.pm line 65
Moose::Meta::TypeCoercion::__ANON__(ARRAY(0x5e164fa946a0)) called at /home/sand/src/perl/repoperls/installed-perls/host/k93jammy/perl-5.40.2-RC1/322f/lib/site_perl/5.40.2/x86_64-linux-thread-multi-ld/Moose/Meta/TypeCoercion.pm line 100
Moose::Meta::TypeCoercion::coerce(Moose::Meta::TypeCoercion=HASH(0x5e164faadaa8), ARRAY(0x5e164fa946a0)) called at /home/sand/src/perl/repoperls/installed-perls/host/k93jammy/perl-5.40.2-RC1/322f/lib/site_perl/5.40.2/x86_64-linux-thread-multi-ld/Moose/Meta/TypeConstraint.pm line 145
Moose::Meta::TypeConstraint::coerce(Moose::Meta::TypeConstraint=HASH(0x5e16504f0fc0), ARRAY(0x5e164fa946a0)) called at /home/sand/src/perl/repoperls/installed-perls/host/k93jammy/perl-5.40.2-RC1/322f/lib/site_perl/5.40.2/MooseX/Types.pm line 494
MooseX::Types::__ANON__(ARRAY(0x5e164fa946a0)) called at t/08-types.t line 28
t/08-types.t ........... ok
t/09-rename.t .......... ok
Class::MOP::load_class is deprecated at /home/sand/src/perl/repoperls/installed-perls/host/k93jammy/perl-5.40.2-RC1/322f/lib/site_perl/5.40.2/x86_64-linux-thread-multi-ld/Class/MOP.pm line 69.
Class::MOP::load_class("Data::Pipeline::Aggregator::Machine") called at /tmp/loop_over_bdir-4051747-kghqpl/Data-Pipeline-0.02-0/blib/lib/Data/Pipeline/Machine.pm line 20
Data::Pipeline::Machine::BEGIN() called at /tmp/loop_over_bdir-4051747-kghqpl/Data-Pipeline-0.02-0/blib/lib/Data/Pipeline/Machine.pm line 22
eval {...} called at /tmp/loop_over_bdir-4051747-kghqpl/Data-Pipeline-0.02-0/blib/lib/Data/Pipeline/Machine.pm line 22
require Data/Pipeline/Machine.pm called at t/11-machine.t line 6
My::Machine::BEGIN() called at t/11-machine.t line 6
eval {...} called at t/11-machine.t line 6
Missing comma after first argument to return at /tmp/loop_over_bdir-4051747-kghqpl/Data-Pipeline-0.02-0/blib/lib/Data/Pipeline/Aggregator/Machine.pm line 133, near "-> options;"
Compilation failed in require at /tmp/loop_over_bdir-4051747-kghqpl/Data-Pipeline-0.02-0/blib/lib/Data/Pipeline/Machine.pm line 20.
Data::Pipeline::Machine::BEGIN() called at /tmp/loop_over_bdir-4051747-kghqpl/Data-Pipeline-0.02-0/blib/lib/Data/Pipeline/Machine.pm line 22
eval {...} called at /tmp/loop_over_bdir-4051747-kghqpl/Data-Pipeline-0.02-0/blib/lib/Data/Pipeline/Machine.pm line 22
require Data/Pipeline/Machine.pm called at t/11-machine.t line 6
My::Machine::BEGIN() called at t/11-machine.t line 6
eval {...} called at t/11-machine.t line 6
BEGIN failed--compilation aborted at /tmp/loop_over_bdir-4051747-kghqpl/Data-Pipeline-0.02-0/blib/lib/Data/Pipeline/Machine.pm line 22.
Compilation failed in require at t/11-machine.t line 6.
BEGIN failed--compilation aborted at t/11-machine.t line 6.
# Looks like your test exited with 255 before it could output anything.
t/11-machine.t .........
Dubious, test returned 255 (wstat 65280, 0xff00)
Failed 6/6 subtests
Class::MOP::load_class is deprecated at /home/sand/src/perl/repoperls/installed-perls/host/k93jammy/perl-5.40.2-RC1/322f/lib/site_perl/5.40.2/x86_64-linux-thread-multi-ld/Class/MOP.pm line 69.
Class::MOP::load_class("Data::Pipeline::Aggregator::Pipeline") called at /tmp/loop_over_bdir-4051747-kghqpl/Data-Pipeline-0.02-0/blib/lib/Data/Pipeline.pm line 70
eval {...} called at /tmp/loop_over_bdir-4051747-kghqpl/Data-Pipeline-0.02-0/blib/lib/Data/Pipeline.pm line 70
Data::Pipeline::_find_class("Pipeline") called at /tmp/loop_over_bdir-4051747-kghqpl/Data-Pipeline-0.02-0/blib/lib/Data/Pipeline.pm line 23
Data::Pipeline::import("Data::Pipeline", "Pipeline", "Count", "Array") called at t/12-options.t line 3
main::BEGIN() called at t/12-options.t line 3
eval {...} called at t/12-options.t line 3
Class::MOP::load_class is deprecated at /home/sand/src/perl/repoperls/installed-perls/host/k93jammy/perl-5.40.2-RC1/322f/lib/site_perl/5.40.2/x86_64-linux-thread-multi-ld/Class/MOP.pm line 69.
Class::MOP::load_class("Data::Pipeline::Aggregator::Machine") called at /tmp/loop_over_bdir-4051747-kghqpl/Data-Pipeline-0.02-0/blib/lib/Data/Pipeline/Machine.pm line 20
Data::Pipeline::Machine::BEGIN() called at /tmp/loop_over_bdir-4051747-kghqpl/Data-Pipeline-0.02-0/blib/lib/Data/Pipeline/Machine.pm line 22
eval {...} called at /tmp/loop_over_bdir-4051747-kghqpl/Data-Pipeline-0.02-0/blib/lib/Data/Pipeline/Machine.pm line 22
require Data/Pipeline/Machine.pm called at /tmp/loop_over_bdir-4051747-kghqpl/Data-Pipeline-0.02-0/blib/lib/Data/Pipeline/Aggregator/Pipeline.pm line 10
Data::Pipeline::Aggregator::Pipeline::BEGIN() called at /tmp/loop_over_bdir-4051747-kghqpl/Data-Pipeline-0.02-0/blib/lib/Data/Pipeline/Aggregator/Pipeline.pm line 10
eval {...} called at /tmp/loop_over_bdir-4051747-kghqpl/Data-Pipeline-0.02-0/blib/lib/Data/Pipeline/Aggregator/Pipeline.pm line 10
require Data/Pipeline/Aggregator/Pipeline.pm called at /home/sand/src/perl/repoperls/installed-perls/host/k93jammy/perl-5.40.2-RC1/322f/lib/site_perl/5.40.2/Module/Runtime.pm line 314
Module::Runtime::require_module("Data::Pipeline::Aggregator::Pipeline") called at /home/sand/src/perl/repoperls/installed-perls/host/k93jammy/perl-5.40.2-RC1/322f/lib/site_perl/5.40.2/Class/Load.pm line 174
Class::Load::try {...} () called at /home/sand/src/perl/repoperls/installed-perls/host/k93jammy/perl-5.40.2-RC1/322f/lib/site_perl/5.40.2/Try/Tiny.pm line 98
eval {...} called at /home/sand/src/perl/repoperls/installed-perls/host/k93jammy/perl-5.40.2-RC1/322f/lib/site_perl/5.40.2/Try/Tiny.pm line 93
Try::Tiny::try(CODE(0x5c8bcfdf7f58), Try::Tiny::Catch=REF(0x5c8bcfb54f28)) called at /home/sand/src/perl/repoperls/installed-perls/host/k93jammy/perl-5.40.2-RC1/322f/lib/site_perl/5.40.2/Class/Load.pm line 180
Class::Load::try_load_class("Data::Pipeline::Aggregator::Pipeline", undef) called at /home/sand/src/perl/repoperls/installed-perls/host/k93jammy/perl-5.40.2-RC1/322f/lib/site_perl/5.40.2/Class/Load.pm line 35
Class::Load::load_class("Data::Pipeline::Aggregator::Pipeline") called at /tmp/loop_over_bdir-4051747-kghqpl/Data-Pipeline-0.02-0/blib/lib/Data/Pipeline.pm line 70
eval {...} called at /tmp/loop_over_bdir-4051747-kghqpl/Data-Pipeline-0.02-0/blib/lib/Data/Pipeline.pm line 70
Data::Pipeline::_find_class("Pipeline") called at /tmp/loop_over_bdir-4051747-kghqpl/Data-Pipeline-0.02-0/blib/lib/Data/Pipeline.pm line 23
Data::Pipeline::import("Data::Pipeline", "Pipeline", "Count", "Array") called at t/12-options.t line 3
main::BEGIN() called at t/12-options.t line 3
eval {...} called at t/12-options.t line 3
Unable to find an implementation for Pipeline at t/12-options.t line 3.
BEGIN failed--compilation aborted at t/12-options.t line 3.
# Looks like your test exited with 2 before it could output anything.
t/12-options.t .........
Dubious, test returned 2 (wstat 512, 0x200)
Failed 11/11 subtests
Class::MOP::load_class is deprecated at /home/sand/src/perl/repoperls/installed-perls/host/k93jammy/perl-5.40.2-RC1/322f/lib/site_perl/5.40.2/x86_64-linux-thread-multi-ld/Class/MOP.pm line 69.
Class::MOP::load_class("Data::Pipeline::Aggregator::Pipeline") called at /tmp/loop_over_bdir-4051747-kghqpl/Data-Pipeline-0.02-0/blib/lib/Data/Pipeline.pm line 70
eval {...} called at /tmp/loop_over_bdir-4051747-kghqpl/Data-Pipeline-0.02-0/blib/lib/Data/Pipeline.pm line 70
Data::Pipeline::_find_class("Pipeline") called at /tmp/loop_over_bdir-4051747-kghqpl/Data-Pipeline-0.02-0/blib/lib/Data/Pipeline.pm line 23
Data::Pipeline::import("Data::Pipeline", "Pipeline", "UrlBuilder") called at t/13-uribuilder.t line 3
main::BEGIN() called at t/13-uribuilder.t line 3
eval {...} called at t/13-uribuilder.t line 3
Class::MOP::load_class is deprecated at /home/sand/src/perl/repoperls/installed-perls/host/k93jammy/perl-5.40.2-RC1/322f/lib/site_perl/5.40.2/x86_64-linux-thread-multi-ld/Class/MOP.pm line 69.
Class::MOP::load_class("Data::Pipeline::Aggregator::Machine") called at /tmp/loop_over_bdir-4051747-kghqpl/Data-Pipeline-0.02-0/blib/lib/Data/Pipeline/Machine.pm line 20
Data::Pipeline::Machine::BEGIN() called at /tmp/loop_over_bdir-4051747-kghqpl/Data-Pipeline-0.02-0/blib/lib/Data/Pipeline/Machine.pm line 22
eval {...} called at /tmp/loop_over_bdir-4051747-kghqpl/Data-Pipeline-0.02-0/blib/lib/Data/Pipeline/Machine.pm line 22
require Data/Pipeline/Machine.pm called at /tmp/loop_over_bdir-4051747-kghqpl/Data-Pipeline-0.02-0/blib/lib/Data/Pipeline/Aggregator/Pipeline.pm line 10
Data::Pipeline::Aggregator::Pipeline::BEGIN() called at /tmp/loop_over_bdir-4051747-kghqpl/Data-Pipeline-0.02-0/blib/lib/Data/Pipeline/Aggregator/Pipeline.pm line 10
eval {...} called at /tmp/loop_over_bdir-4051747-kghqpl/Data-Pipeline-0.02-0/blib/lib/Data/Pipeline/Aggregator/Pipeline.pm line 10
require Data/Pipeline/Aggregator/Pipeline.pm called at /home/sand/src/perl/repoperls/installed-perls/host/k93jammy/perl-5.40.2-RC1/322f/lib/site_perl/5.40.2/Module/Runtime.pm line 314
Module::Runtime::require_module("Data::Pipeline::Aggregator::Pipeline") called at /home/sand/src/perl/repoperls/installed-perls/host/k93jammy/perl-5.40.2-RC1/322f/lib/site_perl/5.40.2/Class/Load.pm line 174
Class::Load::try {...} () called at /home/sand/src/perl/repoperls/installed-perls/host/k93jammy/perl-5.40.2-RC1/322f/lib/site_perl/5.40.2/Try/Tiny.pm line 98
eval {...} called at /home/sand/src/perl/repoperls/installed-perls/host/k93jammy/perl-5.40.2-RC1/322f/lib/site_perl/5.40.2/Try/Tiny.pm line 93
Try::Tiny::try(CODE(0x5bd8730b3918), Try::Tiny::Catch=REF(0x5bd8745313b0)) called at /home/sand/src/perl/repoperls/installed-perls/host/k93jammy/perl-5.40.2-RC1/322f/lib/site_perl/5.40.2/Class/Load.pm line 180
Class::Load::try_load_class("Data::Pipeline::Aggregator::Pipeline", undef) called at /home/sand/src/perl/repoperls/installed-perls/host/k93jammy/perl-5.40.2-RC1/322f/lib/site_perl/5.40.2/Class/Load.pm line 35
Class::Load::load_class("Data::Pipeline::Aggregator::Pipeline") called at /tmp/loop_over_bdir-4051747-kghqpl/Data-Pipeline-0.02-0/blib/lib/Data/Pipeline.pm line 70
eval {...} called at /tmp/loop_over_bdir-4051747-kghqpl/Data-Pipeline-0.02-0/blib/lib/Data/Pipeline.pm line 70
Data::Pipeline::_find_class("Pipeline") called at /tmp/loop_over_bdir-4051747-kghqpl/Data-Pipeline-0.02-0/blib/lib/Data/Pipeline.pm line 23
Data::Pipeline::import("Data::Pipeline", "Pipeline", "UrlBuilder") called at t/13-uribuilder.t line 3
main::BEGIN() called at t/13-uribuilder.t line 3
eval {...} called at t/13-uribuilder.t line 3
Unable to find an implementation for Pipeline at t/13-uribuilder.t line 3.
BEGIN failed--compilation aborted at t/13-uribuilder.t line 3.
# Looks like your test exited with 2 before it could output anything.
t/13-uribuilder.t ......
Dubious, test returned 2 (wstat 512, 0x200)
Failed 2/2 subtests
Class::MOP::load_class is deprecated at /home/sand/src/perl/repoperls/installed-perls/host/k93jammy/perl-5.40.2-RC1/322f/lib/site_perl/5.40.2/x86_64-linux-thread-multi-ld/Class/MOP.pm line 69.
Class::MOP::load_class("Data::Pipeline::Aggregator::Machine") called at /tmp/loop_over_bdir-4051747-kghqpl/Data-Pipeline-0.02-0/blib/lib/Data/Pipeline/Machine.pm line 20
Data::Pipeline::Machine::BEGIN() called at /tmp/loop_over_bdir-4051747-kghqpl/Data-Pipeline-0.02-0/blib/lib/Data/Pipeline/Machine.pm line 22
eval {...} called at /tmp/loop_over_bdir-4051747-kghqpl/Data-Pipeline-0.02-0/blib/lib/Data/Pipeline/Machine.pm line 22
require Data/Pipeline/Machine.pm called at unkown line 638
Data::Pipeline::Parser::BEGIN() called at unkown line 638
eval {...} called at unkown line 638
require Data/Pipeline/Parser.pm called at t/20-script.t line 3
main::BEGIN() called at t/20-script.t line 3
eval {...} called at t/20-script.t line 3
Missing comma after first argument to return at /tmp/loop_over_bdir-4051747-kghqpl/Data-Pipeline-0.02-0/blib/lib/Data/Pipeline/Aggregator/Machine.pm line 133, near "-> options;"
Compilation failed in require at t/20-script.t line 3.
BEGIN failed--compilation aborted at /tmp/loop_over_bdir-4051747-kghqpl/Data-Pipeline-0.02-0/blib/lib/Data/Pipeline/Machine.pm line 22.
Compilation failed in require at unkown line 638.
BEGIN failed--compilation aborted at unkown line 638.
Compilation failed in require at t/20-script.t line 3.
BEGIN failed--compilation aborted at t/20-script.t line 3.
# Looks like your test exited with 255 before it could output anything.
t/20-script.t ..........
Dubious, test returned 255 (wstat 65280, 0xff00)
Failed 3/3 subtests
Test Summary Report
-------------------
t/06-pipeline.t (Wstat: 512 (exited 2) Tests: 0 Failed: 0)
Non-zero exit status: 2
Parse errors: Bad plan. You planned 12 tests but ran 0.
t/07-csvsource.t (Wstat: 512 (exited 2) Tests: 0 Failed: 0)
Non-zero exit status: 2
Parse errors: No plan found in TAP output
t/11-machine.t (Wstat: 65280 (exited 255) Tests: 0 Failed: 0)
Non-zero exit status: 255
Parse errors: Bad plan. You planned 6 tests but ran 0.
t/12-options.t (Wstat: 512 (exited 2) Tests: 0 Failed: 0)
Non-zero exit status: 2
Parse errors: Bad plan. You planned 11 tests but ran 0.
t/13-uribuilder.t (Wstat: 512 (exited 2) Tests: 0 Failed: 0)
Non-zero exit status: 2
Parse errors: Bad plan. You planned 2 tests but ran 0.
t/20-script.t (Wstat: 65280 (exited 255) Tests: 0 Failed: 0)
Non-zero exit status: 255
Parse errors: Bad plan. You planned 3 tests but ran 0.
Files=14, Tests=98, 5 wallclock secs ( 0.05 usr 0.03 sys + 3.79 cusr 1.06 csys = 4.93 CPU)
Result: FAIL
Failed 6/14 test programs. 0/98 subtests failed.
make: *** [Makefile:861: test_dynamic] Error 255
------------------------------
PREREQUISITES
------------------------------
Prerequisite modules loaded:
requires:
Module Need Have
------------------- ---- --------
Moose 2.06 2.2207
build_requires:
Module Need Have
------------------- ---- --------
ExtUtils::MakeMaker 6.36 7.72
Test::More 0 1.302210
configure_requires:
Module Need Have
------------------- ---- --------
ExtUtils::MakeMaker 6.36 7.72
------------------------------
ENVIRONMENT AND OTHER CONTEXT
------------------------------
Environment variables:
AUTOMATED_TESTING = 1
LANG = en_US.UTF-8
LC_ADDRESS = de_DE.UTF-8
LC_IDENTIFICATION = de_DE.UTF-8
LC_MEASUREMENT = de_DE.UTF-8
LC_MONETARY = de_DE.UTF-8
LC_NAME = de_DE.UTF-8
LC_NUMERIC = de_DE.UTF-8
LC_PAPER = de_DE.UTF-8
LC_TELEPHONE = de_DE.UTF-8
LC_TIME = de_DE.UTF-8
PATH = /home/sand/bin:/usr/local/bin:/usr/local/sbin:/usr/sbin:/usr/bin:/sbin:/bin:/usr/games:/usr/local/games:/snap/bin:/usr/local/perl/bin:/usr/X11/bin
PERL = /tmp/basesmoker-reloperl-WLyo/bin/perl
PERL5LIB = /tmp/loop_over_bdir-4051747-kghqpl/js-app-0.13-0/blib/arch:/tmp/loop_over_bdir-4051747-kghqpl/js-app-0.13-0/blib/lib:/tmp/loop_over_bdir-4051747-kghqpl/ProjectBuilder-0.14.1-0/blib/arch:/tmp/loop_over_bdir-4051747-kghqpl/ProjectBuilder-0.14.1-0/blib/lib:/tmp/loop_over_bdir-4051747-kghqpl/EJBCA-CrlPublish-0.60-0/blib/arch:/tmp/loop_over_bdir-4051747-kghqpl/EJBCA-CrlPublish-0.60-0/blib/lib:/tmp/loop_over_bdir-4051747-kghqpl/Alien-SNMP-MIBDEV-2.020000-0/blib/arch:/tmp/loop_over_bdir-4051747-kghqpl/Alien-SNMP-MIBDEV-2.020000-0/blib/lib:/tmp/loop_over_bdir-4051747-kghqpl/Lemonldap-NG-Cli-0.2-0/blib/arch:/tmp/loop_over_bdir-4051747-kghqpl/Lemonldap-NG-Cli-0.2-0/blib/lib:/tmp/loop_over_bdir-4051747-kghqpl/App-nrun-v1.1.2-0/blib/arch:/tmp/loop_over_bdir-4051747-kghqpl/App-nrun-v1.1.2-0/blib/lib:/tmp/loop_over_bdir-4051747-kghqpl/Simulation-Automate-1.0.1-0/blib/arch:/tmp/loop_over_bdir-4051747-kghqpl/Simulation-Automate-1.0.1-0/blib/lib:/tmp/loop_over_bdir-4051747-kghqpl/CGI-Application-NetNewsIface-0.0204-0/blib/arch:/tmp/loop_over_bdir-4051747-kghqpl/CGI-Application-NetNewsIface-0.0204-0/blib/lib:/tmp/loop_over_bdir-4051747-kghqpl/DBIx-Migration-Directories-0.12-0/blib/arch:/tmp/loop_over_bdir-4051747-kghqpl/DBIx-Migration-Directories-0.12-0/blib/lib:/tmp/loop_over_bdir-4051747-kghqpl/Net-Async-WebService-lxd-0.03-0/blib/arch:/tmp/loop_over_bdir-4051747-kghqpl/Net-Async-WebService-lxd-0.03-0/blib/lib:/tmp/loop_over_bdir-4051747-kghqpl/LCFG-Build-Skeleton-0.5.0-0/blib/arch:/tmp/loop_over_bdir-4051747-kghqpl/LCFG-Build-Skeleton-0.5.0-0/blib/lib:/tmp/loop_over_bdir-4051747-kghqpl/Net-OpenVPN-DDNS-0.1-0/blib/arch:/tmp/loop_over_bdir-4051747-kghqpl/Net-OpenVPN-DDNS-0.1-0/blib/lib:/tmp/loop_over_bdir-4051747-kghqpl/Debian-Packages-0.03-0/blib/arch:/tmp/loop_over_bdir-4051747-kghqpl/Debian-Packages-0.03-0/blib/lib:/tmp/loop_over_bdir-4051747-kghqpl/Net-ISP-Balance-1.31-0/blib/arch:/tmp/loop_over_bdir-4051747-kghqpl/Net-ISP-Balance-1.31-0/blib/lib:/tmp/loop_over_bdir-4051747-kghqpl/Linux-InitFS-0.2-0/blib/arch:/tmp/loop_over_bdir-4051747-kghqpl/Linux-InitFS-0.2-0/blib/lib:/tmp/loop_over_bdir-4051747-kghqpl/CORBA-Python-2.66-0/blib/arch:/tmp/loop_over_bdir-4051747-kghqpl/CORBA-Python-2.66-0/blib/lib:/tmp/loop_over_bdir-4051747-kghqpl/shishi-0.0.1-0/blib/arch:/tmp/loop_over_bdir-4051747-kghqpl/shishi-0.0.1-0/blib/lib:/tmp/loop_over_bdir-4051747-kghqpl/Captive-Portal-4.10-0/blib/arch:/tmp/loop_over_bdir-4051747-kghqpl/Captive-Portal-4.10-0/blib/lib:/tmp/loop_over_bdir-4051747-kghqpl/triceps-2.1.0-0/blib/arch:/tmp/loop_over_bdir-4051747-kghqpl/triceps-2.1.0-0/blib/lib:/tmp/loop_over_bdir-4051747-kghqpl/HTML-Menu-TreeView-1.22-0/blib/arch:/tmp/loop_over_bdir-4051747-kghqpl/HTML-Menu-TreeView-1.22-0/blib/lib:/tmp/loop_over_bdir-4051747-kghqpl/AllKnowingDNS-1.7-0/blib/arch:/tmp/loop_over_bdir-4051747-kghqpl/AllKnowingDNS-1.7-0/blib/lib:/tmp/loop_over_bdir-4051747-kghqpl/Module-ScanDeps-Static-1.7.2-0/blib/arch:/tmp/loop_over_bdir-4051747-kghqpl/Module-ScanDeps-Static-1.7.2-0/blib/lib:/tmp/loop_over_bdir-4051747-kghqpl/dta-tokwrap-0.98-0/blib/arch:/tmp/loop_over_bdir-4051747-kghqpl/dta-tokwrap-0.98-0/blib/lib:/tmp/loop_over_bdir-4051747-kghqpl/Business-Shipping-DataFiles-1.02-0/blib/arch:/tmp/loop_over_bdir-4051747-kghqpl/Business-Shipping-DataFiles-1.02-0/blib/lib:/tmp/loop_over_bdir-4051747-kghqpl/NoZone-1.3-0/blib/arch:/tmp/loop_over_bdir-4051747-kghqpl/NoZone-1.3-0/blib/lib:/tmp/loop_over_bdir-4051747-kghqpl/perl-Hardware-UPS-Perl-0.43-0/blib/arch:/tmp/loop_over_bdir-4051747-kghqpl/perl-Hardware-UPS-Perl-0.43-0/blib/lib:/tmp/loop_over_bdir-4051747-kghqpl/downsexta-0/blib/arch:/tmp/loop_over_bdir-4051747-kghqpl/downsexta-0/blib/lib:/tmp/loop_over_bdir-4051747-kghqpl/Device-Kiln-0.03-0/blib/arch:/tmp/loop_over_bdir-4051747-kghqpl/Device-Kiln-0.03-0/blib/lib:/tmp/loop_over_bdir-4051747-kghqpl/LiquidWeb-Storm-CLI-1.03-0/blib/arch:/tmp/loop_over_bdir-4051747-kghqpl/LiquidWeb-Storm-CLI-1.03-0/blib/lib:/tmp/loop_over_bdir-4051747-kghqpl/MP3-PodcastFetch-1.05-0/blib/arch:/tmp/loop_over_bdir-4051747-kghqpl/MP3-PodcastFetch-1.05-0/blib/lib:/tmp/loop_over_bdir-4051747-kghqpl/Lingua-BioYaTeA-0.11-0/blib/arch:/tmp/loop_over_bdir-4051747-kghqpl/Lingua-BioYaTeA-0.11-0/blib/lib:/tmp/loop_over_bdir-4051747-kghqpl/Lingua-YaTeA-0.626-0/blib/arch:/tmp/loop_over_bdir-4051747-kghqpl/Lingua-YaTeA-0.626-0/blib/lib:/tmp/loop_over_bdir-4051747-kghqpl/Devel-Required-0.16-0/blib/arch:/tmp/loop_over_bdir-4051747-kghqpl/Devel-Required-0.16-0/blib/lib
PERL5OPT =
PERL5_CPANPLUS_IS_RUNNING = 4051755
PERL5_CPAN_IS_RUNNING = 4051755
PERL_CANARY_STABILITY_NOPROMPT = 1
PERL_MM_USE_DEFAULT = 1
PERL_USE_UNSAFE_INC = 1
SHELL = /usr/bin/zsh
TERM = screen
Perl special variables (and OS-specific diagnostics, for MSWin32):
$^X = /tmp/basesmoker-reloperl-WLyo/bin/perl
$UID/$EUID = 1005 / 1005
$GID = 1005 1005
$EGID = 1005 1005
Perl module toolchain versions installed:
Module Have
------------------- --------
CPAN 2.38
CPAN::Meta 2.150010
Cwd 3.91
ExtUtils::CBuilder 0.280240
ExtUtils::Command 7.72
ExtUtils::Install 2.22
ExtUtils::MakeMaker 7.72
ExtUtils::Manifest 1.75
ExtUtils::ParseXS 3.51
File::Spec 3.91
JSON 4.10
JSON::PP 4.16
Module::Build 0.4234
Module::Signature 0.89
Parse::CPAN::Meta 2.150010
Test2 1.302210
Test::Harness 3.50
Test::More 1.302210
YAML 1.31
YAML::Syck 1.34
version 0.9933
--
Summary of my perl5 (revision 5 version 40 subversion 2) configuration:
Platform:
osname=linux
osvers=6.8.0-52-generic
archname=x86_64-linux-thread-multi-ld
uname='linux k93jammy 6.8.0-52-generic #53~22.04.1-ubuntu smp preempt_dynamic wed jan 15 19:18:46 utc 2 x86_64 x86_64 x86_64 gnulinux '
config_args='-Dprefix=/home/sand/src/perl/repoperls/installed-perls/host/k93jammy/perl-5.40.2-RC1/322f -Dmyhostname=k93jammy -Dinstallusrbinperl=n -Uversiononly -Dusedevel -des -Ui_db -Dlibswanted=cl pthread socket inet nsl gdbm dbm malloc dl ld sun m crypt sec util c cposix posix ucb BSD gdbm_compat -Duseithreads -Duselongdouble -DEBUGGING=-g'
hint=recommended
useposix=true
d_sigaction=define
useithreads=define
usemultiplicity=define
use64bitint=define
use64bitall=define
uselongdouble=define
usemymalloc=n
default_inc_excludes_dot=define
Compiler:
cc='cc'
ccflags ='-D_REENTRANT -D_GNU_SOURCE -fwrapv -fno-strict-aliasing -pipe -fstack-protector-strong -I/usr/local/include -D_LARGEFILE_SOURCE -D_FILE_OFFSET_BITS=64'
optimize='-O2 -g'
cppflags='-D_REENTRANT -D_GNU_SOURCE -fwrapv -fno-strict-aliasing -pipe -fstack-protector-strong -I/usr/local/include'
ccversion=''
gccversion='11.4.0'
gccosandvers=''
intsize=4
longsize=8
ptrsize=8
doublesize=8
byteorder=12345678
doublekind=3
d_longlong=define
longlongsize=8
d_longdbl=define
longdblsize=16
longdblkind=3
ivtype='long'
ivsize=8
nvtype='long double'
nvsize=16
Off_t='off_t'
lseeksize=8
alignbytes=16
prototype=define
Linker and Libraries:
ld='cc'
ldflags =' -fstack-protector-strong -L/usr/local/lib'
libpth=/usr/local/lib /usr/lib/x86_64-linux-gnu /usr/lib /usr/lib64
libs=-lpthread -lnsl -ldl -lm -lcrypt -lutil -lc
perllibs=-lpthread -lnsl -ldl -lm -lcrypt -lutil -lc
libc=/lib/x86_64-linux-gnu/libc.so.6
so=so
useshrplib=false
libperl=libperl.a
gnulibc_version='2.35'
Dynamic Linking:
dlsrc=dl_dlopen.xs
dlext=so
d_dlsymun=undef
ccdlflags='-Wl,-E'
cccdlflags='-fPIC'
lddlflags='-shared -O2 -g -L/usr/local/lib -fstack-protector-strong'
Characteristics of this binary (from libperl):
Compile-time options:
HAS_LONG_DOUBLE
HAS_STRTOLD
HAS_TIMES
MULTIPLICITY
PERLIO_LAYERS
PERL_COPY_ON_WRITE
PERL_DONT_CREATE_GVSV
PERL_HASH_FUNC_SIPHASH13
PERL_HASH_USE_SBOX32
PERL_MALLOC_WRAP
PERL_OP_PARENT
PERL_PRESERVE_IVUV
PERL_USE_DEVEL
PERL_USE_SAFE_PUTENV
USE_64_BIT_ALL
USE_64_BIT_INT
USE_ITHREADS
USE_LARGE_FILES
USE_LOCALE
USE_LOCALE_COLLATE
USE_LOCALE_CTYPE
USE_LOCALE_NUMERIC
USE_LOCALE_TIME
USE_LONG_DOUBLE
USE_PERLIO
USE_PERL_ATOF
USE_REENTRANT_API
USE_THREAD_SAFE_LOCALE
Locally applied patches:
RC1
Built under linux
Compiled at Mar 30 2025 18:54:35
%ENV:
PERL="/tmp/basesmoker-reloperl-WLyo/bin/perl"
PERL5LIB="/tmp/loop_over_bdir-4051747-kghqpl/js-app-0.13-0/blib/arch:/tmp/loop_over_bdir-4051747-kghqpl/js-app-0.13-0/blib/lib:/tmp/loop_over_bdir-4051747-kghqpl/ProjectBuilder-0.14.1-0/blib/arch:/tmp/loop_over_bdir-4051747-kghqpl/ProjectBuilder-0.14.1-0/blib/lib:/tmp/loop_over_bdir-4051747-kghqpl/EJBCA-CrlPublish-0.60-0/blib/arch:/tmp/loop_over_bdir-4051747-kghqpl/EJBCA-CrlPublish-0.60-0/blib/lib:/tmp/loop_over_bdir-4051747-kghqpl/Alien-SNMP-MIBDEV-2.020000-0/blib/arch:/tmp/loop_over_bdir-4051747-kghqpl/Alien-SNMP-MIBDEV-2.020000-0/blib/lib:/tmp/loop_over_bdir-4051747-kghqpl/Lemonldap-NG-Cli-0.2-0/blib/arch:/tmp/loop_over_bdir-4051747-kghqpl/Lemonldap-NG-Cli-0.2-0/blib/lib:/tmp/loop_over_bdir-4051747-kghqpl/App-nrun-v1.1.2-0/blib/arch:/tmp/loop_over_bdir-4051747-kghqpl/App-nrun-v1.1.2-0/blib/lib:/tmp/loop_over_bdir-4051747-kghqpl/Simulation-Automate-1.0.1-0/blib/arch:/tmp/loop_over_bdir-4051747-kghqpl/Simulation-Automate-1.0.1-0/blib/lib:/tmp/loop_over_bdir-4051747-kghqpl/CGI-Application-NetNewsIface-0.0204-0/blib/arch:/tmp/loop_over_bdir-4051747-kghqpl/CGI-Application-NetNewsIface-0.0204-0/blib/lib:/tmp/loop_over_bdir-4051747-kghqpl/DBIx-Migration-Directories-0.12-0/blib/arch:/tmp/loop_over_bdir-4051747-kghqpl/DBIx-Migration-Directories-0.12-0/blib/lib:/tmp/loop_over_bdir-4051747-kghqpl/Net-Async-WebService-lxd-0.03-0/blib/arch:/tmp/loop_over_bdir-4051747-kghqpl/Net-Async-WebService-lxd-0.03-0/blib/lib:/tmp/loop_over_bdir-4051747-kghqpl/LCFG-Build-Skeleton-0.5.0-0/blib/arch:/tmp/loop_over_bdir-4051747-kghqpl/LCFG-Build-Skeleton-0.5.0-0/blib/lib:/tmp/loop_over_bdir-4051747-kghqpl/Net-OpenVPN-DDNS-0.1-0/blib/arch:/tmp/loop_over_bdir-4051747-kghqpl/Net-OpenVPN-DDNS-0.1-0/blib/lib:/tmp/loop_over_bdir-4051747-kghqpl/Debian-Packages-0.03-0/blib/arch:/tmp/loop_over_bdir-4051747-kghqpl/Debian-Packages-0.03-0/blib/lib:/tmp/loop_over_bdir-4051747-kghqpl/Net-ISP-Balance-1.31-0/blib/arch:/tmp/loop_over_bdir-4051747-kghqpl/Net-ISP-Balance-1.31-0/blib/lib:/tmp/loop_over_bdir-4051747-kghqpl/Linux-InitFS-0.2-0/blib/arch:/tmp/loop_over_bdir-4051747-kghqpl/Linux-InitFS-0.2-0/blib/lib:/tmp/loop_over_bdir-4051747-kghqpl/CORBA-Python-2.66-0/blib/arch:/tmp/loop_over_bdir-4051747-kghqpl/CORBA-Python-2.66-0/blib/lib:/tmp/loop_over_bdir-4051747-kghqpl/shishi-0.0.1-0/blib/arch:/tmp/loop_over_bdir-4051747-kghqpl/shishi-0.0.1-0/blib/lib:/tmp/loop_over_bdir-4051747-kghqpl/Captive-Portal-4.10-0/blib/arch:/tmp/loop_over_bdir-4051747-kghqpl/Captive-Portal-4.10-0/blib/lib:/tmp/loop_over_bdir-4051747-kghqpl/triceps-2.1.0-0/blib/arch:/tmp/loop_over_bdir-4051747-kghqpl/triceps-2.1.0-0/blib/lib:/tmp/loop_over_bdir-4051747-kghqpl/HTML-Menu-TreeView-1.22-0/blib/arch:/tmp/loop_over_bdir-4051747-kghqpl/HTML-Menu-TreeView-1.22-0/blib/lib:/tmp/loop_over_bdir-4051747-kghqpl/AllKnowingDNS-1.7-0/blib/arch:/tmp/loop_over_bdir-4051747-kghqpl/AllKnowingDNS-1.7-0/blib/lib:/tmp/loop_over_bdir-4051747-kghqpl/Module-ScanDeps-Static-1.7.2-0/blib/arch:/tmp/loop_over_bdir-4051747-kghqpl/Module-ScanDeps-Static-1.7.2-0/blib/lib:/tmp/loop_over_bdir-4051747-kghqpl/dta-tokwrap-0.98-0/blib/arch:/tmp/loop_over_bdir-4051747-kghqpl/dta-tokwrap-0.98-0/blib/lib:/tmp/loop_over_bdir-4051747-kghqpl/Business-Shipping-DataFiles-1.02-0/blib/arch:/tmp/loop_over_bdir-4051747-kghqpl/Business-Shipping-DataFiles-1.02-0/blib/lib:/tmp/loop_over_bdir-4051747-kghqpl/NoZone-1.3-0/blib/arch:/tmp/loop_over_bdir-4051747-kghqpl/NoZone-1.3-0/blib/lib:/tmp/loop_over_bdir-4051747-kghqpl/perl-Hardware-UPS-Perl-0.43-0/blib/arch:/tmp/loop_over_bdir-4051747-kghqpl/perl-Hardware-UPS-Perl-0.43-0/blib/lib:/tmp/loop_over_bdir-4051747-kghqpl/downsexta-0/blib/arch:/tmp/loop_over_bdir-4051747-kghqpl/downsexta-0/blib/lib:/tmp/loop_over_bdir-4051747-kghqpl/Device-Kiln-0.03-0/blib/arch:/tmp/loop_over_bdir-4051747-kghqpl/Device-Kiln-0.03-0/blib/lib:/tmp/loop_over_bdir-4051747-kghqpl/LiquidWeb-Storm-CLI-1.03-0/blib/arch:/tmp/loop_over_bdir-4051747-kghqpl/LiquidWeb-Storm-CLI-1.03-0/blib/lib:/tmp/loop_over_bdir-4051747-kghqpl/MP3-PodcastFetch-1.05-0/blib/arch:/tmp/loop_over_bdir-4051747-kghqpl/MP3-PodcastFetch-1.05-0/blib/lib:/tmp/loop_over_bdir-4051747-kghqpl/Lingua-BioYaTeA-0.11-0/blib/arch:/tmp/loop_over_bdir-4051747-kghqpl/Lingua-BioYaTeA-0.11-0/blib/lib:/tmp/loop_over_bdir-4051747-kghqpl/Lingua-YaTeA-0.626-0/blib/arch:/tmp/loop_over_bdir-4051747-kghqpl/Lingua-YaTeA-0.626-0/blib/lib:/tmp/loop_over_bdir-4051747-kghqpl/Devel-Required-0.16-0/blib/arch:/tmp/loop_over_bdir-4051747-kghqpl/Devel-Required-0.16-0/blib/lib"
PERL5OPT=""
PERL5_CPANPLUS_IS_RUNNING="4051755"
PERL5_CPAN_IS_RUNNING="4051755"
PERL_CANARY_STABILITY_NOPROMPT="1"
PERL_MM_USE_DEFAULT="1"
PERL_USE_UNSAFE_INC="1"
@INC:
/tmp/loop_over_bdir-4051747-kghqpl/js-app-0.13-0/blib/arch
/tmp/loop_over_bdir-4051747-kghqpl/js-app-0.13-0/blib/lib
/tmp/loop_over_bdir-4051747-kghqpl/ProjectBuilder-0.14.1-0/blib/arch
/tmp/loop_over_bdir-4051747-kghqpl/ProjectBuilder-0.14.1-0/blib/lib
/tmp/loop_over_bdir-4051747-kghqpl/EJBCA-CrlPublish-0.60-0/blib/arch
/tmp/loop_over_bdir-4051747-kghqpl/EJBCA-CrlPublish-0.60-0/blib/lib
/tmp/loop_over_bdir-4051747-kghqpl/Alien-SNMP-MIBDEV-2.020000-0/blib/arch
/tmp/loop_over_bdir-4051747-kghqpl/Alien-SNMP-MIBDEV-2.020000-0/blib/lib
/tmp/loop_over_bdir-4051747-kghqpl/Lemonldap-NG-Cli-0.2-0/blib/arch
/tmp/loop_over_bdir-4051747-kghqpl/Lemonldap-NG-Cli-0.2-0/blib/lib
/tmp/loop_over_bdir-4051747-kghqpl/App-nrun-v1.1.2-0/blib/arch
/tmp/loop_over_bdir-4051747-kghqpl/App-nrun-v1.1.2-0/blib/lib
/tmp/loop_over_bdir-4051747-kghqpl/Simulation-Automate-1.0.1-0/blib/arch
/tmp/loop_over_bdir-4051747-kghqpl/Simulation-Automate-1.0.1-0/blib/lib
/tmp/loop_over_bdir-4051747-kghqpl/CGI-Application-NetNewsIface-0.0204-0/blib/arch
/tmp/loop_over_bdir-4051747-kghqpl/CGI-Application-NetNewsIface-0.0204-0/blib/lib
/tmp/loop_over_bdir-4051747-kghqpl/DBIx-Migration-Directories-0.12-0/blib/arch
/tmp/loop_over_bdir-4051747-kghqpl/DBIx-Migration-Directories-0.12-0/blib/lib
/tmp/loop_over_bdir-4051747-kghqpl/Net-Async-WebService-lxd-0.03-0/blib/arch
/tmp/loop_over_bdir-4051747-kghqpl/Net-Async-WebService-lxd-0.03-0/blib/lib
/tmp/loop_over_bdir-4051747-kghqpl/LCFG-Build-Skeleton-0.5.0-0/blib/arch
/tmp/loop_over_bdir-4051747-kghqpl/LCFG-Build-Skeleton-0.5.0-0/blib/lib
/tmp/loop_over_bdir-4051747-kghqpl/Net-OpenVPN-DDNS-0.1-0/blib/arch
/tmp/loop_over_bdir-4051747-kghqpl/Net-OpenVPN-DDNS-0.1-0/blib/lib
/tmp/loop_over_bdir-4051747-kghqpl/Debian-Packages-0.03-0/blib/arch
/tmp/loop_over_bdir-4051747-kghqpl/Debian-Packages-0.03-0/blib/lib
/tmp/loop_over_bdir-4051747-kghqpl/Net-ISP-Balance-1.31-0/blib/arch
/tmp/loop_over_bdir-4051747-kghqpl/Net-ISP-Balance-1.31-0/blib/lib
/tmp/loop_over_bdir-4051747-kghqpl/Linux-InitFS-0.2-0/blib/arch
/tmp/loop_over_bdir-4051747-kghqpl/Linux-InitFS-0.2-0/blib/lib
/tmp/loop_over_bdir-4051747-kghqpl/CORBA-Python-2.66-0/blib/arch
/tmp/loop_over_bdir-4051747-kghqpl/CORBA-Python-2.66-0/blib/lib
/tmp/loop_over_bdir-4051747-kghqpl/shishi-0.0.1-0/blib/arch
/tmp/loop_over_bdir-4051747-kghqpl/shishi-0.0.1-0/blib/lib
/tmp/loop_over_bdir-4051747-kghqpl/Captive-Portal-4.10-0/blib/arch
/tmp/loop_over_bdir-4051747-kghqpl/Captive-Portal-4.10-0/blib/lib
/tmp/loop_over_bdir-4051747-kghqpl/triceps-2.1.0-0/blib/arch
/tmp/loop_over_bdir-4051747-kghqpl/triceps-2.1.0-0/blib/lib
/tmp/loop_over_bdir-4051747-kghqpl/HTML-Menu-TreeView-1.22-0/blib/arch
/tmp/loop_over_bdir-4051747-kghqpl/HTML-Menu-TreeView-1.22-0/blib/lib
/tmp/loop_over_bdir-4051747-kghqpl/AllKnowingDNS-1.7-0/blib/arch
/tmp/loop_over_bdir-4051747-kghqpl/AllKnowingDNS-1.7-0/blib/lib
/tmp/loop_over_bdir-4051747-kghqpl/Module-ScanDeps-Static-1.7.2-0/blib/arch
/tmp/loop_over_bdir-4051747-kghqpl/Module-ScanDeps-Static-1.7.2-0/blib/lib
/tmp/loop_over_bdir-4051747-kghqpl/dta-tokwrap-0.98-0/blib/arch
/tmp/loop_over_bdir-4051747-kghqpl/dta-tokwrap-0.98-0/blib/lib
/tmp/loop_over_bdir-4051747-kghqpl/Business-Shipping-DataFiles-1.02-0/blib/arch
/tmp/loop_over_bdir-4051747-kghqpl/Business-Shipping-DataFiles-1.02-0/blib/lib
/tmp/loop_over_bdir-4051747-kghqpl/NoZone-1.3-0/blib/arch
/tmp/loop_over_bdir-4051747-kghqpl/NoZone-1.3-0/blib/lib
/tmp/loop_over_bdir-4051747-kghqpl/perl-Hardware-UPS-Perl-0.43-0/blib/arch
/tmp/loop_over_bdir-4051747-kghqpl/perl-Hardware-UPS-Perl-0.43-0/blib/lib
/tmp/loop_over_bdir-4051747-kghqpl/downsexta-0/blib/arch
/tmp/loop_over_bdir-4051747-kghqpl/downsexta-0/blib/lib
/tmp/loop_over_bdir-4051747-kghqpl/Device-Kiln-0.03-0/blib/arch
/tmp/loop_over_bdir-4051747-kghqpl/Device-Kiln-0.03-0/blib/lib
/tmp/loop_over_bdir-4051747-kghqpl/LiquidWeb-Storm-CLI-1.03-0/blib/arch
/tmp/loop_over_bdir-4051747-kghqpl/LiquidWeb-Storm-CLI-1.03-0/blib/lib
/tmp/loop_over_bdir-4051747-kghqpl/MP3-PodcastFetch-1.05-0/blib/arch
/tmp/loop_over_bdir-4051747-kghqpl/MP3-PodcastFetch-1.05-0/blib/lib
/tmp/loop_over_bdir-4051747-kghqpl/Lingua-BioYaTeA-0.11-0/blib/arch
/tmp/loop_over_bdir-4051747-kghqpl/Lingua-BioYaTeA-0.11-0/blib/lib
/tmp/loop_over_bdir-4051747-kghqpl/Lingua-YaTeA-0.626-0/blib/arch
/tmp/loop_over_bdir-4051747-kghqpl/Lingua-YaTeA-0.626-0/blib/lib
/tmp/loop_over_bdir-4051747-kghqpl/Devel-Required-0.16-0/blib/arch
/tmp/loop_over_bdir-4051747-kghqpl/Devel-Required-0.16-0/blib/lib
/home/sand/src/perl/repoperls/installed-perls/host/k93jammy/perl-5.40.2-RC1/322f/lib/site_perl/5.40.2/x86_64-linux-thread-multi-ld
/home/sand/src/perl/repoperls/installed-perls/host/k93jammy/perl-5.40.2-RC1/322f/lib/site_perl/5.40.2
/home/sand/src/perl/repoperls/installed-perls/host/k93jammy/perl-5.40.2-RC1/322f/lib/5.40.2/x86_64-linux-thread-multi-ld
/home/sand/src/perl/repoperls/installed-perls/host/k93jammy/perl-5.40.2-RC1/322f/lib/5.40.2
.