Report for Catalyst-View-Templated-0.02

Back
From: metabase:user:320bfe00-2aae-11df-837a-5e0a49663a4f
Subject: FAIL Catalyst-View-Templated-0.02 v5.15.8 GNU/Linux
Date: 2012-03-14T13:08:46Z

This distribution has been tested as part of the CPAN Testers
project, supporting the Perl programming language.  See
http://wiki.cpantesters.org/ for more information or email
questions to cpan-testers-discuss@perl.org


--
Dear Jonathan Rockway,

This is a computer-generated report for Catalyst-View-Templated-0.02
on perl 5.15.8, created by CPAN-Reporter-1.2005.

Thank you for uploading your work to CPAN.  However, there was a problem
testing your distribution.

If you think this report is invalid, please consult the CPAN Testers Wiki
for suggestions on how to avoid getting FAIL reports for missing library
or binary dependencies, unsupported operating systems, and so on:

http://wiki.cpantesters.org/wiki/CPANAuthorNotes

Sections of this report:

    * Tester comments
    * Program output
    * Prerequisites
    * Environment and other context

------------------------------
TESTER COMMENTS
------------------------------

Additional comments from tester:

this report is from an automated smoke testing program
and was not reviewed by a human for accuracy

------------------------------
PROGRAM OUTPUT
------------------------------

Output from '/usr/bin/make test':

PERL_DL_NONLAZY=1 /home/sand/src/perl/repoperls/installed-perls/perl/v5.15.8-84-gffb73d6/a2da/bin/perl "-MExtUtils::Command::MM" "-e" "test_harness(0, 'inc', 'blib/lib', 'blib/arch')" t/*.t
t/00-load.t ...... ok
t/basics.t ....... ok
t/encoding.t ..... ok
[warn] Attempted to use view 'TestApp::View::View::Something', but does not exist
[warn] Used regexp fallback for $c->view('View::Something'), which found 'TestApp::View::Something'. Relying on regexp fallback behavior for component resolution is unreliable and unsafe. You probably meant $c->view('Something') instead of $c->view('View::Something'), but if you really wanted to search, pass in a regexp as the argument like so: $c->view(qr/View::Something/) at /tmp/loop_over_bdir-GzpoOR/Catalyst-View-Templated-0.02-MGgrH3/t/lib/TestApp/Controller/Root.pm line 12.
[warn] Attempted to use view 'TestApp::View::View::Something', but does not exist
[warn] Used regexp fallback for $c->view('View::Something'), which found 'TestApp::View::Something'. Relying on regexp fallback behavior for component resolution is unreliable and unsafe. You probably meant $c->view('Something') instead of $c->view('View::Something'), but if you really wanted to search, pass in a regexp as the argument like so: $c->view(qr/View::Something/) at /tmp/loop_over_bdir-GzpoOR/Catalyst-View-Templated-0.02-MGgrH3/t/lib/TestApp/Controller/Root.pm line 15.
[error] Couldn't render template 'hello_world': Can't store GLOB items at /home/src/perl/repoperls/installed-perls/perl/v5.15.8-84-gffb73d6/a2da/lib/5.15.8/x86_64-linux-thread-multi-ld/Storable.pm line 339, at /tmp/loop_over_bdir-GzpoOR/Catalyst-View-Templated-0.02-MGgrH3/t/lib/TestApp/View/Something.pm line 15.

#   Failed test 'GET http://localhost/template_detach'
#   at t/live.t line 18.
# 500
# Internal Server Error
Frozen string corrupt - contains characters outside 0-255 at /home/src/perl/repoperls/installed-perls/perl/v5.15.8-84-gffb73d6/a2da/lib/5.15.8/x86_64-linux-thread-multi-ld/Storable.pm line 417, at t/live.t line 21.
# Looks like you planned 4 tests but ran 1.
# Looks like you failed 1 test of 1 run.
# Looks like your test exited with 255 just after 1.
t/live.t ......... 
Dubious, test returned 255 (wstat 65280, 0xff00)
Failed 4/4 subtests 
[warn] Attempted to use view 'TestApp::View::View::Something', but does not exist
[warn] Used regexp fallback for $c->view('View::Something'), which found 'TestApp::View::Something'. Relying on regexp fallback behavior for component resolution is unreliable and unsafe. You probably meant $c->view('Something') instead of $c->view('View::Something'), but if you really wanted to search, pass in a regexp as the argument like so: $c->view(qr/View::Something/) at /tmp/loop_over_bdir-GzpoOR/Catalyst-View-Templated-0.02-MGgrH3/t/lib/TestApp/Controller/Root.pm line 21.
[error] Couldn't render template 'action_detach.template': Can't store GLOB items at /home/src/perl/repoperls/installed-perls/perl/v5.15.8-84-gffb73d6/a2da/lib/5.15.8/x86_64-linux-thread-multi-ld/Storable.pm line 339, at /tmp/loop_over_bdir-GzpoOR/Catalyst-View-Templated-0.02-MGgrH3/t/lib/TestApp/View/Something.pm line 15.

#   Failed test 'GET http://localhost/action_detach'
#   at t/live_config.t line 19.
# 500
# Internal Server Error
Frozen string corrupt - contains characters outside 0-255 at /home/src/perl/repoperls/installed-perls/perl/v5.15.8-84-gffb73d6/a2da/lib/5.15.8/x86_64-linux-thread-multi-ld/Storable.pm line 417, at t/live_config.t line 22.
# Looks like you planned 2 tests but ran 1.
# Looks like you failed 1 test of 1 run.
# Looks like your test exited with 255 just after 1.
t/live_config.t .. 
Dubious, test returned 255 (wstat 65280, 0xff00)
Failed 2/2 subtests 

Test Summary Report
-------------------
t/live.t       (Wstat: 65280 Tests: 1 Failed: 1)
  Failed test:  1
  Non-zero exit status: 255
  Parse errors: Bad plan.  You planned 4 tests but ran 1.
t/live_config.t (Wstat: 65280 Tests: 1 Failed: 1)
  Failed test:  1
  Non-zero exit status: 255
  Parse errors: Bad plan.  You planned 2 tests but ran 1.
Files=5, Tests=32,  5 wallclock secs ( 0.04 usr  0.01 sys +  2.50 cusr  0.24 csys =  2.79 CPU)
Result: FAIL
Failed 2/5 test programs. 2/32 subtests failed.
make: *** [test_dynamic] Error 255

------------------------------
PREREQUISITES
------------------------------

Prerequisite modules loaded:

requires:

    Module                              Need   Have      
    ----------------------------------- ------ ----------
    Catalyst                            5.7001 5.90011   
    Catalyst::Component::ACCEPT_CONTEXT 0.03   0.07      
    Class::C3                           0      0.23      
    ok                                  0      0.02      
    Path::Class                         0      0.25      
    Storable                            0      2.34      
    Test::MockObject                    0      1.20120301
    Test::More                          0      0.98      
    Test::WWW::Mechanize::Catalyst      0      0.56      

build_requires:

    Module                              Need   Have      
    ----------------------------------- ------ ----------
    ExtUtils::MakeMaker                 0      6.63_02   


------------------------------
ENVIRONMENT AND OTHER CONTEXT
------------------------------

Environment variables:

    AUTOMATED_TESTING = 1
    LANG = en_US.UTF-8
    LANGUAGE = en_US:en
    PATH = /home/sand/bin:/usr/local/bin:/usr/bin:/bin:/usr/bin/X11:/usr/games:/usr/local/perl/bin:/usr/X11/bin:/sbin:/usr/sbin
    PERL5LIB = 
    PERL5OPT = 
    PERL5_CPANPLUS_IS_RUNNING = 30305
    PERL5_CPAN_IS_RUNNING = 30305
    PERL_MM_USE_DEFAULT = 1
    SHELL = /usr/bin/zsh
    TERM = screen

Perl special variables (and OS-specific diagnostics, for MSWin32):

    $^X = /home/sand/src/perl/repoperls/installed-perls/perl/v5.15.8-84-gffb73d6/a2da/bin/perl
    $UID/$EUID = 1005 / 1005
    $GID = 1005 123 1005
    $EGID = 1005 123 1005

Perl module toolchain versions installed:

    Module              Have    
    ------------------- --------
    CPAN                1.9800  
    CPAN::Meta          2.120630
    Cwd                 3.39_02 
    ExtUtils::CBuilder  0.280206
    ExtUtils::Command   1.17    
    ExtUtils::Install   1.58    
    ExtUtils::MakeMaker 6.63_02 
    ExtUtils::Manifest  1.61    
    ExtUtils::ParseXS   3.16    
    File::Spec          3.39_02 
    JSON                2.53    
    JSON::PP            2.27200 
    Module::Build       0.40    
    Module::Signature   0.68    
    Parse::CPAN::Meta   1.4402  
    Test::Harness       3.23    
    Test::More          0.98    
    YAML                0.80    
    YAML::Syck          1.20    
    version             0.96    


--

Summary of my perl5 (revision 5 version 15 subversion 8) configuration:
  Commit id: ffb73d652a484e55333d3bfab58687234ac784fb
  Platform:
    osname=linux, osvers=3.2.0-1-amd64, archname=x86_64-linux-thread-multi-ld
    uname='linux k83 3.2.0-1-amd64 #1 smp sun feb 5 15:17:15 utc 2012 x86_64 gnulinux '
    config_args='-Dprefix=/home/src/perl/repoperls/installed-perls/perl/v5.15.8-84-gffb73d6/a2da -Dmyhostname=k83 -Dinstallusrbinperl=n -Uversiononly -Dusedevel -des -Ui_db -Duseithreads -Duselongdouble -DDEBUGGING=-g'
    hint=recommended, useposix=true, d_sigaction=define
    useithreads=define, usemultiplicity=define
    useperlio=define, d_sfio=undef, uselargefiles=define, usesocks=undef
    use64bitint=define, use64bitall=define, uselongdouble=define
    usemymalloc=n, bincompat5005=undef
  Compiler:
    cc='cc', ccflags ='-D_REENTRANT -D_GNU_SOURCE -fno-strict-aliasing -pipe -fstack-protector -I/usr/local/include -D_LARGEFILE_SOURCE -D_FILE_OFFSET_BITS=64',
    optimize='-O2 -g',
    cppflags='-D_REENTRANT -D_GNU_SOURCE -fno-strict-aliasing -pipe -fstack-protector -I/usr/local/include'
    ccversion='', gccversion='4.6.2', gccosandvers=''
    intsize=4, longsize=8, ptrsize=8, doublesize=8, byteorder=12345678
    d_longlong=define, longlongsize=8, d_longdbl=define, longdblsize=16
    ivtype='long', ivsize=8, nvtype='long double', nvsize=16, Off_t='off_t', lseeksize=8
    alignbytes=16, prototype=define
  Linker and Libraries:
    ld='cc', ldflags =' -fstack-protector -L/usr/local/lib'
    libpth=/usr/local/lib /lib/x86_64-linux-gnu /lib/../lib /usr/lib/x86_64-linux-gnu /usr/lib/../lib /lib /usr/lib
    libs=-lnsl -ldb -ldl -lm -lcrypt -lutil -lpthread -lc
    perllibs=-lnsl -ldl -lm -lcrypt -lutil -lpthread -lc
    libc=, so=so, useshrplib=false, libperl=libperl.a
    gnulibc_version='2.13'
  Dynamic Linking:
    dlsrc=dl_dlopen.xs, dlext=so, d_dlsymun=undef, ccdlflags='-Wl,-E'
    cccdlflags='-fPIC', lddlflags='-shared -O2 -g -L/usr/local/lib -fstack-protector'


Characteristics of this binary (from libperl): 
  Compile-time options: HAS_TIMES MULTIPLICITY PERLIO_LAYERS
                        PERL_DONT_CREATE_GVSV PERL_IMPLICIT_CONTEXT
                        PERL_MALLOC_WRAP PERL_PRESERVE_IVUV PERL_USE_DEVEL
                        USE_64_BIT_ALL USE_64_BIT_INT USE_ITHREADS
                        USE_LARGE_FILES USE_LOCALE USE_LOCALE_COLLATE
                        USE_LOCALE_CTYPE USE_LOCALE_NUMERIC USE_LONG_DOUBLE
                        USE_PERLIO USE_PERL_ATOF USE_REENTRANT_API
  Built under linux
  Compiled at Mar  7 2012 14:37:22
  %ENV:
    PERL5LIB=""
    PERL5OPT=""
    PERL5_CPANPLUS_IS_RUNNING="30305"
    PERL5_CPAN_IS_RUNNING="30305"
    PERL_MM_USE_DEFAULT="1"
  @INC:
    /home/src/perl/repoperls/installed-perls/perl/v5.15.8-84-gffb73d6/a2da/lib/site_perl/5.15.8/x86_64-linux-thread-multi-ld
    /home/src/perl/repoperls/installed-perls/perl/v5.15.8-84-gffb73d6/a2da/lib/site_perl/5.15.8
    /home/src/perl/repoperls/installed-perls/perl/v5.15.8-84-gffb73d6/a2da/lib/5.15.8/x86_64-linux-thread-multi-ld
    /home/src/perl/repoperls/installed-perls/perl/v5.15.8-84-gffb73d6/a2da/lib/5.15.8
    .