Back
From: metabase:user:3198cbe2-2aae-11df-837a-5e0a49663a4f
Subject: FAIL Parse-Pidl-0.02 v5.12.2 GNU/Linux
Date: 2010-11-18T18:15:32Z
This distribution has been tested as part of the CPAN Testers
project, supporting the Perl programming language. See
http://wiki.cpantesters.org/ for more information or email
questions to cpan-testers-discuss@perl.org
--
Dear Jelmer Vernooij,
This is a computer-generated report for Parse-Pidl-0.02
on perl 5.12.2, created by CPAN-Reporter-1.1805.
Thank you for uploading your work to CPAN. However, there was a problem
testing your distribution.
If you think this report is invalid, please consult the CPAN Testers Wiki
for suggestions on how to avoid getting FAIL reports for missing library
or binary dependencies, unsupported operating systems, and so on:
http://wiki.cpantesters.org/wiki/CPANAuthorNotes
Sections of this report:
* Tester comments
* Program output
* Prerequisites
* Environment and other context
------------------------------
TESTER COMMENTS
------------------------------
Additional comments from tester:
this report is from an automated smoke testing program
and was not reviewed by a human for accuracy
------------------------------
PROGRAM OUTPUT
------------------------------
Output from '/usr/bin/make test':
PERL_DL_NONLAZY=1 /home/graham/perltest/perl5122/perl/bin/perl "-MExtUtils::Command::MM" "-e" "test_harness(0, 'blib/lib', 'blib/arch')" tests/*.pl
Can't locate Parse/Pidl/IDL.pm in @INC (@INC contains: /home/graham/perltest/perl5122/cpan/build/Parse-Pidl-0.02-6CiXtK/tests /home/graham/perltest/perl5122/cpan/build/Parse-Pidl-0.02-6CiXtK/tests/../lib /home/graham/perltest/perl5122/cpan/build/Parse-Pidl-0.02-6CiXtK/blib/lib /home/graham/perltest/perl5122/cpan/build/Parse-Pidl-0.02-6CiXtK/blib/arch /home/graham/perltest/perl5122/perl/lib/site_perl/5.12.2/i686-linux-thread-multi /home/graham/perltest/perl5122/perl/lib/site_perl/5.12.2 /home/graham/perltest/perl5122/perl/lib/5.12.2/i686-linux-thread-multi /home/graham/perltest/perl5122/perl/lib/5.12.2 .) at /home/graham/perltest/perl5122/cpan/build/Parse-Pidl-0.02-6CiXtK/tests/Util.pm line 14.
BEGIN failed--compilation aborted at /home/graham/perltest/perl5122/cpan/build/Parse-Pidl-0.02-6CiXtK/tests/Util.pm line 14.
Compilation failed in require at tests/ndr_align.pl line 10.
BEGIN failed--compilation aborted at tests/ndr_align.pl line 10.
# Looks like your test exited with 2 before it could output anything.
tests/ndr_align.pl ...
Dubious, test returned 2 (wstat 512, 0x200)
Failed 40/40 subtests
Can't locate Parse/Pidl/IDL.pm in @INC (@INC contains: /home/graham/perltest/perl5122/cpan/build/Parse-Pidl-0.02-6CiXtK/tests /home/graham/perltest/perl5122/cpan/build/Parse-Pidl-0.02-6CiXtK/tests/../lib /home/graham/perltest/perl5122/cpan/build/Parse-Pidl-0.02-6CiXtK/blib/lib /home/graham/perltest/perl5122/cpan/build/Parse-Pidl-0.02-6CiXtK/blib/arch /home/graham/perltest/perl5122/perl/lib/site_perl/5.12.2/i686-linux-thread-multi /home/graham/perltest/perl5122/perl/lib/site_perl/5.12.2 /home/graham/perltest/perl5122/perl/lib/5.12.2/i686-linux-thread-multi /home/graham/perltest/perl5122/perl/lib/5.12.2 .) at /home/graham/perltest/perl5122/cpan/build/Parse-Pidl-0.02-6CiXtK/tests/Util.pm line 14.
BEGIN failed--compilation aborted at /home/graham/perltest/perl5122/cpan/build/Parse-Pidl-0.02-6CiXtK/tests/Util.pm line 14.
Compilation failed in require at tests/ndr_alloc.pl line 10.
BEGIN failed--compilation aborted at tests/ndr_alloc.pl line 10.
# Looks like your test exited with 2 before it could output anything.
tests/ndr_alloc.pl ...
Dubious, test returned 2 (wstat 512, 0x200)
Failed 40/40 subtests
Can't locate Parse/Pidl/IDL.pm in @INC (@INC contains: /home/graham/perltest/perl5122/cpan/build/Parse-Pidl-0.02-6CiXtK/tests /home/graham/perltest/perl5122/cpan/build/Parse-Pidl-0.02-6CiXtK/tests/../lib /home/graham/perltest/perl5122/cpan/build/Parse-Pidl-0.02-6CiXtK/blib/lib /home/graham/perltest/perl5122/cpan/build/Parse-Pidl-0.02-6CiXtK/blib/arch /home/graham/perltest/perl5122/perl/lib/site_perl/5.12.2/i686-linux-thread-multi /home/graham/perltest/perl5122/perl/lib/site_perl/5.12.2 /home/graham/perltest/perl5122/perl/lib/5.12.2/i686-linux-thread-multi /home/graham/perltest/perl5122/perl/lib/5.12.2 .) at /home/graham/perltest/perl5122/cpan/build/Parse-Pidl-0.02-6CiXtK/tests/Util.pm line 14.
BEGIN failed--compilation aborted at /home/graham/perltest/perl5122/cpan/build/Parse-Pidl-0.02-6CiXtK/tests/Util.pm line 14.
Compilation failed in require at tests/ndr_array.pl line 11.
BEGIN failed--compilation aborted at tests/ndr_array.pl line 11.
# Looks like your test exited with 2 before it could output anything.
tests/ndr_array.pl ...
Dubious, test returned 2 (wstat 512, 0x200)
Failed 8/8 subtests
Can't locate Parse/Pidl/IDL.pm in @INC (@INC contains: /home/graham/perltest/perl5122/cpan/build/Parse-Pidl-0.02-6CiXtK/tests /home/graham/perltest/perl5122/cpan/build/Parse-Pidl-0.02-6CiXtK/tests/../lib /home/graham/perltest/perl5122/cpan/build/Parse-Pidl-0.02-6CiXtK/blib/lib /home/graham/perltest/perl5122/cpan/build/Parse-Pidl-0.02-6CiXtK/blib/arch /home/graham/perltest/perl5122/perl/lib/site_perl/5.12.2/i686-linux-thread-multi /home/graham/perltest/perl5122/perl/lib/site_perl/5.12.2 /home/graham/perltest/perl5122/perl/lib/5.12.2/i686-linux-thread-multi /home/graham/perltest/perl5122/perl/lib/5.12.2 .) at /home/graham/perltest/perl5122/cpan/build/Parse-Pidl-0.02-6CiXtK/tests/Util.pm line 14.
BEGIN failed--compilation aborted at /home/graham/perltest/perl5122/cpan/build/Parse-Pidl-0.02-6CiXtK/tests/Util.pm line 14.
Compilation failed in require at tests/ndr_refptr.pl line 12.
BEGIN failed--compilation aborted at tests/ndr_refptr.pl line 12.
# Looks like your test exited with 2 before it could output anything.
tests/ndr_refptr.pl ..
Dubious, test returned 2 (wstat 512, 0x200)
Failed 168/168 subtests
Can't locate Parse/Pidl/IDL.pm in @INC (@INC contains: /home/graham/perltest/perl5122/cpan/build/Parse-Pidl-0.02-6CiXtK/tests /home/graham/perltest/perl5122/cpan/build/Parse-Pidl-0.02-6CiXtK/tests/../lib /home/graham/perltest/perl5122/cpan/build/Parse-Pidl-0.02-6CiXtK/blib/lib /home/graham/perltest/perl5122/cpan/build/Parse-Pidl-0.02-6CiXtK/blib/arch /home/graham/perltest/perl5122/perl/lib/site_perl/5.12.2/i686-linux-thread-multi /home/graham/perltest/perl5122/perl/lib/site_perl/5.12.2 /home/graham/perltest/perl5122/perl/lib/5.12.2/i686-linux-thread-multi /home/graham/perltest/perl5122/perl/lib/5.12.2 .) at /home/graham/perltest/perl5122/cpan/build/Parse-Pidl-0.02-6CiXtK/tests/Util.pm line 14.
BEGIN failed--compilation aborted at /home/graham/perltest/perl5122/cpan/build/Parse-Pidl-0.02-6CiXtK/tests/Util.pm line 14.
Compilation failed in require at tests/ndr_simple.pl line 11.
BEGIN failed--compilation aborted at tests/ndr_simple.pl line 11.
# Looks like your test exited with 2 before it could output anything.
tests/ndr_simple.pl ..
Dubious, test returned 2 (wstat 512, 0x200)
Failed 8/8 subtests
Can't locate Parse/Pidl/IDL.pm in @INC (@INC contains: /home/graham/perltest/perl5122/cpan/build/Parse-Pidl-0.02-6CiXtK/tests /home/graham/perltest/perl5122/cpan/build/Parse-Pidl-0.02-6CiXtK/tests/../lib /home/graham/perltest/perl5122/cpan/build/Parse-Pidl-0.02-6CiXtK/blib/lib /home/graham/perltest/perl5122/cpan/build/Parse-Pidl-0.02-6CiXtK/blib/arch /home/graham/perltest/perl5122/perl/lib/site_perl/5.12.2/i686-linux-thread-multi /home/graham/perltest/perl5122/perl/lib/site_perl/5.12.2 /home/graham/perltest/perl5122/perl/lib/5.12.2/i686-linux-thread-multi /home/graham/perltest/perl5122/perl/lib/5.12.2 .) at /home/graham/perltest/perl5122/cpan/build/Parse-Pidl-0.02-6CiXtK/tests/Util.pm line 14.
BEGIN failed--compilation aborted at /home/graham/perltest/perl5122/cpan/build/Parse-Pidl-0.02-6CiXtK/tests/Util.pm line 14.
Compilation failed in require at tests/ndr_string.pl line 11.
BEGIN failed--compilation aborted at tests/ndr_string.pl line 11.
# Looks like your test exited with 2 before it could output anything.
tests/ndr_string.pl ..
Dubious, test returned 2 (wstat 512, 0x200)
Failed 16/16 subtests
Can't locate Parse/Pidl/IDL.pm in @INC (@INC contains: /home/graham/perltest/perl5122/cpan/build/Parse-Pidl-0.02-6CiXtK/tests/../lib /home/graham/perltest/perl5122/cpan/build/Parse-Pidl-0.02-6CiXtK/blib/lib /home/graham/perltest/perl5122/cpan/build/Parse-Pidl-0.02-6CiXtK/blib/arch /home/graham/perltest/perl5122/perl/lib/site_perl/5.12.2/i686-linux-thread-multi /home/graham/perltest/perl5122/perl/lib/site_perl/5.12.2 /home/graham/perltest/perl5122/perl/lib/5.12.2/i686-linux-thread-multi /home/graham/perltest/perl5122/perl/lib/5.12.2 .) at tests/parse_idl.pl line 10.
BEGIN failed--compilation aborted at tests/parse_idl.pl line 10.
# Looks like your test exited with 2 before it could output anything.
tests/parse_idl.pl ...
Dubious, test returned 2 (wstat 512, 0x200)
Failed 51/51 subtests
Test Summary Report
-------------------
tests/ndr_align.pl (Wstat: 512 Tests: 0 Failed: 0)
Non-zero exit status: 2
Parse errors: Bad plan. You planned 40 tests but ran 0.
tests/ndr_alloc.pl (Wstat: 512 Tests: 0 Failed: 0)
Non-zero exit status: 2
Parse errors: Bad plan. You planned 40 tests but ran 0.
tests/ndr_array.pl (Wstat: 512 Tests: 0 Failed: 0)
Non-zero exit status: 2
Parse errors: Bad plan. You planned 8 tests but ran 0.
tests/ndr_refptr.pl (Wstat: 512 Tests: 0 Failed: 0)
Non-zero exit status: 2
Parse errors: Bad plan. You planned 168 tests but ran 0.
tests/ndr_simple.pl (Wstat: 512 Tests: 0 Failed: 0)
Non-zero exit status: 2
Parse errors: Bad plan. You planned 8 tests but ran 0.
tests/ndr_string.pl (Wstat: 512 Tests: 0 Failed: 0)
Non-zero exit status: 2
Parse errors: Bad plan. You planned 16 tests but ran 0.
tests/parse_idl.pl (Wstat: 512 Tests: 0 Failed: 0)
Non-zero exit status: 2
Parse errors: Bad plan. You planned 51 tests but ran 0.
Files=7, Tests=0, 1 wallclock secs ( 0.10 usr 0.02 sys + 1.44 cusr 0.20 csys = 1.76 CPU)
Result: FAIL
Failed 7/7 test programs. 0/0 subtests failed.
make: *** [test_dynamic] Error 2
------------------------------
PREREQUISITES
------------------------------
Prerequisite modules loaded:
No requirements found
------------------------------
ENVIRONMENT AND OTHER CONTEXT
------------------------------
Environment variables:
AUTOMATED_TESTING = 1
LANG = C
PATH = /home/graham/perltest/perl5122/perl/bin:/bin:/usr/bin:/sbin:/usr/sbin:/opt/java/bin:/opt/java/jre/bin:/opt/kde/bin:/usr/bin/perlbin/site:/usr/bin/perlbin/vendor:/usr/bin/perlbin/core:/opt/qt/bin
PERL5LIB =
PERL5OPT =
PERL5_CPANPLUS_IS_RUNNING = 10658
PERL5_CPAN_IS_RUNNING = 10658
PERL5_CPAN_IS_RUNNING_IN_RECURSION = 3664,10658
PERL_CR_SMOKER_CURRENT = Parse-Pidl-0.02
PERL_EXTUTILS_AUTOINSTALL = --defaultdeps
PERL_MM_USE_DEFAULT = 1
SHELL = /bin/bash
TERM = xterm
Perl special variables (and OS-specific diagnostics, for MSWin32):
$^X = /home/graham/perltest/perl5122/perl/bin/perl
$UID/$EUID = 1000 / 1000
$GID = 1000 7 10 91 92 93 95 98 100 108 1000 1001
$EGID = 1000 7 10 91 92 93 95 98 100 108 1000 1001
Perl module toolchain versions installed:
Module Have
------------------- -------
CPAN 1.9304
Cwd 3.33
ExtUtils::CBuilder 0.27_07
ExtUtils::Command 1.16
ExtUtils::Install 1.52
ExtUtils::MakeMaker 6.56
ExtUtils::Manifest 1.58
ExtUtils::ParseXS 2.2206
File::Spec 3.33
Module::Build 0.36_17
Module::Signature 0.66
Test::Harness 3.22
Test::More 2.00_01
YAML 0.72
YAML::Syck 1.15
version 0.85
--
Summary of my perl5 (revision 5 version 12 subversion 2) configuration:
Platform:
osname=linux, osvers=2.6.33-arch, archname=i686-linux-thread-multi
uname='linux lorant 2.6.33-arch #1 smp preempt thu may 13 12:06:25 cest 2010 i686 intel(r) pentium(r) 4 cpu 2.80ghz genuineintel gnulinux '
config_args=''
hint=recommended, useposix=true, d_sigaction=define
useithreads=define, usemultiplicity=define
useperlio=define, d_sfio=undef, uselargefiles=define, usesocks=undef
use64bitint=undef, use64bitall=undef, uselongdouble=undef
usemymalloc=n, bincompat5005=undef
Compiler:
cc='cc', ccflags ='-D_REENTRANT -D_GNU_SOURCE -fno-strict-aliasing -pipe -fstack-protector -I/usr/local/include -D_LARGEFILE_SOURCE -D_FILE_OFFSET_BITS=64',
optimize='-O2',
cppflags='-D_REENTRANT -D_GNU_SOURCE -fno-strict-aliasing -pipe -fstack-protector -I/usr/local/include'
ccversion='', gccversion='4.5.0 20100520 (prerelease)', gccosandvers=''
intsize=4, longsize=4, ptrsize=4, doublesize=8, byteorder=1234
d_longlong=define, longlongsize=8, d_longdbl=define, longdblsize=12
ivtype='long', ivsize=4, nvtype='double', nvsize=8, Off_t='off_t', lseeksize=8
alignbytes=4, prototype=define
Linker and Libraries:
ld='cc', ldflags =' -fstack-protector -L/usr/local/lib'
libpth=/usr/local/lib /lib /usr/lib
libs=-lnsl -lgdbm -ldb -ldl -lm -lcrypt -lutil -lpthread -lc -lgdbm_compat
perllibs=-lnsl -ldl -lm -lcrypt -lutil -lpthread -lc
libc=/lib/libc-2.12.so, so=so, useshrplib=true, libperl=libperl.so
gnulibc_version='2.12'
Dynamic Linking:
dlsrc=dl_dlopen.xs, dlext=so, d_dlsymun=undef, ccdlflags='-Wl,-E -Wl,-rpath,/home/graham/perltest/perl5122/perl/lib/5.12.2/i686-linux-thread-multi/CORE'
cccdlflags='-fPIC', lddlflags='-shared -O2 -L/usr/local/lib -fstack-protector'
Characteristics of this binary (from libperl):
Compile-time options: MULTIPLICITY PERL_DONT_CREATE_GVSV
PERL_IMPLICIT_CONTEXT PERL_MALLOC_WRAP USE_ITHREADS
USE_LARGE_FILES USE_PERLIO USE_PERL_ATOF
USE_REENTRANT_API
Built under linux
Compiled at Oct 18 2010 11:28:26
%ENV:
PERL5LIB=""
PERL5OPT=""
PERL5_CPANPLUS_IS_RUNNING="10658"
PERL5_CPAN_IS_RUNNING="10658"
PERL5_CPAN_IS_RUNNING_IN_RECURSION="3664,10658"
PERL_CR_SMOKER_CURRENT="Parse-Pidl-0.02"
PERL_EXTUTILS_AUTOINSTALL="--defaultdeps"
PERL_MM_USE_DEFAULT="1"
@INC:
/home/graham/perltest/perl5122/perl/lib/site_perl/5.12.2/i686-linux-thread-multi
/home/graham/perltest/perl5122/perl/lib/site_perl/5.12.2
/home/graham/perltest/perl5122/perl/lib/5.12.2/i686-linux-thread-multi
/home/graham/perltest/perl5122/perl/lib/5.12.2
.